104.22.93.49 - - [10/Aug/2026:10:42:26 +0200] "GET /k/ofen-ersatzteile/schmid/neo-line/neo-line-8563/?loknya=/var/www/vhosts/h193310.web236.dogado.net/httpdocs HTTP/2.0" 444 0 "-" "Mozilla/5.0 (Macintosh; Intel Mac OS X 10_15_7) AppleWebKit/537.36 (KHTML, like Gecko) Chrome/145.0.0.0 Safari/537.36 (compatible; meta-externalagent/1.1 (+https://developers.facebook.com/docs/sharing/webmasters/crawler))"
104.22.102.55 - - [10/Aug/2026:10:43:33 +0200] "GET /k/ofen-ersatzteile/schmid/neo-line/neo-line-8563/?lokasie=/var/www/vhosts/h193310.web236.dogado.net/httpdocs/wordfence-waf.php&loknya=/var/www/vhosts/h193310.web236.dogado.net/httpdocs HTTP/2.0" 444 0 "-" "Mozilla/5.0 (Windows NT 10.0; Win64; x64) AppleWebKit/537.36 (KHTML, like Gecko) Chrome/145.0.0.0 Safari/537.36 (compatible; meta-externalagent/1.1 (+https://developers.facebook.com/docs/sharing/webmasters/crawler))"
172.68.245.205 - - [10/Aug/2026:10:44:13 +0200] "GET /k/ofen-ersatzteile/schmid/neo-line/neo-line-8563/?lokasie=/var/www/vhosts/h193310.web236.dogado.net/httpdocs/wp-settings.php&loknya=/var/www/vhosts/h193310.web236.dogado.net/httpdocs HTTP/2.0" 444 0 "-" "Mozilla/5.0 (Windows NT 10.0; Win64; x64) AppleWebKit/537.36 (KHTML, like Gecko) Chrome/145.0.0.0 Safari/537.36 (compatible; meta-externalagent/1.1 (+https://developers.facebook.com/docs/sharing/webmasters/crawler))"
104.22.100.157 - - [10/Aug/2026:10:44:17 +0200] "GET /k/ofen-ersatzteile/schmid/neo-line/neo-line-8563/?lokasie=/var/www/vhosts/h193310.web236.dogado.net/httpdocs/wp-blog-header.php&loknya=/var/www/vhosts/h193310.web236.dogado.net/httpdocs HTTP/2.0" 444 0 "-" "Mozilla/5.0 (Windows NT 10.0; Win64; x64) AppleWebKit/537.36 (KHTML, like Gecko) Chrome/145.0.0.0 Safari/537.36 (compatible; meta-externalagent/1.1 (+https://developers.facebook.com/docs/sharing/webmasters/crawler))"
104.22.105.47 - - [10/Aug/2026:10:44:22 +0200] "GET /k/ofen-ersatzteile/schmid/neo-line/neo-line-8563/?lokasie=/var/www/vhosts/h193310.web236.dogado.net/httpdocs/wp-cron.php&loknya=/var/www/vhosts/h193310.web236.dogado.net/httpdocs HTTP/2.0" 444 0 "-" "Mozilla/5.0 (Windows NT 10.0; Win64; x64) AppleWebKit/537.36 (KHTML, like Gecko) Chrome/145.0.0.0 Safari/537.36 (compatible; meta-externalagent/1.1 (+https://developers.facebook.com/docs/sharing/webmasters/crawler))"
104.22.105.47 - - [10/Aug/2026:10:44:27 +0200] "GET /k/ofen-ersatzteile/schmid/neo-line/neo-line-8563/?lokasie=/var/www/vhosts/h193310.web236.dogado.net/httpdocs/deep-scan.sh&loknya=/var/www/vhosts/h193310.web236.dogado.net/httpdocs HTTP/2.0" 444 0 "-" "Mozilla/5.0 (Windows NT 10.0; Win64; x64) AppleWebKit/537.36 (KHTML, like Gecko) Chrome/145.0.0.0 Safari/537.36 (compatible; meta-externalagent/1.1 (+https://developers.facebook.com/docs/sharing/webmasters/crawler))"
104.22.100.157 - - [10/Aug/2026:10:44:33 +0200] "GET /k/ofen-ersatzteile/schmid/neo-line/neo-line-8563/?lokasie=/var/www/vhosts/h193310.web236.dogado.net/httpdocs/check-malware.sh&loknya=/var/www/vhosts/h193310.web236.dogado.net/httpdocs HTTP/2.0" 444 0 "-" "Mozilla/5.0 (Windows NT 10.0; Win64; x64) AppleWebKit/537.36 (KHTML, like Gecko) Chrome/145.0.0.0 Safari/537.36 (compatible; meta-externalagent/1.1 (+https://developers.facebook.com/docs/sharing/webmasters/crawler))"
104.23.209.232 - - [10/Aug/2026:10:44:39 +0200] "GET /k/ofen-ersatzteile/schmid/neo-line/neo-line-8563/?lokasie=/var/www/vhosts/h193310.web236.dogado.net/httpdocs/whitespacefix.php&loknya=/var/www/vhosts/h193310.web236.dogado.net/httpdocs HTTP/2.0" 444 0 "-" "Mozilla/5.0 (Windows NT 10.0; Win64; x64) AppleWebKit/537.36 (KHTML, like Gecko) Chrome/145.0.0.0 Safari/537.36 (compatible; meta-externalagent/1.1 (+https://developers.facebook.com/docs/sharing/webmasters/crawler))"
104.22.102.55 - - [10/Aug/2026:10:45:46 +0200] "GET /k/ofen-ersatzteile/schmid/neo-line/neo-line-8563/?lokasie=/var/www/vhosts/h193310.web236.dogado.net/httpdocs/favicon.ico&loknya=/var/www/vhosts/h193310.web236.dogado.net/httpdocs HTTP/2.0" 444 0 "-" "Mozilla/5.0 (Macintosh; Intel Mac OS X 10_15_7) AppleWebKit/537.36 (KHTML, like Gecko) Chrome/145.0.0.0 Safari/537.36 (compatible; meta-externalagent/1.1 (+https://developers.facebook.com/docs/sharing/webmasters/crawler))"
172.71.247.200 - - [10/Aug/2026:10:46:41 +0200] "GET /wp-content/uploads/2015/03/oranier_atrium_7_4679_schamottsteine-400x400.jpg.webp HTTP/2.0" 200 9588 "-" "Mozilla/5.0 AppleWebKit/537.36 (KHTML, like Gecko; compatible; bingbot/2.0; +http://www.bing.com/bingbot.htm) Chrome/116.0.1938.76 Safari/537.36"
104.22.93.49 - - [10/Aug/2026:10:46:52 +0200] "GET /k/ofen-ersatzteile/schmid/neo-line/neo-line-8563/?loknya=/var/www/vhosts HTTP/2.0" 444 0 "-" "Mozilla/5.0 (Windows NT 10.0; Win64; x64) AppleWebKit/537.36 (KHTML, like Gecko) Chrome/145.0.0.0 Safari/537.36 (compatible; meta-externalagent/1.1 (+https://developers.facebook.com/docs/sharing/webmasters/crawler))"
172.70.174.218 - - [10/Aug/2026:10:47:59 +0200] "GET /k/ofen-ersatzteile/schmid/neo-line/neo-line-8563/?loknya=/ HTTP/2.0" 444 0 "-" "Mozilla/5.0 (Macintosh; Intel Mac OS X 10_15_7) AppleWebKit/537.36 (KHTML, like Gecko) Chrome/145.0.0.0 Safari/537.36 (compatible; meta-externalagent/1.1 (+https://developers.facebook.com/docs/sharing/webmasters/crawler))"
104.22.93.49 - - [10/Aug/2026:10:49:06 +0200] "GET /k/ofen-ersatzteile/schmid/neo-line/neo-line-8563/?loknya=/var/www HTTP/2.0" 444 0 "-" "Mozilla/5.0 (Macintosh; Intel Mac OS X 10_15_7) AppleWebKit/537.36 (KHTML, like Gecko) Chrome/145.0.0.0 Safari/537.36 (compatible; meta-externalagent/1.1 (+https://developers.facebook.com/docs/sharing/webmasters/crawler))"
104.23.209.233 - - [10/Aug/2026:10:50:13 +0200] "GET /k/ofen-ersatzteile/schmid/neo-line/neo-line-8563/?loknya=/var/www/vhosts/h193310.web236.dogado.net/httpdocs/wp-content HTTP/2.0" 444 0 "-" "Mozilla/5.0 (Windows NT 10.0; Win64; x64) AppleWebKit/537.36 (KHTML, like Gecko) Chrome/145.0.0.0 Safari/537.36 (compatible; meta-externalagent/1.1 (+https://developers.facebook.com/docs/sharing/webmasters/crawler))"
172.71.164.208 - - [10/Aug/2026:10:50:50 +0200] "GET /wp-content/uploads/2016/03/firestar_new_mexiko_schwarz_gartenkamin_gartengrill-530x530.jpg HTTP/2.0" 200 34016 "-" "Mozilla/5.0 (X11; Ubuntu; Linux x86_64; rv:72.0) Gecko/20100101 Firefox/72.0"
104.22.102.55 - - [10/Aug/2026:10:51:19 +0200] "GET /k/ofen-ersatzteile/schmid/neo-line/neo-line-8563/?loknya=/var/www/vhosts/h193310.web236.dogado.net/httpdocs/wp-admin HTTP/2.0" 444 0 "-" "Mozilla/5.0 (X11; Linux x86_64) AppleWebKit/537.36 (KHTML, like Gecko) Chrome/145.0.0.0 Safari/537.36 (compatible; meta-externalagent/1.1 (+https://developers.facebook.com/docs/sharing/webmasters/crawler))"
104.22.105.48 - - [10/Aug/2026:10:52:26 +0200] "GET /k/ofen-ersatzteile/schmid/neo-line/neo-line-8563/?loknya=/var/www/vhosts/h193310.web236.dogado.net/httpdocs/wp-includes HTTP/2.0" 444 0 "-" "Mozilla/5.0 (Macintosh; Intel Mac OS X 10_15_7) AppleWebKit/537.36 (KHTML, like Gecko) Chrome/145.0.0.0 Safari/537.36 (compatible; meta-externalagent/1.1 (+https://developers.facebook.com/docs/sharing/webmasters/crawler))"
172.71.164.126 - - [10/Aug/2026:10:52:51 +0200] "GET /wp-content/uploads/2016/12/olsberg_tornio_karis_glasscheibe_links_rechts-100x100.jpeg.webp HTTP/2.0" 200 2004 "-" "Mozilla/5.0 AppleWebKit/537.36 (KHTML, like Gecko; compatible; bingbot/2.0; +http://www.bing.com/bingbot.htm) Chrome/116.0.1938.76 Safari/537.36"
162.158.42.203 - - [10/Aug/2026:10:53:00 +0200] "GET /z9x8c7v6b5-debug-trigger-www.ofenbernd.de HTTP/2.0" 444 0 "-" "meta-externalagent/1.1 (+https://developers.facebook.com/docs/sharing/webmasters/crawler)"
162.158.42.203 - - [10/Aug/2026:10:53:00 +0200] "GET /.git/config HTTP/2.0" 444 0 "-" "meta-externalagent/1.1 (+https://developers.facebook.com/docs/sharing/webmasters/crawler)"
162.158.42.203 - - [10/Aug/2026:10:53:00 +0200] "GET /wp-json HTTP/2.0" 444 0 "-" "meta-externalagent/1.1 (+https://developers.facebook.com/docs/sharing/webmasters/crawler)"
162.158.42.203 - - [10/Aug/2026:10:53:00 +0200] "GET /.aws/config HTTP/2.0" 444 0 "-" "meta-externalagent/1.1 (+https://developers.facebook.com/docs/sharing/webmasters/crawler)"
162.158.41.86 - - [10/Aug/2026:10:53:01 +0200] "GET /.aws/credentials HTTP/2.0" 444 0 "-" "meta-externalagent/1.1 (+https://developers.facebook.com/docs/sharing/webmasters/crawler)"
162.158.41.86 - - [10/Aug/2026:10:53:01 +0200] "GET /rclone.conf HTTP/2.0" 444 0 "-" "meta-externalagent/1.1 (+https://developers.facebook.com/docs/sharing/webmasters/crawler)"
162.158.41.86 - - [10/Aug/2026:10:53:01 +0200] "GET /.gitlab-ci.yml HTTP/2.0" 444 0 "-" "meta-externalagent/1.1 (+https://developers.facebook.com/docs/sharing/webmasters/crawler)"
162.158.42.203 - - [10/Aug/2026:10:53:01 +0200] "GET /.gitconfig HTTP/2.0" 444 0 "-" "meta-externalagent/1.1 (+https://developers.facebook.com/docs/sharing/webmasters/crawler)"
162.158.41.86 - - [10/Aug/2026:10:53:01 +0200] "GET /.git-credentials HTTP/2.0" 444 0 "-" "meta-externalagent/1.1 (+https://developers.facebook.com/docs/sharing/webmasters/crawler)"
162.158.42.203 - - [10/Aug/2026:10:53:01 +0200] "GET /.git/HEAD HTTP/2.0" 444 0 "-" "meta-externalagent/1.1 (+https://developers.facebook.com/docs/sharing/webmasters/crawler)"
162.158.42.203 - - [10/Aug/2026:10:53:01 +0200] "GET /.env HTTP/2.0" 444 0 "-" "meta-externalagent/1.1 (+https://developers.facebook.com/docs/sharing/webmasters/crawler)"
162.158.41.86 - - [10/Aug/2026:10:53:01 +0200] "GET /.github/workflows/deploy.yml HTTP/2.0" 444 0 "-" "meta-externalagent/1.1 (+https://developers.facebook.com/docs/sharing/webmasters/crawler)"
162.158.41.86 - - [10/Aug/2026:10:53:02 +0200] "GET /.env.local HTTP/2.0" 444 0 "-" "meta-externalagent/1.1 (+https://developers.facebook.com/docs/sharing/webmasters/crawler)"
162.158.42.203 - - [10/Aug/2026:10:53:02 +0200] "GET /.env.backup HTTP/2.0" 444 0 "-" "meta-externalagent/1.1 (+https://developers.facebook.com/docs/sharing/webmasters/crawler)"
162.158.41.86 - - [10/Aug/2026:10:53:02 +0200] "GET /.env.example HTTP/2.0" 444 0 "-" "meta-externalagent/1.1 (+https://developers.facebook.com/docs/sharing/webmasters/crawler)"
162.158.42.203 - - [10/Aug/2026:10:53:02 +0200] "GET /.env.production HTTP/2.0" 444 0 "-" "meta-externalagent/1.1 (+https://developers.facebook.com/docs/sharing/webmasters/crawler)"
162.158.42.203 - - [10/Aug/2026:10:53:02 +0200] "GET /.env.bak HTTP/2.0" 444 0 "-" "meta-externalagent/1.1 (+https://developers.facebook.com/docs/sharing/webmasters/crawler)"
162.158.42.203 - - [10/Aug/2026:10:53:02 +0200] "GET /.env.old HTTP/2.0" 444 0 "-" "meta-externalagent/1.1 (+https://developers.facebook.com/docs/sharing/webmasters/crawler)"
162.158.42.203 - - [10/Aug/2026:10:53:02 +0200] "GET /backend/.env HTTP/2.0" 444 0 "-" "meta-externalagent/1.1 (+https://developers.facebook.com/docs/sharing/webmasters/crawler)"
162.158.42.203 - - [10/Aug/2026:10:53:02 +0200] "GET /api/.env HTTP/2.0" 444 0 "-" "meta-externalagent/1.1 (+https://developers.facebook.com/docs/sharing/webmasters/crawler)"
162.158.42.203 - - [10/Aug/2026:10:53:02 +0200] "GET /secrets.json HTTP/2.0" 444 0 "-" "meta-externalagent/1.1 (+https://developers.facebook.com/docs/sharing/webmasters/crawler)"
162.158.42.203 - - [10/Aug/2026:10:53:02 +0200] "GET /admin/.env HTTP/2.0" 444 0 "-" "meta-externalagent/1.1 (+https://developers.facebook.com/docs/sharing/webmasters/crawler)"
162.158.41.86 - - [10/Aug/2026:10:53:02 +0200] "GET /config/.env HTTP/2.0" 444 0 "-" "meta-externalagent/1.1 (+https://developers.facebook.com/docs/sharing/webmasters/crawler)"
162.158.42.203 - - [10/Aug/2026:10:53:02 +0200] "GET /secrets.yml HTTP/2.0" 444 0 "-" "meta-externalagent/1.1 (+https://developers.facebook.com/docs/sharing/webmasters/crawler)"
162.158.42.203 - - [10/Aug/2026:10:53:02 +0200] "GET /credentials.json HTTP/2.0" 444 0 "-" "meta-externalagent/1.1 (+https://developers.facebook.com/docs/sharing/webmasters/crawler)"
162.158.41.86 - - [10/Aug/2026:10:53:02 +0200] "GET /service-account.json HTTP/2.0" 444 0 "-" "meta-externalagent/1.1 (+https://developers.facebook.com/docs/sharing/webmasters/crawler)"
162.158.42.203 - - [10/Aug/2026:10:53:03 +0200] "GET /service_account.json HTTP/2.0" 444 0 "-" "meta-externalagent/1.1 (+https://developers.facebook.com/docs/sharing/webmasters/crawler)"
162.158.41.86 - - [10/Aug/2026:10:53:03 +0200] "GET /key.json HTTP/2.0" 444 0 "-" "meta-externalagent/1.1 (+https://developers.facebook.com/docs/sharing/webmasters/crawler)"
162.158.42.203 - - [10/Aug/2026:10:53:03 +0200] "GET /serviceAccountKey.json HTTP/2.0" 444 0 "-" "meta-externalagent/1.1 (+https://developers.facebook.com/docs/sharing/webmasters/crawler)"
162.158.42.203 - - [10/Aug/2026:10:53:03 +0200] "GET /firebase-adminsdk.json HTTP/2.0" 444 0 "-" "meta-externalagent/1.1 (+https://developers.facebook.com/docs/sharing/webmasters/crawler)"
162.158.41.86 - - [10/Aug/2026:10:53:03 +0200] "GET /.npmrc HTTP/2.0" 444 0 "-" "meta-externalagent/1.1 (+https://developers.facebook.com/docs/sharing/webmasters/crawler)"
162.158.42.203 - - [10/Aug/2026:10:53:03 +0200] "GET /.s3cfg HTTP/2.0" 444 0 "-" "meta-externalagent/1.1 (+https://developers.facebook.com/docs/sharing/webmasters/crawler)"
162.158.42.203 - - [10/Aug/2026:10:53:03 +0200] "GET /Dockerfile HTTP/2.0" 444 0 "-" "meta-externalagent/1.1 (+https://developers.facebook.com/docs/sharing/webmasters/crawler)"
162.158.41.86 - - [10/Aug/2026:10:53:03 +0200] "GET /.docker/config.json HTTP/2.0" 444 0 "-" "meta-externalagent/1.1 (+https://developers.facebook.com/docs/sharing/webmasters/crawler)"
162.158.42.203 - - [10/Aug/2026:10:53:03 +0200] "GET /firebase-service-account.json HTTP/2.0" 444 0 "-" "meta-externalagent/1.1 (+https://developers.facebook.com/docs/sharing/webmasters/crawler)"
162.158.42.203 - - [10/Aug/2026:10:53:03 +0200] "GET /.github/.env HTTP/2.0" 444 0 "-" "meta-externalagent/1.1 (+https://developers.facebook.com/docs/sharing/webmasters/crawler)"
162.158.41.86 - - [10/Aug/2026:10:53:04 +0200] "GET /terraform.tfstate HTTP/2.0" 444 0 "-" "meta-externalagent/1.1 (+https://developers.facebook.com/docs/sharing/webmasters/crawler)"
162.158.42.203 - - [10/Aug/2026:10:53:04 +0200] "GET /.boto HTTP/2.0" 444 0 "-" "meta-externalagent/1.1 (+https://developers.facebook.com/docs/sharing/webmasters/crawler)"
162.158.42.203 - - [10/Aug/2026:10:53:04 +0200] "GET /.htpasswd HTTP/2.0" 444 0 "-" "meta-externalagent/1.1 (+https://developers.facebook.com/docs/sharing/webmasters/crawler)"
162.158.41.86 - - [10/Aug/2026:10:53:04 +0200] "GET /.svn/entries HTTP/2.0" 444 0 "-" "meta-externalagent/1.1 (+https://developers.facebook.com/docs/sharing/webmasters/crawler)"
162.158.42.203 - - [10/Aug/2026:10:53:04 +0200] "GET /.vscode/launch.json HTTP/2.0" 444 0 "-" "meta-externalagent/1.1 (+https://developers.facebook.com/docs/sharing/webmasters/crawler)"
162.158.42.203 - - [10/Aug/2026:10:53:04 +0200] "GET /docker-compose.yaml HTTP/2.0" 444 0 "-" "meta-externalagent/1.1 (+https://developers.facebook.com/docs/sharing/webmasters/crawler)"
162.158.41.86 - - [10/Aug/2026:10:53:04 +0200] "GET /.ssh/id_ecdsa HTTP/2.0" 444 0 "-" "meta-externalagent/1.1 (+https://developers.facebook.com/docs/sharing/webmasters/crawler)"
162.158.42.203 - - [10/Aug/2026:10:53:05 +0200] "GET /.ssh/id_ed25519 HTTP/2.0" 444 0 "-" "meta-externalagent/1.1 (+https://developers.facebook.com/docs/sharing/webmasters/crawler)"
162.158.42.203 - - [10/Aug/2026:10:53:05 +0200] "GET /.ssh/id_dsa HTTP/2.0" 444 0 "-" "meta-externalagent/1.1 (+https://developers.facebook.com/docs/sharing/webmasters/crawler)"
162.158.41.86 - - [10/Aug/2026:10:53:05 +0200] "GET /.ssh/authorized_keys HTTP/2.0" 444 0 "-" "meta-externalagent/1.1 (+https://developers.facebook.com/docs/sharing/webmasters/crawler)"
162.158.42.203 - - [10/Aug/2026:10:53:05 +0200] "GET /.ssh/config HTTP/2.0" 444 0 "-" "meta-externalagent/1.1 (+https://developers.facebook.com/docs/sharing/webmasters/crawler)"
162.158.42.203 - - [10/Aug/2026:10:53:05 +0200] "GET /.ssh/id_rsa HTTP/2.0" 444 0 "-" "meta-externalagent/1.1 (+https://developers.facebook.com/docs/sharing/webmasters/crawler)"
162.158.42.203 - - [10/Aug/2026:10:53:05 +0200] "GET /.ssh/known_hosts HTTP/2.0" 444 0 "-" "meta-externalagent/1.1 (+https://developers.facebook.com/docs/sharing/webmasters/crawler)"
162.158.41.86 - - [10/Aug/2026:10:53:05 +0200] "GET /server.key HTTP/2.0" 444 0 "-" "meta-externalagent/1.1 (+https://developers.facebook.com/docs/sharing/webmasters/crawler)"
162.158.42.203 - - [10/Aug/2026:10:53:05 +0200] "GET /id_rsa HTTP/2.0" 444 0 "-" "meta-externalagent/1.1 (+https://developers.facebook.com/docs/sharing/webmasters/crawler)"
162.158.42.203 - - [10/Aug/2026:10:53:05 +0200] "GET /id_ed25519 HTTP/2.0" 444 0 "-" "meta-externalagent/1.1 (+https://developers.facebook.com/docs/sharing/webmasters/crawler)"
162.158.41.86 - - [10/Aug/2026:10:53:05 +0200] "GET /id_dsa HTTP/2.0" 444 0 "-" "meta-externalagent/1.1 (+https://developers.facebook.com/docs/sharing/webmasters/crawler)"
162.158.42.203 - - [10/Aug/2026:10:53:05 +0200] "GET /id_ecdsa HTTP/2.0" 444 0 "-" "meta-externalagent/1.1 (+https://developers.facebook.com/docs/sharing/webmasters/crawler)"
162.158.42.203 - - [10/Aug/2026:10:53:06 +0200] "GET /key.pem HTTP/2.0" 444 0 "-" "meta-externalagent/1.1 (+https://developers.facebook.com/docs/sharing/webmasters/crawler)"
162.158.42.203 - - [10/Aug/2026:10:53:06 +0200] "GET /privatekey.key HTTP/2.0" 444 0 "-" "meta-externalagent/1.1 (+https://developers.facebook.com/docs/sharing/webmasters/crawler)"
162.158.42.203 - - [10/Aug/2026:10:53:06 +0200] "GET /private-key HTTP/2.0" 444 0 "-" "meta-externalagent/1.1 (+https://developers.facebook.com/docs/sharing/webmasters/crawler)"
162.158.42.203 - - [10/Aug/2026:10:53:06 +0200] "GET /host.key HTTP/2.0" 444 0 "-" "meta-externalagent/1.1 (+https://developers.facebook.com/docs/sharing/webmasters/crawler)"
162.158.42.203 - - [10/Aug/2026:10:53:06 +0200] "GET /localhost.key HTTP/2.0" 444 0 "-" "meta-externalagent/1.1 (+https://developers.facebook.com/docs/sharing/webmasters/crawler)"
162.158.42.203 - - [10/Aug/2026:10:53:06 +0200] "GET /ssl/server.key HTTP/2.0" 444 0 "-" "meta-externalagent/1.1 (+https://developers.facebook.com/docs/sharing/webmasters/crawler)"
162.158.42.203 - - [10/Aug/2026:10:53:06 +0200] "GET /.openclaw/openclaw.json HTTP/2.0" 444 0 "-" "meta-externalagent/1.1 (+https://developers.facebook.com/docs/sharing/webmasters/crawler)"
162.158.42.203 - - [10/Aug/2026:10:53:06 +0200] "GET /.openclaw/.env HTTP/2.0" 444 0 "-" "meta-externalagent/1.1 (+https://developers.facebook.com/docs/sharing/webmasters/crawler)"
162.158.42.203 - - [10/Aug/2026:10:53:06 +0200] "GET /ssl/localhost.key HTTP/2.0" 444 0 "-" "meta-externalagent/1.1 (+https://developers.facebook.com/docs/sharing/webmasters/crawler)"
162.158.42.203 - - [10/Aug/2026:10:53:06 +0200] "GET /.cursor/mcp.json HTTP/2.0" 444 0 "-" "meta-externalagent/1.1 (+https://developers.facebook.com/docs/sharing/webmasters/crawler)"
162.158.42.203 - - [10/Aug/2026:10:53:06 +0200] "GET /.codex/config.toml HTTP/2.0" 444 0 "-" "meta-externalagent/1.1 (+https://developers.facebook.com/docs/sharing/webmasters/crawler)"
162.158.42.203 - - [10/Aug/2026:10:53:06 +0200] "GET /.continue/config.json HTTP/2.0" 444 0 "-" "meta-externalagent/1.1 (+https://developers.facebook.com/docs/sharing/webmasters/crawler)"
162.158.42.203 - - [10/Aug/2026:10:53:06 +0200] "GET /.aider.conf.yml HTTP/2.0" 444 0 "-" "meta-externalagent/1.1 (+https://developers.facebook.com/docs/sharing/webmasters/crawler)"
162.158.42.203 - - [10/Aug/2026:10:53:06 +0200] "GET /.hermes/config.yaml HTTP/2.0" 444 0 "-" "meta-externalagent/1.1 (+https://developers.facebook.com/docs/sharing/webmasters/crawler)"
162.158.42.204 - - [10/Aug/2026:10:53:07 +0200] "GET /.hermes/.env HTTP/2.0" 444 0 "-" "meta-externalagent/1.1 (+https://developers.facebook.com/docs/sharing/webmasters/crawler)"
162.158.42.203 - - [10/Aug/2026:10:53:07 +0200] "GET /.bashrc HTTP/2.0" 444 0 "-" "meta-externalagent/1.1 (+https://developers.facebook.com/docs/sharing/webmasters/crawler)"
162.158.42.203 - - [10/Aug/2026:10:53:07 +0200] "GET /.config/anthropic/credentials/default.json HTTP/2.0" 444 0 "-" "meta-externalagent/1.1 (+https://developers.facebook.com/docs/sharing/webmasters/crawler)"
162.158.42.204 - - [10/Aug/2026:10:53:07 +0200] "GET /.claude/settings.json HTTP/2.0" 444 0 "-" "meta-externalagent/1.1 (+https://developers.facebook.com/docs/sharing/webmasters/crawler)"
162.158.42.204 - - [10/Aug/2026:10:53:07 +0200] "GET /.claude.json HTTP/2.0" 444 0 "-" "meta-externalagent/1.1 (+https://developers.facebook.com/docs/sharing/webmasters/crawler)"
162.158.42.204 - - [10/Aug/2026:10:53:07 +0200] "GET /.mcp.json HTTP/2.0" 444 0 "-" "meta-externalagent/1.1 (+https://developers.facebook.com/docs/sharing/webmasters/crawler)"
162.158.42.204 - - [10/Aug/2026:10:53:07 +0200] "GET /.hermes/auth.json HTTP/2.0" 444 0 "-" "meta-externalagent/1.1 (+https://developers.facebook.com/docs/sharing/webmasters/crawler)"
162.158.42.203 - - [10/Aug/2026:10:53:08 +0200] "GET /.zshrc HTTP/2.0" 444 0 "-" "meta-externalagent/1.1 (+https://developers.facebook.com/docs/sharing/webmasters/crawler)"
162.158.42.203 - - [10/Aug/2026:10:53:08 +0200] "GET /storage/logs/laravel.log HTTP/2.0" 444 0 "-" "meta-externalagent/1.1 (+https://developers.facebook.com/docs/sharing/webmasters/crawler)"
162.158.42.203 - - [10/Aug/2026:10:53:08 +0200] "GET /.bash_profile HTTP/2.0" 444 0 "-" "meta-externalagent/1.1 (+https://developers.facebook.com/docs/sharing/webmasters/crawler)"
162.158.42.203 - - [10/Aug/2026:10:53:08 +0200] "GET /.profile HTTP/2.0" 444 0 "-" "meta-externalagent/1.1 (+https://developers.facebook.com/docs/sharing/webmasters/crawler)"
162.158.42.204 - - [10/Aug/2026:10:53:08 +0200] "GET /config/.env.php HTTP/2.0" 444 0 "-" "meta-externalagent/1.1 (+https://developers.facebook.com/docs/sharing/webmasters/crawler)"
162.158.42.204 - - [10/Aug/2026:10:53:08 +0200] "GET /laravel/.env HTTP/2.0" 444 0 "-" "meta-externalagent/1.1 (+https://developers.facebook.com/docs/sharing/webmasters/crawler)"
162.158.42.203 - - [10/Aug/2026:10:53:08 +0200] "GET /.env.php.bak HTTP/2.0" 444 0 "-" "meta-externalagent/1.1 (+https://developers.facebook.com/docs/sharing/webmasters/crawler)"
162.158.42.204 - - [10/Aug/2026:10:53:08 +0200] "GET /configuration.php.bak HTTP/2.0" 444 0 "-" "meta-externalagent/1.1 (+https://developers.facebook.com/docs/sharing/webmasters/crawler)"
162.158.42.204 - - [10/Aug/2026:10:53:08 +0200] "GET /.env.dev HTTP/2.0" 444 0 "-" "meta-externalagent/1.1 (+https://developers.facebook.com/docs/sharing/webmasters/crawler)"
162.158.42.204 - - [10/Aug/2026:10:53:08 +0200] "GET /auth.json HTTP/2.0" 444 0 "-" "meta-externalagent/1.1 (+https://developers.facebook.com/docs/sharing/webmasters/crawler)"
162.158.42.204 - - [10/Aug/2026:10:53:08 +0200] "GET /config.php.bak HTTP/2.0" 444 0 "-" "meta-externalagent/1.1 (+https://developers.facebook.com/docs/sharing/webmasters/crawler)"
162.158.42.203 - - [10/Aug/2026:10:53:09 +0200] "GET /core/.env HTTP/2.0" 444 0 "-" "meta-externalagent/1.1 (+https://developers.facebook.com/docs/sharing/webmasters/crawler)"
162.158.42.203 - - [10/Aug/2026:10:53:09 +0200] "GET /.env.swp HTTP/2.0" 444 0 "-" "meta-externalagent/1.1 (+https://developers.facebook.com/docs/sharing/webmasters/crawler)"
162.158.42.204 - - [10/Aug/2026:10:53:09 +0200] "GET /config/application.properties HTTP/2.0" 444 0 "-" "meta-externalagent/1.1 (+https://developers.facebook.com/docs/sharing/webmasters/crawler)"
162.158.42.204 - - [10/Aug/2026:10:53:09 +0200] "GET /web/.env HTTP/2.0" 444 0 "-" "meta-externalagent/1.1 (+https://developers.facebook.com/docs/sharing/webmasters/crawler)"
162.158.42.204 - - [10/Aug/2026:10:53:09 +0200] "GET /application.yml HTTP/2.0" 444 0 "-" "meta-externalagent/1.1 (+https://developers.facebook.com/docs/sharing/webmasters/crawler)"
162.158.42.204 - - [10/Aug/2026:10:53:09 +0200] "GET /bootstrap.yml HTTP/2.0" 444 0 "-" "meta-externalagent/1.1 (+https://developers.facebook.com/docs/sharing/webmasters/crawler)"
162.158.42.204 - - [10/Aug/2026:10:53:09 +0200] "GET /application.properties HTTP/2.0" 444 0 "-" "meta-externalagent/1.1 (+https://developers.facebook.com/docs/sharing/webmasters/crawler)"
162.158.42.204 - - [10/Aug/2026:10:53:09 +0200] "GET /public/.env HTTP/2.0" 444 0 "-" "meta-externalagent/1.1 (+https://developers.facebook.com/docs/sharing/webmasters/crawler)"
162.158.42.203 - - [10/Aug/2026:10:53:10 +0200] "GET /actuator/env HTTP/2.0" 444 0 "-" "meta-externalagent/1.1 (+https://developers.facebook.com/docs/sharing/webmasters/crawler)"
162.158.42.203 - - [10/Aug/2026:10:53:10 +0200] "GET /bootstrap.properties HTTP/2.0" 444 0 "-" "meta-externalagent/1.1 (+https://developers.facebook.com/docs/sharing/webmasters/crawler)"
162.158.42.203 - - [10/Aug/2026:10:53:10 +0200] "GET /config/secrets.yml HTTP/2.0" 444 0 "-" "meta-externalagent/1.1 (+https://developers.facebook.com/docs/sharing/webmasters/crawler)"
162.158.42.204 - - [10/Aug/2026:10:53:10 +0200] "GET /.gradle/gradle.properties HTTP/2.0" 444 0 "-" "meta-externalagent/1.1 (+https://developers.facebook.com/docs/sharing/webmasters/crawler)"
162.158.42.203 - - [10/Aug/2026:10:53:10 +0200] "GET /gradle.properties HTTP/2.0" 444 0 "-" "meta-externalagent/1.1 (+https://developers.facebook.com/docs/sharing/webmasters/crawler)"
162.158.42.203 - - [10/Aug/2026:10:53:10 +0200] "GET /appsettings.json HTTP/2.0" 444 0 "-" "meta-externalagent/1.1 (+https://developers.facebook.com/docs/sharing/webmasters/crawler)"
172.71.172.176 - - [10/Aug/2026:10:53:12 +0200] "GET /wp-content/cache/background-css/1/www.ofenbernd.de/wp-content/cache/min/1/wp-content/plugins/customer-reviews-woocommerce/css/frontend.css?ver=1785794469&wpr_t=1785820902 HTTP/2.0" 200 14304 "https://ofenbernd.de/" "Mozilla/5.0 AppleWebKit/537.36 (KHTML, like Gecko; compatible; bingbot/2.0; +http://www.bing.com/bingbot.htm) Chrome/136.0.0.0 Safari/537.36 AppleWebKit/537.36 (KHTML, like Gecko; compatible; bingbot/2.0; +http://www.bing.com/bingbot.htm) Chrome/116.0.1938.76 Safari/537.36"
162.158.42.204 - - [10/Aug/2026:10:53:12 +0200] "GET /config/master.key HTTP/2.0" 444 0 "-" "meta-externalagent/1.1 (+https://developers.facebook.com/docs/sharing/webmasters/crawler)"
162.158.42.204 - - [10/Aug/2026:10:53:12 +0200] "GET /appsettings.Development.json HTTP/2.0" 444 0 "-" "meta-externalagent/1.1 (+https://developers.facebook.com/docs/sharing/webmasters/crawler)"
162.158.42.204 - - [10/Aug/2026:10:53:12 +0200] "GET /local.settings.json HTTP/2.0" 444 0 "-" "meta-externalagent/1.1 (+https://developers.facebook.com/docs/sharing/webmasters/crawler)"
162.158.42.204 - - [10/Aug/2026:10:53:12 +0200] "GET /web.config HTTP/2.0" 444 0 "-" "meta-externalagent/1.1 (+https://developers.facebook.com/docs/sharing/webmasters/crawler)"
162.158.42.204 - - [10/Aug/2026:10:53:12 +0200] "GET /appsettings.Production.json HTTP/2.0" 444 0 "-" "meta-externalagent/1.1 (+https://developers.facebook.com/docs/sharing/webmasters/crawler)"
162.158.42.204 - - [10/Aug/2026:10:53:12 +0200] "GET /config/database.yml HTTP/2.0" 444 0 "-" "meta-externalagent/1.1 (+https://developers.facebook.com/docs/sharing/webmasters/crawler)"
162.158.42.203 - - [10/Aug/2026:10:53:12 +0200] "GET /env.json HTTP/2.0" 444 0 "-" "meta-externalagent/1.1 (+https://developers.facebook.com/docs/sharing/webmasters/crawler)"
172.69.151.201 - - [10/Aug/2026:10:53:13 +0200] "GET /wp-content/cache/background-css/1/www.ofenbernd.de/wp-content/plugins/woocommerce/assets/css/photoswipe/photoswipe.min.css?ver=10.9.4&wpr_t=1785820902 HTTP/2.0" 200 873 "https://ofenbernd.de/" "Mozilla/5.0 AppleWebKit/537.36 (KHTML, like Gecko; compatible; bingbot/2.0; +http://www.bing.com/bingbot.htm) Chrome/136.0.0.0 Safari/537.36 AppleWebKit/537.36 (KHTML, like Gecko; compatible; bingbot/2.0; +http://www.bing.com/bingbot.htm) Chrome/116.0.1938.76 Safari/537.36"
172.70.246.124 - - [10/Aug/2026:10:53:15 +0200] "GET /wp-content/cache/background-css/1/www.ofenbernd.de/wp-content/plugins/woocommerce/assets/css/photoswipe/default-skin/default-skin.min.css?ver=10.9.4&wpr_t=1785820902 HTTP/2.0" 200 1833 "https://ofenbernd.de/" "Mozilla/5.0 AppleWebKit/537.36 (KHTML, like Gecko; compatible; bingbot/2.0; +http://www.bing.com/bingbot.htm) Chrome/136.0.0.0 Safari/537.36 AppleWebKit/537.36 (KHTML, like Gecko; compatible; bingbot/2.0; +http://www.bing.com/bingbot.htm) Chrome/116.0.1938.76 Safari/537.36"
172.71.148.106 - - [10/Aug/2026:10:53:16 +0200] "GET /wp-content/cache/background-css/1/www.ofenbernd.de/wp-content/cache/min/1/wp-content/plugins/customer-reviews-woocommerce/css/badges.css?ver=1785794469&wpr_t=1785820902 HTTP/2.0" 200 2534 "https://ofenbernd.de/" "Mozilla/5.0 AppleWebKit/537.36 (KHTML, like Gecko; compatible; bingbot/2.0; +http://www.bing.com/bingbot.htm) Chrome/136.0.0.0 Safari/537.36 AppleWebKit/537.36 (KHTML, like Gecko; compatible; bingbot/2.0; +http://www.bing.com/bingbot.htm) Chrome/116.0.1938.76 Safari/537.36"
172.71.172.167 - - [10/Aug/2026:10:53:16 +0200] "GET /wp-content/cache/background-css/1/www.ofenbernd.de/wp-content/cache/min/1/wp-content/plugins/woocommerce/assets/css/woocommerce.css?ver=1785794469&wpr_t=1785820902 HTTP/2.0" 200 10604 "https://ofenbernd.de/" "Mozilla/5.0 AppleWebKit/537.36 (KHTML, like Gecko; compatible; bingbot/2.0; +http://www.bing.com/bingbot.htm) Chrome/136.0.0.0 Safari/537.36 AppleWebKit/537.36 (KHTML, like Gecko; compatible; bingbot/2.0; +http://www.bing.com/bingbot.htm) Chrome/116.0.1938.76 Safari/537.36"
172.71.194.170 - - [10/Aug/2026:10:53:32 +0200] "GET /k/ofen-ersatzteile/spartherm/arte/u-50h/?lokasie=/var/www/vhosts/h193310.web236.dogado.net/httpdocs/clean-htaccess-backdoor.sh&loknya=/var/www/vhosts/h193310.web236.dogado.net/httpdocs HTTP/2.0" 444 0 "-" "Mozilla/5.0 (Macintosh; Intel Mac OS X 10_15_7) AppleWebKit/537.36 (KHTML, like Gecko) Chrome/145.0.0.0 Safari/537.36 (compatible; meta-externalagent/1.1 (+https://developers.facebook.com/docs/sharing/webmasters/crawler))"
172.71.190.12 - - [10/Aug/2026:10:54:40 +0200] "GET /k/ofen-ersatzteile/spartherm/arte/u-50h/?lokasie=/var/www/vhosts/h193310.web236.dogado.net/httpdocs/wp-activate.php&loknya=/var/www/vhosts/h193310.web236.dogado.net/httpdocs HTTP/2.0" 444 0 "-" "Mozilla/5.0 (X11; Linux x86_64) AppleWebKit/537.36 (KHTML, like Gecko) Chrome/145.0.0.0 Safari/537.36 (compatible; meta-externalagent/1.1 (+https://developers.facebook.com/docs/sharing/webmasters/crawler))"
172.70.174.218 - - [10/Aug/2026:10:55:46 +0200] "GET /k/ofen-ersatzteile/spartherm/arte/u-50h/?lokasie=/var/www/vhosts/h193310.web236.dogado.net/httpdocs/index.php&loknya=/var/www/vhosts/h193310.web236.dogado.net/httpdocs HTTP/2.0" 444 0 "-" "Mozilla/5.0 (Macintosh; Intel Mac OS X 10_15_7) AppleWebKit/537.36 (KHTML, like Gecko) Chrome/145.0.0.0 Safari/537.36 (compatible; meta-externalagent/1.1 (+https://developers.facebook.com/docs/sharing/webmasters/crawler))"
172.70.248.112 - - [10/Aug/2026:10:56:43 +0200] "GET /wp-content/uploads/2016/02/justus_usedom_5_rost_kaminrost_ofenrost.jpg HTTP/2.0" 200 33209 "-" "Googlebot-Image/1.0"
104.22.105.47 - - [10/Aug/2026:10:56:53 +0200] "GET /k/ofen-ersatzteile/spartherm/arte/u-50h/?loknya=/var/www/vhosts HTTP/2.0" 444 0 "-" "Mozilla/5.0 (Macintosh; Intel Mac OS X 10_15_7) AppleWebKit/537.36 (KHTML, like Gecko) Chrome/145.0.0.0 Safari/537.36 (compatible; meta-externalagent/1.1 (+https://developers.facebook.com/docs/sharing/webmasters/crawler))"
104.22.100.157 - - [10/Aug/2026:10:57:09 +0200] "GET /k/kaminbausatze/olsberg-heizeinsatze/feed/ HTTP/2.0" 444 0 "-" "meta-externalagent/1.1 (+https://developers.facebook.com/docs/sharing/webmasters/crawler)"
172.70.174.218 - - [10/Aug/2026:10:57:26 +0200] "GET /k/kaminbausatze/camina-kaminbausatze/feed/ HTTP/2.0" 444 0 "-" "meta-externalagent/1.1 (+https://developers.facebook.com/docs/sharing/webmasters/crawler)"
172.68.245.205 - - [10/Aug/2026:10:57:43 +0200] "GET /k/ambiente/ambiente-a9-ambiente/feed/ HTTP/2.0" 444 0 "-" "meta-externalagent/1.1 (+https://developers.facebook.com/docs/sharing/webmasters/crawler)"
172.68.138.133 - - [10/Aug/2026:10:57:58 +0200] "GET /k/kaminbausatze/schmid-kamineinsatze/feed/ HTTP/2.0" 444 0 "-" "meta-externalagent/1.1 (+https://developers.facebook.com/docs/sharing/webmasters/crawler)"
104.23.209.232 - - [10/Aug/2026:10:57:59 +0200] "GET /k/ofen-ersatzteile/spartherm/arte/u-50h/?loknya=/var/www/vhosts/h193310.web236.dogado.net/httpdocs/.well-known HTTP/2.0" 444 0 "-" "Mozilla/5.0 (Windows NT 10.0; Win64; x64) AppleWebKit/537.36 (KHTML, like Gecko) Chrome/145.0.0.0 Safari/537.36 (compatible; meta-externalagent/1.1 (+https://developers.facebook.com/docs/sharing/webmasters/crawler))"
162.158.79.8 - - [10/Aug/2026:10:58:12 +0200] "GET /k/kaminbausatze/oranier-kaminbausaetze/feed/ HTTP/2.0" 444 0 "-" "meta-externalagent/1.1 (+https://developers.facebook.com/docs/sharing/webmasters/crawler)"
162.158.79.8 - - [10/Aug/2026:10:58:28 +0200] "GET /k/gartenkamine-terassenkamine/justus-grills/feed/ HTTP/2.0" 444 0 "-" "meta-externalagent/1.1 (+https://developers.facebook.com/docs/sharing/webmasters/crawler)"
104.22.102.56 - - [10/Aug/2026:10:58:39 +0200] "GET /k/ofen-ersatzteile/spartherm/arte/u-50h/?lokasie=/var/www/vhosts/h193310.web236.dogado.net/httpdocs/license.txt&loknya=/var/www/vhosts/h193310.web236.dogado.net/httpdocs HTTP/2.0" 444 0 "-" "Mozilla/5.0 (Windows NT 10.0; Win64; x64) AppleWebKit/537.36 (KHTML, like Gecko) Chrome/145.0.0.0 Safari/537.36 Edg/145.0.0.0 (compatible; meta-externalagent/1.1 (+https://developers.facebook.com/docs/sharing/webmasters/crawler))"
172.71.194.171 - - [10/Aug/2026:10:58:43 +0200] "GET /k/gartenkamine-terassenkamine/firestar/feed/ HTTP/2.0" 444 0 "-" "meta-externalagent/1.1 (+https://developers.facebook.com/docs/sharing/webmasters/crawler)"
172.70.174.219 - - [10/Aug/2026:10:58:44 +0200] "GET /k/ofen-ersatzteile/spartherm/arte/u-50h/?lokasie=/var/www/vhosts/h193310.web236.dogado.net/httpdocs/wp-blog-header.php&loknya=/var/www/vhosts/h193310.web236.dogado.net/httpdocs HTTP/2.0" 444 0 "-" "Mozilla/5.0 (Windows NT 10.0; Win64; x64) AppleWebKit/537.36 (KHTML, like Gecko) Chrome/145.0.0.0 Safari/537.36 (compatible; meta-externalagent/1.1 (+https://developers.facebook.com/docs/sharing/webmasters/crawler))"
172.68.138.133 - - [10/Aug/2026:10:58:48 +0200] "GET /k/ofen-ersatzteile/spartherm/arte/u-50h/?loknya=/var HTTP/2.0" 444 0 "-" "Mozilla/5.0 (Macintosh; Intel Mac OS X 10_15_7) AppleWebKit/537.36 (KHTML, like Gecko) Chrome/145.0.0.0 Safari/537.36 (compatible; meta-externalagent/1.1 (+https://developers.facebook.com/docs/sharing/webmasters/crawler))"
172.71.190.12 - - [10/Aug/2026:10:58:54 +0200] "GET /k/ofen-ersatzteile/spartherm/arte/u-50h/?lokasie=/var/www/vhosts/h193310.web236.dogado.net/httpdocs/readme.ebfed6590b1bab3a2448118b466e29b1.html&loknya=/var/www/vhosts/h193310.web236.dogado.net/httpdocs HTTP/2.0" 444 0 "-" "Mozilla/5.0 (Windows NT 10.0; Win64; x64) AppleWebKit/537.36 (KHTML, like Gecko) Chrome/145.0.0.0 Safari/537.36 (compatible; meta-externalagent/1.1 (+https://developers.facebook.com/docs/sharing/webmasters/crawler))"
172.68.245.204 - - [10/Aug/2026:10:59:00 +0200] "GET /k/ofen-ersatzteile/spartherm/arte/u-50h/?lokasie=/var/www/vhosts/h193310.web236.dogado.net/httpdocs/wp-cron.php&loknya=/var/www/vhosts/h193310.web236.dogado.net/httpdocs HTTP/2.0" 444 0 "-" "Mozilla/5.0 (Windows NT 10.0; Win64; x64) AppleWebKit/537.36 (KHTML, like Gecko) Chrome/145.0.0.0 Safari/537.36 (compatible; meta-externalagent/1.1 (+https://developers.facebook.com/docs/sharing/webmasters/crawler))"
104.22.100.157 - - [10/Aug/2026:10:59:06 +0200] "GET /k/ofen-ersatzteile/spartherm/arte/u-50h/?loknya=/var/www/vhosts/h193310.web236.dogado.net/httpdocs/wp-includes HTTP/2.0" 444 0 "-" "Mozilla/5.0 (Windows NT 10.0; Win64; x64) AppleWebKit/537.36 (KHTML, like Gecko) Chrome/145.0.0.0 Safari/537.36 (compatible; meta-externalagent/1.1 (+https://developers.facebook.com/docs/sharing/webmasters/crawler))"
104.22.93.49 - - [10/Aug/2026:11:00:13 +0200] "GET /k/ofen-ersatzteile/spartherm/arte/u-50h/?lokasie=/var/www/vhosts/h193310.web236.dogado.net/httpdocs/wp-signup.php&loknya=/var/www/vhosts/h193310.web236.dogado.net/httpdocs HTTP/2.0" 444 0 "-" "Mozilla/5.0 (Windows NT 10.0; Win64; x64) AppleWebKit/537.36 (KHTML, like Gecko) Chrome/145.0.0.0 Safari/537.36 (compatible; meta-externalagent/1.1 (+https://developers.facebook.com/docs/sharing/webmasters/crawler))"
172.68.245.205 - - [10/Aug/2026:11:01:19 +0200] "GET /k/ofen-ersatzteile/spartherm/arte/u-50h/?loknya=/var/www/vhosts/h193310.web236.dogado.net/httpdocs/.tmb HTTP/2.0" 444 0 "-" "Mozilla/5.0 (Macintosh; Intel Mac OS X 10_15_7) AppleWebKit/537.36 (KHTML, like Gecko) Chrome/145.0.0.0 Safari/537.36 (compatible; meta-externalagent/1.1 (+https://developers.facebook.com/docs/sharing/webmasters/crawler))"
104.22.105.48 - - [10/Aug/2026:11:02:26 +0200] "GET /k/ofen-ersatzteile/spartherm/arte/u-50h/?lokasie=/var/www/vhosts/h193310.web236.dogado.net/httpdocs/favicon.ico&loknya=/var/www/vhosts/h193310.web236.dogado.net/httpdocs HTTP/2.0" 444 0 "-" "Mozilla/5.0 (Macintosh; Intel Mac OS X 10_15_7) AppleWebKit/537.36 (KHTML, like Gecko) Chrome/145.0.0.0 Safari/537.36 (compatible; meta-externalagent/1.1 (+https://developers.facebook.com/docs/sharing/webmasters/crawler))"
172.71.222.171 - - [10/Aug/2026:11:03:32 +0200] "GET /k/ofen-ersatzteile/spartherm/arte/u-50h/?lokasie=/var/www/vhosts/h193310.web236.dogado.net/httpdocs/wp-mail.php&loknya=/var/www/vhosts/h193310.web236.dogado.net/httpdocs HTTP/2.0" 444 0 "-" "Mozilla/5.0 (Macintosh; Intel Mac OS X 10_15_7) AppleWebKit/537.36 (KHTML, like Gecko) Chrome/145.0.0.0 Safari/537.36 (compatible; meta-externalagent/1.1 (+https://developers.facebook.com/docs/sharing/webmasters/crawler))"
104.22.93.49 - - [10/Aug/2026:11:04:39 +0200] "GET /k/ofen-ersatzteile/spartherm/arte/u-50h/?lokasie=/var/www/vhosts/h193310.web236.dogado.net/httpdocs/wp-comments-post.php&loknya=/var/www/vhosts/h193310.web236.dogado.net/httpdocs HTTP/2.0" 444 0 "-" "Mozilla/5.0 (Windows NT 10.0; Win64; x64) AppleWebKit/537.36 (KHTML, like Gecko) Chrome/145.0.0.0 Safari/537.36 (compatible; meta-externalagent/1.1 (+https://developers.facebook.com/docs/sharing/webmasters/crawler))"
104.22.102.55 - - [10/Aug/2026:11:05:46 +0200] "GET /k/ofen-ersatzteile/spartherm/arte/u-50h/?lokasie=/var/www/vhosts/h193310.web236.dogado.net/httpdocs/deep-scan.sh&loknya=/var/www/vhosts/h193310.web236.dogado.net/httpdocs HTTP/2.0" 444 0 "-" "Mozilla/5.0 (Windows NT 10.0; Win64; x64) AppleWebKit/537.36 (KHTML, like Gecko) Chrome/145.0.0.0 Safari/537.36 (compatible; meta-externalagent/1.1 (+https://developers.facebook.com/docs/sharing/webmasters/crawler))"
104.22.105.48 - - [10/Aug/2026:11:06:52 +0200] "GET /k/ofen-ersatzteile/spartherm/arte/u-50h/?loknya=/var/www/vhosts/h193310.web236.dogado.net/httpdocs/wp-admin HTTP/2.0" 444 0 "-" "Mozilla/5.0 (Windows NT 10.0; Win64; x64) AppleWebKit/537.36 (KHTML, like Gecko) Chrome/145.0.0.0 Safari/537.36 (compatible; meta-externalagent/1.1 (+https://developers.facebook.com/docs/sharing/webmasters/crawler))"
172.70.240.71 - - [10/Aug/2026:11:07:35 +0200] "GET /wp-content/uploads/2021/09/Bild_2024-01-13_134010609-100x100.jpg.webp HTTP/2.0" 200 1582 "-" "Mozilla/5.0 AppleWebKit/537.36 (KHTML, like Gecko; compatible; Amazonbot/0.1; +https://developer.amazon.com/support/amazonbot) Chrome/119.0.6045.214 Safari/537.36"
104.22.105.48 - - [10/Aug/2026:11:07:59 +0200] "GET /k/ofen-ersatzteile/spartherm/arte/u-50h/?loknya=/var/www/vhosts/h193310.web236.dogado.net HTTP/2.0" 444 0 "-" "Mozilla/5.0 (Windows NT 10.0; Win64; x64) AppleWebKit/537.36 (KHTML, like Gecko) Chrome/145.0.0.0 Safari/537.36 (compatible; meta-externalagent/1.1 (+https://developers.facebook.com/docs/sharing/webmasters/crawler))"
104.22.100.157 - - [10/Aug/2026:11:09:05 +0200] "GET /k/ofen-ersatzteile/spartherm/arte/u-50h/?lokasie=/var/www/vhosts/h193310.web236.dogado.net/httpdocs/wp-settings.php&loknya=/var/www/vhosts/h193310.web236.dogado.net/httpdocs HTTP/2.0" 444 0 "-" "Mozilla/5.0 (Windows NT 10.0; Win64; x64) AppleWebKit/537.36 (KHTML, like Gecko) Chrome/145.0.0.0 Safari/537.36 (compatible; meta-externalagent/1.1 (+https://developers.facebook.com/docs/sharing/webmasters/crawler))"
172.71.8.18 - - [10/Aug/2026:11:09:50 +0200] "GET / HTTP/2.0" 403 86 "-" "python-requests/2.34.2"
104.22.102.56 - - [10/Aug/2026:11:11:18 +0200] "GET /k/ofen-ersatzteile/spartherm/arte/u-50h/?lokasie=/var/www/vhosts/h193310.web236.dogado.net/httpdocs/xmlrpc.php&loknya=/var/www/vhosts/h193310.web236.dogado.net/httpdocs HTTP/2.0" 444 0 "-" "Mozilla/5.0 (Windows NT 10.0; Win64; x64) AppleWebKit/537.36 (KHTML, like Gecko) Chrome/145.0.0.0 Safari/537.36 (compatible; meta-externalagent/1.1 (+https://developers.facebook.com/docs/sharing/webmasters/crawler))"
172.70.242.120 - - [10/Aug/2026:11:12:00 +0200] "GET /wp-content/uploads/2017/07/schmid_camina_sd_9_e_4_seitensteine-324x324.jpg HTTP/2.0" 403 86 "-" "python-requests/2.34.2"
104.22.100.157 - - [10/Aug/2026:11:12:25 +0200] "GET /k/ofen-ersatzteile/spartherm/arte/u-50h/?lokasie=/var/www/vhosts/h193310.web236.dogado.net/httpdocs/wp-config-sample.php&loknya=/var/www/vhosts/h193310.web236.dogado.net/httpdocs HTTP/2.0" 444 0 "-" "Mozilla/5.0 (X11; Linux x86_64) AppleWebKit/537.36 (KHTML, like Gecko) Chrome/145.0.0.0 Safari/537.36 (compatible; meta-externalagent/1.1 (+https://developers.facebook.com/docs/sharing/webmasters/crawler))"
172.70.174.218 - - [10/Aug/2026:11:13:06 +0200] "GET /k/ofen-ersatzteile/spartherm/arte/u-50h/?loknya=/var/www/vhosts/h193310.web236.dogado.net/httpdocs/wp-content HTTP/2.0" 444 0 "-" "Mozilla/5.0 (Macintosh; Intel Mac OS X 10_15_7) AppleWebKit/537.36 (KHTML, like Gecko) Chrome/145.0.0.0 Safari/537.36 (compatible; meta-externalagent/1.1 (+https://developers.facebook.com/docs/sharing/webmasters/crawler))"
172.71.190.12 - - [10/Aug/2026:11:13:37 +0200] "GET /k/ofen-ersatzteile/spartherm/arte/u-50h/?lokasie=/var/www/vhosts/h193310.web236.dogado.net/httpdocs/.user.ini&loknya=/var/www/vhosts/h193310.web236.dogado.net/httpdocs HTTP/2.0" 444 0 "-" "Mozilla/5.0 (Macintosh; Intel Mac OS X 10_15_7) AppleWebKit/537.36 (KHTML, like Gecko) Chrome/145.0.0.0 Safari/537.36 (compatible; meta-externalagent/1.1 (+https://developers.facebook.com/docs/sharing/webmasters/crawler))"
104.22.93.49 - - [10/Aug/2026:11:13:41 +0200] "GET /k/ofen-ersatzteile/spartherm/arte/u-50h/?loknya=/var/www/vhosts/h193310.web236.dogado.net/httpdocs/.cl.selector HTTP/2.0" 444 0 "-" "Mozilla/5.0 (Windows NT 10.0; Win64; x64) AppleWebKit/537.36 (KHTML, like Gecko) Chrome/145.0.0.0 Safari/537.36 (compatible; meta-externalagent/1.1 (+https://developers.facebook.com/docs/sharing/webmasters/crawler))"
104.22.102.56 - - [10/Aug/2026:11:13:44 +0200] "GET /k/ofen-ersatzteile/spartherm/arte/u-50h/?loknya=/var/www/vhosts/h193310.web236.dogado.net/httpdocs HTTP/2.0" 444 0 "-" "Mozilla/5.0 (Macintosh; Intel Mac OS X 10_15_7) AppleWebKit/537.36 (KHTML, like Gecko) Chrome/145.0.0.0 Safari/537.36 (compatible; meta-externalagent/1.1 (+https://developers.facebook.com/docs/sharing/webmasters/crawler))"
104.22.102.56 - - [10/Aug/2026:11:13:47 +0200] "GET /k/ofen-ersatzteile/spartherm/arte/u-50h/?loknya=/var/www/vhosts/h193310.web236.dogado.net/ HTTP/2.0" 444 0 "-" "Mozilla/5.0 (Windows NT 10.0; Win64; x64) AppleWebKit/537.36 (KHTML, like Gecko) Chrome/145.0.0.0 Safari/537.36 (compatible; meta-externalagent/1.1 (+https://developers.facebook.com/docs/sharing/webmasters/crawler))"
104.22.100.157 - - [10/Aug/2026:11:13:53 +0200] "GET /k/ofen-ersatzteile/spartherm/arte/u-50h/?lokasie=/var/www/vhosts/h193310.web236.dogado.net/httpdocs/.htaccess&loknya=/var/www/vhosts/h193310.web236.dogado.net/httpdocs HTTP/2.0" 444 0 "-" "Mozilla/5.0 (Windows NT 10.0; Win64; x64) AppleWebKit/537.36 (KHTML, like Gecko) Chrome/145.0.0.0 Safari/537.36 (compatible; meta-externalagent/1.1 (+https://developers.facebook.com/docs/sharing/webmasters/crawler))"
104.23.209.232 - - [10/Aug/2026:11:13:58 +0200] "GET /k/ofen-ersatzteile/spartherm/arte/u-50h/?lokasie=/var/www/vhosts/h193310.web236.dogado.net/httpdocs/whitespacefix.php&loknya=/var/www/vhosts/h193310.web236.dogado.net/httpdocs HTTP/2.0" 444 0 "-" "Mozilla/5.0 (X11; Linux x86_64) AppleWebKit/537.36 (KHTML, like Gecko) Chrome/145.0.0.0 Safari/537.36 (compatible; meta-externalagent/1.1 (+https://developers.facebook.com/docs/sharing/webmasters/crawler))"
104.22.93.49 - - [10/Aug/2026:11:14:03 +0200] "GET /k/ofen-ersatzteile/spartherm/arte/u-50h/?lokasie=/var/www/vhosts/h193310.web236.dogado.net/httpdocs/wordfence-waf.php&loknya=/var/www/vhosts/h193310.web236.dogado.net/httpdocs HTTP/2.0" 444 0 "-" "Mozilla/5.0 (Windows NT 10.0; Win64; x64) AppleWebKit/537.36 (KHTML, like Gecko) Chrome/145.0.0.0 Safari/537.36 (compatible; meta-externalagent/1.1 (+https://developers.facebook.com/docs/sharing/webmasters/crawler))"
172.71.194.171 - - [10/Aug/2026:11:14:10 +0200] "GET /k/ofen-ersatzteile/spartherm/arte/u-50h/?lokasie=/var/www/vhosts/h193310.web236.dogado.net/httpdocs/wp-links-opml.php&loknya=/var/www/vhosts/h193310.web236.dogado.net/httpdocs HTTP/2.0" 444 0 "-" "Mozilla/5.0 (Windows NT 10.0; Win64; x64) AppleWebKit/537.36 (KHTML, like Gecko) Chrome/145.0.0.0 Safari/537.36 (compatible; meta-externalagent/1.1 (+https://developers.facebook.com/docs/sharing/webmasters/crawler))"
104.22.93.49 - - [10/Aug/2026:11:14:12 +0200] "GET /k/ofen-ersatzteile/spartherm/arte/u-50h/?lokasie=/var/www/vhosts/h193310.web236.dogado.net/httpdocs/wp-trackback.php&loknya=/var/www/vhosts/h193310.web236.dogado.net/httpdocs HTTP/2.0" 444 0 "-" "Mozilla/5.0 (Windows NT 10.0; Win64; x64) AppleWebKit/537.36 (KHTML, like Gecko) Chrome/145.0.0.0 Safari/537.36 (compatible; meta-externalagent/1.1 (+https://developers.facebook.com/docs/sharing/webmasters/crawler))"
172.69.166.91 - - [10/Aug/2026:11:14:30 +0200] "POST /xmlrpc.php HTTP/2.0" 403 129 "-" "Mozilla/5.0 (Windows NT 10.0; Win64; x64) AppleWebKit/537.36 (KHTML, like Gecko) Chrome/133.0.0.0 Safari/537.36"
104.22.102.56 - - [10/Aug/2026:11:15:19 +0200] "GET /k/ofen-ersatzteile/spartherm/arte/u-50h/?lokasie=/var/www/vhosts/h193310.web236.dogado.net/httpdocs/check-malware.sh&loknya=/var/www/vhosts/h193310.web236.dogado.net/httpdocs HTTP/2.0" 444 0 "-" "Mozilla/5.0 (Macintosh; Intel Mac OS X 10_15_7) AppleWebKit/537.36 (KHTML, like Gecko) Chrome/145.0.0.0 Safari/537.36 (compatible; meta-externalagent/1.1 (+https://developers.facebook.com/docs/sharing/webmasters/crawler))"
104.22.100.157 - - [10/Aug/2026:11:16:25 +0200] "GET /k/ofen-ersatzteile/spartherm/arte/u-50h/?lokasie=/var/www/vhosts/h193310.web236.dogado.net/httpdocs/wp-load.php&loknya=/var/www/vhosts/h193310.web236.dogado.net/httpdocs HTTP/2.0" 444 0 "-" "Mozilla/5.0 (Windows NT 10.0; Win64; x64) AppleWebKit/537.36 (KHTML, like Gecko) Chrome/145.0.0.0 Safari/537.36 (compatible; meta-externalagent/1.1 (+https://developers.facebook.com/docs/sharing/webmasters/crawler))"
172.70.248.132 - - [10/Aug/2026:11:17:03 +0200] "GET /wp-content/uploads/2015/03/oranier_polar_4_4654_serie_3_ersatzteile_seitenstein_2905411000_1-100x100.jpg HTTP/2.0" 200 2427 "https://www.ofenbernd.de/" "Mozilla/5.0 (Windows NT 10.0; Win64; x64) AppleWebKit/537.36 (KHTML, like Gecko) Chrome/133.0.0.0 Safari/537.36"
172.70.42.111 - - [10/Aug/2026:11:17:05 +0200] "GET /k/ofen-ersatzteile/spartherm/arte/u-50h/?loknya=/var/www HTTP/2.0" 444 0 "-" "Mozilla/5.0 (Windows NT 10.0; Win64; x64) AppleWebKit/537.36 (KHTML, like Gecko) Chrome/145.0.0.0 Safari/537.36 (compatible; meta-externalagent/1.1 (+https://developers.facebook.com/docs/sharing/webmasters/crawler))"
172.71.194.171 - - [10/Aug/2026:11:17:36 +0200] "GET /k/ofen-ersatzteile/spartherm/arte/u-50h/?loknya=/var/www/vhosts/h193310.web236.dogado.net/httpdocs/.quarantine HTTP/2.0" 444 0 "-" "Mozilla/5.0 (Macintosh; Intel Mac OS X 10_15_7) AppleWebKit/537.36 (KHTML, like Gecko) Chrome/145.0.0.0 Safari/537.36 (compatible; meta-externalagent/1.1 (+https://developers.facebook.com/docs/sharing/webmasters/crawler))"
104.23.239.55 - - [10/Aug/2026:11:17:48 +0200] "GET /wp-content/uploads/2016/03/oranier_asmara_4788_rost_kaminrost_ofenrost_feuerrost_-600x600.jpg.webp HTTP/2.0" 200 19904 "-" "Mozilla/5.0 AppleWebKit/537.36 (KHTML, like Gecko; compatible; bingbot/2.0; +http://www.bing.com/bingbot.htm) Chrome/116.0.1938.76 Safari/537.36"
172.70.35.211 - - [10/Aug/2026:11:18:02 +0200] "GET /k/ofen-ersatzteile/spartherm/arte/u-50h/?lokasie=/var/www/vhosts/h193310.web236.dogado.net/httpdocs/wp-login.php&loknya=/var/www/vhosts/h193310.web236.dogado.net/httpdocs HTTP/2.0" 444 0 "-" "Mozilla/5.0 (Windows NT 10.0; Win64; x64) AppleWebKit/537.36 (KHTML, like Gecko) Chrome/145.0.0.0 Safari/537.36 (compatible; meta-externalagent/1.1 (+https://developers.facebook.com/docs/sharing/webmasters/crawler))"
172.71.222.170 - - [10/Aug/2026:11:18:04 +0200] "GET /k/ofen-ersatzteile/spartherm/arte/u-50h/?loknya=/ HTTP/2.0" 444 0 "-" "Mozilla/5.0 (Macintosh; Intel Mac OS X 10_15_7) AppleWebKit/537.36 (KHTML, like Gecko) Chrome/145.0.0.0 Safari/537.36 (compatible; meta-externalagent/1.1 (+https://developers.facebook.com/docs/sharing/webmasters/crawler))"
172.70.174.219 - - [10/Aug/2026:11:18:08 +0200] "GET /k/ofen-ersatzteile/oranier/faro-aqua/?lokasie=/var/www/vhosts/h193310.web236.dogado.net/httpdocs/wp-config-sample.php&loknya=/var/www/vhosts/h193310.web236.dogado.net/httpdocs HTTP/2.0" 444 0 "-" "Mozilla/5.0 (Windows NT 10.0; Win64; x64) AppleWebKit/537.36 (KHTML, like Gecko) Chrome/145.0.0.0 Safari/537.36 Edg/145.0.0.0 (compatible; meta-externalagent/1.1 (+https://developers.facebook.com/docs/sharing/webmasters/crawler))"
