172.68.138.133 - - [10/Aug/2026:13:06:33 +0200] "GET /k/ofen-ersatzteile/justus/rondo-7-4674/?lokasie=/var/www/vhosts/h193310.web236.dogado.net/httpdocs/wp-blog-header.php&loknya=/var/www/vhosts/h193310.web236.dogado.net/httpdocs HTTP/2.0" 444 0 "-" "Mozilla/5.0 (Macintosh; Intel Mac OS X 10_15_7) AppleWebKit/537.36 (KHTML, like Gecko) Chrome/145.0.0.0 Safari/537.36 (compatible; meta-externalagent/1.1 (+https://developers.facebook.com/docs/sharing/webmasters/crawler))"
104.22.93.49 - - [10/Aug/2026:13:06:38 +0200] "GET /k/ofen-ersatzteile/justus/rondo-7-4674/?lokasie=/var/www/vhosts/h193310.web236.dogado.net/httpdocs/whitespacefix.php&loknya=/var/www/vhosts/h193310.web236.dogado.net/httpdocs HTTP/2.0" 444 0 "-" "Mozilla/5.0 (Windows NT 10.0; Win64; x64) AppleWebKit/537.36 (KHTML, like Gecko) Chrome/145.0.0.0 Safari/537.36 (compatible; meta-externalagent/1.1 (+https://developers.facebook.com/docs/sharing/webmasters/crawler))"
104.22.102.56 - - [10/Aug/2026:13:06:44 +0200] "GET /k/ofen-ersatzteile/justus/rondo-7-4674/?lokasie=/var/www/vhosts/h193310.web236.dogado.net/httpdocs/wp-links-opml.php&loknya=/var/www/vhosts/h193310.web236.dogado.net/httpdocs HTTP/2.0" 444 0 "-" "Mozilla/5.0 (Windows NT 10.0; Win64; x64) AppleWebKit/537.36 (KHTML, like Gecko) Chrome/145.0.0.0 Safari/537.36 (compatible; meta-externalagent/1.1 (+https://developers.facebook.com/docs/sharing/webmasters/crawler))"
104.22.102.56 - - [10/Aug/2026:13:06:49 +0200] "GET /k/ofen-ersatzteile/justus/rondo-7-4674/?loknya=/var/www/vhosts/h193310.web236.dogado.net/httpdocs/shop HTTP/2.0" 444 0 "-" "Mozilla/5.0 (Macintosh; Intel Mac OS X 10_15_7) AppleWebKit/537.36 (KHTML, like Gecko) Chrome/145.0.0.0 Safari/537.36 (compatible; meta-externalagent/1.1 (+https://developers.facebook.com/docs/sharing/webmasters/crawler))"
104.22.104.20 - - [10/Aug/2026:13:06:54 +0200] "GET /k/ofen-ersatzteile/justus/rondo-7-4674/?loknya=/var/www/vhosts/h193310.web236.dogado.net/httpdocs/wp-content HTTP/2.0" 444 0 "-" "Mozilla/5.0 (Windows NT 10.0; Win64; x64) AppleWebKit/537.36 (KHTML, like Gecko) Chrome/145.0.0.0 Safari/537.36 (compatible; meta-externalagent/1.1 (+https://developers.facebook.com/docs/sharing/webmasters/crawler))"
172.70.174.218 - - [10/Aug/2026:13:06:58 +0200] "GET /k/ofen-ersatzteile/justus/rondo-7-4674/?loknya=/var HTTP/2.0" 444 0 "-" "Mozilla/5.0 (Macintosh; Intel Mac OS X 10_15_7) AppleWebKit/537.36 (KHTML, like Gecko) Chrome/145.0.0.0 Safari/537.36 (compatible; meta-externalagent/1.1 (+https://developers.facebook.com/docs/sharing/webmasters/crawler))"
104.23.209.232 - - [10/Aug/2026:13:08:04 +0200] "GET /k/ofen-ersatzteile/justus/rondo-7-4674/?loknya=/var/www/vhosts/h193310.web236.dogado.net/httpdocs HTTP/2.0" 444 0 "-" "Mozilla/5.0 (Windows NT 10.0; Win64; x64) AppleWebKit/537.36 (KHTML, like Gecko) Chrome/145.0.0.0 Safari/537.36 (compatible; meta-externalagent/1.1 (+https://developers.facebook.com/docs/sharing/webmasters/crawler))"
104.22.104.20 - - [10/Aug/2026:13:09:11 +0200] "GET /k/ofen-ersatzteile/justus/rondo-7-4674/?lokasie=/var/www/vhosts/h193310.web236.dogado.net/httpdocs/wp-cron.php&loknya=/var/www/vhosts/h193310.web236.dogado.net/httpdocs HTTP/2.0" 444 0 "-" "Mozilla/5.0 (Windows NT 10.0; Win64; x64) AppleWebKit/537.36 (KHTML, like Gecko) Chrome/145.0.0.0 Safari/537.36 (compatible; meta-externalagent/1.1 (+https://developers.facebook.com/docs/sharing/webmasters/crawler))"
172.70.42.111 - - [10/Aug/2026:13:10:19 +0200] "GET /k/ofen-ersatzteile/olsberg/creation/creation-11/?loknya=/var/www/vhosts/h193310.web236.dogado.net/httpdocs HTTP/2.0" 444 0 "-" "Mozilla/5.0 (Windows NT 10.0; Win64; x64) AppleWebKit/537.36 (KHTML, like Gecko) Chrome/145.0.0.0 Safari/537.36 Edg/145.0.0.0 (compatible; meta-externalagent/1.1 (+https://developers.facebook.com/docs/sharing/webmasters/crawler))"
104.22.123.92 - - [10/Aug/2026:13:10:25 +0200] "GET /wp-content/uploads/2016/02/oranier_hera_d_serie_2_rost_feuerrost_ofenrost-400x400.jpg.webp HTTP/2.0" 304 0 "-" "Mozilla/5.0 AppleWebKit/537.36 (KHTML, like Gecko; compatible; bingbot/2.0; +http://www.bing.com/bingbot.htm) Chrome/116.0.1938.76 Safari/537.36"
172.70.42.111 - - [10/Aug/2026:13:10:57 +0200] "GET /k/ofen-ersatzteile/olsberg/creation/creation-11/?lokasie=/var/www/vhosts/h193310.web236.dogado.net/httpdocs/wp-comments-post.php&loknya=/var/www/vhosts/h193310.web236.dogado.net/httpdocs HTTP/2.0" 444 0 "-" "Mozilla/5.0 (Windows NT 10.0; Win64; x64) AppleWebKit/537.36 (KHTML, like Gecko) Chrome/145.0.0.0 Safari/537.36 (compatible; meta-externalagent/1.1 (+https://developers.facebook.com/docs/sharing/webmasters/crawler))"
104.22.104.20 - - [10/Aug/2026:13:11:03 +0200] "GET /k/ofen-ersatzteile/olsberg/creation/creation-11/?lokasie=/var/www/vhosts/h193310.web236.dogado.net/httpdocs/.user.ini&loknya=/var/www/vhosts/h193310.web236.dogado.net/httpdocs HTTP/2.0" 444 0 "-" "Mozilla/5.0 (Windows NT 10.0; Win64; x64) AppleWebKit/537.36 (KHTML, like Gecko) Chrome/145.0.0.0 Safari/537.36 (compatible; meta-externalagent/1.1 (+https://developers.facebook.com/docs/sharing/webmasters/crawler))"
172.68.245.205 - - [10/Aug/2026:13:11:07 +0200] "GET /k/ofen-ersatzteile/olsberg/creation/creation-11/?lokasie=/var/www/vhosts/h193310.web236.dogado.net/httpdocs/wp-cron.php&loknya=/var/www/vhosts/h193310.web236.dogado.net/httpdocs HTTP/2.0" 444 0 "-" "Mozilla/5.0 (Macintosh; Intel Mac OS X 10_15_7) AppleWebKit/537.36 (KHTML, like Gecko) Chrome/145.0.0.0 Safari/537.36 (compatible; meta-externalagent/1.1 (+https://developers.facebook.com/docs/sharing/webmasters/crawler))"
172.71.190.13 - - [10/Aug/2026:13:11:13 +0200] "GET /k/ofen-ersatzteile/olsberg/creation/creation-11/?lokasie=/var/www/vhosts/h193310.web236.dogado.net/httpdocs/wp-mail.php&loknya=/var/www/vhosts/h193310.web236.dogado.net/httpdocs HTTP/2.0" 444 0 "-" "Mozilla/5.0 (Macintosh; Intel Mac OS X 10_15_7) AppleWebKit/537.36 (KHTML, like Gecko) Chrome/145.0.0.0 Safari/537.36 (compatible; meta-externalagent/1.1 (+https://developers.facebook.com/docs/sharing/webmasters/crawler))"
104.22.100.173 - - [10/Aug/2026:13:11:18 +0200] "GET /k/ofen-ersatzteile/olsberg/creation/creation-11/?loknya=/var/www/vhosts HTTP/2.0" 444 0 "-" "Mozilla/5.0 (Windows NT 10.0; Win64; x64) AppleWebKit/537.36 (KHTML, like Gecko) Chrome/145.0.0.0 Safari/537.36 (compatible; meta-externalagent/1.1 (+https://developers.facebook.com/docs/sharing/webmasters/crawler))"
104.22.104.20 - - [10/Aug/2026:13:11:25 +0200] "GET /k/ofen-ersatzteile/olsberg/creation/creation-11/?loknya=/var/www/vhosts/h193310.web236.dogado.net/httpdocs/wp-includes HTTP/2.0" 444 0 "-" "Mozilla/5.0 (Windows NT 10.0; Win64; x64) AppleWebKit/537.36 (KHTML, like Gecko) Chrome/145.0.0.0 Safari/537.36 (compatible; meta-externalagent/1.1 (+https://developers.facebook.com/docs/sharing/webmasters/crawler))"
104.22.104.20 - - [10/Aug/2026:13:13:57 +0200] "GET /k/ofen-ersatzteile/olsberg/creation/creation-11/?loknya=/var/www/vhosts/h193310.web236.dogado.net/httpdocs/bezahlmoeglichkeiten HTTP/2.0" 444 0 "-" "Mozilla/5.0 (Macintosh; Intel Mac OS X 10_15_7) AppleWebKit/537.36 (KHTML, like Gecko) Chrome/145.0.0.0 Safari/537.36 (compatible; meta-externalagent/1.1 (+https://developers.facebook.com/docs/sharing/webmasters/crawler))"
104.23.211.143 - - [10/Aug/2026:13:14:00 +0200] "GET /k/ofen-ersatzteile/olsberg/creation/creation-11/?loknya=/var/www HTTP/2.0" 444 0 "-" "Mozilla/5.0 (Windows NT 10.0; Win64; x64) AppleWebKit/537.36 (KHTML, like Gecko) Chrome/145.0.0.0 Safari/537.36 (compatible; meta-externalagent/1.1 (+https://developers.facebook.com/docs/sharing/webmasters/crawler))"
104.22.93.49 - - [10/Aug/2026:13:14:00 +0200] "GET /k/ofen-ersatzteile/olsberg/creation/creation-11/?lokasie=/var/www/vhosts/h193310.web236.dogado.net/httpdocs/whitespacefix.php&loknya=/var/www/vhosts/h193310.web236.dogado.net/httpdocs HTTP/2.0" 444 0 "-" "Mozilla/5.0 (Windows NT 10.0; Win64; x64) AppleWebKit/537.36 (KHTML, like Gecko) Chrome/145.0.0.0 Safari/537.36 (compatible; meta-externalagent/1.1 (+https://developers.facebook.com/docs/sharing/webmasters/crawler))"
104.22.104.20 - - [10/Aug/2026:13:14:02 +0200] "GET /k/ofen-ersatzteile/olsberg/creation/creation-11/?lokasie=/var/www/vhosts/h193310.web236.dogado.net/httpdocs/wp-settings.php&loknya=/var/www/vhosts/h193310.web236.dogado.net/httpdocs HTTP/2.0" 444 0 "-" "Mozilla/5.0 (Macintosh; Intel Mac OS X 10_15_7) AppleWebKit/537.36 (KHTML, like Gecko) Chrome/145.0.0.0 Safari/537.36 (compatible; meta-externalagent/1.1 (+https://developers.facebook.com/docs/sharing/webmasters/crawler))"
104.22.102.55 - - [10/Aug/2026:13:14:02 +0200] "GET /k/ofen-ersatzteile/olsberg/creation/creation-11/?lokasie=/var/www/vhosts/h193310.web236.dogado.net/httpdocs/favicon.ico&loknya=/var/www/vhosts/h193310.web236.dogado.net/httpdocs HTTP/2.0" 444 0 "-" "Mozilla/5.0 (Windows NT 10.0; Win64; x64) AppleWebKit/537.36 (KHTML, like Gecko) Chrome/145.0.0.0 Safari/537.36 (compatible; meta-externalagent/1.1 (+https://developers.facebook.com/docs/sharing/webmasters/crawler))"
104.23.209.233 - - [10/Aug/2026:13:14:05 +0200] "GET /k/ofen-ersatzteile/olsberg/creation/creation-11/?lokasie=/var/www/vhosts/h193310.web236.dogado.net/httpdocs/.htaccess&loknya=/var/www/vhosts/h193310.web236.dogado.net/httpdocs HTTP/2.0" 444 0 "-" "Mozilla/5.0 (Windows NT 10.0; Win64; x64) AppleWebKit/537.36 (KHTML, like Gecko) Chrome/144.0.0.0 Safari/537.36 Edg/144.0.0.0 (compatible; meta-externalagent/1.1 (+https://developers.facebook.com/docs/sharing/webmasters/crawler))"
172.70.135.80 - - [10/Aug/2026:13:14:06 +0200] "GET /k/ofen-ersatzteile/olsberg/creation/creation-11/?loknya=/var/www/vhosts/h193310.web236.dogado.net/ HTTP/2.0" 444 0 "-" "Mozilla/5.0 (Windows NT 10.0; Win64; x64) AppleWebKit/537.36 (KHTML, like Gecko) Chrome/145.0.0.0 Safari/537.36 (compatible; meta-externalagent/1.1 (+https://developers.facebook.com/docs/sharing/webmasters/crawler))"
172.68.245.205 - - [10/Aug/2026:13:14:08 +0200] "GET /k/ofen-ersatzteile/olsberg/creation/creation-11/?lokasie=/var/www/vhosts/h193310.web236.dogado.net/httpdocs/wp-links-opml.php&loknya=/var/www/vhosts/h193310.web236.dogado.net/httpdocs HTTP/2.0" 444 0 "-" "Mozilla/5.0 (Windows NT 10.0; Win64; x64) AppleWebKit/537.36 (KHTML, like Gecko) Chrome/145.0.0.0 Safari/537.36 (compatible; meta-externalagent/1.1 (+https://developers.facebook.com/docs/sharing/webmasters/crawler))"
104.23.213.131 - - [10/Aug/2026:13:14:10 +0200] "GET /k/ofen-ersatzteile/olsberg/creation/creation-11/?loknya=/var/www/vhosts/h193310.web236.dogado.net HTTP/2.0" 444 0 "-" "Mozilla/5.0 (Macintosh; Intel Mac OS X 10_15_7) AppleWebKit/537.36 (KHTML, like Gecko) Chrome/145.0.0.0 Safari/537.36 (compatible; meta-externalagent/1.1 (+https://developers.facebook.com/docs/sharing/webmasters/crawler))"
172.71.194.170 - - [10/Aug/2026:13:14:14 +0200] "GET /k/ofen-ersatzteile/olsberg/creation/creation-11/?loknya=/var/www/vhosts/h193310.web236.dogado.net/httpdocs/schornsteine HTTP/2.0" 444 0 "-" "Mozilla/5.0 (Windows NT 10.0; Win64; x64) AppleWebKit/537.36 (KHTML, like Gecko) Chrome/145.0.0.0 Safari/537.36 (compatible; meta-externalagent/1.1 (+https://developers.facebook.com/docs/sharing/webmasters/crawler))"
104.22.104.20 - - [10/Aug/2026:13:14:15 +0200] "GET /k/ofen-ersatzteile/olsberg/creation/creation-11/?loknya=/var/www/vhosts/h193310.web236.dogado.net/httpdocs/shop HTTP/2.0" 444 0 "-" "Mozilla/5.0 (Windows NT 10.0; Win64; x64) AppleWebKit/537.36 (KHTML, like Gecko) Chrome/145.0.0.0 Safari/537.36 (compatible; meta-externalagent/1.1 (+https://developers.facebook.com/docs/sharing/webmasters/crawler))"
172.68.138.132 - - [10/Aug/2026:13:14:19 +0200] "GET /k/ofen-ersatzteile/olsberg/creation/creation-11/?lokasie=/var/www/vhosts/h193310.web236.dogado.net/httpdocs/wp-load.php&loknya=/var/www/vhosts/h193310.web236.dogado.net/httpdocs HTTP/2.0" 444 0 "-" "Mozilla/5.0 (Windows NT 10.0; Win64; x64) AppleWebKit/537.36 (KHTML, like Gecko) Chrome/145.0.0.0 Safari/537.36 (compatible; meta-externalagent/1.1 (+https://developers.facebook.com/docs/sharing/webmasters/crawler))"
104.23.211.143 - - [10/Aug/2026:13:14:20 +0200] "GET /k/ofen-ersatzteile/olsberg/creation/creation-11/?loknya=/var/www/vhosts/h193310.web236.dogado.net/httpdocs/.tmb HTTP/2.0" 444 0 "-" "Mozilla/5.0 (Macintosh; Intel Mac OS X 10_15_7) AppleWebKit/537.36 (KHTML, like Gecko) Chrome/145.0.0.0 Safari/537.36 (compatible; meta-externalagent/1.1 (+https://developers.facebook.com/docs/sharing/webmasters/crawler))"
172.70.42.111 - - [10/Aug/2026:13:14:22 +0200] "GET /k/ofen-ersatzteile/olsberg/creation/creation-11/?loknya=/var/www/vhosts/h193310.web236.dogado.net/httpdocs/wp-content HTTP/2.0" 444 0 "-" "Mozilla/5.0 (Windows NT 10.0; Win64; x64) AppleWebKit/537.36 (KHTML, like Gecko) Chrome/145.0.0.0 Safari/537.36 (compatible; meta-externalagent/1.1 (+https://developers.facebook.com/docs/sharing/webmasters/crawler))"
104.23.211.143 - - [10/Aug/2026:13:14:29 +0200] "GET /k/ofen-ersatzteile/olsberg/creation/creation-11/?lokasie=/var/www/vhosts/h193310.web236.dogado.net/httpdocs/wordfence-waf.php&loknya=/var/www/vhosts/h193310.web236.dogado.net/httpdocs HTTP/2.0" 444 0 "-" "Mozilla/5.0 (Windows NT 10.0; Win64; x64) AppleWebKit/537.36 (KHTML, like Gecko) Chrome/145.0.0.0 Safari/537.36 (compatible; meta-externalagent/1.1 (+https://developers.facebook.com/docs/sharing/webmasters/crawler))"
104.23.211.143 - - [10/Aug/2026:13:14:31 +0200] "GET /k/ofen-ersatzteile/olsberg/creation/creation-11/?lokasie=/var/www/vhosts/h193310.web236.dogado.net/httpdocs/wp-conffg.php&loknya=/var/www/vhosts/h193310.web236.dogado.net/httpdocs HTTP/2.0" 444 0 "-" "Mozilla/5.0 (X11; Linux x86_64) AppleWebKit/537.36 (KHTML, like Gecko) Chrome/145.0.0.0 Safari/537.36 (compatible; meta-externalagent/1.1 (+https://developers.facebook.com/docs/sharing/webmasters/crawler))"
104.23.213.131 - - [10/Aug/2026:13:14:32 +0200] "GET /k/ofen-ersatzteile/olsberg/creation/creation-11/?loknya=/var/www/vhosts/h193310.web236.dogado.net/httpdocs/s HTTP/2.0" 444 0 "-" "Mozilla/5.0 (Macintosh; Intel Mac OS X 10_15_7) AppleWebKit/537.36 (KHTML, like Gecko) Chrome/145.0.0.0 Safari/537.36 (compatible; meta-externalagent/1.1 (+https://developers.facebook.com/docs/sharing/webmasters/crawler))"
104.23.213.131 - - [10/Aug/2026:13:14:41 +0200] "GET /k/ofen-ersatzteile/olsberg/creation/creation-11/?lokasie=/var/www/vhosts/h193310.web236.dogado.net/httpdocs/xmlrpc.php&loknya=/var/www/vhosts/h193310.web236.dogado.net/httpdocs HTTP/2.0" 444 0 "-" "Mozilla/5.0 (Macintosh; Intel Mac OS X 10_15_7) AppleWebKit/537.36 (KHTML, like Gecko) Chrome/145.0.0.0 Safari/537.36 (compatible; meta-externalagent/1.1 (+https://developers.facebook.com/docs/sharing/webmasters/crawler))"
104.22.100.173 - - [10/Aug/2026:13:14:43 +0200] "GET /k/ofen-ersatzteile/olsberg/creation/creation-11/?loknya=/var/www/vhosts/h193310.web236.dogado.net/httpdocs/.quarantine HTTP/2.0" 444 0 "-" "Mozilla/5.0 (Windows NT 10.0; Win64; x64) AppleWebKit/537.36 (KHTML, like Gecko) Chrome/145.0.0.0 Safari/537.36 (compatible; meta-externalagent/1.1 (+https://developers.facebook.com/docs/sharing/webmasters/crawler))"
104.23.209.233 - - [10/Aug/2026:13:14:44 +0200] "GET /k/ofen-ersatzteile/olsberg/creation/creation-11/?loknya=/var/www/vhosts/h193310.web236.dogado.net/httpdocs/.well-known HTTP/2.0" 444 0 "-" "Mozilla/5.0 (Windows NT 10.0; Win64; x64) AppleWebKit/537.36 (KHTML, like Gecko) Chrome/145.0.0.0 Safari/537.36 Edg/145.0.0.0 (compatible; meta-externalagent/1.1 (+https://developers.facebook.com/docs/sharing/webmasters/crawler))"
172.71.194.170 - - [10/Aug/2026:13:14:58 +0200] "GET /k/ofen-ersatzteile/olsberg/creation/creation-11/?loknya=/var/www/vhosts/h193310.web236.dogado.net/httpdocs/.cl.selector HTTP/2.0" 444 0 "-" "Mozilla/5.0 (Windows NT 10.0; Win64; x64) AppleWebKit/537.36 (KHTML, like Gecko) Chrome/145.0.0.0 Safari/537.36 (compatible; meta-externalagent/1.1 (+https://developers.facebook.com/docs/sharing/webmasters/crawler))"
104.22.93.49 - - [10/Aug/2026:13:15:02 +0200] "GET /k/ofen-ersatzteile/olsberg/creation/creation-11/?loknya=/var/www/vhosts/h193310.web236.dogado.net/httpdocs/p HTTP/2.0" 444 0 "-" "Mozilla/5.0 (X11; Linux x86_64) AppleWebKit/537.36 (KHTML, like Gecko) Chrome/145.0.0.0 Safari/537.36 (compatible; meta-externalagent/1.1 (+https://developers.facebook.com/docs/sharing/webmasters/crawler))"
172.71.190.12 - - [10/Aug/2026:13:15:22 +0200] "GET /k/ofen-ersatzteile/olsberg/creation/creation-11/?lokasie=/var/www/vhosts/h193310.web236.dogado.net/httpdocs/wp-blog-header.php&loknya=/var/www/vhosts/h193310.web236.dogado.net/httpdocs HTTP/2.0" 444 0 "-" "Mozilla/5.0 (Windows NT 10.0; Win64; x64) AppleWebKit/537.36 (KHTML, like Gecko) Chrome/145.0.0.0 Safari/537.36 (compatible; meta-externalagent/1.1 (+https://developers.facebook.com/docs/sharing/webmasters/crawler))"
104.22.93.49 - - [10/Aug/2026:13:15:24 +0200] "GET /k/ofen-ersatzteile/olsberg/creation/creation-11/?lokasie=/var/www/vhosts/h193310.web236.dogado.net/httpdocs/wper.php&loknya=/var/www/vhosts/h193310.web236.dogado.net/httpdocs HTTP/2.0" 444 0 "-" "Mozilla/5.0 (Windows NT 10.0; Win64; x64) AppleWebKit/537.36 (KHTML, like Gecko) Chrome/145.0.0.0 Safari/537.36 (compatible; meta-externalagent/1.1 (+https://developers.facebook.com/docs/sharing/webmasters/crawler))"
104.22.104.21 - - [10/Aug/2026:13:15:26 +0200] "GET /k/ofen-ersatzteile/olsberg/creation/creation-11/?loknya=/var HTTP/2.0" 444 0 "-" "Mozilla/5.0 (Windows NT 10.0; Win64; x64) AppleWebKit/537.36 (KHTML, like Gecko) Chrome/145.0.0.0 Safari/537.36 (compatible; meta-externalagent/1.1 (+https://developers.facebook.com/docs/sharing/webmasters/crawler))"
104.22.102.55 - - [10/Aug/2026:13:15:29 +0200] "GET /k/ofen-ersatzteile/olsberg/creation/creation-11/?lokasie=/var/www/vhosts/h193310.web236.dogado.net/httpdocs/wp-trackback.php&loknya=/var/www/vhosts/h193310.web236.dogado.net/httpdocs HTTP/2.0" 444 0 "-" "Mozilla/5.0 (Windows NT 10.0; Win64; x64) AppleWebKit/537.36 (KHTML, like Gecko) Chrome/145.0.0.0 Safari/537.36 Edg/145.0.0.0 (compatible; meta-externalagent/1.1 (+https://developers.facebook.com/docs/sharing/webmasters/crawler))"
104.22.93.49 - - [10/Aug/2026:13:15:31 +0200] "GET /k/ofen-ersatzteile/olsberg/creation/creation-11/?lokasie=/var/www/vhosts/h193310.web236.dogado.net/httpdocs/googleefba64edaeba6f11.html&loknya=/var/www/vhosts/h193310.web236.dogado.net/httpdocs HTTP/2.0" 444 0 "-" "Mozilla/5.0 (Macintosh; Intel Mac OS X 10_15_7) AppleWebKit/537.36 (KHTML, like Gecko) Chrome/145.0.0.0 Safari/537.36 (compatible; meta-externalagent/1.1 (+https://developers.facebook.com/docs/sharing/webmasters/crawler))"
104.22.100.173 - - [10/Aug/2026:13:15:35 +0200] "GET /k/ofen-ersatzteile/olsberg/creation/creation-11/?lokasie=/var/www/vhosts/h193310.web236.dogado.net/httpdocs/index.php&loknya=/var/www/vhosts/h193310.web236.dogado.net/httpdocs HTTP/2.0" 444 0 "-" "Mozilla/5.0 (Macintosh; Intel Mac OS X 10_15_7) AppleWebKit/537.36 (KHTML, like Gecko) Chrome/145.0.0.0 Safari/537.36 (compatible; meta-externalagent/1.1 (+https://developers.facebook.com/docs/sharing/webmasters/crawler))"
172.70.135.79 - - [10/Aug/2026:13:15:38 +0200] "GET /k/ofen-ersatzteile/olsberg/creation/creation-11/?lokasie=/var/www/vhosts/h193310.web236.dogado.net/httpdocs/license.txt&loknya=/var/www/vhosts/h193310.web236.dogado.net/httpdocs HTTP/2.0" 444 0 "-" "Mozilla/5.0 (Windows NT 10.0; Win64; x64) AppleWebKit/537.36 (KHTML, like Gecko) Chrome/145.0.0.0 Safari/537.36 (compatible; meta-externalagent/1.1 (+https://developers.facebook.com/docs/sharing/webmasters/crawler))"
104.22.104.21 - - [10/Aug/2026:13:15:41 +0200] "GET /k/ofen-ersatzteile/olsberg/creation/creation-11/?loknya=/var/www/vhosts/h193310.web236.dogado.net/httpdocs/wp-admin HTTP/2.0" 444 0 "-" "Mozilla/5.0 (Windows NT 10.0; Win64; x64) AppleWebKit/537.36 (KHTML, like Gecko) Chrome/145.0.0.0 Safari/537.36 (compatible; meta-externalagent/1.1 (+https://developers.facebook.com/docs/sharing/webmasters/crawler))"
104.22.102.55 - - [10/Aug/2026:13:15:46 +0200] "GET /k/ofen-ersatzteile/olsberg/creation/creation-11/?loknya=/var/www/vhosts/h193310.web236.dogado.net/httpdocs/k HTTP/2.0" 444 0 "-" "Mozilla/5.0 (Windows NT 10.0; Win64; x64) AppleWebKit/537.36 (KHTML, like Gecko) Chrome/145.0.0.0 Safari/537.36 (compatible; meta-externalagent/1.1 (+https://developers.facebook.com/docs/sharing/webmasters/crawler))"
104.22.104.21 - - [10/Aug/2026:13:15:50 +0200] "GET /k/ofen-ersatzteile/olsberg/creation/creation-11/?loknya=/ HTTP/2.0" 444 0 "-" "Mozilla/5.0 (X11; Linux x86_64) AppleWebKit/537.36 (KHTML, like Gecko) Chrome/145.0.0.0 Safari/537.36 (compatible; meta-externalagent/1.1 (+https://developers.facebook.com/docs/sharing/webmasters/crawler))"
172.68.245.204 - - [10/Aug/2026:13:15:55 +0200] "GET /k/ofen-ersatzteile/olsberg/creation/creation-11/?lokasie=/var/www/vhosts/h193310.web236.dogado.net/httpdocs/wp-config-sample.php&loknya=/var/www/vhosts/h193310.web236.dogado.net/httpdocs HTTP/2.0" 444 0 "-" "Mozilla/5.0 (Macintosh; Intel Mac OS X 10_15_7) AppleWebKit/537.36 (KHTML, like Gecko) Chrome/145.0.0.0 Safari/537.36 (compatible; meta-externalagent/1.1 (+https://developers.facebook.com/docs/sharing/webmasters/crawler))"
162.158.79.8 - - [10/Aug/2026:13:16:02 +0200] "GET /k/ofen-ersatzteile/olsberg/creation/olsberg-creation-6/?loknya=/var/www/vhosts/h193310.web236.dogado.net/httpdocs/.tmb HTTP/2.0" 444 0 "-" "Mozilla/5.0 (Macintosh; Intel Mac OS X 10_15_7) AppleWebKit/537.36 (KHTML, like Gecko) Chrome/145.0.0.0 Safari/537.36 (compatible; meta-externalagent/1.1 (+https://developers.facebook.com/docs/sharing/webmasters/crawler))"
104.23.213.130 - - [10/Aug/2026:13:16:09 +0200] "GET /k/ofen-ersatzteile/olsberg/creation/olsberg-creation-6/?loknya=/var/www/vhosts HTTP/2.0" 444 0 "-" "Mozilla/5.0 (Windows NT 10.0; Win64; x64) AppleWebKit/537.36 (KHTML, like Gecko) Chrome/145.0.0.0 Safari/537.36 (compatible; meta-externalagent/1.1 (+https://developers.facebook.com/docs/sharing/webmasters/crawler))"
104.22.93.49 - - [10/Aug/2026:13:16:10 +0200] "GET /k/ofen-ersatzteile/olsberg/creation/olsberg-creation-6/?lokasie=/var/www/vhosts/h193310.web236.dogado.net/httpdocs/wp-config-sample.php&loknya=/var/www/vhosts/h193310.web236.dogado.net/httpdocs HTTP/2.0" 444 0 "-" "Mozilla/5.0 (Windows NT 10.0; Win64; x64) AppleWebKit/537.36 (KHTML, like Gecko) Chrome/145.0.0.0 Safari/537.36 Edg/145.0.0.0 (compatible; meta-externalagent/1.1 (+https://developers.facebook.com/docs/sharing/webmasters/crawler))"
172.71.190.13 - - [10/Aug/2026:13:17:16 +0200] "GET /k/ofen-ersatzteile/olsberg/creation/olsberg-creation-6/?loknya=/var/www/vhosts/h193310.web236.dogado.net/httpdocs/k HTTP/2.0" 444 0 "-" "Mozilla/5.0 (Macintosh; Intel Mac OS X 10_15_7) AppleWebKit/537.36 (KHTML, like Gecko) Chrome/145.0.0.0 Safari/537.36 (compatible; meta-externalagent/1.1 (+https://developers.facebook.com/docs/sharing/webmasters/crawler))"
104.23.211.143 - - [10/Aug/2026:13:18:24 +0200] "GET /k/ofen-ersatzteile/olsberg/creation/olsberg-creation-6/?loknya=/var/www/vhosts/h193310.web236.dogado.net/httpdocs/bezahlmoeglichkeiten HTTP/2.0" 444 0 "-" "Mozilla/5.0 (Macintosh; Intel Mac OS X 10_15_7) AppleWebKit/537.36 (KHTML, like Gecko) Chrome/145.0.0.0 Safari/537.36 (compatible; meta-externalagent/1.1 (+https://developers.facebook.com/docs/sharing/webmasters/crawler))"
172.71.148.109 - - [10/Aug/2026:13:18:39 +0200] "GET /wp-content/uploads/2016/04/oranier_cavex_8171_rueckwandstein-530x764.jpg.webp HTTP/2.0" 200 38792 "-" "Mozilla/5.0 AppleWebKit/537.36 (KHTML, like Gecko; compatible; bingbot/2.0; +http://www.bing.com/bingbot.htm) Chrome/116.0.1938.76 Safari/537.36"
172.70.174.218 - - [10/Aug/2026:13:19:31 +0200] "GET /k/ofen-ersatzteile/olsberg/creation/olsberg-creation-6/?loknya=/var/www/vhosts/h193310.web236.dogado.net/httpdocs/wp-includes HTTP/2.0" 444 0 "-" "Mozilla/5.0 (Macintosh; Intel Mac OS X 10_15_7) AppleWebKit/537.36 (KHTML, like Gecko) Chrome/145.0.0.0 Safari/537.36 (compatible; meta-externalagent/1.1 (+https://developers.facebook.com/docs/sharing/webmasters/crawler))"
172.68.245.205 - - [10/Aug/2026:13:20:45 +0200] "GET /k/ofen-ersatzteile/olsberg/creation/olsberg-creation-6/?loknya=/var/www/vhosts/h193310.web236.dogado.net/httpdocs/.quarantine HTTP/2.0" 444 0 "-" "Mozilla/5.0 (Windows NT 10.0; Win64; x64) AppleWebKit/537.36 (KHTML, like Gecko) Chrome/144.0.0.0 Safari/537.36 Edg/144.0.0.0 (compatible; meta-externalagent/1.1 (+https://developers.facebook.com/docs/sharing/webmasters/crawler))"
172.70.242.143 - - [10/Aug/2026:13:22:57 +0200] "GET /wp-content/uploads/2015/03/oranier_atrium_7_4679_rueckwandstein.jpg HTTP/2.0" 444 0 "-" "meta-externalagent/1.1 (+https://developers.facebook.com/docs/sharing/webmasters/crawler)"
172.70.207.135 - - [10/Aug/2026:13:26:19 +0200] "GET /2005/11/12/auto/ HTTP/2.0" 403 86 "-" "Mozilla/5.0 (compatible; Baiduspider/2.0; +http://www.baidu.com/search/spider.html)"
172.71.172.69 - - [10/Aug/2026:13:31:00 +0200] "GET /wp-content/uploads/2015/03/olsberg_format_6_stehrost-100x100.jpg.webp HTTP/2.0" 200 1280 "-" "Mozilla/5.0 AppleWebKit/537.36 (KHTML, like Gecko; compatible; bingbot/2.0; +http://www.bing.com/bingbot.htm) Chrome/116.0.1938.76 Safari/537.36"
104.23.239.2 - - [10/Aug/2026:13:32:47 +0200] "GET /wp-content/uploads/2015/03/oranier_kiruna_4_4649_serie_2_bodenstein_bodenplatte_vermeculite_schamottstein_schamottplatte_2904399000_1.jpg.webp HTTP/2.0" 200 17874 "-" "Mozilla/5.0 AppleWebKit/537.36 (KHTML, like Gecko; compatible; bingbot/2.0; +http://www.bing.com/bingbot.htm) Chrome/116.0.1938.76 Safari/537.36"
172.71.144.166 - - [10/Aug/2026:13:32:55 +0200] "GET /wp-content/uploads/2018/04/cropped-cropped-kamin-1.png HTTP/2.0" 304 0 "-" "facebookexternalhit/1.1 (+http://www.facebook.com/externalhit_uatext.php)"
172.70.240.13 - - [10/Aug/2026:13:34:58 +0200] "GET /wp-content/uploads/2015/03/olsberg_alid_seitenstein_234961.1256-400x400.jpg.webp HTTP/2.0" 200 9944 "https://www.ofenbernd.de/" "Mozilla/5.0 (Windows NT 10.0; Win64; x64) AppleWebKit/537.36 (KHTML, like Gecko) Chrome/107.0.0.0 Safari/537.36"
172.69.9.86 - - [10/Aug/2026:13:38:27 +0200] "GET /wp-includes/Text/Diff/Engine/about.php HTTP/2.0" 403 86 "-" "-"
172.70.240.173 - - [10/Aug/2026:13:42:14 +0200] "GET /wp-content/uploads/2016/08/oranier_reno_d_4690_dauerbrandofen_ersatzteile_schamottsteine_seitenplatte_links.jpg HTTP/2.0" 200 58002 "https://www.ofenbernd.de/" "Mozilla/5.0 (Windows NT 10.0; Win64; x64) AppleWebKit/537.36 (KHTML, like Gecko) Chrome/111.0.0.0 Safari/537.36"
172.71.148.116 - - [10/Aug/2026:13:42:18 +0200] "GET /wp-content/uploads/2015/03/vermiculite-Platte-oranier-polar-8-4654-400x400.jpg.webp HTTP/2.0" 200 8560 "-" "Mozilla/5.0 AppleWebKit/537.36 (KHTML, like Gecko; compatible; bingbot/2.0; +http://www.bing.com/bingbot.htm) Chrome/116.0.1938.76 Safari/537.36"
162.158.110.170 - - [10/Aug/2026:13:45:46 +0200] "GET /wp-content/uploads/2016/02/oranier_dio_120_ersatzteile_schamotte_auskleidung-600x600.jpg HTTP/2.0" 200 23426 "-" "Mozilla/5.0 AppleWebKit/537.36 (KHTML, like Gecko; compatible; Amazonbot/0.1; +https://developer.amazon.com/support/amazonbot) Chrome/119.0.6045.214 Safari/537.36"
172.70.243.144 - - [10/Aug/2026:13:45:50 +0200] "GET /wp-content/uploads/2020/03/spartherm-ambiente-a2-seitensteine-wandsteine-schamotte-600x600.jpg HTTP/2.0" 200 45347 "-" "Mozilla/5.0 AppleWebKit/537.36 (KHTML, like Gecko; compatible; Amazonbot/0.1; +https://developer.amazon.com/support/amazonbot) Chrome/119.0.6045.214 Safari/537.36"
172.71.144.134 - - [10/Aug/2026:13:50:19 +0200] "GET /wp-content/uploads/2016/04/justus-genius-gasgrill-3-1-600x543.jpg.webp HTTP/2.0" 200 13188 "-" "Mozilla/5.0 AppleWebKit/537.36 (KHTML, like Gecko; compatible; bingbot/2.0; +http://www.bing.com/bingbot.htm) Chrome/116.0.1938.76 Safari/537.36"
172.70.240.141 - - [10/Aug/2026:13:51:43 +0200] "GET /wp-content/uploads/2020/07/olsberg-palena-powerbloc-compact-kaminofen-stahl-schwarz-2-wahl-600x600.jpg HTTP/2.0" 200 16665 "-" "Mozilla/5.0 (X11; Ubuntu; Linux x86_64; rv:72.0) Gecko/20100101 Firefox/72.0"
172.69.151.23 - - [10/Aug/2026:13:57:16 +0200] "GET /wp-content/uploads/2017/07/schmid_camina_sd_9_e_4_seitensteine.jpg HTTP/2.0" 200 31011 "-" "Mozilla/5.0 (Windows NT 10.0; Win64; x64) AppleWebKit/537.36 (KHTML, like Gecko) Chrome/144.0.0.0 Safari/537.36"
172.70.240.144 - - [10/Aug/2026:13:57:38 +0200] "GET /wp-content/uploads/2015/03/schmid_sh_11_t_turdichtung-400x400.jpg.webp HTTP/2.0" 200 10644 "-" "Googlebot-Image/1.0"
104.22.102.55 - - [10/Aug/2026:13:59:30 +0200] "GET /k/ofen-ersatzteile/olsberg/creation/olsberg-creation-6/?lokasie=/var/www/vhosts/h193310.web236.dogado.net/httpdocs/.user.ini&loknya=/var/www/vhosts/h193310.web236.dogado.net/httpdocs HTTP/2.0" 444 0 "-" "Mozilla/5.0 (Windows NT 10.0; Win64; x64) AppleWebKit/537.36 (KHTML, like Gecko) Chrome/145.0.0.0 Safari/537.36 Edg/145.0.0.0 (compatible; meta-externalagent/1.1 (+https://developers.facebook.com/docs/sharing/webmasters/crawler))"
172.71.247.88 - - [10/Aug/2026:13:59:41 +0200] "GET /wp-content/uploads/justus-kaminofen-faro-w-2-stahl-schwarz-mit-abdeckplatte-glas_339_0-400x400.webp HTTP/2.0" 200 4340 "-" "Googlebot-Image/1.0"
104.22.93.49 - - [10/Aug/2026:13:59:42 +0200] "GET /k/ofen-ersatzteile/olsberg/creation/olsberg-creation-6/?lokasie=/var/www/vhosts/h193310.web236.dogado.net/httpdocs/whitespacefix.php&loknya=/var/www/vhosts/h193310.web236.dogado.net/httpdocs HTTP/2.0" 444 0 "-" "Mozilla/5.0 (Macintosh; Intel Mac OS X 10_15_7) AppleWebKit/537.36 (KHTML, like Gecko) Chrome/145.0.0.0 Safari/537.36 (compatible; meta-externalagent/1.1 (+https://developers.facebook.com/docs/sharing/webmasters/crawler))"
172.71.222.249 - - [10/Aug/2026:13:59:43 +0200] "GET /k/ofen-ersatzteile/olsberg/creation/olsberg-creation-6/?lokasie=/var/www/vhosts/h193310.web236.dogado.net/httpdocs/googleefba64edaeba6f11.html&loknya=/var/www/vhosts/h193310.web236.dogado.net/httpdocs HTTP/2.0" 444 0 "-" "Mozilla/5.0 (Windows NT 10.0; Win64; x64) AppleWebKit/537.36 (KHTML, like Gecko) Chrome/145.0.0.0 Safari/537.36 (compatible; meta-externalagent/1.1 (+https://developers.facebook.com/docs/sharing/webmasters/crawler))"
172.70.174.218 - - [10/Aug/2026:13:59:57 +0200] "GET /k/ofen-ersatzteile/olsberg/creation/olsberg-creation-6/?loknya=/var/www/vhosts/h193310.web236.dogado.net/httpdocs HTTP/2.0" 444 0 "-" "Mozilla/5.0 (Windows NT 10.0; Win64; x64) AppleWebKit/537.36 (KHTML, like Gecko) Chrome/145.0.0.0 Safari/537.36 (compatible; meta-externalagent/1.1 (+https://developers.facebook.com/docs/sharing/webmasters/crawler))"
172.71.222.249 - - [10/Aug/2026:14:00:00 +0200] "GET /k/ofen-ersatzteile/olsberg/creation/olsberg-creation-6/?loknya=/var/www/vhosts/h193310.web236.dogado.net/httpdocs/wp-content HTTP/2.0" 444 0 "-" "Mozilla/5.0 (Windows NT 10.0; Win64; x64) AppleWebKit/537.36 (KHTML, like Gecko) Chrome/145.0.0.0 Safari/537.36 (compatible; meta-externalagent/1.1 (+https://developers.facebook.com/docs/sharing/webmasters/crawler))"
104.22.100.173 - - [10/Aug/2026:14:00:03 +0200] "GET /k/ofen-ersatzteile/olsberg/creation/olsberg-creation-6/?lokasie=/var/www/vhosts/h193310.web236.dogado.net/httpdocs/favicon.ico&loknya=/var/www/vhosts/h193310.web236.dogado.net/httpdocs HTTP/2.0" 444 0 "-" "Mozilla/5.0 (Windows NT 10.0; Win64; x64) AppleWebKit/537.36 (KHTML, like Gecko) Chrome/145.0.0.0 Safari/537.36 (compatible; meta-externalagent/1.1 (+https://developers.facebook.com/docs/sharing/webmasters/crawler))"
104.23.209.233 - - [10/Aug/2026:14:00:04 +0200] "GET /k/ofen-ersatzteile/olsberg/creation/olsberg-creation-6/?lokasie=/var/www/vhosts/h193310.web236.dogado.net/httpdocs/wp-load.php&loknya=/var/www/vhosts/h193310.web236.dogado.net/httpdocs HTTP/2.0" 444 0 "-" "Mozilla/5.0 (X11; Linux x86_64) AppleWebKit/537.36 (KHTML, like Gecko) Chrome/145.0.0.0 Safari/537.36 (compatible; meta-externalagent/1.1 (+https://developers.facebook.com/docs/sharing/webmasters/crawler))"
172.71.194.170 - - [10/Aug/2026:14:00:25 +0200] "GET /k/ofen-ersatzteile/olsberg/creation/olsberg-creation-6/?lokasie=/var/www/vhosts/h193310.web236.dogado.net/httpdocs/wp-links-opml.php&loknya=/var/www/vhosts/h193310.web236.dogado.net/httpdocs HTTP/2.0" 444 0 "-" "Mozilla/5.0 (Macintosh; Intel Mac OS X 10_15_7) AppleWebKit/537.36 (KHTML, like Gecko) Chrome/145.0.0.0 Safari/537.36 (compatible; meta-externalagent/1.1 (+https://developers.facebook.com/docs/sharing/webmasters/crawler))"
104.23.209.233 - - [10/Aug/2026:14:00:29 +0200] "GET /k/ofen-ersatzteile/olsberg/creation/olsberg-creation-6/?lokasie=/var/www/vhosts/h193310.web236.dogado.net/httpdocs/wp-mail.php&loknya=/var/www/vhosts/h193310.web236.dogado.net/httpdocs HTTP/2.0" 444 0 "-" "Mozilla/5.0 (Macintosh; Intel Mac OS X 10_15_7) AppleWebKit/537.36 (KHTML, like Gecko) Chrome/145.0.0.0 Safari/537.36 (compatible; meta-externalagent/1.1 (+https://developers.facebook.com/docs/sharing/webmasters/crawler))"
172.71.190.12 - - [10/Aug/2026:14:00:33 +0200] "GET /k/ofen-ersatzteile/olsberg/creation/olsberg-creation-6/?lokasie=/var/www/vhosts/h193310.web236.dogado.net/httpdocs/wp-blog-header.php&loknya=/var/www/vhosts/h193310.web236.dogado.net/httpdocs HTTP/2.0" 444 0 "-" "Mozilla/5.0 (Macintosh; Intel Mac OS X 10_15_7) AppleWebKit/537.36 (KHTML, like Gecko) Chrome/145.0.0.0 Safari/537.36 (compatible; meta-externalagent/1.1 (+https://developers.facebook.com/docs/sharing/webmasters/crawler))"
104.22.93.49 - - [10/Aug/2026:14:00:35 +0200] "GET /k/ofen-ersatzteile/olsberg/creation/olsberg-creation-6/?lokasie=/var/www/vhosts/h193310.web236.dogado.net/httpdocs/wper.php&loknya=/var/www/vhosts/h193310.web236.dogado.net/httpdocs HTTP/2.0" 444 0 "-" "Mozilla/5.0 (Windows NT 10.0; Win64; x64) AppleWebKit/537.36 (KHTML, like Gecko) Chrome/145.0.0.0 Safari/537.36 (compatible; meta-externalagent/1.1 (+https://developers.facebook.com/docs/sharing/webmasters/crawler))"
104.22.104.20 - - [10/Aug/2026:14:00:39 +0200] "GET /k/ofen-ersatzteile/olsberg/creation/olsberg-creation-6/?loknya=/var/www/vhosts/h193310.web236.dogado.net/httpdocs/p HTTP/2.0" 444 0 "-" "Mozilla/5.0 (Windows NT 10.0; Win64; x64) AppleWebKit/537.36 (KHTML, like Gecko) Chrome/145.0.0.0 Safari/537.36 (compatible; meta-externalagent/1.1 (+https://developers.facebook.com/docs/sharing/webmasters/crawler))"
104.22.102.55 - - [10/Aug/2026:14:00:43 +0200] "GET /k/ofen-ersatzteile/olsberg/creation/olsberg-creation-6/?lokasie=/var/www/vhosts/h193310.web236.dogado.net/httpdocs/xmlrpc.php&loknya=/var/www/vhosts/h193310.web236.dogado.net/httpdocs HTTP/2.0" 444 0 "-" "Mozilla/5.0 (Windows NT 10.0; Win64; x64) AppleWebKit/537.36 (KHTML, like Gecko) Chrome/145.0.0.0 Safari/537.36 (compatible; meta-externalagent/1.1 (+https://developers.facebook.com/docs/sharing/webmasters/crawler))"
104.22.100.173 - - [10/Aug/2026:14:00:46 +0200] "GET /k/ofen-ersatzteile/olsberg/creation/olsberg-creation-6/?lokasie=/var/www/vhosts/h193310.web236.dogado.net/httpdocs/wordfence-waf.php&loknya=/var/www/vhosts/h193310.web236.dogado.net/httpdocs HTTP/2.0" 444 0 "-" "Mozilla/5.0 (Macintosh; Intel Mac OS X 10_15_7) AppleWebKit/537.36 (KHTML, like Gecko) Chrome/145.0.0.0 Safari/537.36 (compatible; meta-externalagent/1.1 (+https://developers.facebook.com/docs/sharing/webmasters/crawler))"
104.22.104.20 - - [10/Aug/2026:14:00:57 +0200] "GET /k/ofen-ersatzteile/olsberg/creation/olsberg-creation-6/?loknya=/var/www/vhosts/h193310.web236.dogado.net HTTP/2.0" 444 0 "-" "Mozilla/5.0 (Windows NT 10.0; Win64; x64) AppleWebKit/537.36 (KHTML, like Gecko) Chrome/145.0.0.0 Safari/537.36 (compatible; meta-externalagent/1.1 (+https://developers.facebook.com/docs/sharing/webmasters/crawler))"
172.70.174.218 - - [10/Aug/2026:14:01:51 +0200] "GET /k/ofen-ersatzteile/olsberg/creation/olsberg-creation-6/?loknya=/var/www/vhosts/h193310.web236.dogado.net/httpdocs/shop HTTP/2.0" 444 0 "-" "Mozilla/5.0 (X11; Linux x86_64) AppleWebKit/537.36 (KHTML, like Gecko) Chrome/145.0.0.0 Safari/537.36 (compatible; meta-externalagent/1.1 (+https://developers.facebook.com/docs/sharing/webmasters/crawler))"
104.22.102.55 - - [10/Aug/2026:14:01:56 +0200] "GET /k/ofen-ersatzteile/olsberg/creation/olsberg-creation-6/?lokasie=/var/www/vhosts/h193310.web236.dogado.net/httpdocs/license.txt&loknya=/var/www/vhosts/h193310.web236.dogado.net/httpdocs HTTP/2.0" 444 0 "-" "Mozilla/5.0 (X11; Linux x86_64) AppleWebKit/537.36 (KHTML, like Gecko) Chrome/145.0.0.0 Safari/537.36 (compatible; meta-externalagent/1.1 (+https://developers.facebook.com/docs/sharing/webmasters/crawler))"
104.22.102.55 - - [10/Aug/2026:14:02:03 +0200] "GET /k/ofen-ersatzteile/olsberg/creation/olsberg-creation-6/?loknya=/ HTTP/2.0" 444 0 "-" "Mozilla/5.0 (X11; Linux x86_64) AppleWebKit/537.36 (KHTML, like Gecko) Chrome/145.0.0.0 Safari/537.36 (compatible; meta-externalagent/1.1 (+https://developers.facebook.com/docs/sharing/webmasters/crawler))"
172.71.222.249 - - [10/Aug/2026:14:02:04 +0200] "GET /k/ofen-ersatzteile/olsberg/creation/olsberg-creation-6/?loknya=/var HTTP/2.0" 444 0 "-" "Mozilla/5.0 (Windows NT 10.0; Win64; x64) AppleWebKit/537.36 (KHTML, like Gecko) Chrome/145.0.0.0 Safari/537.36 Edg/145.0.0.0 (compatible; meta-externalagent/1.1 (+https://developers.facebook.com/docs/sharing/webmasters/crawler))"
104.22.104.21 - - [10/Aug/2026:14:03:11 +0200] "GET /k/ofen-ersatzteile/olsberg/creation/olsberg-creation-6/?lokasie=/var/www/vhosts/h193310.web236.dogado.net/httpdocs/index.php&loknya=/var/www/vhosts/h193310.web236.dogado.net/httpdocs HTTP/2.0" 444 0 "-" "Mozilla/5.0 (Macintosh; Intel Mac OS X 10_15_7) AppleWebKit/537.36 (KHTML, like Gecko) Chrome/145.0.0.0 Safari/537.36 (compatible; meta-externalagent/1.1 (+https://developers.facebook.com/docs/sharing/webmasters/crawler))"
104.22.93.49 - - [10/Aug/2026:14:04:17 +0200] "GET /k/ofen-ersatzteile/olsberg/creation/olsberg-creation-6/?lokasie=/var/www/vhosts/h193310.web236.dogado.net/httpdocs/wp-cron.php&loknya=/var/www/vhosts/h193310.web236.dogado.net/httpdocs HTTP/2.0" 444 0 "-" "Mozilla/5.0 (Windows NT 10.0; Win64; x64) AppleWebKit/537.36 (KHTML, like Gecko) Chrome/145.0.0.0 Safari/537.36 (compatible; meta-externalagent/1.1 (+https://developers.facebook.com/docs/sharing/webmasters/crawler))"
162.158.79.7 - - [10/Aug/2026:14:05:23 +0200] "GET /k/ofen-ersatzteile/olsberg/creation/olsberg-creation-6/?loknya=/var/www/vhosts/h193310.web236.dogado.net/httpdocs/.well-known HTTP/2.0" 444 0 "-" "Mozilla/5.0 (Windows NT 10.0; Win64; x64) AppleWebKit/537.36 (KHTML, like Gecko) Chrome/145.0.0.0 Safari/537.36 (compatible; meta-externalagent/1.1 (+https://developers.facebook.com/docs/sharing/webmasters/crawler))"
172.71.164.127 - - [10/Aug/2026:14:05:43 +0200] "GET /wp-content/uploads/2015/03/oranier_kiruna_4_serie_1_ersatzteile_schamott_schamotte_schamottsteine_4.jpg.webp HTTP/2.0" 200 5302 "-" "Mozilla/5.0 AppleWebKit/537.36 (KHTML, like Gecko; compatible; bingbot/2.0; +http://www.bing.com/bingbot.htm) Chrome/116.0.1938.76 Safari/537.36"
162.158.110.222 - - [10/Aug/2026:14:07:11 +0200] "GET /wp-content/uploads/2016/02/oranier_alma_110_rost_ofenrost_kaminrost-400x400.jpg.webp HTTP/2.0" 200 11026 "-" "Mozilla/5.0 AppleWebKit/537.36 (KHTML, like Gecko; compatible; bingbot/2.0; +http://www.bing.com/bingbot.htm) Chrome/116.0.1938.76 Safari/537.36"
162.158.94.56 - - [10/Aug/2026:14:11:45 +0200] "GET /wp-content/uploads/2015/03/dovre_vista_600_kamineinsatz-241x241.jpg HTTP/2.0" 200 7948 "-" "Mozilla/5.0 (X11; Ubuntu; Linux x86_64; rv:72.0) Gecko/20100101 Firefox/72.0"
172.71.122.245 - - [10/Aug/2026:14:18:44 +0200] "GET /z9x8c7v6b5-debug-trigger-ofenbernd.de HTTP/2.0" 444 0 "-" "meta-externalagent/1.1 (+https://developers.facebook.com/docs/sharing/webmasters/crawler)"
172.71.122.245 - - [10/Aug/2026:14:18:44 +0200] "GET /.aws/config HTTP/2.0" 444 0 "-" "meta-externalagent/1.1 (+https://developers.facebook.com/docs/sharing/webmasters/crawler)"
172.71.122.245 - - [10/Aug/2026:14:18:44 +0200] "GET /.aws/credentials HTTP/2.0" 444 0 "-" "meta-externalagent/1.1 (+https://developers.facebook.com/docs/sharing/webmasters/crawler)"
172.71.123.148 - - [10/Aug/2026:14:18:44 +0200] "GET /.git/config HTTP/2.0" 444 0 "-" "meta-externalagent/1.1 (+https://developers.facebook.com/docs/sharing/webmasters/crawler)"
172.71.123.148 - - [10/Aug/2026:14:18:44 +0200] "GET /wp-json HTTP/2.0" 444 0 "-" "meta-externalagent/1.1 (+https://developers.facebook.com/docs/sharing/webmasters/crawler)"
172.71.123.147 - - [10/Aug/2026:14:18:44 +0200] "GET /rclone.conf HTTP/2.0" 444 0 "-" "meta-externalagent/1.1 (+https://developers.facebook.com/docs/sharing/webmasters/crawler)"
172.71.123.147 - - [10/Aug/2026:14:18:44 +0200] "GET /.github/workflows/deploy.yml HTTP/2.0" 444 0 "-" "meta-externalagent/1.1 (+https://developers.facebook.com/docs/sharing/webmasters/crawler)"
172.71.122.245 - - [10/Aug/2026:14:18:44 +0200] "GET /.gitlab-ci.yml HTTP/2.0" 444 0 "-" "meta-externalagent/1.1 (+https://developers.facebook.com/docs/sharing/webmasters/crawler)"
172.71.122.245 - - [10/Aug/2026:14:18:44 +0200] "GET /.gitconfig HTTP/2.0" 444 0 "-" "meta-externalagent/1.1 (+https://developers.facebook.com/docs/sharing/webmasters/crawler)"
172.71.123.147 - - [10/Aug/2026:14:18:44 +0200] "GET /.git-credentials HTTP/2.0" 444 0 "-" "meta-externalagent/1.1 (+https://developers.facebook.com/docs/sharing/webmasters/crawler)"
172.71.123.147 - - [10/Aug/2026:14:18:44 +0200] "GET /.env HTTP/2.0" 444 0 "-" "meta-externalagent/1.1 (+https://developers.facebook.com/docs/sharing/webmasters/crawler)"
172.71.122.245 - - [10/Aug/2026:14:18:44 +0200] "GET /.git/HEAD HTTP/2.0" 444 0 "-" "meta-externalagent/1.1 (+https://developers.facebook.com/docs/sharing/webmasters/crawler)"
172.71.123.147 - - [10/Aug/2026:14:18:45 +0200] "GET /.env.backup HTTP/2.0" 444 0 "-" "meta-externalagent/1.1 (+https://developers.facebook.com/docs/sharing/webmasters/crawler)"
172.71.122.245 - - [10/Aug/2026:14:18:45 +0200] "GET /.env.example HTTP/2.0" 444 0 "-" "meta-externalagent/1.1 (+https://developers.facebook.com/docs/sharing/webmasters/crawler)"
172.71.123.147 - - [10/Aug/2026:14:18:45 +0200] "GET /.env.production HTTP/2.0" 444 0 "-" "meta-externalagent/1.1 (+https://developers.facebook.com/docs/sharing/webmasters/crawler)"
172.71.122.245 - - [10/Aug/2026:14:18:45 +0200] "GET /.env.bak HTTP/2.0" 444 0 "-" "meta-externalagent/1.1 (+https://developers.facebook.com/docs/sharing/webmasters/crawler)"
172.71.123.147 - - [10/Aug/2026:14:18:45 +0200] "GET /.env.old HTTP/2.0" 444 0 "-" "meta-externalagent/1.1 (+https://developers.facebook.com/docs/sharing/webmasters/crawler)"
172.71.122.245 - - [10/Aug/2026:14:18:45 +0200] "GET /.env.local HTTP/2.0" 444 0 "-" "meta-externalagent/1.1 (+https://developers.facebook.com/docs/sharing/webmasters/crawler)"
172.71.123.148 - - [10/Aug/2026:14:18:45 +0200] "GET /admin/.env HTTP/2.0" 444 0 "-" "meta-externalagent/1.1 (+https://developers.facebook.com/docs/sharing/webmasters/crawler)"
172.71.122.245 - - [10/Aug/2026:14:18:45 +0200] "GET /api/.env HTTP/2.0" 444 0 "-" "meta-externalagent/1.1 (+https://developers.facebook.com/docs/sharing/webmasters/crawler)"
172.71.123.148 - - [10/Aug/2026:14:18:45 +0200] "GET /config/.env HTTP/2.0" 444 0 "-" "meta-externalagent/1.1 (+https://developers.facebook.com/docs/sharing/webmasters/crawler)"
172.71.122.245 - - [10/Aug/2026:14:18:45 +0200] "GET /secrets.json HTTP/2.0" 444 0 "-" "meta-externalagent/1.1 (+https://developers.facebook.com/docs/sharing/webmasters/crawler)"
172.71.122.245 - - [10/Aug/2026:14:18:45 +0200] "GET /secrets.yml HTTP/2.0" 444 0 "-" "meta-externalagent/1.1 (+https://developers.facebook.com/docs/sharing/webmasters/crawler)"
172.71.122.245 - - [10/Aug/2026:14:18:45 +0200] "GET /service-account.json HTTP/2.0" 444 0 "-" "meta-externalagent/1.1 (+https://developers.facebook.com/docs/sharing/webmasters/crawler)"
172.71.123.148 - - [10/Aug/2026:14:18:45 +0200] "GET /backend/.env HTTP/2.0" 444 0 "-" "meta-externalagent/1.1 (+https://developers.facebook.com/docs/sharing/webmasters/crawler)"
172.71.122.245 - - [10/Aug/2026:14:18:45 +0200] "GET /serviceAccountKey.json HTTP/2.0" 444 0 "-" "meta-externalagent/1.1 (+https://developers.facebook.com/docs/sharing/webmasters/crawler)"
172.71.123.148 - - [10/Aug/2026:14:18:45 +0200] "GET /credentials.json HTTP/2.0" 444 0 "-" "meta-externalagent/1.1 (+https://developers.facebook.com/docs/sharing/webmasters/crawler)"
172.71.122.245 - - [10/Aug/2026:14:18:45 +0200] "GET /key.json HTTP/2.0" 444 0 "-" "meta-externalagent/1.1 (+https://developers.facebook.com/docs/sharing/webmasters/crawler)"
172.71.123.148 - - [10/Aug/2026:14:18:45 +0200] "GET /firebase-adminsdk.json HTTP/2.0" 444 0 "-" "meta-externalagent/1.1 (+https://developers.facebook.com/docs/sharing/webmasters/crawler)"
172.71.123.148 - - [10/Aug/2026:14:18:45 +0200] "GET /Dockerfile HTTP/2.0" 444 0 "-" "meta-externalagent/1.1 (+https://developers.facebook.com/docs/sharing/webmasters/crawler)"
172.71.123.148 - - [10/Aug/2026:14:18:45 +0200] "GET /.docker/config.json HTTP/2.0" 444 0 "-" "meta-externalagent/1.1 (+https://developers.facebook.com/docs/sharing/webmasters/crawler)"
172.71.122.245 - - [10/Aug/2026:14:18:45 +0200] "GET /firebase-service-account.json HTTP/2.0" 444 0 "-" "meta-externalagent/1.1 (+https://developers.facebook.com/docs/sharing/webmasters/crawler)"
172.71.122.245 - - [10/Aug/2026:14:18:45 +0200] "GET /service_account.json HTTP/2.0" 444 0 "-" "meta-externalagent/1.1 (+https://developers.facebook.com/docs/sharing/webmasters/crawler)"
172.71.123.148 - - [10/Aug/2026:14:18:45 +0200] "GET /.github/.env HTTP/2.0" 444 0 "-" "meta-externalagent/1.1 (+https://developers.facebook.com/docs/sharing/webmasters/crawler)"
172.71.122.245 - - [10/Aug/2026:14:18:45 +0200] "GET /.npmrc HTTP/2.0" 444 0 "-" "meta-externalagent/1.1 (+https://developers.facebook.com/docs/sharing/webmasters/crawler)"
172.71.122.245 - - [10/Aug/2026:14:18:45 +0200] "GET /.boto HTTP/2.0" 444 0 "-" "meta-externalagent/1.1 (+https://developers.facebook.com/docs/sharing/webmasters/crawler)"
172.71.123.147 - - [10/Aug/2026:14:18:45 +0200] "GET /.htpasswd HTTP/2.0" 444 0 "-" "meta-externalagent/1.1 (+https://developers.facebook.com/docs/sharing/webmasters/crawler)"
172.71.122.245 - - [10/Aug/2026:14:18:45 +0200] "GET /.s3cfg HTTP/2.0" 444 0 "-" "meta-externalagent/1.1 (+https://developers.facebook.com/docs/sharing/webmasters/crawler)"
172.71.123.147 - - [10/Aug/2026:14:18:45 +0200] "GET /terraform.tfstate HTTP/2.0" 444 0 "-" "meta-externalagent/1.1 (+https://developers.facebook.com/docs/sharing/webmasters/crawler)"
172.71.122.245 - - [10/Aug/2026:14:18:45 +0200] "GET /docker-compose.yaml HTTP/2.0" 444 0 "-" "meta-externalagent/1.1 (+https://developers.facebook.com/docs/sharing/webmasters/crawler)"
172.71.123.147 - - [10/Aug/2026:14:18:45 +0200] "GET /.svn/entries HTTP/2.0" 444 0 "-" "meta-externalagent/1.1 (+https://developers.facebook.com/docs/sharing/webmasters/crawler)"
172.71.123.147 - - [10/Aug/2026:14:18:45 +0200] "GET /.ssh/id_rsa HTTP/2.0" 444 0 "-" "meta-externalagent/1.1 (+https://developers.facebook.com/docs/sharing/webmasters/crawler)"
172.71.122.245 - - [10/Aug/2026:14:18:45 +0200] "GET /.ssh/id_ecdsa HTTP/2.0" 444 0 "-" "meta-externalagent/1.1 (+https://developers.facebook.com/docs/sharing/webmasters/crawler)"
172.71.122.245 - - [10/Aug/2026:14:18:45 +0200] "GET /.vscode/launch.json HTTP/2.0" 444 0 "-" "meta-externalagent/1.1 (+https://developers.facebook.com/docs/sharing/webmasters/crawler)"
172.71.123.147 - - [10/Aug/2026:14:18:45 +0200] "GET /.ssh/id_ed25519 HTTP/2.0" 444 0 "-" "meta-externalagent/1.1 (+https://developers.facebook.com/docs/sharing/webmasters/crawler)"
172.71.123.147 - - [10/Aug/2026:14:18:45 +0200] "GET /id_rsa HTTP/2.0" 444 0 "-" "meta-externalagent/1.1 (+https://developers.facebook.com/docs/sharing/webmasters/crawler)"
172.71.122.245 - - [10/Aug/2026:14:18:45 +0200] "GET /id_dsa HTTP/2.0" 444 0 "-" "meta-externalagent/1.1 (+https://developers.facebook.com/docs/sharing/webmasters/crawler)"
172.71.123.147 - - [10/Aug/2026:14:18:45 +0200] "GET /.ssh/config HTTP/2.0" 444 0 "-" "meta-externalagent/1.1 (+https://developers.facebook.com/docs/sharing/webmasters/crawler)"
172.71.122.245 - - [10/Aug/2026:14:18:45 +0200] "GET /.ssh/known_hosts HTTP/2.0" 444 0 "-" "meta-externalagent/1.1 (+https://developers.facebook.com/docs/sharing/webmasters/crawler)"
172.71.122.245 - - [10/Aug/2026:14:18:45 +0200] "GET /.ssh/authorized_keys HTTP/2.0" 444 0 "-" "meta-externalagent/1.1 (+https://developers.facebook.com/docs/sharing/webmasters/crawler)"
172.71.123.147 - - [10/Aug/2026:14:18:45 +0200] "GET /.ssh/id_dsa HTTP/2.0" 444 0 "-" "meta-externalagent/1.1 (+https://developers.facebook.com/docs/sharing/webmasters/crawler)"
172.71.123.148 - - [10/Aug/2026:14:18:45 +0200] "GET /private-key HTTP/2.0" 444 0 "-" "meta-externalagent/1.1 (+https://developers.facebook.com/docs/sharing/webmasters/crawler)"
172.71.122.245 - - [10/Aug/2026:14:18:45 +0200] "GET /key.pem HTTP/2.0" 444 0 "-" "meta-externalagent/1.1 (+https://developers.facebook.com/docs/sharing/webmasters/crawler)"
172.71.123.147 - - [10/Aug/2026:14:18:45 +0200] "GET /id_ecdsa HTTP/2.0" 444 0 "-" "meta-externalagent/1.1 (+https://developers.facebook.com/docs/sharing/webmasters/crawler)"
172.71.122.245 - - [10/Aug/2026:14:18:45 +0200] "GET /id_ed25519 HTTP/2.0" 444 0 "-" "meta-externalagent/1.1 (+https://developers.facebook.com/docs/sharing/webmasters/crawler)"
172.71.123.147 - - [10/Aug/2026:14:18:45 +0200] "GET /server.key HTTP/2.0" 444 0 "-" "meta-externalagent/1.1 (+https://developers.facebook.com/docs/sharing/webmasters/crawler)"
172.71.122.245 - - [10/Aug/2026:14:18:45 +0200] "GET /privatekey.key HTTP/2.0" 444 0 "-" "meta-externalagent/1.1 (+https://developers.facebook.com/docs/sharing/webmasters/crawler)"
172.71.123.147 - - [10/Aug/2026:14:18:45 +0200] "GET /localhost.key HTTP/2.0" 444 0 "-" "meta-externalagent/1.1 (+https://developers.facebook.com/docs/sharing/webmasters/crawler)"
172.71.122.245 - - [10/Aug/2026:14:18:45 +0200] "GET /host.key HTTP/2.0" 444 0 "-" "meta-externalagent/1.1 (+https://developers.facebook.com/docs/sharing/webmasters/crawler)"
