172.70.242.69 - - [10/Aug/2026:09:28:16 +0200] "POST /?wc-ajax=ppc-simulate-cart HTTP/1.1" 200 4015 "https://www.ofenbernd.de/p/spartherm-varia-1v-1vh-h2o-xl-a1-wandsatz-wandsteine/" "Mozilla/5.0 (Windows NT 6.1; Win64; x64; rv:109.0) Gecko/20100101 Firefox/115.0" PHP-Handler: Remoteport(vom Nginx):38526
172.71.127.28 - - [10/Aug/2026:09:28:18 +0200] "GET /s/arte/ HTTP/1.1" 404 1242 "-" "Mozilla/5.0 (compatible; Barkrowler/0.9; +https://babbar.tech/crawler)" PHP-Handler:- Remoteport(vom Nginx):38622
162.158.216.152 - - [10/Aug/2026:09:28:27 +0200] "GET /s/sekundaerbelueftung-gross-gussrueckwand/ HTTP/1.1" 403 1571 "https://www.google.com/" "Mozilla/5.0 (Windows NT 10.0; Win64; x64) AppleWebKit/537.36 (KHTML, like Gecko) Chrome/149.0.0.0 Safari/537.36" PHP-Handler:- Remoteport(vom Nginx):30820
162.158.216.152 - - [10/Aug/2026:09:28:32 +0200] "POST /wp-content/plugins/xujvviwfuz/sangkot.php?a=new-file&p=%2Fvar%2Fwww%2Fvhosts%2Fh193310.web236.dogado.net%2Fhttpdocs%2Fs%2Fsekundaerbelueftung-gross-gussrueckwand HTTP/1.1" 302 698 "-" "Mozilla/5.0 (Windows NT 10.0; Win64; x64) AppleWebKit/537.36 (KHTML, like Gecko) Chrome/149.0.0.0 Safari/537.36" PHP-Handler:plesk-php84-fpm Remoteport(vom Nginx):60876
162.158.216.152 - - [10/Aug/2026:09:28:33 +0200] "GET /wp-content/plugins/xujvviwfuz/sangkot.php?p=%2Fvar%2Fwww%2Fvhosts%2Fh193310.web236.dogado.net%2Fhttpdocs%2Fs%2Fsekundaerbelueftung-gross-gussrueckwand HTTP/1.1" 200 10042 "-" "Mozilla/5.0 (Windows NT 10.0; Win64; x64) AppleWebKit/537.36 (KHTML, like Gecko) Chrome/149.0.0.0 Safari/537.36" PHP-Handler:plesk-php84-fpm Remoteport(vom Nginx):61010
162.158.216.152 - - [10/Aug/2026:09:28:34 +0200] "GET /s/sekundaerbelueftung-gross-gussrueckwand/ HTTP/1.1" 200 62765 "-" "Mozilla/5.0 (Windows NT 10.0; Win64; x64) AppleWebKit/537.36 (KHTML, like Gecko) Chrome/149.0.0.0 Safari/537.36" PHP-Handler: Remoteport(vom Nginx):61040
162.158.216.152 - - [10/Aug/2026:09:28:36 +0200] "GET /designs/74165272/canvas/1/product_images HTTP/1.1" 404 1242 "https://www.ofenbernd.de/s/sekundaerbelueftung-gross-gussrueckwand/" "Mozilla/5.0 (Windows NT 10.0; Win64; x64) AppleWebKit/537.36 (KHTML, like Gecko) Chrome/149.0.0.0 Safari/537.36" PHP-Handler:- Remoteport(vom Nginx):61142
172.69.64.181 - - [10/Aug/2026:09:28:43 +0200] "GET /p/justus-groenland-6-4673-seitenstein-rechts-seitenplatte/ HTTP/1.1" 404 1242 "-" "Mozilla/5.0 (Linux; Android 6.0.1; Nexus 5X Build/MMB29P) AppleWebKit/537.36 (KHTML, like Gecko) Chrome/150.0.7871.186 Mobile Safari/537.36 (compatible; Googlebot/2.1; +http://www.google.com/bot.html)" PHP-Handler:- Remoteport(vom Nginx):4738
104.22.10.230 - - [10/Aug/2026:09:28:48 +0200] "GET /s/oranier-arktis-8/?orderby=popularity HTTP/1.1" 404 1242 "-" "Mozilla/5.0 (Windows NT 6.1; WOW64) AppleWebKit/537.36 (KHTML, like Gecko) Chrome/89.0.4389.116 Safari/537.36" PHP-Handler:- Remoteport(vom Nginx):4986
172.70.147.179 - - [10/Aug/2026:09:28:53 +0200] "GET /?loknya=/var/www/vhosts HTTP/1.1" 200 2356 "-" "Mozilla/5.0 (iPhone; CPU iPhone OS 13_2_3 like Mac OS X) AppleWebKit/605.1.15 (KHTML, like Gecko) Version/13.0.3 Mobile/15E148 Safari/604.1" PHP-Handler: Remoteport(vom Nginx):52404
162.159.104.104 - - [10/Aug/2026:09:28:58 +0200] "GET /s/sekundaerbelueftung-gross-gussrueckwand/ HTTP/1.1" 200 62765 "-" "Mozilla/5.0 (compatible; Google-InspectionTool/1.0)" PHP-Handler: Remoteport(vom Nginx):52752
162.158.175.118 - - [10/Aug/2026:09:28:59 +0200] "GET /designs/74165272/canvas/1/product_images HTTP/1.1" 404 1242 "https://www.ofenbernd.de/s/sekundaerbelueftung-gross-gussrueckwand/" "Mozilla/5.0 (Linux; Android 6.0.1; Nexus 5X Build/MMB29P) AppleWebKit/537.36 (KHTML, like Gecko) Chrome/151.0.7922.71 Mobile Safari/537.36 (compatible; Google-InspectionTool/1.0)" PHP-Handler:- Remoteport(vom Nginx):52772
162.159.104.104 - - [10/Aug/2026:09:28:59 +0200] "GET /designs/74165272/canvas/1/product_images HTTP/1.1" 404 1242 "https://www.ofenbernd.de/s/sekundaerbelueftung-gross-gussrueckwand/" "Mozilla/5.0 (X11; Linux x86_64) AppleWebKit/537.36 (KHTML, like Gecko) Chrome/151.0.7922.71 Safari/537.36 (compatible; Google-InspectionTool/1.0)" PHP-Handler:- Remoteport(vom Nginx):52780
172.69.64.181 - - [10/Aug/2026:09:29:08 +0200] "GET /p/olsberg-fogo-ascherost-rost-kaminrost-23-3381-1202/ HTTP/1.1" 404 1242 "-" "Mozilla/5.0 (Linux; Android 6.0.1; Nexus 5X Build/MMB29P) AppleWebKit/537.36 (KHTML, like Gecko) Chrome/150.0.7871.186 Mobile Safari/537.36 (compatible; Googlebot/2.1; +http://www.google.com/bot.html)" PHP-Handler:- Remoteport(vom Nginx):53500
172.68.103.17 - - [10/Aug/2026:09:29:11 +0200] "GET /p/fireplace-lyon-eckkaminofen-stahl-gussgrau-speckstein/ HTTP/1.1" 404 1242 "-" "Links (2.13; Linux 3.10.0-862.2.3.e17.x86_64 x86_64; GNU C 4.8.5; text)" PHP-Handler:- Remoteport(vom Nginx):46888
162.158.216.152 - - [10/Aug/2026:09:29:30 +0200] "GET /wp-content/plugins/xujvviwfuz/sangkot.php?p=%2Fvar%2Fwww%2Fvhosts%2Fh193310.web236.dogado.net%2Fhttpdocs%2Fs HTTP/1.1" 200 11622 "-" "Mozilla/5.0 (Windows NT 10.0; Win64; x64) AppleWebKit/537.36 (KHTML, like Gecko) Chrome/149.0.0.0 Safari/537.36" PHP-Handler:plesk-php84-fpm Remoteport(vom Nginx):48322
104.23.243.216 - - [10/Aug/2026:09:29:33 +0200] "GET /sitemap_index.xml HTTP/1.1" 404 1242 "-" "Mozilla/5.0 AppleWebKit/537.36 (KHTML, like Gecko; compatible; ClaudeBot/1.0; +claudebot@anthropic.com)" PHP-Handler:- Remoteport(vom Nginx):62474
172.70.242.68 - - [10/Aug/2026:09:29:46 +0200] "POST /?wc-ajax=ppc-simulate-cart HTTP/1.1" 200 4015 "https://www.ofenbernd.de/p/spartherm-varia-1v-1vh-h2o-xl-a1-wandsatz-wandsteine/" "Mozilla/5.0 (Windows NT 6.1; Win64; x64; rv:109.0) Gecko/20100101 Firefox/115.0" PHP-Handler: Remoteport(vom Nginx):43700
162.158.216.152 - - [10/Aug/2026:09:29:52 +0200] "POST /wp-content/plugins/xujvviwfuz/sangkot.php?a=new-dir&p=%2Fvar%2Fwww%2Fvhosts%2Fh193310.web236.dogado.net%2Fhttpdocs%2Fs HTTP/1.1" 302 656 "-" "Mozilla/5.0 (Windows NT 10.0; Win64; x64) AppleWebKit/537.36 (KHTML, like Gecko) Chrome/149.0.0.0 Safari/537.36" PHP-Handler:plesk-php84-fpm Remoteport(vom Nginx):17164
162.158.216.152 - - [10/Aug/2026:09:29:52 +0200] "GET /wp-content/plugins/xujvviwfuz/sangkot.php?p=%2Fvar%2Fwww%2Fvhosts%2Fh193310.web236.dogado.net%2Fhttpdocs%2Fs HTTP/1.1" 200 11836 "-" "Mozilla/5.0 (Windows NT 10.0; Win64; x64) AppleWebKit/537.36 (KHTML, like Gecko) Chrome/149.0.0.0 Safari/537.36" PHP-Handler:plesk-php84-fpm Remoteport(vom Nginx):17188
162.158.216.152 - - [10/Aug/2026:09:29:54 +0200] "GET /wp-content/plugins/xujvviwfuz/sangkot.php?p=%2Fvar%2Fwww%2Fvhosts%2Fh193310.web236.dogado.net%2Fhttpdocs%2Fs%2Fsatz-bodensteine-vermiculite HTTP/1.1" 200 9260 "-" "Mozilla/5.0 (Windows NT 10.0; Win64; x64) AppleWebKit/537.36 (KHTML, like Gecko) Chrome/149.0.0.0 Safari/537.36" PHP-Handler:plesk-php84-fpm Remoteport(vom Nginx):17258
104.23.172.39 - - [10/Aug/2026:09:29:57 +0200] "GET /s/schmid/page/7/?orderby=price HTTP/1.1" 404 1242 "-" "Mozilla/5.0 (Windows NT 10.0; WOW64) AppleWebKit/537.36 (KHTML, like Gecko) Chrome/48.0.2564.116 Safari/537.36" PHP-Handler:- Remoteport(vom Nginx):17366
162.158.216.152 - - [10/Aug/2026:09:30:01 +0200] "POST /wp-content/plugins/xujvviwfuz/sangkot.php?a=new-file&p=%2Fvar%2Fwww%2Fvhosts%2Fh193310.web236.dogado.net%2Fhttpdocs%2Fs%2Fsatz-bodensteine-vermiculite HTTP/1.1" 302 687 "-" "Mozilla/5.0 (Windows NT 10.0; Win64; x64) AppleWebKit/537.36 (KHTML, like Gecko) Chrome/149.0.0.0 Safari/537.36" PHP-Handler:plesk-php84-fpm Remoteport(vom Nginx):17454
162.158.216.152 - - [10/Aug/2026:09:30:02 +0200] "GET /wp-content/plugins/xujvviwfuz/sangkot.php?p=%2Fvar%2Fwww%2Fvhosts%2Fh193310.web236.dogado.net%2Fhttpdocs%2Fs%2Fsatz-bodensteine-vermiculite HTTP/1.1" 200 10017 "-" "Mozilla/5.0 (Windows NT 10.0; Win64; x64) AppleWebKit/537.36 (KHTML, like Gecko) Chrome/149.0.0.0 Safari/537.36" PHP-Handler:plesk-php84-fpm Remoteport(vom Nginx):47276
162.158.216.152 - - [10/Aug/2026:09:30:04 +0200] "GET /s/satz-bodensteine-vermiculite/ HTTP/1.1" 200 62735 "https://www.google.com/" "Mozilla/5.0 (Windows NT 10.0; Win64; x64) AppleWebKit/537.36 (KHTML, like Gecko) Chrome/149.0.0.0 Safari/537.36" PHP-Handler: Remoteport(vom Nginx):47348
162.158.216.152 - - [10/Aug/2026:09:30:04 +0200] "GET /designs/74165272/canvas/1/product_images HTTP/1.1" 404 1242 "https://www.ofenbernd.de/s/satz-bodensteine-vermiculite/" "Mozilla/5.0 (Windows NT 10.0; Win64; x64) AppleWebKit/537.36 (KHTML, like Gecko) Chrome/149.0.0.0 Safari/537.36" PHP-Handler:- Remoteport(vom Nginx):47386
162.159.104.104 - - [10/Aug/2026:09:30:07 +0200] "GET /p/kaminofen-olsberg-pular-pb-stahl-schwarz-decorrahmen-schwarz-23-7377/ HTTP/1.1" 404 1242 "-" "Mozilla/5.0 (compatible; Googlebot/2.1; +http://www.google.com/bot.html)" PHP-Handler:- Remoteport(vom Nginx):47486
162.159.104.104 - - [10/Aug/2026:09:30:21 +0200] "GET /s/satz-bodensteine-vermiculite/ HTTP/1.1" 200 62735 "-" "Mozilla/5.0 (compatible; Google-InspectionTool/1.0)" PHP-Handler: Remoteport(vom Nginx):34374
172.69.64.181 - - [10/Aug/2026:09:30:22 +0200] "GET /designs/74165272/canvas/1/product_images HTTP/1.1" 404 1242 "https://www.ofenbernd.de/s/satz-bodensteine-vermiculite/" "Mozilla/5.0 (X11; Linux x86_64) AppleWebKit/537.36 (KHTML, like Gecko) Chrome/151.0.7922.71 Safari/537.36 (compatible; Google-InspectionTool/1.0)" PHP-Handler:- Remoteport(vom Nginx):34426
162.159.104.104 - - [10/Aug/2026:09:30:22 +0200] "GET /designs/74165272/canvas/1/product_images HTTP/1.1" 404 1242 "https://www.ofenbernd.de/s/satz-bodensteine-vermiculite/" "Mozilla/5.0 (Linux; Android 6.0.1; Nexus 5X Build/MMB29P) AppleWebKit/537.36 (KHTML, like Gecko) Chrome/151.0.7922.71 Mobile Safari/537.36 (compatible; Google-InspectionTool/1.0)" PHP-Handler:- Remoteport(vom Nginx):34432
172.69.64.181 - - [10/Aug/2026:09:30:34 +0200] "GET /s/tolima-powersystem/ HTTP/1.1" 200 64256 "-" "Mozilla/5.0 (Linux; Android 6.0.1; Nexus 5X Build/MMB29P) AppleWebKit/537.36 (KHTML, like Gecko) Chrome/151.0.7922.108 Mobile Safari/537.36 (compatible; Google-InspectionTool/1.0)" PHP-Handler: Remoteport(vom Nginx):50626
162.159.104.104 - - [10/Aug/2026:09:30:34 +0200] "GET /designs/74165272/canvas/1/product_images HTTP/1.1" 404 1242 "https://www.ofenbernd.de/s/tolima-powersystem/" "Mozilla/5.0 (Linux; Android 6.0.1; Nexus 5X Build/MMB29P) AppleWebKit/537.36 (KHTML, like Gecko) Chrome/151.0.7922.71 Mobile Safari/537.36 (compatible; Google-InspectionTool/1.0)" PHP-Handler:- Remoteport(vom Nginx):50674
172.69.64.181 - - [10/Aug/2026:09:30:34 +0200] "GET /designs/74165272/canvas/1/product_images HTTP/1.1" 404 1242 "https://www.ofenbernd.de/s/tolima-powersystem/" "Mozilla/5.0 (X11; Linux x86_64) AppleWebKit/537.36 (KHTML, like Gecko) Chrome/151.0.7922.71 Safari/537.36 (compatible; Google-InspectionTool/1.0)" PHP-Handler:- Remoteport(vom Nginx):50676
162.158.216.152 - - [10/Aug/2026:09:30:51 +0200] "GET /wp-content/plugins/xujvviwfuz/sangkot.php?p=%2Fvar%2Fwww%2Fvhosts%2Fh193310.web236.dogado.net%2Fhttpdocs%2Fs HTTP/1.1" 200 11775 "-" "Mozilla/5.0 (Windows NT 10.0; Win64; x64) AppleWebKit/537.36 (KHTML, like Gecko) Chrome/149.0.0.0 Safari/537.36" PHP-Handler:plesk-php84-fpm Remoteport(vom Nginx):28766
162.158.216.152 - - [10/Aug/2026:09:30:54 +0200] "POST /wp-content/plugins/xujvviwfuz/sangkot.php?a=new-dir&p=%2Fvar%2Fwww%2Fvhosts%2Fh193310.web236.dogado.net%2Fhttpdocs%2Fs HTTP/1.1" 302 656 "-" "Mozilla/5.0 (Windows NT 10.0; Win64; x64) AppleWebKit/537.36 (KHTML, like Gecko) Chrome/149.0.0.0 Safari/537.36" PHP-Handler:plesk-php84-fpm Remoteport(vom Nginx):56952
162.158.216.152 - - [10/Aug/2026:09:30:55 +0200] "GET /wp-content/plugins/xujvviwfuz/sangkot.php?p=%2Fvar%2Fwww%2Fvhosts%2Fh193310.web236.dogado.net%2Fhttpdocs%2Fs HTTP/1.1" 200 11966 "-" "Mozilla/5.0 (Windows NT 10.0; Win64; x64) AppleWebKit/537.36 (KHTML, like Gecko) Chrome/149.0.0.0 Safari/537.36" PHP-Handler:plesk-php84-fpm Remoteport(vom Nginx):56966
162.158.216.152 - - [10/Aug/2026:09:31:00 +0200] "GET /wp-content/plugins/xujvviwfuz/sangkot.php?p=%2Fvar%2Fwww%2Fvhosts%2Fh193310.web236.dogado.net%2Fhttpdocs%2Fs%2Ftecapa-ii-compact HTTP/1.1" 200 9250 "-" "Mozilla/5.0 (Windows NT 10.0; Win64; x64) AppleWebKit/537.36 (KHTML, like Gecko) Chrome/149.0.0.0 Safari/537.36" PHP-Handler:plesk-php84-fpm Remoteport(vom Nginx):57130
162.158.216.152 - - [10/Aug/2026:09:31:05 +0200] "POST /wp-content/plugins/xujvviwfuz/sangkot.php?a=new-file&p=%2Fvar%2Fwww%2Fvhosts%2Fh193310.web236.dogado.net%2Fhttpdocs%2Fs%2Ftecapa-ii-compact HTTP/1.1" 302 676 "-" "Mozilla/5.0 (Windows NT 10.0; Win64; x64) AppleWebKit/537.36 (KHTML, like Gecko) Chrome/149.0.0.0 Safari/537.36" PHP-Handler:plesk-php84-fpm Remoteport(vom Nginx):23644
162.158.216.152 - - [10/Aug/2026:09:31:06 +0200] "GET /wp-content/plugins/xujvviwfuz/sangkot.php?p=%2Fvar%2Fwww%2Fvhosts%2Fh193310.web236.dogado.net%2Fhttpdocs%2Fs%2Ftecapa-ii-compact HTTP/1.1" 200 10007 "-" "Mozilla/5.0 (Windows NT 10.0; Win64; x64) AppleWebKit/537.36 (KHTML, like Gecko) Chrome/149.0.0.0 Safari/537.36" PHP-Handler:plesk-php84-fpm Remoteport(vom Nginx):23740
162.158.216.152 - - [10/Aug/2026:09:31:07 +0200] "GET /s/tecapa-ii-compact/ HTTP/1.1" 200 62704 "-" "Mozilla/5.0 (Windows NT 10.0; Win64; x64) AppleWebKit/537.36 (KHTML, like Gecko) Chrome/149.0.0.0 Safari/537.36" PHP-Handler: Remoteport(vom Nginx):23784
162.158.216.152 - - [10/Aug/2026:09:31:09 +0200] "GET /designs/74165272/canvas/1/product_images HTTP/1.1" 404 1242 "https://www.ofenbernd.de/s/tecapa-ii-compact/" "Mozilla/5.0 (Windows NT 10.0; Win64; x64) AppleWebKit/537.36 (KHTML, like Gecko) Chrome/149.0.0.0 Safari/537.36" PHP-Handler:- Remoteport(vom Nginx):23860
172.71.164.207 - - [10/Aug/2026:09:31:17 +0200] "POST /?wc-ajax=ppc-simulate-cart HTTP/1.1" 200 4011 "https://www.ofenbernd.de/p/spartherm-varia-1v-1vh-h2o-xl-a1-wandsatz-wandsteine/" "Mozilla/5.0 (Windows NT 6.1; Win64; x64; rv:109.0) Gecko/20100101 Firefox/115.0" PHP-Handler: Remoteport(vom Nginx):6074
104.23.248.178 - - [10/Aug/2026:09:31:23 +0200] "GET /s/wue13/?orderby=rating HTTP/1.1" 404 1242 "-" "Mozilla/5.0 (Macintosh; Intel Mac OS X 10_14_6) AppleWebKit/537.36 (KHTML, like Gecko) Chrome/83.0.4103.116 Safari/537.36" PHP-Handler:- Remoteport(vom Nginx):21958
172.71.127.27 - - [10/Aug/2026:09:31:27 +0200] "GET /s/vorne/ HTTP/1.1" 404 1242 "-" "Mozilla/5.0 (compatible; Barkrowler/0.9; +https://babbar.tech/crawler)" PHP-Handler:- Remoteport(vom Nginx):22100
162.159.104.104 - - [10/Aug/2026:09:31:34 +0200] "GET /s/tecapa-ii-compact/ HTTP/1.1" 200 62704 "-" "Mozilla/5.0 (compatible; Google-InspectionTool/1.0)" PHP-Handler: Remoteport(vom Nginx):34538
172.70.94.193 - - [10/Aug/2026:09:31:35 +0200] "GET /designs/74165272/canvas/1/product_images HTTP/1.1" 404 1242 "https://www.ofenbernd.de/s/tecapa-ii-compact/" "Mozilla/5.0 (X11; Linux x86_64) AppleWebKit/537.36 (KHTML, like Gecko) Chrome/151.0.7922.71 Safari/537.36 (compatible; Google-InspectionTool/1.0)" PHP-Handler:- Remoteport(vom Nginx):34592
162.159.104.104 - - [10/Aug/2026:09:31:35 +0200] "GET /designs/74165272/canvas/1/product_images HTTP/1.1" 404 1242 "https://www.ofenbernd.de/s/tecapa-ii-compact/" "Mozilla/5.0 (Linux; Android 6.0.1; Nexus 5X Build/MMB29P) AppleWebKit/537.36 (KHTML, like Gecko) Chrome/151.0.7922.71 Mobile Safari/537.36 (compatible; Google-InspectionTool/1.0)" PHP-Handler:- Remoteport(vom Nginx):34620
162.159.104.104 - - [10/Aug/2026:09:31:38 +0200] "GET /p/oranier-polar-6-eck-arktis-6-serie-1-tuerdichtung-kamindichtung-3m-10mm-9068098000/ HTTP/1.1" 404 1242 "-" "Mozilla/5.0 (Linux; Android 6.0.1; Nexus 5X Build/MMB29P) AppleWebKit/537.36 (KHTML, like Gecko) Chrome/150.0.7871.186 Mobile Safari/537.36 (compatible; Googlebot/2.1; +http://www.google.com/bot.html)" PHP-Handler:- Remoteport(vom Nginx):34708
172.64.222.234 - - [10/Aug/2026:09:31:39 +0200] "GET /s/ihre/?orderby=price HTTP/1.1" 404 1242 "-" "Mozilla/5.0 (Macintosh; Intel Mac OS X 10_2) AppleWebKit/537.36 (KHTML, like Gecko) Chrome/98.0.4691.94 Safari/537.36" PHP-Handler:- Remoteport(vom Nginx):34746
172.70.174.223 - - [10/Aug/2026:09:31:47 +0200] "GET /s/tuergriff/ HTTP/1.1" 404 1242 "-" "Mozilla/5.0 AppleWebKit/537.36 (KHTML, like Gecko; compatible; bingbot/2.0; +http://www.bing.com/bingbot.htm) Chrome/116.0.1938.76 Safari/537.36" PHP-Handler:- Remoteport(vom Nginx):13760
172.69.166.90 - - [10/Aug/2026:09:31:47 +0200] "GET /wp-login.php HTTP/1.1" 404 446 "-" "Mozilla/5.0 (Windows NT 10.0; Win64; x64) AppleWebKit/537.36 (KHTML, like Gecko) Chrome/133.0.0.0 Safari/537.36" PHP-Handler:plesk-php84-fpm Remoteport(vom Nginx):13812
162.158.88.106 - - [10/Aug/2026:09:31:55 +0200] "GET /warenkorb/?_wpnonce=dec0d8f411&remove_item=a9ab7197d8b7136352134db6652cd034 HTTP/1.1" 404 1242 "-" "Mozilla/5.0 (Windows NT 10.0; Win64; x64) AppleWebKit/537.36 (KHTML, like Gecko) Chrome/143.0.0.0 Safari/537.36" PHP-Handler:- Remoteport(vom Nginx):16548
162.158.216.152 - - [10/Aug/2026:09:32:13 +0200] "GET /wp-content/plugins/xujvviwfuz/sangkot.php?p=%2Fvar%2Fwww%2Fvhosts%2Fh193310.web236.dogado.net%2Fhttpdocs%2Fs HTTP/1.1" 200 11912 "-" "Mozilla/5.0 (Windows NT 10.0; Win64; x64) AppleWebKit/537.36 (KHTML, like Gecko) Chrome/149.0.0.0 Safari/537.36" PHP-Handler:plesk-php84-fpm Remoteport(vom Nginx):53594
162.158.216.152 - - [10/Aug/2026:09:32:15 +0200] "POST /wp-content/plugins/xujvviwfuz/sangkot.php?a=new-dir&p=%2Fvar%2Fwww%2Fvhosts%2Fh193310.web236.dogado.net%2Fhttpdocs%2Fs HTTP/1.1" 302 656 "-" "Mozilla/5.0 (Windows NT 10.0; Win64; x64) AppleWebKit/537.36 (KHTML, like Gecko) Chrome/149.0.0.0 Safari/537.36" PHP-Handler:plesk-php84-fpm Remoteport(vom Nginx):53808
162.158.216.152 - - [10/Aug/2026:09:32:15 +0200] "GET /wp-content/plugins/xujvviwfuz/sangkot.php?p=%2Fvar%2Fwww%2Fvhosts%2Fh193310.web236.dogado.net%2Fhttpdocs%2Fs HTTP/1.1" 200 12109 "-" "Mozilla/5.0 (Windows NT 10.0; Win64; x64) AppleWebKit/537.36 (KHTML, like Gecko) Chrome/149.0.0.0 Safari/537.36" PHP-Handler:plesk-php84-fpm Remoteport(vom Nginx):53832
162.158.216.152 - - [10/Aug/2026:09:32:18 +0200] "GET /wp-content/plugins/xujvviwfuz/sangkot.php?p=%2Fvar%2Fwww%2Fvhosts%2Fh193310.web236.dogado.net%2Fhttpdocs%2Fs%2Foranier-frisco-4697 HTTP/1.1" 200 9254 "-" "Mozilla/5.0 (Windows NT 10.0; Win64; x64) AppleWebKit/537.36 (KHTML, like Gecko) Chrome/149.0.0.0 Safari/537.36" PHP-Handler:plesk-php84-fpm Remoteport(vom Nginx):53894
162.158.216.152 - - [10/Aug/2026:09:32:23 +0200] "POST /wp-content/plugins/xujvviwfuz/sangkot.php?a=new-file&p=%2Fvar%2Fwww%2Fvhosts%2Fh193310.web236.dogado.net%2Fhttpdocs%2Fs%2Foranier-frisco-4697 HTTP/1.1" 302 678 "-" "Mozilla/5.0 (Windows NT 10.0; Win64; x64) AppleWebKit/537.36 (KHTML, like Gecko) Chrome/149.0.0.0 Safari/537.36" PHP-Handler:plesk-php84-fpm Remoteport(vom Nginx):58360
172.71.166.13 - - [10/Aug/2026:09:32:24 +0200] "GET /shop/page/111/ HTTP/1.1" 404 1242 "-" "Mozilla/5.0 (Linux; Android 6.0.1; Nexus 5X Build/MMB29P) AppleWebKit/537.36 (KHTML, like Gecko) Chrome/150.0.7871.186 Mobile Safari/537.36 (compatible; Googlebot/2.1; +http://www.google.com/bot.html)" PHP-Handler:- Remoteport(vom Nginx):58418
162.158.216.152 - - [10/Aug/2026:09:32:24 +0200] "GET /wp-content/plugins/xujvviwfuz/sangkot.php?p=%2Fvar%2Fwww%2Fvhosts%2Fh193310.web236.dogado.net%2Fhttpdocs%2Fs%2Foranier-frisco-4697 HTTP/1.1" 200 10010 "-" "Mozilla/5.0 (Windows NT 10.0; Win64; x64) AppleWebKit/537.36 (KHTML, like Gecko) Chrome/149.0.0.0 Safari/537.36" PHP-Handler:plesk-php84-fpm Remoteport(vom Nginx):58424
162.158.216.152 - - [10/Aug/2026:09:32:25 +0200] "GET /s/oranier-frisco-4697/ HTTP/1.1" 200 62698 "-" "Mozilla/5.0 (Windows NT 10.0; Win64; x64) AppleWebKit/537.36 (KHTML, like Gecko) Chrome/149.0.0.0 Safari/537.36" PHP-Handler: Remoteport(vom Nginx):58446
162.158.216.152 - - [10/Aug/2026:09:32:25 +0200] "GET /designs/74165272/canvas/1/product_images HTTP/1.1" 404 1242 "https://www.ofenbernd.de/s/oranier-frisco-4697/" "Mozilla/5.0 (Windows NT 10.0; Win64; x64) AppleWebKit/537.36 (KHTML, like Gecko) Chrome/149.0.0.0 Safari/537.36" PHP-Handler:- Remoteport(vom Nginx):58486
172.69.64.181 - - [10/Aug/2026:09:32:43 +0200] "GET /s/oranier-frisco-4697/ HTTP/1.1" 200 62698 "-" "Mozilla/5.0 (Linux; Android 6.0.1; Nexus 5X Build/MMB29P) AppleWebKit/537.36 (KHTML, like Gecko) Chrome/151.0.7922.108 Mobile Safari/537.36 (compatible; Google-InspectionTool/1.0)" PHP-Handler: Remoteport(vom Nginx):7972
172.69.64.181 - - [10/Aug/2026:09:32:44 +0200] "GET /designs/74165272/canvas/1/product_images HTTP/1.1" 404 1242 "https://www.ofenbernd.de/s/oranier-frisco-4697/" "Mozilla/5.0 (X11; Linux x86_64) AppleWebKit/537.36 (KHTML, like Gecko) Chrome/151.0.7922.71 Safari/537.36 (compatible; Google-InspectionTool/1.0)" PHP-Handler:- Remoteport(vom Nginx):7986
172.69.64.181 - - [10/Aug/2026:09:32:44 +0200] "GET /designs/74165272/canvas/1/product_images HTTP/1.1" 404 1242 "https://www.ofenbernd.de/s/oranier-frisco-4697/" "Mozilla/5.0 (Linux; Android 6.0.1; Nexus 5X Build/MMB29P) AppleWebKit/537.36 (KHTML, like Gecko) Chrome/151.0.7922.71 Mobile Safari/537.36 (compatible; Google-InspectionTool/1.0)" PHP-Handler:- Remoteport(vom Nginx):8036
172.70.147.178 - - [10/Aug/2026:09:32:44 +0200] "GET /p/oranier-tampere-8-glas-scheibe-links-rechts-ersatzteile/ HTTP/1.1" 404 1242 "-" "Mozilla/5.0 (Windows NT 6.1; WOW64) AppleWebKit/537.36 (KHTML, like Gecko) Chrome/89.0.4389.114 Safari/537.36" PHP-Handler:- Remoteport(vom Nginx):8076
172.71.164.207 - - [10/Aug/2026:09:32:48 +0200] "POST /?wc-ajax=ppc-simulate-cart HTTP/1.1" 200 4016 "https://www.ofenbernd.de/p/spartherm-varia-1v-1vh-h2o-xl-a1-wandsatz-wandsteine/" "Mozilla/5.0 (Windows NT 6.1; Win64; x64; rv:109.0) Gecko/20100101 Firefox/115.0" PHP-Handler: Remoteport(vom Nginx):8192
172.71.166.13 - - [10/Aug/2026:09:32:56 +0200] "GET /p/wodtke-ego-kk-40-2-dichtungs-set-glas-tuer-ersatzteile/ HTTP/1.1" 404 1242 "-" "Mozilla/5.0 (Linux; Android 6.0.1; Nexus 5X Build/MMB29P) AppleWebKit/537.36 (KHTML, like Gecko) Chrome/150.0.7871.186 Mobile Safari/537.36 (compatible; Googlebot/2.1; +http://www.google.com/bot.html)" PHP-Handler:- Remoteport(vom Nginx):41832
172.68.26.120 - - [10/Aug/2026:09:33:14 +0200] "GET /designs/74165272/canvas/1/product_images HTTP/1.1" 404 1242 "https://www.ofenbernd.de/s/tolima-powersystem/" "Mozilla/5.0 (X11; Linux x86_64) AppleWebKit/537.36 (KHTML, like Gecko) Chrome/151.0.7922.71 Safari/537.36 (compatible; Google-InspectionTool/1.0)" PHP-Handler:- Remoteport(vom Nginx):53740
172.69.64.181 - - [10/Aug/2026:09:33:15 +0200] "GET /designs/74165272/canvas/1/product_images HTTP/1.1" 404 1242 "https://www.ofenbernd.de/s/tolima-powersystem/" "Mozilla/5.0 (Linux; Android 6.0.1; Nexus 5X Build/MMB29P) AppleWebKit/537.36 (KHTML, like Gecko) Chrome/151.0.7922.71 Mobile Safari/537.36 (compatible; Google-InspectionTool/1.0)" PHP-Handler:- Remoteport(vom Nginx):53940
162.158.216.152 - - [10/Aug/2026:09:33:22 +0200] "GET /wp-content/plugins/xujvviwfuz/sangkot.php?p=%2Fvar%2Fwww%2Fvhosts%2Fh193310.web236.dogado.net%2Fhttpdocs HTTP/1.1" 200 14655 "-" "Mozilla/5.0 (Windows NT 10.0; Win64; x64) AppleWebKit/537.36 (KHTML, like Gecko) Chrome/149.0.0.0 Safari/537.36" PHP-Handler:plesk-php84-fpm Remoteport(vom Nginx):2978
162.159.104.104 - - [10/Aug/2026:09:33:24 +0200] "GET /designs/74165272/canvas/1/product_images HTTP/1.1" 404 1242 "https://www.ofenbernd.de/s/tolima-powersystem/" "Mozilla/5.0 (X11; Linux x86_64) AppleWebKit/537.36 (KHTML, like Gecko) Chrome/151.0.7922.71 Safari/537.36 (compatible; Google-InspectionTool/1.0)" PHP-Handler:- Remoteport(vom Nginx):3040
162.159.104.104 - - [10/Aug/2026:09:33:25 +0200] "GET /designs/74165272/canvas/1/product_images HTTP/1.1" 404 1242 "https://www.ofenbernd.de/s/tolima-powersystem/" "Mozilla/5.0 (Linux; Android 6.0.1; Nexus 5X Build/MMB29P) AppleWebKit/537.36 (KHTML, like Gecko) Chrome/151.0.7922.71 Mobile Safari/537.36 (compatible; Google-InspectionTool/1.0)" PHP-Handler:- Remoteport(vom Nginx):3050
162.158.216.152 - - [10/Aug/2026:09:33:26 +0200] "GET /wp-content/plugins/xujvviwfuz/sangkot.php?p=%2Fvar%2Fwww%2Fvhosts%2Fh193310.web236.dogado.net%2Fhttpdocs%2Fk HTTP/1.1" 200 10519 "-" "Mozilla/5.0 (Windows NT 10.0; Win64; x64) AppleWebKit/537.36 (KHTML, like Gecko) Chrome/149.0.0.0 Safari/537.36" PHP-Handler:plesk-php84-fpm Remoteport(vom Nginx):3108
162.158.6.196 - - [10/Aug/2026:09:33:29 +0200] "GET /s/xs/?orderby=price HTTP/1.1" 404 1242 "-" "Mozilla/5.0 (Windows NT 6.1; Win64; x64) AppleWebKit/537.36 (KHTML, like Gecko) Chrome/85.0.4183.102 Safari/537.36" PHP-Handler:- Remoteport(vom Nginx):3284
162.158.216.152 - - [10/Aug/2026:09:33:31 +0200] "GET /wp-content/plugins/xujvviwfuz/sangkot.php?p=%2Fvar%2Fwww%2Fvhosts%2Fh193310.web236.dogado.net%2Fhttpdocs%2Fk%2Fofen-ersatzteile HTTP/1.1" 200 9949 "-" "Mozilla/5.0 (Windows NT 10.0; Win64; x64) AppleWebKit/537.36 (KHTML, like Gecko) Chrome/149.0.0.0 Safari/537.36" PHP-Handler:plesk-php84-fpm Remoteport(vom Nginx):3472
162.159.104.104 - - [10/Aug/2026:09:33:33 +0200] "GET /designs/74165272/canvas/1/product_images HTTP/1.1" 404 1242 "https://www.ofenbernd.de/s/tolima-powersystem/" "Mozilla/5.0 (Linux; Android 6.0.1; Nexus 5X Build/MMB29P) AppleWebKit/537.36 (KHTML, like Gecko) Chrome/151.0.7922.71 Mobile Safari/537.36 (compatible; Google-InspectionTool/1.0)" PHP-Handler:- Remoteport(vom Nginx):56602
162.158.216.152 - - [10/Aug/2026:09:33:33 +0200] "POST /wp-content/plugins/xujvviwfuz/sangkot.php?a=new-dir&p=%2Fvar%2Fwww%2Fvhosts%2Fh193310.web236.dogado.net%2Fhttpdocs%2Fk%2Fofen-ersatzteile HTTP/1.1" 302 675 "-" "Mozilla/5.0 (Windows NT 10.0; Win64; x64) AppleWebKit/537.36 (KHTML, like Gecko) Chrome/149.0.0.0 Safari/537.36" PHP-Handler:plesk-php84-fpm Remoteport(vom Nginx):56592
172.69.64.181 - - [10/Aug/2026:09:33:34 +0200] "GET /designs/74165272/canvas/1/product_images HTTP/1.1" 404 1242 "https://www.ofenbernd.de/s/tolima-powersystem/" "Mozilla/5.0 (X11; Linux x86_64) AppleWebKit/537.36 (KHTML, like Gecko) Chrome/151.0.7922.71 Safari/537.36 (compatible; Google-InspectionTool/1.0)" PHP-Handler:- Remoteport(vom Nginx):56616
162.158.216.152 - - [10/Aug/2026:09:33:34 +0200] "GET /wp-content/plugins/xujvviwfuz/sangkot.php?p=%2Fvar%2Fwww%2Fvhosts%2Fh193310.web236.dogado.net%2Fhttpdocs%2Fk%2Fofen-ersatzteile HTTP/1.1" 200 10414 "-" "Mozilla/5.0 (Windows NT 10.0; Win64; x64) AppleWebKit/537.36 (KHTML, like Gecko) Chrome/149.0.0.0 Safari/537.36" PHP-Handler:plesk-php84-fpm Remoteport(vom Nginx):56626
162.158.216.152 - - [10/Aug/2026:09:33:35 +0200] "GET /wp-content/plugins/xujvviwfuz/sangkot.php?p=%2Fvar%2Fwww%2Fvhosts%2Fh193310.web236.dogado.net%2Fhttpdocs%2Fk%2Fofen-ersatzteile%2Fschmid HTTP/1.1" 200 9278 "-" "Mozilla/5.0 (Windows NT 10.0; Win64; x64) AppleWebKit/537.36 (KHTML, like Gecko) Chrome/149.0.0.0 Safari/537.36" PHP-Handler:plesk-php84-fpm Remoteport(vom Nginx):56710
162.158.216.152 - - [10/Aug/2026:09:33:40 +0200] "POST /wp-content/plugins/xujvviwfuz/sangkot.php?a=new-file&p=%2Fvar%2Fwww%2Fvhosts%2Fh193310.web236.dogado.net%2Fhttpdocs%2Fk%2Fofen-ersatzteile%2Fschmid HTTP/1.1" 302 684 "-" "Mozilla/5.0 (Windows NT 10.0; Win64; x64) AppleWebKit/537.36 (KHTML, like Gecko) Chrome/149.0.0.0 Safari/537.36" PHP-Handler:plesk-php84-fpm Remoteport(vom Nginx):57028
162.158.216.152 - - [10/Aug/2026:09:33:41 +0200] "GET /wp-content/plugins/xujvviwfuz/sangkot.php?p=%2Fvar%2Fwww%2Fvhosts%2Fh193310.web236.dogado.net%2Fhttpdocs%2Fk%2Fofen-ersatzteile%2Fschmid HTTP/1.1" 200 10045 "-" "Mozilla/5.0 (Windows NT 10.0; Win64; x64) AppleWebKit/537.36 (KHTML, like Gecko) Chrome/149.0.0.0 Safari/537.36" PHP-Handler:plesk-php84-fpm Remoteport(vom Nginx):57074
162.158.216.152 - - [10/Aug/2026:09:33:42 +0200] "GET /k/ofen-ersatzteile/schmid/ HTTP/1.1" 200 62726 "-" "Mozilla/5.0 (Windows NT 10.0; Win64; x64) AppleWebKit/537.36 (KHTML, like Gecko) Chrome/149.0.0.0 Safari/537.36" PHP-Handler: Remoteport(vom Nginx):43536
162.158.216.152 - - [10/Aug/2026:09:33:43 +0200] "GET /designs/74165272/canvas/1/product_images HTTP/1.1" 404 1242 "https://www.ofenbernd.de/k/ofen-ersatzteile/schmid/" "Mozilla/5.0 (Windows NT 10.0; Win64; x64) AppleWebKit/537.36 (KHTML, like Gecko) Chrome/149.0.0.0 Safari/537.36" PHP-Handler:- Remoteport(vom Nginx):43630
104.23.209.232 - - [10/Aug/2026:09:33:57 +0200] "GET /k/ofen-ersatzteile/oranier/cavex-8171/ HTTP/1.1" 404 1242 "-" "Mozilla/5.0 AppleWebKit/537.36 (KHTML, like Gecko; compatible; bingbot/2.0; +http://www.bing.com/bingbot.htm) Chrome/116.0.1938.76 Safari/537.36" PHP-Handler:- Remoteport(vom Nginx):35710
104.23.209.232 - - [10/Aug/2026:09:33:57 +0200] "GET /s/olsberg-hk8-vario-24-11-ersatzteile/ HTTP/1.1" 404 1242 "-" "Mozilla/5.0 AppleWebKit/537.36 (KHTML, like Gecko; compatible; bingbot/2.0; +http://www.bing.com/bingbot.htm) Chrome/116.0.1938.76 Safari/537.36" PHP-Handler:- Remoteport(vom Nginx):35724
104.23.209.232 - - [10/Aug/2026:09:33:57 +0200] "GET /p/spartherm-cubo-s-bodenstein-set-b/ HTTP/1.1" 404 1242 "-" "Mozilla/5.0 AppleWebKit/537.36 (KHTML, like Gecko; compatible; bingbot/2.0; +http://www.bing.com/bingbot.htm) Chrome/116.0.1938.76 Safari/537.36" PHP-Handler:- Remoteport(vom Nginx):35726
104.23.209.232 - - [10/Aug/2026:09:33:57 +0200] "GET /k/ofen-ersatzteile/weso/weso-wkk-ersatzteile/ HTTP/1.1" 404 1242 "-" "Mozilla/5.0 AppleWebKit/537.36 (KHTML, like Gecko; compatible; bingbot/2.0; +http://www.bing.com/bingbot.htm) Chrome/116.0.1938.76 Safari/537.36" PHP-Handler:- Remoteport(vom Nginx):35754
104.22.100.32 - - [10/Aug/2026:09:34:02 +0200] "GET /p/oranier-tampere-8-7-4647-tuerdichtung-3m-10mm-9068098000/ HTTP/1.1" 404 1242 "-" "Mozilla/5.0 AppleWebKit/537.36 (KHTML, like Gecko; compatible; bingbot/2.0; +http://www.bing.com/bingbot.htm) Chrome/116.0.1938.76 Safari/537.36" PHP-Handler:- Remoteport(vom Nginx):8962
172.68.26.120 - - [10/Aug/2026:09:34:04 +0200] "GET /k/ofen-ersatzteile/schmid/ HTTP/1.1" 200 62726 "-" "Mozilla/5.0 (Linux; Android 6.0.1; Nexus 5X Build/MMB29P) AppleWebKit/537.36 (KHTML, like Gecko) Chrome/151.0.7922.108 Mobile Safari/537.36 (compatible; Google-InspectionTool/1.0)" PHP-Handler: Remoteport(vom Nginx):9254
162.159.104.104 - - [10/Aug/2026:09:34:04 +0200] "GET /k/ofen-ersatzteile/schmid/ HTTP/1.1" 200 62726 "-" "Mozilla/5.0 (compatible; Google-InspectionTool/1.0)" PHP-Handler: Remoteport(vom Nginx):9262
172.68.26.120 - - [10/Aug/2026:09:34:04 +0200] "GET /designs/74165272/canvas/1/product_images HTTP/1.1" 404 1242 "https://www.ofenbernd.de/k/ofen-ersatzteile/schmid/" "Mozilla/5.0 (X11; Linux x86_64) AppleWebKit/537.36 (KHTML, like Gecko) Chrome/151.0.7922.71 Safari/537.36 (compatible; Google-InspectionTool/1.0)" PHP-Handler:- Remoteport(vom Nginx):9388
172.69.64.181 - - [10/Aug/2026:09:34:04 +0200] "GET /designs/74165272/canvas/1/product_images HTTP/1.1" 404 1242 "https://www.ofenbernd.de/k/ofen-ersatzteile/schmid/" "Mozilla/5.0 (Linux; Android 6.0.1; Nexus 5X Build/MMB29P) AppleWebKit/537.36 (KHTML, like Gecko) Chrome/151.0.7922.71 Mobile Safari/537.36 (compatible; Google-InspectionTool/1.0)" PHP-Handler:- Remoteport(vom Nginx):9410
172.71.166.13 - - [10/Aug/2026:09:34:08 +0200] "GET /s/tages/ HTTP/1.1" 404 1242 "-" "Mozilla/5.0 (Linux; Android 6.0.1; Nexus 5X Build/MMB29P) AppleWebKit/537.36 (KHTML, like Gecko) Chrome/150.0.7871.186 Mobile Safari/537.36 (compatible; Googlebot/2.1; +http://www.google.com/bot.html)" PHP-Handler:- Remoteport(vom Nginx):9700
172.70.240.113 - - [10/Aug/2026:09:34:18 +0200] "POST /?wc-ajax=ppc-simulate-cart HTTP/1.1" 200 4015 "https://www.ofenbernd.de/p/spartherm-varia-1v-1vh-h2o-xl-a1-wandsatz-wandsteine/" "Mozilla/5.0 (Windows NT 6.1; Win64; x64; rv:109.0) Gecko/20100101 Firefox/115.0" PHP-Handler: Remoteport(vom Nginx):36008
172.70.34.42 - - [10/Aug/2026:09:34:19 +0200] "GET /feed/ HTTP/1.1" 404 1242 "-" "Mozilla/5.0 (Windows NT 6.3; WOW64; rv:33.0) Gecko/20100101 Firefox/33.0" PHP-Handler:- Remoteport(vom Nginx):36036
162.158.216.152 - - [10/Aug/2026:09:34:21 +0200] "GET /wp-content/plugins/xujvviwfuz/sangkot.php?p=%2Fvar%2Fwww%2Fvhosts%2Fh193310.web236.dogado.net%2Fhttpdocs HTTP/1.1" 200 14655 "-" "Mozilla/5.0 (Windows NT 10.0; Win64; x64) AppleWebKit/537.36 (KHTML, like Gecko) Chrome/149.0.0.0 Safari/537.36" PHP-Handler:plesk-php84-fpm Remoteport(vom Nginx):6328
172.69.64.181 - - [10/Aug/2026:09:34:25 +0200] "GET /designs/74165272/canvas/1/product_images HTTP/1.1" 404 1242 "https://www.ofenbernd.de/s/tolima-powersystem/" "Mozilla/5.0 (X11; Linux x86_64) AppleWebKit/537.36 (KHTML, like Gecko) Chrome/151.0.7922.71 Safari/537.36 (compatible; Google-InspectionTool/1.0)" PHP-Handler:- Remoteport(vom Nginx):6422
162.159.104.104 - - [10/Aug/2026:09:34:25 +0200] "GET /designs/74165272/canvas/1/product_images HTTP/1.1" 404 1242 "https://www.ofenbernd.de/s/tolima-powersystem/" "Mozilla/5.0 (Linux; Android 6.0.1; Nexus 5X Build/MMB29P) AppleWebKit/537.36 (KHTML, like Gecko) Chrome/151.0.7922.71 Mobile Safari/537.36 (compatible; Google-InspectionTool/1.0)" PHP-Handler:- Remoteport(vom Nginx):6434
162.158.216.152 - - [10/Aug/2026:09:34:26 +0200] "POST /wp-content/plugins/xujvviwfuz/sangkot.php?a=new-dir&p=%2Fvar%2Fwww%2Fvhosts%2Fh193310.web236.dogado.net%2Fhttpdocs HTTP/1.1" 302 652 "-" "Mozilla/5.0 (Windows NT 10.0; Win64; x64) AppleWebKit/537.36 (KHTML, like Gecko) Chrome/149.0.0.0 Safari/537.36" PHP-Handler:plesk-php84-fpm Remoteport(vom Nginx):6450
162.158.216.152 - - [10/Aug/2026:09:34:26 +0200] "GET /wp-content/plugins/xujvviwfuz/sangkot.php?p=%2Fvar%2Fwww%2Fvhosts%2Fh193310.web236.dogado.net%2Fhttpdocs HTTP/1.1" 200 14806 "-" "Mozilla/5.0 (Windows NT 10.0; Win64; x64) AppleWebKit/537.36 (KHTML, like Gecko) Chrome/149.0.0.0 Safari/537.36" PHP-Handler:plesk-php84-fpm Remoteport(vom Nginx):6472
162.158.216.152 - - [10/Aug/2026:09:34:29 +0200] "GET /wp-content/plugins/xujvviwfuz/sangkot.php?p=%2Fvar%2Fwww%2Fvhosts%2Fh193310.web236.dogado.net%2Fhttpdocs%2Fp HTTP/1.1" 200 9217 "-" "Mozilla/5.0 (Windows NT 10.0; Win64; x64) AppleWebKit/537.36 (KHTML, like Gecko) Chrome/149.0.0.0 Safari/537.36" PHP-Handler:plesk-php84-fpm Remoteport(vom Nginx):7792
162.158.216.152 - - [10/Aug/2026:09:34:33 +0200] "POST /wp-content/plugins/xujvviwfuz/sangkot.php?a=new-dir&p=%2Fvar%2Fwww%2Fvhosts%2Fh193310.web236.dogado.net%2Fhttpdocs%2Fp HTTP/1.1" 302 656 "-" "Mozilla/5.0 (Windows NT 10.0; Win64; x64) AppleWebKit/537.36 (KHTML, like Gecko) Chrome/149.0.0.0 Safari/537.36" PHP-Handler:plesk-php84-fpm Remoteport(vom Nginx):58054
162.158.216.152 - - [10/Aug/2026:09:34:33 +0200] "GET /wp-content/plugins/xujvviwfuz/sangkot.php?p=%2Fvar%2Fwww%2Fvhosts%2Fh193310.web236.dogado.net%2Fhttpdocs%2Fp HTTP/1.1" 200 10034 "-" "Mozilla/5.0 (Windows NT 10.0; Win64; x64) AppleWebKit/537.36 (KHTML, like Gecko) Chrome/149.0.0.0 Safari/537.36" PHP-Handler:plesk-php84-fpm Remoteport(vom Nginx):58096
162.158.216.152 - - [10/Aug/2026:09:34:35 +0200] "GET /wp-content/plugins/xujvviwfuz/sangkot.php?p=%2Fvar%2Fwww%2Fvhosts%2Fh193310.web236.dogado.net%2Fhttpdocs%2Fp%2Fschmid-ju9-rueckwandstein HTTP/1.1" 200 9264 "-" "Mozilla/5.0 (Windows NT 10.0; Win64; x64) AppleWebKit/537.36 (KHTML, like Gecko) Chrome/149.0.0.0 Safari/537.36" PHP-Handler:plesk-php84-fpm Remoteport(vom Nginx):58244
172.70.255.215 - - [10/Aug/2026:09:34:39 +0200] "GET /s/keramik/ HTTP/1.1" 404 1242 "-" "Mozilla/5.0 (Windows NT 6.1; Win64; x64) AppleWebKit/537.36 (KHTML, like Gecko) Chrome/78.0.3904.108 Safari/537.36" PHP-Handler:- Remoteport(vom Nginx):58518
162.158.216.152 - - [10/Aug/2026:09:34:39 +0200] "POST /wp-content/plugins/xujvviwfuz/sangkot.php?a=new-file&p=%2Fvar%2Fwww%2Fvhosts%2Fh193310.web236.dogado.net%2Fhttpdocs%2Fp%2Fschmid-ju9-rueckwandstein HTTP/1.1" 302 684 "-" "Mozilla/5.0 (Windows NT 10.0; Win64; x64) AppleWebKit/537.36 (KHTML, like Gecko) Chrome/149.0.0.0 Safari/537.36" PHP-Handler:plesk-php84-fpm Remoteport(vom Nginx):58482
162.158.216.152 - - [10/Aug/2026:09:34:40 +0200] "GET /wp-content/plugins/xujvviwfuz/sangkot.php?p=%2Fvar%2Fwww%2Fvhosts%2Fh193310.web236.dogado.net%2Fhttpdocs%2Fp%2Fschmid-ju9-rueckwandstein HTTP/1.1" 200 10020 "-" "Mozilla/5.0 (Windows NT 10.0; Win64; x64) AppleWebKit/537.36 (KHTML, like Gecko) Chrome/149.0.0.0 Safari/537.36" PHP-Handler:plesk-php84-fpm Remoteport(vom Nginx):58558
172.71.135.29 - - [10/Aug/2026:09:34:40 +0200] "GET /s/boden/ HTTP/1.1" 404 1242 "-" "Mozilla/5.0 (compatible; Barkrowler/0.9; +https://babbar.tech/crawler)" PHP-Handler:- Remoteport(vom Nginx):58588
162.158.216.152 - - [10/Aug/2026:09:34:41 +0200] "GET /p/schmid-ju9-rueckwandstein/ HTTP/1.1" 200 62747 "-" "Mozilla/5.0 (Windows NT 10.0; Win64; x64) AppleWebKit/537.36 (KHTML, like Gecko) Chrome/149.0.0.0 Safari/537.36" PHP-Handler: Remoteport(vom Nginx):16526
162.158.216.152 - - [10/Aug/2026:09:34:42 +0200] "GET /designs/74165272/canvas/1/product_images HTTP/1.1" 404 1242 "https://www.ofenbernd.de/p/schmid-ju9-rueckwandstein/" "Mozilla/5.0 (Windows NT 10.0; Win64; x64) AppleWebKit/537.36 (KHTML, like Gecko) Chrome/149.0.0.0 Safari/537.36" PHP-Handler:- Remoteport(vom Nginx):16726
104.23.172.39 - - [10/Aug/2026:09:34:44 +0200] "GET / HTTP/1.1" 200 4041 "https://www.google.com/" "Mozilla/5.0 (Windows NT 10.0; Win64; x64) AppleWebKit/537.36 (KHTML, like Gecko) Chrome/151.0.0.0 Safari/537.36" PHP-Handler: Remoteport(vom Nginx):17054
172.69.64.181 - - [10/Aug/2026:09:34:49 +0200] "GET /designs/74165272/canvas/1/product_images HTTP/1.1" 404 1242 "https://www.ofenbernd.de/k/ofen-ersatzteile/schmid/" "Mozilla/5.0 (Linux; Android 6.0.1; Nexus 5X Build/MMB29P) AppleWebKit/537.36 (KHTML, like Gecko) Chrome/151.0.7922.71 Mobile Safari/537.36 (compatible; Google-InspectionTool/1.0)" PHP-Handler:- Remoteport(vom Nginx):17758
162.159.104.104 - - [10/Aug/2026:09:34:49 +0200] "GET /designs/74165272/canvas/1/product_images HTTP/1.1" 404 1242 "https://www.ofenbernd.de/k/ofen-ersatzteile/schmid/" "Mozilla/5.0 (X11; Linux x86_64) AppleWebKit/537.36 (KHTML, like Gecko) Chrome/151.0.7922.71 Safari/537.36 (compatible; Google-InspectionTool/1.0)" PHP-Handler:- Remoteport(vom Nginx):17772
104.23.251.141 - - [10/Aug/2026:09:35:11 +0200] "GET /k/steine/page/5/?orderby=price-desc HTTP/1.1" 404 1242 "-" "Mozilla/5.0 (Windows NT 10.0; Win64; x64) AppleWebKit/537.36 (KHTML, like Gecko) Chrome/148.0.0.0 Safari/537.36" PHP-Handler:- Remoteport(vom Nginx):35510
172.71.144.132 - - [10/Aug/2026:09:35:12 +0200] "GET /error_docs/styles.css HTTP/1.1" 200 1455 "https://www.ofenbernd.de/k/steine/page/5/?orderby=price-desc" "Mozilla/5.0 (Windows NT 10.0; Win64; x64) AppleWebKit/537.36 (KHTML, like Gecko) Chrome/148.0.0.0 Safari/537.36" PHP-Handler:- Remoteport(vom Nginx):35606
172.68.26.121 - - [10/Aug/2026:09:35:28 +0200] "GET /p/schmid-sd-6-f-seitenstein-45-x-190-x-375-pos-6-67-2080-1259/ HTTP/1.1" 404 1242 "-" "Mozilla/5.0 (Linux; Android 6.0.1; Nexus 5X Build/MMB29P) AppleWebKit/537.36 (KHTML, like Gecko) Chrome/150.0.7871.186 Mobile Safari/537.36 (compatible; Googlebot/2.1; +http://www.google.com/bot.html)" PHP-Handler:- Remoteport(vom Nginx):39570
141.101.76.94 - - [10/Aug/2026:09:35:41 +0200] "GET /s/justus-sylt/ HTTP/1.1" 404 1242 "-" "Mozilla/5.0 (Windows NT 10.0; WOW64) AppleWebKit/537.36 (KHTML, like Gecko) Chrome/48.0.2564.116 Safari/537.36" PHP-Handler:- Remoteport(vom Nginx):28922
172.70.240.113 - - [10/Aug/2026:09:35:44 +0200] "GET /s/wodtke-hot-box-2000-ersatzteile/?orderby=popularity HTTP/1.1" 404 1242 "-" "Mozilla/5.0 (Macintosh; Intel Mac OS X 10_15_7) AppleWebKit/537.36 (KHTML, like Gecko) Chrome/94.0.4606.114 Safari/537.36" PHP-Handler:- Remoteport(vom Nginx):29348
162.158.175.117 - - [10/Aug/2026:09:35:46 +0200] "GET /s/tolima-powersystem/ HTTP/1.1" 200 64256 "-" "Mozilla/5.0 (compatible; Google-InspectionTool/1.0)" PHP-Handler: Remoteport(vom Nginx):29572
162.158.175.117 - - [10/Aug/2026:09:35:47 +0200] "GET /designs/74165272/canvas/1/product_images HTTP/1.1" 404 1242 "https://www.ofenbernd.de/s/tolima-powersystem/" "Mozilla/5.0 (Linux; Android 6.0.1; Nexus 5X Build/MMB29P) AppleWebKit/537.36 (KHTML, like Gecko) Chrome/151.0.7922.71 Mobile Safari/537.36 (compatible; Google-InspectionTool/1.0)" PHP-Handler:- Remoteport(vom Nginx):29598
162.158.175.117 - - [10/Aug/2026:09:35:47 +0200] "GET /designs/74165272/canvas/1/product_images HTTP/1.1" 404 1242 "https://www.ofenbernd.de/s/tolima-powersystem/" "Mozilla/5.0 (X11; Linux x86_64) AppleWebKit/537.36 (KHTML, like Gecko) Chrome/151.0.7922.71 Safari/537.36 (compatible; Google-InspectionTool/1.0)" PHP-Handler:- Remoteport(vom Nginx):29612
172.70.240.113 - - [10/Aug/2026:09:35:48 +0200] "POST /?wc-ajax=ppc-simulate-cart HTTP/1.1" 200 4041 "https://www.ofenbernd.de/p/spartherm-varia-1v-1vh-h2o-xl-a1-wandsatz-wandsteine/" "Mozilla/5.0 (Windows NT 6.1; Win64; x64; rv:109.0) Gecko/20100101 Firefox/115.0" PHP-Handler: Remoteport(vom Nginx):29688
172.69.150.177 - - [10/Aug/2026:09:35:49 +0200] "GET /s/olsberg-creation-6-seitenstein-rechts/?orderby=date HTTP/1.1" 404 1242 "-" "Mozilla/5.0 (Windows NT 6.1; Win64; x64) AppleWebKit/537.36 (KHTML, like Gecko) Chrome/83.0.4103.116 Safari/537.36" PHP-Handler:- Remoteport(vom Nginx):29706
104.23.175.94 - - [10/Aug/2026:09:36:06 +0200] "GET /s/h2o-xl-xxl/ HTTP/1.1" 404 1242 "https://www.google.com/" "Mozilla/5.0 (Windows NT 10.0; Win64; x64) AppleWebKit/537.36 (KHTML, like Gecko) Chrome/151.0.0.0 Safari/537.36" PHP-Handler:- Remoteport(vom Nginx):21954
172.71.172.159 - - [10/Aug/2026:09:36:07 +0200] "GET /error_docs/server.svg HTTP/1.1" 200 7849 "https://www.ofenbernd.de/error_docs/styles.css" "Mozilla/5.0 (Windows NT 10.0; Win64; x64) AppleWebKit/537.36 (KHTML, like Gecko) Chrome/151.0.0.0 Safari/537.36" PHP-Handler:- Remoteport(vom Nginx):22010
104.23.175.94 - - [10/Aug/2026:09:36:15 +0200] "GET /k/steine/page/12/ HTTP/1.1" 404 1242 "https://www.google.com/" "Mozilla/5.0 (Windows NT 10.0; Win64; x64) AppleWebKit/537.36 (KHTML, like Gecko) Chrome/151.0.0.0 Safari/537.36" PHP-Handler:- Remoteport(vom Nginx):25322
198.41.227.32 - - [10/Aug/2026:09:36:16 +0200] "GET /p/schmid-sh-9-g-hb-10-rueckwand-guss-pos-10-67-2010-1203/ HTTP/1.1" 404 1242 "-" "Mozilla/5.0 (Linux; Android 6.0.1; Nexus 5X Build/MMB29P) AppleWebKit/537.36 (KHTML, like Gecko) Chrome/150.0.7871.186 Mobile Safari/537.36 (compatible; Googlebot/2.1; +http://www.google.com/bot.html)" PHP-Handler:- Remoteport(vom Nginx):25374
104.23.175.94 - - [10/Aug/2026:09:36:22 +0200] "GET /k/steine/page/9/ HTTP/1.1" 404 1242 "https://www.google.com/" "Mozilla/5.0 (Windows NT 10.0; Win64; x64) AppleWebKit/537.36 (KHTML, like Gecko) Chrome/151.0.0.0 Safari/537.36" PHP-Handler:- Remoteport(vom Nginx):26650
172.68.130.150 - - [10/Aug/2026:09:36:24 +0200] "GET /s/hoher-brennraum/?orderby=rating HTTP/1.1" 404 1242 "-" "Mozilla/5.0 (Macintosh; Intel Mac OS X 10_15_2) AppleWebKit/537.36 (KHTML, like Gecko) Chrome/79.0.3945.79 Safari/537.36" PHP-Handler:- Remoteport(vom Nginx):26768
104.23.175.94 - - [10/Aug/2026:09:36:27 +0200] "GET /k/steine/page/9/ HTTP/1.1" 404 1242 "https://www.google.com/" "Mozilla/5.0 (Windows NT 10.0; Win64; x64) AppleWebKit/537.36 (KHTML, like Gecko) Chrome/151.0.0.0 Safari/537.36" PHP-Handler:- Remoteport(vom Nginx):26824
172.69.151.205 - - [10/Aug/2026:09:36:35 +0200] "GET /wp-content/uploads/2023/04/no-picture.png.webp HTTP/1.1" 200 423 "-" "Mozilla/5.0 (compatible; crawler)" PHP-Handler: Remoteport(vom Nginx):59210
104.23.175.94 - - [10/Aug/2026:09:36:39 +0200] "GET /p/schmid-ju9-rostabdeckung/ HTTP/1.1" 404 1242 "https://www.google.com/" "Mozilla/5.0 (Windows NT 10.0; Win64; x64) AppleWebKit/537.36 (KHTML, like Gecko) Chrome/151.0.0.0 Safari/537.36" PHP-Handler:- Remoteport(vom Nginx):59760
162.158.175.117 - - [10/Aug/2026:09:36:41 +0200] "GET /s/schmid/page/8/?loknya=/ HTTP/1.1" 404 1242 "-" "Mozilla/5.0 (Linux; Android 6.0.1; Nexus 5X Build/MMB29P) AppleWebKit/537.36 (KHTML, like Gecko) Chrome/150.0.7871.186 Mobile Safari/537.36 (compatible; GoogleOther)" PHP-Handler:- Remoteport(vom Nginx):59918
104.23.175.94 - - [10/Aug/2026:09:36:45 +0200] "GET /k/kaminbausatze/oranier-kaminbausaetze/ HTTP/1.1" 200 62743 "https://www.google.com/" "Mozilla/5.0 (Windows NT 10.0; Win64; x64) AppleWebKit/537.36 (KHTML, like Gecko) Chrome/151.0.0.0 Safari/537.36" PHP-Handler: Remoteport(vom Nginx):11044
104.23.175.94 - - [10/Aug/2026:09:36:46 +0200] "GET /designs/74165272/canvas/1/product_images HTTP/1.1" 404 1242 "https://www.ofenbernd.de/k/kaminbausatze/oranier-kaminbausaetze/" "Mozilla/5.0 (Windows NT 10.0; Win64; x64) AppleWebKit/537.36 (KHTML, like Gecko) Chrome/151.0.0.0 Safari/537.36" PHP-Handler:- Remoteport(vom Nginx):11084
104.23.175.94 - - [10/Aug/2026:09:36:49 +0200] "GET /s/sekundaerbelueftung-gross-gussrueckwand/ HTTP/1.1" 200 62765 "https://www.google.com/" "Mozilla/5.0 (Windows NT 10.0; Win64; x64) AppleWebKit/537.36 (KHTML, like Gecko) Chrome/151.0.0.0 Safari/537.36" PHP-Handler: Remoteport(vom Nginx):11506
104.23.175.94 - - [10/Aug/2026:09:36:49 +0200] "GET /designs/74165272/canvas/1/product_images HTTP/1.1" 404 1242 "https://www.ofenbernd.de/s/sekundaerbelueftung-gross-gussrueckwand/" "Mozilla/5.0 (Windows NT 10.0; Win64; x64) AppleWebKit/537.36 (KHTML, like Gecko) Chrome/151.0.0.0 Safari/537.36" PHP-Handler:- Remoteport(vom Nginx):11536
104.23.175.94 - - [10/Aug/2026:09:36:51 +0200] "GET /s/satz-bodensteine-vermiculite/ HTTP/1.1" 200 62735 "https://www.google.com/" "Mozilla/5.0 (Windows NT 10.0; Win64; x64) AppleWebKit/537.36 (KHTML, like Gecko) Chrome/151.0.0.0 Safari/537.36" PHP-Handler: Remoteport(vom Nginx):11624
104.23.175.94 - - [10/Aug/2026:09:36:51 +0200] "GET /s/satz-bodensteine-vermiculite/ HTTP/1.1" 200 62735 "https://www.google.com/" "Mozilla/5.0 (Windows NT 10.0; Win64; x64) AppleWebKit/537.36 (KHTML, like Gecko) Chrome/151.0.0.0 Safari/537.36" PHP-Handler: Remoteport(vom Nginx):46690
104.23.175.94 - - [10/Aug/2026:09:36:52 +0200] "GET /designs/74165272/canvas/1/product_images HTTP/1.1" 404 1242 "https://www.ofenbernd.de/s/satz-bodensteine-vermiculite/" "Mozilla/5.0 (Windows NT 10.0; Win64; x64) AppleWebKit/537.36 (KHTML, like Gecko) Chrome/151.0.0.0 Safari/537.36" PHP-Handler:- Remoteport(vom Nginx):46718
172.68.151.90 - - [10/Aug/2026:09:36:53 +0200] "GET /s/olsberg-profi-7-12-plus-rueckwand/?orderby=date HTTP/1.1" 404 1242 "-" "Mozilla/5.0 (Macintosh; Intel Mac OS X 10_15_6) AppleWebKit/537.36 (KHTML, like Gecko) Brave Chrome/86.0.4240.183 Safari/537.36" PHP-Handler:- Remoteport(vom Nginx):46874
104.23.175.94 - - [10/Aug/2026:09:36:55 +0200] "GET /s/tecapa-ii-compact/ HTTP/1.1" 200 62704 "https://www.google.com/" "Mozilla/5.0 (Windows NT 10.0; Win64; x64) AppleWebKit/537.36 (KHTML, like Gecko) Chrome/151.0.0.0 Safari/537.36" PHP-Handler: Remoteport(vom Nginx):46970
104.23.175.94 - - [10/Aug/2026:09:36:55 +0200] "GET /designs/74165272/canvas/1/product_images HTTP/1.1" 404 1242 "https://www.ofenbernd.de/s/tecapa-ii-compact/" "Mozilla/5.0 (Windows NT 10.0; Win64; x64) AppleWebKit/537.36 (KHTML, like Gecko) Chrome/151.0.0.0 Safari/537.36" PHP-Handler:- Remoteport(vom Nginx):47000
104.23.175.94 - - [10/Aug/2026:09:36:58 +0200] "GET /s/wodtke-club-9/ HTTP/1.1" 404 1242 "https://www.google.com/" "Mozilla/5.0 (Windows NT 10.0; Win64; x64) AppleWebKit/537.36 (KHTML, like Gecko) Chrome/151.0.0.0 Safari/537.36" PHP-Handler:- Remoteport(vom Nginx):47104
104.23.175.94 - - [10/Aug/2026:09:37:03 +0200] "GET /s/olsberg-golaya-ersatzteile/ HTTP/1.1" 404 1242 "https://www.google.com/" "Mozilla/5.0 (Windows NT 10.0; Win64; x64) AppleWebKit/537.36 (KHTML, like Gecko) Chrome/151.0.0.0 Safari/537.36" PHP-Handler:- Remoteport(vom Nginx):51138
104.23.237.93 - - [10/Aug/2026:09:37:14 +0200] "GET /s/4647-tuerdichtung/?orderby=date HTTP/1.1" 404 1242 "-" "Mozilla/5.0 (Macintosh; Intel Mac OS X 10_13_6) AppleWebKit/537.36 (KHTML, like Gecko) Chrome/80.0.3987.149 Safari/537.36" PHP-Handler:- Remoteport(vom Nginx):43130
162.158.195.163 - - [10/Aug/2026:09:37:19 +0200] "GET /s/rueckwandstein/?orderby=price HTTP/1.1" 404 1242 "-" "Mozilla/5.0 (Macintosh; Intel Mac OS X 10_15_6) AppleWebKit/537.36 (KHTML, like Gecko) Chrome/87.0.4280.88 Safari/537.36" PHP-Handler:- Remoteport(vom Nginx):43392
172.70.240.112 - - [10/Aug/2026:09:37:19 +0200] "POST /?wc-ajax=ppc-simulate-cart HTTP/1.1" 200 4040 "https://www.ofenbernd.de/p/spartherm-varia-1v-1vh-h2o-xl-a1-wandsatz-wandsteine/" "Mozilla/5.0 (Windows NT 6.1; Win64; x64; rv:109.0) Gecko/20100101 Firefox/115.0" PHP-Handler: Remoteport(vom Nginx):43408
104.23.229.80 - - [10/Aug/2026:09:37:48 +0200] "GET /s/schmid-sd-6-f-bodenstein-hinten/?orderby=price HTTP/1.1" 404 1242 "-" "Mozilla/5.0 (Windows NT 10.0; Win64; x64) AppleWebKit/537.36 (KHTML, like Gecko) Chrome/108.0.0.0 Safari/537.36" PHP-Handler:- Remoteport(vom Nginx):44042
104.23.175.94 - - [10/Aug/2026:09:37:56 +0200] "GET /wp-content/plugins/xujvviwfuz/sayangadek.php?p=%2Fvar%2Fwww%2Fvhosts%2Fh193310.web236.dogado.net%2Fhttpdocs%2Fs HTTP/1.1" 200 12056 "-" "Mozilla/5.0 (Windows NT 10.0; Win64; x64) AppleWebKit/537.36 (KHTML, like Gecko) Chrome/151.0.0.0 Safari/537.36" PHP-Handler:plesk-php84-fpm Remoteport(vom Nginx):33860
104.23.254.144 - - [10/Aug/2026:09:37:56 +0200] "GET /?loknya=/ HTTP/1.1" 200 2325 "-" "Mozilla/5.0 (iPhone; CPU iPhone OS 13_2_3 like Mac OS X) AppleWebKit/605.1.15 (KHTML, like Gecko) Version/13.0.3 Mobile/15E148 Safari/604.1" PHP-Handler: Remoteport(vom Nginx):33894
104.23.175.94 - - [10/Aug/2026:09:38:04 +0200] "POST /wp-content/plugins/xujvviwfuz/sayangadek.php?a=new-dir&p=%2Fvar%2Fwww%2Fvhosts%2Fh193310.web236.dogado.net%2Fhttpdocs%2Fs HTTP/1.1" 302 656 "-" "Mozilla/5.0 (Windows NT 10.0; Win64; x64) AppleWebKit/537.36 (KHTML, like Gecko) Chrome/151.0.0.0 Safari/537.36" PHP-Handler:plesk-php84-fpm Remoteport(vom Nginx):50700
104.23.175.94 - - [10/Aug/2026:09:38:04 +0200] "GET /wp-content/plugins/xujvviwfuz/sayangadek.php?p=%2Fvar%2Fwww%2Fvhosts%2Fh193310.web236.dogado.net%2Fhttpdocs%2Fs HTTP/1.1" 200 12234 "-" "Mozilla/5.0 (Windows NT 10.0; Win64; x64) AppleWebKit/537.36 (KHTML, like Gecko) Chrome/151.0.0.0 Safari/537.36" PHP-Handler:plesk-php84-fpm Remoteport(vom Nginx):50728
