172.71.172.22 - - [10/Aug/2026:04:45:59 +0200] "GET /s/camina-s9-maxi/ HTTP/1.1" 200 37733 "-" "WP Rocket/Preload Mozilla/5.0 (iPhone; CPU iPhone OS 9_1 like Mac OS X) AppleWebKit/601.1.46 (KHTML, like Gecko) Version/9.0 Mobile/13B143 Safari/601.1" PHP-Handler:plesk-php84-fpm Remoteport(vom Nginx):32918
104.23.239.69 - - [10/Aug/2026:04:46:00 +0200] "GET /s/change-kristall/ HTTP/1.1" 200 51495 "-" "WP Rocket/Preload" PHP-Handler:plesk-php84-fpm Remoteport(vom Nginx):33008
104.23.239.69 - - [10/Aug/2026:04:46:02 +0200] "GET /s/change-kristall/ HTTP/1.1" 200 38672 "-" "WP Rocket/Preload Mozilla/5.0 (iPhone; CPU iPhone OS 9_1 like Mac OS X) AppleWebKit/601.1.46 (KHTML, like Gecko) Version/9.0 Mobile/13B143 Safari/601.1" PHP-Handler:plesk-php84-fpm Remoteport(vom Nginx):57664
172.71.172.22 - - [10/Aug/2026:04:46:03 +0200] "GET /s/dexter-2-0/ HTTP/1.1" 200 48612 "-" "WP Rocket/Preload" PHP-Handler:plesk-php84-fpm Remoteport(vom Nginx):57686
162.158.175.118 - - [10/Aug/2026:04:46:05 +0200] "GET /p/oranier-apollo-8141-rueckwand-rueckwandstein-rueckwandplatte-hinten/feed/ HTTP/1.1" 200 1118 "-" "Mozilla/5.0 (Linux; Android 6.0.1; Nexus 5X Build/MMB29P) AppleWebKit/537.36 (KHTML, like Gecko) Chrome/150.0.7871.186 Mobile Safari/537.36 (compatible; Googlebot/2.1; +http://www.google.com/bot.html)" PHP-Handler:plesk-php84-fpm Remoteport(vom Nginx):57784
172.70.247.163 - - [10/Aug/2026:04:46:05 +0200] "GET /s/dexter-2-0/ HTTP/1.1" 200 35924 "-" "WP Rocket/Preload Mozilla/5.0 (iPhone; CPU iPhone OS 9_1 like Mac OS X) AppleWebKit/601.1.46 (KHTML, like Gecko) Version/9.0 Mobile/13B143 Safari/601.1" PHP-Handler:plesk-php84-fpm Remoteport(vom Nginx):57778
172.71.144.145 - - [10/Aug/2026:04:46:06 +0200] "GET /s/clio-5/ HTTP/1.1" 200 50245 "-" "WP Rocket/Preload" PHP-Handler:plesk-php84-fpm Remoteport(vom Nginx):57898
108.162.227.18 - - [10/Aug/2026:04:46:07 +0200] "GET /s/speicherofen/?orderby=price-desc HTTP/1.1" 200 23724 "https://www.ofenbernd.de/s/speicherofen?orderby=price" "Mozilla/5.0 (Linux; Android 7.0;) AppleWebKit/537.36 (HTML, like Gecko) Mobile Safari/537.36 (compatible; PetalBot;+https://webmaster.petalsearch.com/site/petalbot)" PHP-Handler:plesk-php84-fpm Remoteport(vom Nginx):57952
172.71.148.64 - - [10/Aug/2026:04:46:08 +0200] "GET /s/clio-5/ HTTP/1.1" 200 37580 "-" "WP Rocket/Preload Mozilla/5.0 (iPhone; CPU iPhone OS 9_1 like Mac OS X) AppleWebKit/601.1.46 (KHTML, like Gecko) Version/9.0 Mobile/13B143 Safari/601.1" PHP-Handler:plesk-php84-fpm Remoteport(vom Nginx):57966
162.159.106.79 - - [10/Aug/2026:04:46:15 +0200] "GET /p/oranier-clio-5-umlenkstein-umlenkung-ersatzteile/ HTTP/1.1" 200 47014 "-" "Mozilla/5.0 (Linux; Android 6.0.1; Nexus 5X Build/MMB29P) AppleWebKit/537.36 (KHTML, like Gecko) Chrome/150.0.7871.186 Mobile Safari/537.36 (compatible; Googlebot/2.1; +http://www.google.com/bot.html)" PHP-Handler:plesk-php84-fpm Remoteport(vom Nginx):14132
162.159.106.79 - - [10/Aug/2026:04:46:23 +0200] "GET /p/oranier-troll-6-4625-tuergriff-chrom-2900731000/ HTTP/1.1" 200 60898 "-" "Mozilla/5.0 (compatible; Googlebot/2.1; +http://www.google.com/bot.html)" PHP-Handler:plesk-php84-fpm Remoteport(vom Nginx):49010
172.71.144.145 - - [10/Aug/2026:04:46:30 +0200] "POST /wp-cron.php?doing_wp_cron=1786329990.3823020458221435546875 HTTP/1.1" 200 461 "-" "4fKicoQ8Dt1F" PHP-Handler:plesk-php84-fpm Remoteport(vom Nginx):49254
162.159.106.79 - - [10/Aug/2026:04:46:27 +0200] "GET /s/fireplace-samba-eckkaminofen/?orderby=price HTTP/1.1" 200 22952 "-" "Mozilla/5.0 (Linux; Android 6.0.1; Nexus 5X Build/MMB29P) AppleWebKit/537.36 (KHTML, like Gecko) Chrome/150.0.7871.186 Mobile Safari/537.36 (compatible; GoogleOther)" PHP-Handler:plesk-php84-fpm Remoteport(vom Nginx):49154
108.162.238.132 - - [10/Aug/2026:04:46:35 +0200] "GET /k/ofen-ersatzteile/oranier/polar/polar-6-4656-eck-serie-2-ersatzteile/ HTTP/1.1" 200 53737 "-" "Mozilla/5.0 (Windows NT 10.0; Win64; x64) AppleWebKit/537.36 (KHTML, like Gecko) Chrome/145.0.0.0 Safari/537.36 (compatible; meta-webindexer/1.1 (+https://developers.facebook.com/docs/sharing/webmasters/crawler))" PHP-Handler:plesk-php84-fpm Remoteport(vom Nginx):12360
172.71.144.161 - - [10/Aug/2026:04:46:36 +0200] "GET /wp-content/cache/background-css/1/www.ofenbernd.de/wp-content/cache/min/1/wp-content/plugins/customer-reviews-woocommerce/css/frontend.css?ver=1786314715&wpr_t=1786326857 HTTP/1.1" 200 661 "https://www.ofenbernd.de/k/ofen-ersatzteile/oranier/polar/polar-6-4656-eck-serie-2-ersatzteile/" "Mozilla/5.0 (Windows NT 10.0; Win64; x64) AppleWebKit/537.36 (KHTML, like Gecko) Chrome/145.0.0.0 Safari/537.36 (compatible; meta-webindexer/1.1 (+https://developers.facebook.com/docs/sharing/webmasters/crawler))" PHP-Handler: Remoteport(vom Nginx):12404
172.71.144.145 - - [10/Aug/2026:04:46:36 +0200] "GET /wp-content/cache/background-css/1/www.ofenbernd.de/wp-content/cache/min/1/wp-content/plugins/woocommerce/assets/css/woocommerce.css?ver=1786314715&wpr_t=1786326857 HTTP/1.1" 200 654 "https://www.ofenbernd.de/k/ofen-ersatzteile/oranier/polar/polar-6-4656-eck-serie-2-ersatzteile/" "Mozilla/5.0 (Windows NT 10.0; Win64; x64) AppleWebKit/537.36 (KHTML, like Gecko) Chrome/145.0.0.0 Safari/537.36 (compatible; meta-webindexer/1.1 (+https://developers.facebook.com/docs/sharing/webmasters/crawler))" PHP-Handler: Remoteport(vom Nginx):12422
172.71.144.30 - - [10/Aug/2026:04:46:37 +0200] "GET /wp-content/cache/background-css/1/www.ofenbernd.de/wp-content/cache/min/1/wp-content/plugins/customer-reviews-woocommerce/css/badges.css?ver=1786314715&wpr_t=1786326857 HTTP/1.1" 200 659 "https://www.ofenbernd.de/k/ofen-ersatzteile/oranier/polar/polar-6-4656-eck-serie-2-ersatzteile/" "Mozilla/5.0 (Windows NT 10.0; Win64; x64) AppleWebKit/537.36 (KHTML, like Gecko) Chrome/145.0.0.0 Safari/537.36 (compatible; meta-webindexer/1.1 (+https://developers.facebook.com/docs/sharing/webmasters/crawler))" PHP-Handler: Remoteport(vom Nginx):12444
172.71.164.182 - - [10/Aug/2026:04:46:37 +0200] "GET /wp-content/uploads/2015/03/oranier_polar_eck_6_4654-6_serie_1_ersatzteile_schamott_schamotte_schamottsteine_6-400x400.jpg.webp HTTP/1.1" 200 628 "https://www.ofenbernd.de/k/ofen-ersatzteile/oranier/polar/polar-6-4656-eck-serie-2-ersatzteile/" "Mozilla/5.0 (Windows NT 10.0; Win64; x64) AppleWebKit/537.36 (KHTML, like Gecko) Chrome/145.0.0.0 Safari/537.36 (compatible; meta-webindexer/1.1 (+https://developers.facebook.com/docs/sharing/webmasters/crawler))" PHP-Handler: Remoteport(vom Nginx):12466
162.159.106.79 - - [10/Aug/2026:04:46:35 +0200] "POST /?wc-ajax=get_refreshed_fragments HTTP/1.1" 200 954 "https://www.ofenbernd.de/s/fireplace-samba-eckkaminofen/?orderby=price" "Mozilla/5.0 (Linux; Android 6.0.1; Nexus 5X Build/MMB29P) AppleWebKit/537.36 (KHTML, like Gecko) Chrome/150.0.7871.186 Mobile Safari/537.36 (compatible; GoogleOther)" PHP-Handler: Remoteport(vom Nginx):12332
104.22.100.173 - - [10/Aug/2026:04:46:38 +0200] "POST /?wc-ajax=get_refreshed_fragments HTTP/1.1" 200 954 "https://www.ofenbernd.de/k/ofen-ersatzteile/oranier/polar/polar-6-4656-eck-serie-2-ersatzteile/" "Mozilla/5.0 (Windows NT 10.0; Win64; x64) AppleWebKit/537.36 (KHTML, like Gecko) Chrome/145.0.0.0 Safari/537.36 (compatible; meta-webindexer/1.1 (+https://developers.facebook.com/docs/sharing/webmasters/crawler))" PHP-Handler: Remoteport(vom Nginx):12478
104.22.104.20 - - [10/Aug/2026:04:46:38 +0200] "POST /wp-admin/admin-ajax.php HTTP/1.1" 200 828 "https://www.ofenbernd.de/k/ofen-ersatzteile/oranier/polar/polar-6-4656-eck-serie-2-ersatzteile/" "Mozilla/5.0 (Windows NT 10.0; Win64; x64) AppleWebKit/537.36 (KHTML, like Gecko) Chrome/145.0.0.0 Safari/537.36 (compatible; meta-webindexer/1.1 (+https://developers.facebook.com/docs/sharing/webmasters/crawler))" PHP-Handler:plesk-php84-fpm Remoteport(vom Nginx):12506
162.158.79.7 - - [10/Aug/2026:04:46:42 +0200] "POST /wp-admin/admin-ajax.php HTTP/1.1" 200 1031 "https://www.ofenbernd.de/k/ofen-ersatzteile/oranier/polar/polar-6-4656-eck-serie-2-ersatzteile/" "Mozilla/5.0 (Windows NT 10.0; Win64; x64) AppleWebKit/537.36 (KHTML, like Gecko) Chrome/145.0.0.0 Safari/537.36 (compatible; meta-webindexer/1.1 (+https://developers.facebook.com/docs/sharing/webmasters/crawler))" PHP-Handler:plesk-php84-fpm Remoteport(vom Nginx):46528
162.159.106.79 - - [10/Aug/2026:04:46:46 +0200] "GET /p/schmid-sh-9-g-seitenstein-50-x-224-x-401/ HTTP/1.1" 200 46836 "-" "Mozilla/5.0 (Linux; Android 6.0.1; Nexus 5X Build/MMB29P) AppleWebKit/537.36 (KHTML, like Gecko) Chrome/150.0.7871.186 Mobile Safari/537.36 (compatible; Googlebot/2.1; +http://www.google.com/bot.html)" PHP-Handler:plesk-php84-fpm Remoteport(vom Nginx):46646
162.158.86.125 - - [10/Aug/2026:04:46:48 +0200] "POST /wp-cron.php?doing_wp_cron=1786330008.4220890998840332031250 HTTP/1.1" 200 461 "-" "vdK9aCLwnBz6" PHP-Handler:plesk-php84-fpm Remoteport(vom Nginx):46704
172.71.164.207 - - [10/Aug/2026:04:46:44 +0200] "GET /s/dovre-760-cb/ HTTP/1.1" 200 48631 "-" "WP Rocket/Preload" PHP-Handler:plesk-php84-fpm Remoteport(vom Nginx):46598
162.159.106.79 - - [10/Aug/2026:04:46:50 +0200] "GET /p/doppelwandiger-edelstahlschornstein-180-mm/feed/ HTTP/1.1" 200 1403 "-" "Mozilla/5.0 (Linux; Android 6.0.1; Nexus 5X Build/MMB29P) AppleWebKit/537.36 (KHTML, like Gecko) Chrome/150.0.7871.186 Mobile Safari/537.36 (compatible; Googlebot/2.1; +http://www.google.com/bot.html)" PHP-Handler:plesk-php84-fpm Remoteport(vom Nginx):46782
172.71.144.145 - - [10/Aug/2026:04:46:49 +0200] "GET /s/dovre-760-cb/ HTTP/1.1" 200 35939 "-" "WP Rocket/Preload Mozilla/5.0 (iPhone; CPU iPhone OS 9_1 like Mac OS X) AppleWebKit/601.1.46 (KHTML, like Gecko) Version/9.0 Mobile/13B143 Safari/601.1" PHP-Handler:plesk-php84-fpm Remoteport(vom Nginx):46748
172.70.248.79 - - [10/Aug/2026:04:46:50 +0200] "GET /s/dreiseitig/ HTTP/1.1" 200 48618 "-" "WP Rocket/Preload" PHP-Handler:plesk-php84-fpm Remoteport(vom Nginx):46806
172.70.242.69 - - [10/Aug/2026:04:46:55 +0200] "POST /wp-cron.php?doing_wp_cron=1786330015.6598110198974609375000 HTTP/1.1" 200 461 "-" "ywHYSFzBIMfb" PHP-Handler:plesk-php84-fpm Remoteport(vom Nginx):52318
172.71.172.22 - - [10/Aug/2026:04:46:52 +0200] "GET /s/dreiseitig/ HTTP/1.1" 200 35919 "-" "WP Rocket/Preload Mozilla/5.0 (iPhone; CPU iPhone OS 9_1 like Mac OS X) AppleWebKit/601.1.46 (KHTML, like Gecko) Version/9.0 Mobile/13B143 Safari/601.1" PHP-Handler:plesk-php84-fpm Remoteport(vom Nginx):52224
172.71.164.207 - - [10/Aug/2026:04:46:53 +0200] "GET /s/glastueren-dovre-t-2000/ HTTP/1.1" 200 48703 "-" "WP Rocket/Preload" PHP-Handler:plesk-php84-fpm Remoteport(vom Nginx):52254
172.71.172.22 - - [10/Aug/2026:04:46:59 +0200] "POST /wp-cron.php?doing_wp_cron=1786330019.0866119861602783203125 HTTP/1.1" 200 461 "-" "rIImI9JkBbRV" PHP-Handler:plesk-php84-fpm Remoteport(vom Nginx):52364
172.71.164.207 - - [10/Aug/2026:04:46:55 +0200] "GET /s/glastueren-dovre-t-2000/ HTTP/1.1" 200 36008 "-" "WP Rocket/Preload Mozilla/5.0 (iPhone; CPU iPhone OS 9_1 like Mac OS X) AppleWebKit/601.1.46 (KHTML, like Gecko) Version/9.0 Mobile/13B143 Safari/601.1" PHP-Handler:plesk-php84-fpm Remoteport(vom Nginx):52292
162.158.111.36 - - [10/Aug/2026:04:46:56 +0200] "GET /s/hinten-links/ HTTP/1.1" 200 50477 "-" "WP Rocket/Preload" PHP-Handler:plesk-php84-fpm Remoteport(vom Nginx):52324
172.71.247.253 - - [10/Aug/2026:04:46:58 +0200] "GET /s/hinten-links/ HTTP/1.1" 200 38609 "-" "WP Rocket/Preload Mozilla/5.0 (iPhone; CPU iPhone OS 9_1 like Mac OS X) AppleWebKit/601.1.46 (KHTML, like Gecko) Version/9.0 Mobile/13B143 Safari/601.1" PHP-Handler:plesk-php84-fpm Remoteport(vom Nginx):52360
172.71.247.253 - - [10/Aug/2026:04:46:59 +0200] "GET /s/justus-oranier-rondo-7-4674-rueckwand/ HTTP/1.1" 200 50335 "-" "WP Rocket/Preload" PHP-Handler:plesk-php84-fpm Remoteport(vom Nginx):52406
104.23.239.69 - - [10/Aug/2026:04:47:01 +0200] "GET /s/justus-oranier-rondo-7-4674-rueckwand/ HTTP/1.1" 200 37672 "-" "WP Rocket/Preload Mozilla/5.0 (iPhone; CPU iPhone OS 9_1 like Mac OS X) AppleWebKit/601.1.46 (KHTML, like Gecko) Version/9.0 Mobile/13B143 Safari/601.1" PHP-Handler:plesk-php84-fpm Remoteport(vom Nginx):52482
172.69.159.162 - - [10/Aug/2026:04:47:02 +0200] "GET /s/olsberg-tolima-powersystem-rost/?orderby=price-desc HTTP/1.1" 200 32994 "-" "Mozilla/5.0 (Windows NT 6.3; WOW64) AppleWebKit/537.36 (KHTML, like Gecko) Chrome/41.0.2226.0 Safari/537.36" PHP-Handler:plesk-php84-fpm Remoteport(vom Nginx):32822
172.71.164.207 - - [10/Aug/2026:04:46:41 +0200] "POST /wp-admin/admin-ajax.php?action=as_async_request_queue_runner&nonce=8be6605f32 HTTP/1.1" 200 754 "-" "w97Rk4ptj0UP" PHP-Handler:plesk-php84-fpm Remoteport(vom Nginx):12602
162.159.106.79 - - [10/Aug/2026:04:47:11 +0200] "POST /?wc-ajax=get_refreshed_fragments HTTP/1.1" 200 954 "https://www.ofenbernd.de/" "Mozilla/5.0 (Linux; Android 6.0.1; Nexus 5X Build/MMB29P) AppleWebKit/537.36 (KHTML, like Gecko) Chrome/150.0.7871.186 Mobile Safari/537.36 (compatible; Googlebot/2.1; +http://www.google.com/bot.html)" PHP-Handler: Remoteport(vom Nginx):63288
172.71.148.64 - - [10/Aug/2026:04:47:10 +0200] "GET /s/kohleofen/ HTTP/1.1" 200 48609 "-" "WP Rocket/Preload" PHP-Handler:plesk-php84-fpm Remoteport(vom Nginx):33080
172.71.148.64 - - [10/Aug/2026:04:47:12 +0200] "GET /s/kohleofen/ HTTP/1.1" 200 35915 "-" "WP Rocket/Preload Mozilla/5.0 (iPhone; CPU iPhone OS 9_1 like Mac OS X) AppleWebKit/601.1.46 (KHTML, like Gecko) Version/9.0 Mobile/13B143 Safari/601.1" PHP-Handler:plesk-php84-fpm Remoteport(vom Nginx):63326
172.71.172.22 - - [10/Aug/2026:04:47:13 +0200] "GET /s/mini-s-fdh-57-4s/ HTTP/1.1" 200 50315 "-" "WP Rocket/Preload" PHP-Handler:plesk-php84-fpm Remoteport(vom Nginx):63378
172.71.172.22 - - [10/Aug/2026:04:47:15 +0200] "GET /s/mini-s-fdh-57-4s/ HTTP/1.1" 200 37656 "-" "WP Rocket/Preload Mozilla/5.0 (iPhone; CPU iPhone OS 9_1 like Mac OS X) AppleWebKit/601.1.46 (KHTML, like Gecko) Version/9.0 Mobile/13B143 Safari/601.1" PHP-Handler:plesk-php84-fpm Remoteport(vom Nginx):63406
162.158.86.125 - - [10/Aug/2026:04:47:16 +0200] "GET /s/ivy/ HTTP/1.1" 200 47771 "-" "WP Rocket/Preload" PHP-Handler:plesk-php84-fpm Remoteport(vom Nginx):63458
172.68.12.235 - - [10/Aug/2026:04:47:17 +0200] "GET /s/olsberg-creation-9/ HTTP/1.1" 200 49373 "-" "Mozilla/5.0 (Windows NT 6.1; WOW64) AppleWebKit/537.36 (KHTML, like Gecko) Chrome/73.0.3683.75 ADG/11.0.2414 AOLBUILD/11.0.2414 Safari/537.36" PHP-Handler:plesk-php84-fpm Remoteport(vom Nginx):63476
172.71.172.22 - - [10/Aug/2026:04:47:18 +0200] "GET /s/ivy/ HTTP/1.1" 200 35899 "-" "WP Rocket/Preload Mozilla/5.0 (iPhone; CPU iPhone OS 9_1 like Mac OS X) AppleWebKit/601.1.46 (KHTML, like Gecko) Version/9.0 Mobile/13B143 Safari/601.1" PHP-Handler:plesk-php84-fpm Remoteport(vom Nginx):63558
172.70.248.79 - - [10/Aug/2026:04:47:19 +0200] "GET /s/leda/ HTTP/1.1" 200 48582 "-" "WP Rocket/Preload" PHP-Handler:plesk-php84-fpm Remoteport(vom Nginx):63632
172.70.247.164 - - [10/Aug/2026:04:47:21 +0200] "GET /s/leda/ HTTP/1.1" 200 35903 "-" "WP Rocket/Preload Mozilla/5.0 (iPhone; CPU iPhone OS 9_1 like Mac OS X) AppleWebKit/601.1.46 (KHTML, like Gecko) Version/9.0 Mobile/13B143 Safari/601.1" PHP-Handler:plesk-php84-fpm Remoteport(vom Nginx):20392
162.158.86.125 - - [10/Aug/2026:04:47:22 +0200] "GET /s/koenigshuette-merapi/ HTTP/1.1" 200 47879 "-" "WP Rocket/Preload" PHP-Handler:plesk-php84-fpm Remoteport(vom Nginx):20480
172.70.240.113 - - [10/Aug/2026:04:47:24 +0200] "GET /s/koenigshuette-merapi/ HTTP/1.1" 200 35990 "-" "WP Rocket/Preload Mozilla/5.0 (iPhone; CPU iPhone OS 9_1 like Mac OS X) AppleWebKit/601.1.46 (KHTML, like Gecko) Version/9.0 Mobile/13B143 Safari/601.1" PHP-Handler:plesk-php84-fpm Remoteport(vom Nginx):20676
172.69.151.112 - - [10/Aug/2026:04:47:26 +0200] "GET /s/firma/ HTTP/1.1" 200 51384 "-" "WP Rocket/Preload" PHP-Handler:plesk-php84-fpm Remoteport(vom Nginx):20716
172.70.242.69 - - [10/Aug/2026:04:47:27 +0200] "GET /s/firma/ HTTP/1.1" 200 38598 "-" "WP Rocket/Preload Mozilla/5.0 (iPhone; CPU iPhone OS 9_1 like Mac OS X) AppleWebKit/601.1.46 (KHTML, like Gecko) Version/9.0 Mobile/13B143 Safari/601.1" PHP-Handler:plesk-php84-fpm Remoteport(vom Nginx):20760
162.159.106.79 - - [10/Aug/2026:04:47:30 +0200] "GET /p/schmid-sh-8-g-gb-seitenstein-schamotte-pos-6-67-2080-1259/feed/ HTTP/1.1" 200 1643 "-" "Mozilla/5.0 (Linux; Android 6.0.1; Nexus 5X Build/MMB29P) AppleWebKit/537.36 (KHTML, like Gecko) Chrome/150.0.7871.186 Mobile Safari/537.36 (compatible; Googlebot/2.1; +http://www.google.com/bot.html)" PHP-Handler:plesk-php84-fpm Remoteport(vom Nginx):20850
104.22.66.241 - - [10/Aug/2026:04:47:31 +0200] "GET /s/spartherm-mini-sh/?orderby=price HTTP/1.1" 200 22984 "https://www.ofenbernd.de/s/spartherm-mini-sh" "Mozilla/5.0 (Linux; Android 7.0;) AppleWebKit/537.36 (HTML, like Gecko) Mobile Safari/537.36 (compatible; PetalBot;+https://webmaster.petalsearch.com/site/petalbot)" PHP-Handler:plesk-php84-fpm Remoteport(vom Nginx):58582
172.71.144.145 - - [10/Aug/2026:04:47:07 +0200] "POST /wp-admin/admin-ajax.php?action=as_async_request_queue_runner&nonce=8be6605f32 HTTP/1.1" 200 754 "-" "zGLg19nHAqb6" PHP-Handler:plesk-php84-fpm Remoteport(vom Nginx):32942
172.69.151.112 - - [10/Aug/2026:04:47:36 +0200] "GET /s/glasscheibe/ HTTP/1.1" 200 54071 "-" "WP Rocket/Preload" PHP-Handler:plesk-php84-fpm Remoteport(vom Nginx):58790
172.71.144.145 - - [10/Aug/2026:04:47:38 +0200] "GET /s/glasscheibe/ HTTP/1.1" 200 40764 "-" "WP Rocket/Preload Mozilla/5.0 (iPhone; CPU iPhone OS 9_1 like Mac OS X) AppleWebKit/601.1.46 (KHTML, like Gecko) Version/9.0 Mobile/13B143 Safari/601.1" PHP-Handler:plesk-php84-fpm Remoteport(vom Nginx):58850
172.71.172.22 - - [10/Aug/2026:04:47:39 +0200] "GET /s/meltemi-dauerbrandofen/ HTTP/1.1" 200 48655 "-" "WP Rocket/Preload" PHP-Handler:plesk-php84-fpm Remoteport(vom Nginx):58928
172.71.247.253 - - [10/Aug/2026:04:47:41 +0200] "GET /s/meltemi-dauerbrandofen/ HTTP/1.1" 200 35968 "-" "WP Rocket/Preload Mozilla/5.0 (iPhone; CPU iPhone OS 9_1 like Mac OS X) AppleWebKit/601.1.46 (KHTML, like Gecko) Version/9.0 Mobile/13B143 Safari/601.1" PHP-Handler:plesk-php84-fpm Remoteport(vom Nginx):58994
172.70.240.113 - - [10/Aug/2026:04:47:42 +0200] "GET /s/leda-lava-w-ersatzteile/ HTTP/1.1" 200 48660 "-" "WP Rocket/Preload" PHP-Handler:plesk-php84-fpm Remoteport(vom Nginx):1946
172.71.148.64 - - [10/Aug/2026:04:47:44 +0200] "GET /s/leda-lava-w-ersatzteile/ HTTP/1.1" 200 35973 "-" "WP Rocket/Preload Mozilla/5.0 (iPhone; CPU iPhone OS 9_1 like Mac OS X) AppleWebKit/601.1.46 (KHTML, like Gecko) Version/9.0 Mobile/13B143 Safari/601.1" PHP-Handler:plesk-php84-fpm Remoteport(vom Nginx):1984
172.71.247.253 - - [10/Aug/2026:04:47:45 +0200] "GET /s/neo-line/ HTTP/1.1" 200 52776 "-" "WP Rocket/Preload" PHP-Handler:plesk-php84-fpm Remoteport(vom Nginx):2084
172.71.148.64 - - [10/Aug/2026:04:47:47 +0200] "GET /s/neo-line/ HTTP/1.1" 200 39370 "-" "WP Rocket/Preload Mozilla/5.0 (iPhone; CPU iPhone OS 9_1 like Mac OS X) AppleWebKit/601.1.46 (KHTML, like Gecko) Version/9.0 Mobile/13B143 Safari/601.1" PHP-Handler:plesk-php84-fpm Remoteport(vom Nginx):2118
172.69.151.112 - - [10/Aug/2026:04:47:51 +0200] "GET /s/olsber-fayal-10t-ersatzteile/ HTTP/1.1" 200 50123 "-" "WP Rocket/Preload" PHP-Handler:plesk-php84-fpm Remoteport(vom Nginx):28254
172.71.164.207 - - [10/Aug/2026:04:47:48 +0200] "GET /s/leda-brillant-h2-h2e-ersatzteile/ HTTP/1.1" 200 48714 "-" "WP Rocket/Preload" PHP-Handler:plesk-php84-fpm Remoteport(vom Nginx):2180
172.69.65.231 - - [10/Aug/2026:04:47:49 +0200] "GET /s/schmid-neo-line-4049-bodenstein-rechts/?orderby=price-desc HTTP/1.1" 200 32946 "-" "Mozilla/5.0 (Windows NT 10.0; Win64; x64) AppleWebKit/537.36 (KHTML, like Gecko) Chrome/93.0.4564.0 Safari/537.36" PHP-Handler:plesk-php84-fpm Remoteport(vom Nginx):2204
172.71.172.22 - - [10/Aug/2026:04:47:50 +0200] "GET /s/leda-brillant-h2-h2e-ersatzteile/ HTTP/1.1" 200 36024 "-" "WP Rocket/Preload Mozilla/5.0 (iPhone; CPU iPhone OS 9_1 like Mac OS X) AppleWebKit/601.1.46 (KHTML, like Gecko) Version/9.0 Mobile/13B143 Safari/601.1" PHP-Handler:plesk-php84-fpm Remoteport(vom Nginx):2252
172.71.164.207 - - [10/Aug/2026:04:47:53 +0200] "GET /s/olsberg-format-12-rostabdeckung/ HTTP/1.1" 200 50140 "-" "WP Rocket/Preload" PHP-Handler:plesk-php84-fpm Remoteport(vom Nginx):28356
172.69.151.112 - - [10/Aug/2026:04:47:52 +0200] "GET /s/olsber-fayal-10t-ersatzteile/ HTTP/1.1" 200 37619 "-" "WP Rocket/Preload Mozilla/5.0 (iPhone; CPU iPhone OS 9_1 like Mac OS X) AppleWebKit/601.1.46 (KHTML, like Gecko) Version/9.0 Mobile/13B143 Safari/601.1" PHP-Handler:plesk-php84-fpm Remoteport(vom Nginx):28288
172.68.103.18 - - [10/Aug/2026:04:47:55 +0200] "GET /p/pelletofen-oranier-boreas-aqua-94-kw-wasserfuehrend/ HTTP/1.1" 301 663 "-" "Links (2.13; Linux 3.10.0-862.2.3.e17.x86_64 x86_64; GNU C 4.8.5; text)" PHP-Handler:plesk-php84-fpm Remoteport(vom Nginx):28426
172.71.172.22 - - [10/Aug/2026:04:47:54 +0200] "GET /s/olsberg-format-12-rostabdeckung/ HTTP/1.1" 200 37673 "-" "WP Rocket/Preload Mozilla/5.0 (iPhone; CPU iPhone OS 9_1 like Mac OS X) AppleWebKit/601.1.46 (KHTML, like Gecko) Version/9.0 Mobile/13B143 Safari/601.1" PHP-Handler:plesk-php84-fpm Remoteport(vom Nginx):28390
172.71.247.253 - - [10/Aug/2026:04:48:02 +0200] "POST /wp-cron.php?doing_wp_cron=1786330082.0788009166717529296875 HTTP/1.1" 200 461 "-" "oX0gdK0wj9pp" PHP-Handler:plesk-php84-fpm Remoteport(vom Nginx):45818
172.71.148.64 - - [10/Aug/2026:04:47:34 +0200] "POST /wp-admin/admin-ajax.php?action=as_async_request_queue_runner&nonce=8be6605f32 HTTP/1.1" 200 754 "-" "jXK4nedjfuOR" PHP-Handler:plesk-php84-fpm Remoteport(vom Nginx):58730
172.71.148.64 - - [10/Aug/2026:04:48:07 +0200] "GET /s/olsberg-creation-9/ HTTP/1.1" 200 49207 "-" "WP Rocket/Preload" PHP-Handler:plesk-php84-fpm Remoteport(vom Nginx):46140
172.70.248.79 - - [10/Aug/2026:04:48:04 +0200] "GET /s/olsberg-alid-umlenkplatte/ HTTP/1.1" 200 50160 "-" "WP Rocket/Preload" PHP-Handler:plesk-php84-fpm Remoteport(vom Nginx):45884
172.68.103.18 - - [10/Aug/2026:04:48:09 +0200] "GET / HTTP/1.1" 200 61803 "-" "Links (2.13; Linux 3.10.0-862.2.3.e17.x86_64 x86_64; GNU C 4.8.5; text)" PHP-Handler: Remoteport(vom Nginx):46420
172.71.247.253 - - [10/Aug/2026:04:48:09 +0200] "POST /wp-cron.php?doing_wp_cron=1786330089.6900460720062255859375 HTTP/1.1" 200 461 "-" "kLBVAW7sHcqS" PHP-Handler:plesk-php84-fpm Remoteport(vom Nginx):46442
104.23.239.69 - - [10/Aug/2026:04:48:05 +0200] "GET /s/olsberg-alid-umlenkplatte/ HTTP/1.1" 200 37496 "-" "WP Rocket/Preload Mozilla/5.0 (iPhone; CPU iPhone OS 9_1 like Mac OS X) AppleWebKit/601.1.46 (KHTML, like Gecko) Version/9.0 Mobile/13B143 Safari/601.1" PHP-Handler:plesk-php84-fpm Remoteport(vom Nginx):45964
104.23.239.69 - - [10/Aug/2026:04:48:02 +0200] "POST /wp-admin/admin-ajax.php?action=as_async_request_queue_runner&nonce=8be6605f32 HTTP/1.1" 200 754 "-" "oX0gdK0wj9pp" PHP-Handler:plesk-php84-fpm Remoteport(vom Nginx):45830
104.23.239.69 - - [10/Aug/2026:04:48:07 +0200] "GET /s/olsberg-creation-9/ HTTP/1.1" 200 37525 "-" "WP Rocket/Preload Mozilla/5.0 (iPhone; CPU iPhone OS 9_1 like Mac OS X) AppleWebKit/601.1.46 (KHTML, like Gecko) Version/9.0 Mobile/13B143 Safari/601.1" PHP-Handler:plesk-php84-fpm Remoteport(vom Nginx):46266
172.71.164.207 - - [10/Aug/2026:04:48:13 +0200] "POST /wp-cron.php?doing_wp_cron=1786330093.2455270290374755859375 HTTP/1.1" 200 461 "-" "ekDbYmRs8fWM" PHP-Handler:plesk-php84-fpm Remoteport(vom Nginx):43370
172.69.151.112 - - [10/Aug/2026:04:48:09 +0200] "GET /s/olsberg-profi-7-12-plus-seitenstein/ HTTP/1.1" 200 50330 "-" "WP Rocket/Preload" PHP-Handler:plesk-php84-fpm Remoteport(vom Nginx):46400
162.159.106.79 - - [10/Aug/2026:04:48:11 +0200] "GET /betonfundament-fuer-s-12-speicherkamin/feed/ HTTP/1.1" 200 1107 "-" "Mozilla/5.0 (Linux; Android 6.0.1; Nexus 5X Build/MMB29P) AppleWebKit/537.36 (KHTML, like Gecko) Chrome/150.0.7871.186 Mobile Safari/537.36 (compatible; Googlebot/2.1; +http://www.google.com/bot.html)" PHP-Handler:plesk-php84-fpm Remoteport(vom Nginx):46480
172.70.248.79 - - [10/Aug/2026:04:48:10 +0200] "GET /s/olsberg-profi-7-12-plus-seitenstein/ HTTP/1.1" 200 37684 "-" "WP Rocket/Preload Mozilla/5.0 (iPhone; CPU iPhone OS 9_1 like Mac OS X) AppleWebKit/601.1.46 (KHTML, like Gecko) Version/9.0 Mobile/13B143 Safari/601.1" PHP-Handler:plesk-php84-fpm Remoteport(vom Nginx):46474
172.69.151.112 - - [10/Aug/2026:04:48:12 +0200] "GET /s/olsberg-skagen-7-umlenksteine-set/ HTTP/1.1" 200 50262 "-" "WP Rocket/Preload" PHP-Handler:plesk-php84-fpm Remoteport(vom Nginx):43314
172.71.182.68 - - [10/Aug/2026:04:48:14 +0200] "GET /wp-login.php HTTP/1.1" 200 3727 "-" "Mozilla/5.0 (Windows NT 10.0; Win64; x64) AppleWebKit/537.36 (KHTML, like Gecko) Chrome/133.0.0.0 Safari/537.36" PHP-Handler:plesk-php84-fpm Remoteport(vom Nginx):43422
172.70.247.164 - - [10/Aug/2026:04:48:13 +0200] "GET /s/olsberg-skagen-7-umlenksteine-set/ HTTP/1.1" 200 37591 "-" "WP Rocket/Preload Mozilla/5.0 (iPhone; CPU iPhone OS 9_1 like Mac OS X) AppleWebKit/601.1.46 (KHTML, like Gecko) Version/9.0 Mobile/13B143 Safari/601.1" PHP-Handler:plesk-php84-fpm Remoteport(vom Nginx):43406
172.70.240.113 - - [10/Aug/2026:04:48:15 +0200] "GET /s/verschlussspange/ HTTP/1.1" 200 50315 "-" "WP Rocket/Preload" PHP-Handler:plesk-php84-fpm Remoteport(vom Nginx):43472
104.23.239.69 - - [10/Aug/2026:04:48:16 +0200] "GET /s/verschlussspange/ HTTP/1.1" 200 37647 "-" "WP Rocket/Preload Mozilla/5.0 (iPhone; CPU iPhone OS 9_1 like Mac OS X) AppleWebKit/601.1.46 (KHTML, like Gecko) Version/9.0 Mobile/13B143 Safari/601.1" PHP-Handler:plesk-php84-fpm Remoteport(vom Nginx):43530
172.71.182.89 - - [10/Aug/2026:04:48:17 +0200] "POST /wp-login.php HTTP/1.1" 200 3878 "https://ofenbernd.de/wp-login.php" "Mozilla/5.0 (Windows NT 10.0; Win64; x64) AppleWebKit/537.36 (KHTML, like Gecko) Chrome/133.0.0.0 Safari/537.36" PHP-Handler:plesk-php84-fpm Remoteport(vom Nginx):43546
172.71.148.154 - - [10/Aug/2026:04:48:21 +0200] "GET /wp-content/uploads/2015/03/oranier_polar_eck_6_4654-6_serie_1_ersatzteile_schamott_schamotte_schamottsteine_7.jpg.webp HTTP/1.1" 200 620 "-" "Mozilla/5.0 AppleWebKit/537.36 (KHTML, like Gecko; compatible; bingbot/2.0; +http://www.bing.com/bingbot.htm) Chrome/116.0.1938.76 Safari/537.36" PHP-Handler: Remoteport(vom Nginx):43694
172.70.240.113 - - [10/Aug/2026:04:48:18 +0200] "GET /s/olsberg-sella-rueckwandsteine/ HTTP/1.1" 200 48702 "-" "WP Rocket/Preload" PHP-Handler:plesk-php84-fpm Remoteport(vom Nginx):43574
104.23.239.69 - - [10/Aug/2026:04:48:19 +0200] "GET /s/olsberg-sella-rueckwandsteine/ HTTP/1.1" 200 36014 "-" "WP Rocket/Preload Mozilla/5.0 (iPhone; CPU iPhone OS 9_1 like Mac OS X) AppleWebKit/601.1.46 (KHTML, like Gecko) Version/9.0 Mobile/13B143 Safari/601.1" PHP-Handler:plesk-php84-fpm Remoteport(vom Nginx):43634
172.71.164.207 - - [10/Aug/2026:04:48:21 +0200] "GET /s/olsberg-palena-powerbloc-ruettelstange/ HTTP/1.1" 200 49628 "-" "WP Rocket/Preload" PHP-Handler:plesk-php84-fpm Remoteport(vom Nginx):63916
104.23.239.69 - - [10/Aug/2026:04:48:23 +0200] "GET /s/olsberg-palena-powerbloc-ruettelstange/ HTTP/1.1" 200 37682 "-" "WP Rocket/Preload Mozilla/5.0 (iPhone; CPU iPhone OS 9_1 like Mac OS X) AppleWebKit/601.1.46 (KHTML, like Gecko) Version/9.0 Mobile/13B143 Safari/601.1" PHP-Handler:plesk-php84-fpm Remoteport(vom Nginx):63962
172.71.182.68 - - [10/Aug/2026:04:48:25 +0200] "GET /wp-json/wp/v2/users/me HTTP/1.1" 401 963 "-" "Mozilla/5.0 (Windows NT 10.0; Win64; x64) AppleWebKit/537.36 (KHTML, like Gecko) Chrome/133.0.0.0 Safari/537.36" PHP-Handler:plesk-php84-fpm Remoteport(vom Nginx):64034
172.70.240.113 - - [10/Aug/2026:04:48:01 +0200] "POST /wp-admin/admin-ajax.php?action=as_async_request_queue_runner&nonce=8be6605f32 HTTP/1.1" 200 754 "-" "oX0gdK0wj9pp" PHP-Handler:plesk-php84-fpm Remoteport(vom Nginx):28590
162.158.41.166 - - [10/Aug/2026:04:48:31 +0200] "POST /?wc-ajax=get_refreshed_fragments HTTP/1.1" 200 954 "https://ofenbernd.de/p/oranier-artemis-iii-8150-schamotte-auskleidung-komplett-2916807000" "Mozilla/5.0 AppleWebKit/537.36 (KHTML, like Gecko; compatible; bingbot/2.0; +http://www.bing.com/bingbot.htm) Chrome/136.0.0.0 Safari/537.36" PHP-Handler: Remoteport(vom Nginx):4482
172.70.248.79 - - [10/Aug/2026:04:48:32 +0200] "GET /s/olsberg-purico-wirbelbrennkammer/ HTTP/1.1" 200 49465 "-" "WP Rocket/Preload" PHP-Handler:plesk-php84-fpm Remoteport(vom Nginx):4518
172.71.148.64 - - [10/Aug/2026:04:48:34 +0200] "GET /s/olsberg-purico-wirbelbrennkammer/ HTTP/1.1" 200 37571 "-" "WP Rocket/Preload Mozilla/5.0 (iPhone; CPU iPhone OS 9_1 like Mac OS X) AppleWebKit/601.1.46 (KHTML, like Gecko) Version/9.0 Mobile/13B143 Safari/601.1" PHP-Handler:plesk-php84-fpm Remoteport(vom Nginx):4600
172.71.172.22 - - [10/Aug/2026:04:48:35 +0200] "GET /s/olsberg-fuego/ HTTP/1.1" 200 47807 "-" "WP Rocket/Preload" PHP-Handler:plesk-php84-fpm Remoteport(vom Nginx):4652
172.71.164.207 - - [10/Aug/2026:04:48:37 +0200] "GET /s/olsberg-fuego/ HTTP/1.1" 200 35934 "-" "WP Rocket/Preload Mozilla/5.0 (iPhone; CPU iPhone OS 9_1 like Mac OS X) AppleWebKit/601.1.46 (KHTML, like Gecko) Version/9.0 Mobile/13B143 Safari/601.1" PHP-Handler:plesk-php84-fpm Remoteport(vom Nginx):4684
172.68.245.204 - - [10/Aug/2026:04:48:42 +0200] "GET /p/wodtke-hot-box-2000-umlenkplatte-pos-14-097-952/ HTTP/1.1" 200 60948 "-" "Mozilla/5.0 AppleWebKit/537.36 (KHTML, like Gecko; compatible; bingbot/2.0; +http://www.bing.com/bingbot.htm) Chrome/116.0.1938.76 Safari/537.36" PHP-Handler:plesk-php84-fpm Remoteport(vom Nginx):14646
172.68.245.204 - - [10/Aug/2026:04:48:42 +0200] "GET /p/oranier-tampere-8-4647-seitenstein-pos-3-3-5567408000/ HTTP/1.1" 200 61116 "-" "Mozilla/5.0 AppleWebKit/537.36 (KHTML, like Gecko; compatible; bingbot/2.0; +http://www.bing.com/bingbot.htm) Chrome/116.0.1938.76 Safari/537.36" PHP-Handler:plesk-php84-fpm Remoteport(vom Nginx):14662
172.71.144.145 - - [10/Aug/2026:04:48:38 +0200] "GET /s/olsberg-format-11-12-kaminscheibe/ HTTP/1.1" 200 50264 "-" "WP Rocket/Preload" PHP-Handler:plesk-php84-fpm Remoteport(vom Nginx):4716
172.71.144.145 - - [10/Aug/2026:04:48:40 +0200] "GET /s/olsberg-format-11-12-kaminscheibe/ HTTP/1.1" 200 37622 "-" "WP Rocket/Preload Mozilla/5.0 (iPhone; CPU iPhone OS 9_1 like Mac OS X) AppleWebKit/601.1.46 (KHTML, like Gecko) Version/9.0 Mobile/13B143 Safari/601.1" PHP-Handler:plesk-php84-fpm Remoteport(vom Nginx):4772
172.71.148.64 - - [10/Aug/2026:04:48:41 +0200] "GET /s/olsberg-inara-stahl/ HTTP/1.1" 200 48649 "-" "WP Rocket/Preload" PHP-Handler:plesk-php84-fpm Remoteport(vom Nginx):14610
172.71.164.207 - - [10/Aug/2026:04:48:43 +0200] "GET /s/olsberg-inara-stahl/ HTTP/1.1" 200 35962 "-" "WP Rocket/Preload Mozilla/5.0 (iPhone; CPU iPhone OS 9_1 like Mac OS X) AppleWebKit/601.1.46 (KHTML, like Gecko) Version/9.0 Mobile/13B143 Safari/601.1" PHP-Handler:plesk-php84-fpm Remoteport(vom Nginx):14678
172.71.148.64 - - [10/Aug/2026:04:48:44 +0200] "GET /s/merapi/ HTTP/1.1" 200 48607 "-" "WP Rocket/Preload" PHP-Handler:plesk-php84-fpm Remoteport(vom Nginx):14736
162.158.86.125 - - [10/Aug/2026:04:48:46 +0200] "GET /s/merapi/ HTTP/1.1" 200 35907 "-" "WP Rocket/Preload Mozilla/5.0 (iPhone; CPU iPhone OS 9_1 like Mac OS X) AppleWebKit/601.1.46 (KHTML, like Gecko) Version/9.0 Mobile/13B143 Safari/601.1" PHP-Handler:plesk-php84-fpm Remoteport(vom Nginx):14794
172.69.151.112 - - [10/Aug/2026:04:48:47 +0200] "GET /s/olsberg-osorno/ HTTP/1.1" 200 50479 "-" "WP Rocket/Preload" PHP-Handler:plesk-php84-fpm Remoteport(vom Nginx):14836
172.71.144.145 - - [10/Aug/2026:04:48:49 +0200] "GET /s/olsberg-osorno/ HTTP/1.1" 200 37782 "-" "WP Rocket/Preload Mozilla/5.0 (iPhone; CPU iPhone OS 9_1 like Mac OS X) AppleWebKit/601.1.46 (KHTML, like Gecko) Version/9.0 Mobile/13B143 Safari/601.1" PHP-Handler:plesk-php84-fpm Remoteport(vom Nginx):14894
172.71.247.253 - - [10/Aug/2026:04:48:50 +0200] "GET /s/mocca/ HTTP/1.1" 200 48598 "-" "WP Rocket/Preload" PHP-Handler:plesk-php84-fpm Remoteport(vom Nginx):14922
172.71.164.207 - - [10/Aug/2026:04:48:52 +0200] "GET /s/mocca/ HTTP/1.1" 200 35902 "-" "WP Rocket/Preload Mozilla/5.0 (iPhone; CPU iPhone OS 9_1 like Mac OS X) AppleWebKit/601.1.46 (KHTML, like Gecko) Version/9.0 Mobile/13B143 Safari/601.1" PHP-Handler:plesk-php84-fpm Remoteport(vom Nginx):27466
162.159.106.79 - - [10/Aug/2026:04:48:53 +0200] "GET /manufacturer/a5-schmid/feed/ HTTP/1.1" 200 1133 "-" "Mozilla/5.0 (Linux; Android 6.0.1; Nexus 5X Build/MMB29P) AppleWebKit/537.36 (KHTML, like Gecko) Chrome/150.0.7871.186 Mobile Safari/537.36 (compatible; Googlebot/2.1; +http://www.google.com/bot.html)" PHP-Handler:plesk-php84-fpm Remoteport(vom Nginx):27530
172.69.11.156 - - [10/Aug/2026:04:48:53 +0200] "GET /wp-login.php HTTP/1.1" 200 3727 "-" "Mozilla/5.0 (Windows NT 10.0; Win64; x64) AppleWebKit/537.36 (KHTML, like Gecko) Chrome/133.0.0.0 Safari/537.36" PHP-Handler:plesk-php84-fpm Remoteport(vom Nginx):27520
104.22.66.241 - - [10/Aug/2026:04:48:54 +0200] "GET /s/skagen-7 HTTP/1.1" 301 629 "https://www.ofenbernd.de/p/olsberg-skagen-7-8-seitenstein-schamottstein-links-oben" "Mozilla/5.0 (Linux; Android 7.0;) AppleWebKit/537.36 (HTML, like Gecko) Mobile Safari/537.36 (compatible; PetalBot;+https://webmaster.petalsearch.com/site/petalbot)" PHP-Handler:plesk-php84-fpm Remoteport(vom Nginx):27564
172.71.144.145 - - [10/Aug/2026:04:48:29 +0200] "POST /wp-admin/admin-ajax.php?action=as_async_request_queue_runner&nonce=8be6605f32 HTTP/1.1" 200 754 "-" "KUmBv3E3SbiB" PHP-Handler:plesk-php84-fpm Remoteport(vom Nginx):64152
104.22.66.241 - - [10/Aug/2026:04:48:57 +0200] "GET /s/skagen-7/ HTTP/1.1" 200 37602 "https://www.ofenbernd.de/p/olsberg-skagen-7-8-seitenstein-schamottstein-links-oben" "Mozilla/5.0 (Linux; Android 7.0;) AppleWebKit/537.36 (HTML, like Gecko) Mobile Safari/537.36 (compatible; PetalBot;+https://webmaster.petalsearch.com/site/petalbot)" PHP-Handler:plesk-php84-fpm Remoteport(vom Nginx):27904
104.23.166.89 - - [10/Aug/2026:04:48:56 +0200] "GET /k/ofen-ersatzteile/schmid/page/9/ HTTP/1.1" 200 53194 "-" "Mozilla/5.0 (Windows NT 10.0; WOW64) AppleWebKit/537.36 (KHTML, like Gecko) Chrome/48.0.2564.116 Safari/537.36" PHP-Handler:plesk-php84-fpm Remoteport(vom Nginx):27650
172.70.248.27 - - [10/Aug/2026:04:49:03 +0200] "GET /wp-content/cache/background-css/1/www.ofenbernd.de/wp-content/cache/min/1/wp-content/plugins/customer-reviews-woocommerce/css/frontend.css?ver=1786314715&wpr_t=1786337340 HTTP/1.1" 200 661 "https://www.ofenbernd.de/k/ofen-ersatzteile/schmid/page/9/" "Mozilla/5.0 (Windows NT 10.0; Win64; x64) AppleWebKit/537.36 (KHTML, like Gecko) Chrome/99.0.4844.51 Safari/537.36" PHP-Handler: Remoteport(vom Nginx):55868
172.71.247.83 - - [10/Aug/2026:04:49:03 +0200] "GET /wp-content/cache/background-css/1/www.ofenbernd.de/wp-content/cache/min/1/wp-content/plugins/customer-reviews-woocommerce/css/badges.css?ver=1786314715&wpr_t=1786337340 HTTP/1.1" 200 659 "https://www.ofenbernd.de/k/ofen-ersatzteile/schmid/page/9/" "Mozilla/5.0 (Windows NT 10.0; Win64; x64) AppleWebKit/537.36 (KHTML, like Gecko) Chrome/99.0.4844.51 Safari/537.36" PHP-Handler: Remoteport(vom Nginx):55884
172.71.148.185 - - [10/Aug/2026:04:49:03 +0200] "GET /wp-content/cache/background-css/1/www.ofenbernd.de/wp-content/cache/min/1/wp-content/plugins/woocommerce/assets/css/woocommerce.css?ver=1786314715&wpr_t=1786337340 HTTP/1.1" 200 654 "https://www.ofenbernd.de/k/ofen-ersatzteile/schmid/page/9/" "Mozilla/5.0 (Windows NT 10.0; Win64; x64) AppleWebKit/537.36 (KHTML, like Gecko) Chrome/99.0.4844.51 Safari/537.36" PHP-Handler: Remoteport(vom Nginx):55894
172.70.242.69 - - [10/Aug/2026:04:49:01 +0200] "GET /s/olsberg-hk8-set-satz/ HTTP/1.1" 200 50633 "-" "WP Rocket/Preload" PHP-Handler:plesk-php84-fpm Remoteport(vom Nginx):28010
172.71.172.22 - - [10/Aug/2026:04:49:06 +0200] "GET /s/olsberg-hk8-set-satz/ HTTP/1.1" 200 37984 "-" "WP Rocket/Preload Mozilla/5.0 (iPhone; CPU iPhone OS 9_1 like Mac OS X) AppleWebKit/601.1.46 (KHTML, like Gecko) Version/9.0 Mobile/13B143 Safari/601.1" PHP-Handler:plesk-php84-fpm Remoteport(vom Nginx):55976
162.158.186.172 - - [10/Aug/2026:04:49:10 +0200] "POST /?wc-ajax=get_refreshed_fragments HTTP/1.1" 200 954 "https://www.ofenbernd.de/k/ofen-ersatzteile/schmid/page/9/" "Mozilla/5.0 (Windows NT 10.0; Win64; x64) AppleWebKit/537.36 (KHTML, like Gecko) Chrome/99.0.4844.51 Safari/537.36" PHP-Handler: Remoteport(vom Nginx):56110
172.70.248.79 - - [10/Aug/2026:04:49:14 +0200] "POST /wp-cron.php?doing_wp_cron=1786330154.1722540855407714843750 HTTP/1.1" 200 461 "-" "8TEoF2GC2Fmx" PHP-Handler:plesk-php84-fpm Remoteport(vom Nginx):46334
162.158.94.225 - - [10/Aug/2026:04:48:58 +0200] "POST /wp-admin/admin-ajax.php?action=as_async_request_queue_runner&nonce=8be6605f32 HTTP/1.1" 200 754 "-" "PgjmPeGPa3YX" PHP-Handler:plesk-php84-fpm Remoteport(vom Nginx):27940
172.71.148.64 - - [10/Aug/2026:04:49:16 +0200] "GET /s/schamottesatz/ HTTP/1.1" 200 54033 "-" "WP Rocket/Preload" PHP-Handler:plesk-php84-fpm Remoteport(vom Nginx):46454
104.23.239.69 - - [10/Aug/2026:04:49:22 +0200] "POST /wp-cron.php?doing_wp_cron=1786330162.4183149337768554687500 HTTP/1.1" 200 461 "-" "2Zkmu5GFIpk1" PHP-Handler:plesk-php84-fpm Remoteport(vom Nginx):37656
172.71.164.207 - - [10/Aug/2026:04:49:18 +0200] "GET /s/schamottesatz/ HTTP/1.1" 200 40697 "-" "WP Rocket/Preload Mozilla/5.0 (iPhone; CPU iPhone OS 9_1 like Mac OS X) AppleWebKit/601.1.46 (KHTML, like Gecko) Version/9.0 Mobile/13B143 Safari/601.1" PHP-Handler:plesk-php84-fpm Remoteport(vom Nginx):46510
172.70.248.79 - - [10/Aug/2026:04:49:14 +0200] "POST /wp-admin/admin-ajax.php?action=as_async_request_queue_runner&nonce=8be6605f32 HTTP/1.1" 200 754 "-" "8TEoF2GC2Fmx" PHP-Handler:plesk-php84-fpm Remoteport(vom Nginx):46344
162.158.86.125 - - [10/Aug/2026:04:49:19 +0200] "GET /k/ofen-ersatzteile/oranier/nordik-5-4621/ HTTP/1.1" 200 50315 "-" "WP Rocket/Preload" PHP-Handler:plesk-php84-fpm Remoteport(vom Nginx):46540
172.70.240.113 - - [10/Aug/2026:04:49:25 +0200] "POST /wp-cron.php?doing_wp_cron=1786330165.0902619361877441406250 HTTP/1.1" 200 461 "-" "7GuqOgpVjMrN" PHP-Handler:plesk-php84-fpm Remoteport(vom Nginx):37748
172.71.148.64 - - [10/Aug/2026:04:49:21 +0200] "GET /k/ofen-ersatzteile/oranier/nordik-5-4621/ HTTP/1.1" 200 38531 "-" "WP Rocket/Preload Mozilla/5.0 (iPhone; CPU iPhone OS 9_1 like Mac OS X) AppleWebKit/601.1.46 (KHTML, like Gecko) Version/9.0 Mobile/13B143 Safari/601.1" PHP-Handler:plesk-php84-fpm Remoteport(vom Nginx):46612
172.71.172.22 - - [10/Aug/2026:04:49:22 +0200] "GET /p/oranier-polar-8-arktis-8-serie-3-tuerdichtung-3m-5x12mm-2904661000/ HTTP/1.1" 200 60276 "-" "WP Rocket/Preload" PHP-Handler:plesk-php84-fpm Remoteport(vom Nginx):37670
104.23.239.69 - - [10/Aug/2026:04:49:24 +0200] "GET /p/oranier-polar-8-arktis-8-serie-3-tuerdichtung-3m-5x12mm-2904661000/ HTTP/1.1" 200 47206 "-" "WP Rocket/Preload Mozilla/5.0 (iPhone; CPU iPhone OS 9_1 like Mac OS X) AppleWebKit/601.1.46 (KHTML, like Gecko) Version/9.0 Mobile/13B143 Safari/601.1" PHP-Handler:plesk-php84-fpm Remoteport(vom Nginx):37728
172.70.247.164 - - [10/Aug/2026:04:49:25 +0200] "GET /s/tecapa-ii/ HTTP/1.1" 200 49656 "-" "WP Rocket/Preload" PHP-Handler:plesk-php84-fpm Remoteport(vom Nginx):37762
172.71.164.207 - - [10/Aug/2026:04:49:27 +0200] "GET /s/tecapa-ii/ HTTP/1.1" 200 37727 "-" "WP Rocket/Preload Mozilla/5.0 (iPhone; CPU iPhone OS 9_1 like Mac OS X) AppleWebKit/601.1.46 (KHTML, like Gecko) Version/9.0 Mobile/13B143 Safari/601.1" PHP-Handler:plesk-php84-fpm Remoteport(vom Nginx):37870
172.71.172.22 - - [10/Aug/2026:04:49:28 +0200] "GET /tag/schwenkgrill/ HTTP/1.1" 200 38131 "-" "WP Rocket/Preload" PHP-Handler:plesk-php84-fpm Remoteport(vom Nginx):37890
172.70.248.79 - - [10/Aug/2026:04:49:30 +0200] "GET /tag/schwenkgrill/ HTTP/1.1" 200 28018 "-" "WP Rocket/Preload Mozilla/5.0 (iPhone; CPU iPhone OS 9_1 like Mac OS X) AppleWebKit/601.1.46 (KHTML, like Gecko) Version/9.0 Mobile/13B143 Safari/601.1" PHP-Handler:plesk-php84-fpm Remoteport(vom Nginx):38290
162.159.104.105 - - [10/Aug/2026:04:49:32 +0200] "POST /?wc-ajax=get_refreshed_fragments HTTP/1.1" 200 954 "https://www.ofenbernd.de/p/oranier-clio-5-umlenkstein-umlenkung-ersatzteile/" "Mozilla/5.0 (Linux; Android 6.0.1; Nexus 5X Build/MMB29P) AppleWebKit/537.36 (KHTML, like Gecko) Chrome/150.0.7871.186 Mobile Safari/537.36 (compatible; Googlebot/2.1; +http://www.google.com/bot.html)" PHP-Handler: Remoteport(vom Nginx):46122
172.71.164.207 - - [10/Aug/2026:04:49:31 +0200] "GET /s/oranier-tampere-8-seitenstein/ HTTP/1.1" 200 50335 "-" "WP Rocket/Preload" PHP-Handler:plesk-php84-fpm Remoteport(vom Nginx):46048
172.71.148.64 - - [10/Aug/2026:04:49:33 +0200] "GET /s/oranier-tampere-8-seitenstein/ HTTP/1.1" 200 37670 "-" "WP Rocket/Preload Mozilla/5.0 (iPhone; CPU iPhone OS 9_1 like Mac OS X) AppleWebKit/601.1.46 (KHTML, like Gecko) Version/9.0 Mobile/13B143 Safari/601.1" PHP-Handler:plesk-php84-fpm Remoteport(vom Nginx):46290
172.71.172.22 - - [10/Aug/2026:04:49:13 +0200] "POST /wp-admin/admin-ajax.php?action=as_async_request_queue_runner&nonce=8be6605f32 HTTP/1.1" 200 754 "-" "8TEoF2GC2Fmx" PHP-Handler:plesk-php84-fpm Remoteport(vom Nginx):46304
172.70.248.79 - - [10/Aug/2026:04:49:42 +0200] "GET /s/oranier-clio-7-seitenstein/ HTTP/1.1" 200 50507 "-" "WP Rocket/Preload" PHP-Handler:plesk-php84-fpm Remoteport(vom Nginx):21934
162.158.86.125 - - [10/Aug/2026:04:49:43 +0200] "GET /s/oranier-clio-7-seitenstein/ HTTP/1.1" 200 37800 "-" "WP Rocket/Preload Mozilla/5.0 (iPhone; CPU iPhone OS 9_1 like Mac OS X) AppleWebKit/601.1.46 (KHTML, like Gecko) Version/9.0 Mobile/13B143 Safari/601.1" PHP-Handler:plesk-php84-fpm Remoteport(vom Nginx):21980
172.70.248.79 - - [10/Aug/2026:04:49:45 +0200] "GET /s/metallic/ HTTP/1.1" 200 48609 "-" "WP Rocket/Preload" PHP-Handler:plesk-php84-fpm Remoteport(vom Nginx):22004
104.23.239.69 - - [10/Aug/2026:04:49:46 +0200] "GET /s/metallic/ HTTP/1.1" 200 35919 "-" "WP Rocket/Preload Mozilla/5.0 (iPhone; CPU iPhone OS 9_1 like Mac OS X) AppleWebKit/601.1.46 (KHTML, like Gecko) Version/9.0 Mobile/13B143 Safari/601.1" PHP-Handler:plesk-php84-fpm Remoteport(vom Nginx):22064
172.70.248.79 - - [10/Aug/2026:04:49:48 +0200] "GET /s/fireplace-lyon-eckkaminofen-stahl-gussgrau/ HTTP/1.1" 200 49469 "-" "WP Rocket/Preload" PHP-Handler:plesk-php84-fpm Remoteport(vom Nginx):22094
172.71.247.253 - - [10/Aug/2026:04:49:49 +0200] "GET /s/fireplace-lyon-eckkaminofen-stahl-gussgrau/ HTTP/1.1" 200 37567 "-" "WP Rocket/Preload Mozilla/5.0 (iPhone; CPU iPhone OS 9_1 like Mac OS X) AppleWebKit/601.1.46 (KHTML, like Gecko) Version/9.0 Mobile/13B143 Safari/601.1" PHP-Handler:plesk-php84-fpm Remoteport(vom Nginx):22132
172.71.247.253 - - [10/Aug/2026:04:49:51 +0200] "GET /p/spartherm-ambiente-a1-a2-a3-a4-seitensteine-wandsteine-komplett-bis-2014-1016194/ HTTP/1.1" 200 60336 "-" "WP Rocket/Preload" PHP-Handler:plesk-php84-fpm Remoteport(vom Nginx):22182
172.71.148.64 - - [10/Aug/2026:04:49:52 +0200] "GET /p/spartherm-ambiente-a1-a2-a3-a4-seitensteine-wandsteine-komplett-bis-2014-1016194/ HTTP/1.1" 200 46937 "-" "WP Rocket/Preload Mozilla/5.0 (iPhone; CPU iPhone OS 9_1 like Mac OS X) AppleWebKit/601.1.46 (KHTML, like Gecko) Version/9.0 Mobile/13B143 Safari/601.1" PHP-Handler:plesk-php84-fpm Remoteport(vom Nginx):4970
172.71.172.22 - - [10/Aug/2026:04:49:57 +0200] "GET /p/schmid-sd-11-e-stehrost-70-x-280/ HTTP/1.1" 200 60863 "-" "WP Rocket/Preload" PHP-Handler:plesk-php84-fpm Remoteport(vom Nginx):5118
172.71.172.22 - - [10/Aug/2026:04:49:54 +0200] "GET /p/schmid-sh-9-g-hb-10-rueckwand-bodenstein-pos-11-67-2010-1255/ HTTP/1.1" 200 60238 "-" "WP Rocket/Preload" PHP-Handler:plesk-php84-fpm Remoteport(vom Nginx):5052
162.158.94.225 - - [10/Aug/2026:04:49:55 +0200] "GET /p/schmid-sh-9-g-hb-10-rueckwand-bodenstein-pos-11-67-2010-1255/ HTTP/1.1" 200 47481 "-" "WP Rocket/Preload Mozilla/5.0 (iPhone; CPU iPhone OS 9_1 like Mac OS X) AppleWebKit/601.1.46 (KHTML, like Gecko) Version/9.0 Mobile/13B143 Safari/601.1" PHP-Handler:plesk-php84-fpm Remoteport(vom Nginx):5086
104.23.239.69 - - [10/Aug/2026:04:49:56 +0200] "GET /s/oranier-polar-6-feuerrost/?orderby=rating HTTP/1.1" 200 32981 "-" "Mozilla/5.0 (Macintosh; Intel Mac OS X 10_14_6) AppleWebKit/537.36 (KHTML, like Gecko) Brave Chrome/87.0.4280.88 Safari/537.36" PHP-Handler:plesk-php84-fpm Remoteport(vom Nginx):5100
172.71.148.64 - - [10/Aug/2026:04:49:58 +0200] "GET /p/schmid-sd-11-e-stehrost-70-x-280/ HTTP/1.1" 200 47518 "-" "WP Rocket/Preload Mozilla/5.0 (iPhone; CPU iPhone OS 9_1 like Mac OS X) AppleWebKit/601.1.46 (KHTML, like Gecko) Version/9.0 Mobile/13B143 Safari/601.1" PHP-Handler:plesk-php84-fpm Remoteport(vom Nginx):5146
172.71.144.145 - - [10/Aug/2026:04:49:59 +0200] "GET /s/mini/ HTTP/1.1" 200 47759 "-" "WP Rocket/Preload" PHP-Handler:plesk-php84-fpm Remoteport(vom Nginx):5192
172.71.164.207 - - [10/Aug/2026:04:50:01 +0200] "GET /s/mini/ HTTP/1.1" 200 35894 "-" "WP Rocket/Preload Mozilla/5.0 (iPhone; CPU iPhone OS 9_1 like Mac OS X) AppleWebKit/601.1.46 (KHTML, like Gecko) Version/9.0 Mobile/13B143 Safari/601.1" PHP-Handler:plesk-php84-fpm Remoteport(vom Nginx):5234
172.71.175.8 - - [10/Aug/2026:04:50:02 +0200] "GET /p/oranier-amos-120-150-tuerdichtung-3-meter-2899680000/ HTTP/1.1" 200 47551 "-" "Mozilla/5.0 (Linux; Android 6.0.1; Nexus 5X Build/MMB29P) AppleWebKit/537.36 (KHTML, like Gecko) Chrome/150.0.7871.186 Mobile Safari/537.36 (compatible; Googlebot/2.1; +http://www.google.com/bot.html)" PHP-Handler:plesk-php84-fpm Remoteport(vom Nginx):36376
162.158.94.225 - - [10/Aug/2026:04:49:39 +0200] "POST /wp-admin/admin-ajax.php?action=as_async_request_queue_runner&nonce=8be6605f32 HTTP/1.1" 200 754 "-" "PtystaigleSb" PHP-Handler:plesk-php84-fpm Remoteport(vom Nginx):47120
172.71.164.207 - - [10/Aug/2026:04:50:10 +0200] "GET /tag/kernbohrung-ofen/ HTTP/1.1" 200 38140 "-" "WP Rocket/Preload" PHP-Handler:plesk-php84-fpm Remoteport(vom Nginx):36654
172.70.216.88 - - [10/Aug/2026:04:50:13 +0200] "GET /s/oranier-polar-6-eck-umlenkung/?orderby=date HTTP/1.1" 200 33189 "-" "Mozilla/5.0 (Windows NT 6.1) AppleWebKit/537.36 (KHTML, like Gecko) Chrome/90.0.4430.93 Safari/537.36" PHP-Handler:plesk-php84-fpm Remoteport(vom Nginx):19280
172.68.12.235 - - [10/Aug/2026:04:50:13 +0200] "GET /k/ofen-ersatzteile/oranier/kaskade-6-4657-6-ersatzteile/?orderby=price HTTP/1.1" 200 33142 "-" "Mozilla/5.0 (Windows NT 10.0; Win64; x64) AppleWebKit/537.36 (KHTML, like Gecko) Chrome/91.0.4472.114 Safari/537.36" PHP-Handler:plesk-php84-fpm Remoteport(vom Nginx):19292
172.71.144.145 - - [10/Aug/2026:04:50:15 +0200] "GET /tag/kernbohrung-ofen/ HTTP/1.1" 200 28021 "-" "WP Rocket/Preload Mozilla/5.0 (iPhone; CPU iPhone OS 9_1 like Mac OS X) AppleWebKit/601.1.46 (KHTML, like Gecko) Version/9.0 Mobile/13B143 Safari/601.1" PHP-Handler:plesk-php84-fpm Remoteport(vom Nginx):19320
162.159.104.105 - - [10/Aug/2026:04:50:17 +0200] "POST /?wc-ajax=get_refreshed_fragments HTTP/1.1" 200 954 "https://www.ofenbernd.de/p/oranier-amos-120-150-tuerdichtung-3-meter-2899680000/" "Mozilla/5.0 (Linux; Android 6.0.1; Nexus 5X Build/MMB29P) AppleWebKit/537.36 (KHTML, like Gecko) Chrome/150.0.7871.186 Mobile Safari/537.36 (compatible; Googlebot/2.1; +http://www.google.com/bot.html)" PHP-Handler: Remoteport(vom Nginx):19394
172.70.147.179 - - [10/Aug/2026:04:50:18 +0200] "GET /s/tower-xtra-2-0/ HTTP/1.1" 200 35954 "https://www.ofenbernd.de/s/tower-xtra-2-0/" "Mozilla/5.0 (Linux; Android 7.0;) AppleWebKit/537.36 (HTML, like Gecko) Mobile Safari/537.36 (compatible; PetalBot;+https://webmaster.petalsearch.com/site/petalbot)" PHP-Handler:plesk-php84-fpm Remoteport(vom Nginx):19442
172.68.26.121 - - [10/Aug/2026:04:50:21 +0200] "GET /p/weso-hsk-scheibe-125c-225c-345c-325c-425c-glasscheibe-kaminscheibe/feed/ HTTP/1.1" 200 1614 "-" "Mozilla/5.0 (Linux; Android 6.0.1; Nexus 5X Build/MMB29P) AppleWebKit/537.36 (KHTML, like Gecko) Chrome/150.0.7871.186 Mobile Safari/537.36 (compatible; Googlebot/2.1; +http://www.google.com/bot.html)" PHP-Handler:plesk-php84-fpm Remoteport(vom Nginx):19480
162.158.86.125 - - [10/Aug/2026:04:50:07 +0200] "POST /wp-admin/admin-ajax.php?action=as_async_request_queue_runner&nonce=8be6605f32 HTTP/1.1" 200 754 "-" "UH9va7wHfVYW" PHP-Handler:plesk-php84-fpm Remoteport(vom Nginx):36570
172.69.151.112 - - [10/Aug/2026:04:50:29 +0200] "POST /wp-cron.php?doing_wp_cron=1786330229.0070149898529052734375 HTTP/1.1" 200 461 "-" "BBmFd9qf2x5e" PHP-Handler:plesk-php84-fpm Remoteport(vom Nginx):46994
172.70.240.113 - - [10/Aug/2026:04:50:24 +0200] "GET /s/pelletoefen/ HTTP/1.1" 200 48629 "-" "WP Rocket/Preload" PHP-Handler:plesk-php84-fpm Remoteport(vom Nginx):46826
172.71.172.22 - - [10/Aug/2026:04:50:29 +0200] "POST /wp-cron.php?doing_wp_cron=1786330229.7422220706939697265625 HTTP/1.1" 200 461 "-" "bQCCS088QtPL" PHP-Handler:plesk-php84-fpm Remoteport(vom Nginx):47036
172.71.148.64 - - [10/Aug/2026:04:50:26 +0200] "GET /s/pelletoefen/ HTTP/1.1" 200 35935 "-" "WP Rocket/Preload Mozilla/5.0 (iPhone; CPU iPhone OS 9_1 like Mac OS X) AppleWebKit/601.1.46 (KHTML, like Gecko) Version/9.0 Mobile/13B143 Safari/601.1" PHP-Handler:plesk-php84-fpm Remoteport(vom Nginx):46906
172.71.148.64 - - [10/Aug/2026:04:50:30 +0200] "POST /wp-cron.php?doing_wp_cron=1786330230.7828149795532226562500 HTTP/1.1" 200 461 "-" "0gKFtjhXprc8" PHP-Handler:plesk-php84-fpm Remoteport(vom Nginx):47056
162.158.94.225 - - [10/Aug/2026:04:50:22 +0200] "POST /wp-admin/admin-ajax.php?action=as_async_request_queue_runner&nonce=8be6605f32 HTTP/1.1" 200 754 "-" "UJDCeY3X8Cn5" PHP-Handler:plesk-php84-fpm Remoteport(vom Nginx):46754
162.158.94.225 - - [10/Aug/2026:04:50:31 +0200] "POST /wp-cron.php?doing_wp_cron=1786330231.6956269741058349609375 HTTP/1.1" 200 461 "-" "BumzXUm1XcJ5" PHP-Handler:plesk-php84-fpm Remoteport(vom Nginx):34682
172.71.172.22 - - [10/Aug/2026:04:50:27 +0200] "GET /s/schmid-neo-line-8563-seitenstein-rechts/ HTTP/1.1" 200 50259 "-" "WP Rocket/Preload" PHP-Handler:plesk-php84-fpm Remoteport(vom Nginx):46970
