104.23.239.69 - - [10/Aug/2026:03:57:17 +0200] "GET /s/leda-antigua-h-kaminscheibe/ HTTP/1.1" 200 35991 "-" "WP Rocket/Preload Mozilla/5.0 (iPhone; CPU iPhone OS 9_1 like Mac OS X) AppleWebKit/601.1.46 (KHTML, like Gecko) Version/9.0 Mobile/13B143 Safari/601.1" PHP-Handler:plesk-php84-fpm Remoteport(vom Nginx):5024
172.71.194.170 - - [10/Aug/2026:03:57:18 +0200] "GET /k/kamine/page/5/?orderby=popularity HTTP/1.1" 200 36429 "-" "Mozilla/5.0 AppleWebKit/537.36 (KHTML, like Gecko; compatible; Amazonbot/0.1; +https://developer.amazon.com/support/amazonbot) Chrome/119.0.6045.214 Safari/537.36" PHP-Handler:plesk-php84-fpm Remoteport(vom Nginx):5084
172.70.248.78 - - [10/Aug/2026:03:57:19 +0200] "GET /p/olsberg-alid-seitenstein-hi-re-pos-36l-23-4961-1257/ HTTP/1.1" 200 60196 "-" "WP Rocket/Preload" PHP-Handler:plesk-php84-fpm Remoteport(vom Nginx):5112
172.70.248.78 - - [10/Aug/2026:03:57:20 +0200] "GET /p/olsberg-alid-seitenstein-hi-re-pos-36l-23-4961-1257/ HTTP/1.1" 200 47340 "-" "WP Rocket/Preload Mozilla/5.0 (iPhone; CPU iPhone OS 9_1 like Mac OS X) AppleWebKit/601.1.46 (KHTML, like Gecko) Version/9.0 Mobile/13B143 Safari/601.1" PHP-Handler:plesk-php84-fpm Remoteport(vom Nginx):5208
172.71.172.22 - - [10/Aug/2026:03:57:22 +0200] "GET /k/ofen-ersatzteile/spartherm/rundo/rundo-650x572-ersatzteile/ HTTP/1.1" 200 50705 "-" "WP Rocket/Preload" PHP-Handler:plesk-php84-fpm Remoteport(vom Nginx):48444
172.70.242.69 - - [10/Aug/2026:03:57:23 +0200] "GET /k/ofen-ersatzteile/spartherm/rundo/rundo-650x572-ersatzteile/ HTTP/1.1" 200 38718 "-" "WP Rocket/Preload Mozilla/5.0 (iPhone; CPU iPhone OS 9_1 like Mac OS X) AppleWebKit/601.1.46 (KHTML, like Gecko) Version/9.0 Mobile/13B143 Safari/601.1" PHP-Handler:plesk-php84-fpm Remoteport(vom Nginx):48508
172.70.248.78 - - [10/Aug/2026:03:57:25 +0200] "GET /s/perl-anthrazit/ HTTP/1.1" 200 48636 "-" "WP Rocket/Preload" PHP-Handler:plesk-php84-fpm Remoteport(vom Nginx):48552
172.71.164.207 - - [10/Aug/2026:03:57:26 +0200] "GET /s/perl-anthrazit/ HTTP/1.1" 200 35937 "-" "WP Rocket/Preload Mozilla/5.0 (iPhone; CPU iPhone OS 9_1 like Mac OS X) AppleWebKit/601.1.46 (KHTML, like Gecko) Version/9.0 Mobile/13B143 Safari/601.1" PHP-Handler:plesk-php84-fpm Remoteport(vom Nginx):48596
172.71.144.145 - - [10/Aug/2026:03:57:07 +0200] "POST /wp-admin/admin-ajax.php?action=as_async_request_queue_runner&nonce=8be6605f32 HTTP/1.1" 200 754 "-" "KOG8TUCdeFQ4" PHP-Handler:plesk-php84-fpm Remoteport(vom Nginx):21708
104.22.100.173 - - [10/Aug/2026:03:57:31 +0200] "GET /k/ofen-ersatzteile/olsberg/olsberg-fayal/?orderby=price HTTP/1.1" 200 35541 "-" "Mozilla/5.0 AppleWebKit/537.36 (KHTML, like Gecko; compatible; Amazonbot/0.1; +https://developer.amazon.com/support/amazonbot) Chrome/119.0.6045.214 Safari/537.36" PHP-Handler:plesk-php84-fpm Remoteport(vom Nginx):48794
172.70.247.163 - - [10/Aug/2026:03:57:35 +0200] "GET /p/spartherm-prismo-550-x-510-scheibendichtung/ HTTP/1.1" 200 59212 "-" "WP Rocket/Preload" PHP-Handler:plesk-php84-fpm Remoteport(vom Nginx):11774
172.71.166.251 - - [10/Aug/2026:03:57:40 +0200] "GET /p/oranier-polar-8-4654-8-serie-2-umlenkung-pos-22-2906408000/ HTTP/1.1" 200 46275 "-" "Mozilla/5.0 (Linux; Android 6.0.1; Nexus 5X Build/MMB29P) AppleWebKit/537.36 (KHTML, like Gecko) Chrome/150.0.7871.186 Mobile Safari/537.36 (compatible; Googlebot/2.1; +http://www.google.com/bot.html)" PHP-Handler:plesk-php84-fpm Remoteport(vom Nginx):11958
172.70.247.163 - - [10/Aug/2026:03:57:40 +0200] "GET /p/spartherm-prismo-550-x-510-scheibendichtung/ HTTP/1.1" 200 46327 "-" "WP Rocket/Preload Mozilla/5.0 (iPhone; CPU iPhone OS 9_1 like Mac OS X) AppleWebKit/601.1.46 (KHTML, like Gecko) Version/9.0 Mobile/13B143 Safari/601.1" PHP-Handler:plesk-php84-fpm Remoteport(vom Nginx):11984
162.158.79.8 - - [10/Aug/2026:03:57:43 +0200] "GET /wp-json/oembed/1.0/embed?format=xml&url=https://www.ofenbernd.de/p/olsberg-format-11-12-rostkorb-rost-ersatzteile/ HTTP/1.1" 200 2060 "-" "Mozilla/5.0 AppleWebKit/537.36 (KHTML, like Gecko; compatible; Amazonbot/0.1; +https://developer.amazon.com/support/amazonbot) Chrome/119.0.6045.214 Safari/537.36" PHP-Handler:plesk-php84-fpm Remoteport(vom Nginx):21438
172.71.144.145 - - [10/Aug/2026:03:57:33 +0200] "POST /wp-admin/admin-ajax.php?action=as_async_request_queue_runner&nonce=8be6605f32 HTTP/1.1" 200 754 "-" "gOSzhog5Cqiz" PHP-Handler:plesk-php84-fpm Remoteport(vom Nginx):11578
172.68.194.170 - - [10/Aug/2026:03:57:53 +0200] "GET /wp-content/uploads/2015/03/oranier_arktis_4_serie_1_ersatzteile_schamott_schamotte_schamottsteine_2.jpg.webp HTTP/1.1" 200 610 "-" "Mozilla/5.0 AppleWebKit/537.36 (KHTML, like Gecko; compatible; bingbot/2.0; +http://www.bing.com/bingbot.htm) Chrome/116.0.1938.76 Safari/537.36" PHP-Handler: Remoteport(vom Nginx):33296
172.70.240.113 - - [10/Aug/2026:03:57:49 +0200] "GET /s/olsberg-skagen-7-rost/ HTTP/1.1" 200 49413 "-" "WP Rocket/Preload" PHP-Handler:plesk-php84-fpm Remoteport(vom Nginx):21698
172.68.245.204 - - [10/Aug/2026:03:57:50 +0200] "GET /wp-json/wp/v2/product/7847 HTTP/1.1" 200 1756 "-" "Mozilla/5.0 AppleWebKit/537.36 (KHTML, like Gecko; compatible; Amazonbot/0.1; +https://developer.amazon.com/support/amazonbot) Chrome/119.0.6045.214 Safari/537.36" PHP-Handler:plesk-php84-fpm Remoteport(vom Nginx):21776
172.69.150.91 - - [10/Aug/2026:03:57:51 +0200] "GET /s/olsberg-skagen-7-rost/ HTTP/1.1" 200 37561 "-" "WP Rocket/Preload Mozilla/5.0 (iPhone; CPU iPhone OS 9_1 like Mac OS X) AppleWebKit/601.1.46 (KHTML, like Gecko) Version/9.0 Mobile/13B143 Safari/601.1" PHP-Handler:plesk-php84-fpm Remoteport(vom Nginx):21778
172.64.217.76 - - [10/Aug/2026:03:57:51 +0200] "GET /s/olsberg-golaya-ersatzteile/ HTTP/1.1" 200 50769 "-" "Mozilla/5.0 (Windows NT 10.0; WOW64) AppleWebKit/537.36 (KHTML, like Gecko) Chrome/48.0.2564.116 Safari/537.36" PHP-Handler:plesk-php84-fpm Remoteport(vom Nginx):33220
172.71.144.145 - - [10/Aug/2026:03:57:52 +0200] "GET /s/schmid-sh-9-d-sd-hb-9f/ HTTP/1.1" 200 50276 "-" "WP Rocket/Preload" PHP-Handler:plesk-php84-fpm Remoteport(vom Nginx):33280
172.69.150.91 - - [10/Aug/2026:03:57:54 +0200] "GET /s/schmid-sh-9-d-sd-hb-9f/ HTTP/1.1" 200 37635 "-" "WP Rocket/Preload Mozilla/5.0 (iPhone; CPU iPhone OS 9_1 like Mac OS X) AppleWebKit/601.1.46 (KHTML, like Gecko) Version/9.0 Mobile/13B143 Safari/601.1" PHP-Handler:plesk-php84-fpm Remoteport(vom Nginx):33332
172.71.172.22 - - [10/Aug/2026:03:57:55 +0200] "GET /p/oranier-kiruna-kleber-4-6-8-serie-1-2-3-kaminkleber-2899928000/ HTTP/1.1" 200 60310 "-" "WP Rocket/Preload" PHP-Handler:plesk-php84-fpm Remoteport(vom Nginx):33382
104.23.239.82 - - [10/Aug/2026:03:57:57 +0200] "GET /wp-content/plugins/woocommerce-paypal-payments/modules/ppcp-settings/assets/fonts/PayPalPro-Bold.536aad2a.otf HTTP/1.1" 301 663 "-" "Mozilla/5.0 AppleWebKit/537.36 (KHTML, like Gecko; compatible; bingbot/2.0; +http://www.bing.com/bingbot.htm) Chrome/116.0.1938.76 Safari/537.36" PHP-Handler:plesk-php84-fpm Remoteport(vom Nginx):33456
172.71.172.22 - - [10/Aug/2026:03:57:57 +0200] "GET /p/oranier-kiruna-kleber-4-6-8-serie-1-2-3-kaminkleber-2899928000/ HTTP/1.1" 200 47460 "-" "WP Rocket/Preload Mozilla/5.0 (iPhone; CPU iPhone OS 9_1 like Mac OS X) AppleWebKit/601.1.46 (KHTML, like Gecko) Version/9.0 Mobile/13B143 Safari/601.1" PHP-Handler:plesk-php84-fpm Remoteport(vom Nginx):33440
172.71.148.34 - - [10/Aug/2026:03:58:01 +0200] "GET /wp-content/cache/background-css/1/www.ofenbernd.de/wp-content/cache/min/1/wp-content/plugins/customer-reviews-woocommerce/css/badges.css?ver=1786314715&wpr_t=1786334275 HTTP/1.1" 200 659 "https://www.ofenbernd.de/s/olsberg-golaya-ersatzteile/" "Mozilla/5.0 (Windows NT 10.0; Win64; x64) AppleWebKit/537.36 (KHTML, like Gecko) Chrome/99.0.4844.51 Safari/537.36" PHP-Handler: Remoteport(vom Nginx):11294
172.70.240.126 - - [10/Aug/2026:03:58:01 +0200] "GET /wp-content/cache/background-css/1/www.ofenbernd.de/wp-content/cache/min/1/wp-content/plugins/customer-reviews-woocommerce/css/frontend.css?ver=1786314715&wpr_t=1786334275 HTTP/1.1" 200 661 "https://www.ofenbernd.de/s/olsberg-golaya-ersatzteile/" "Mozilla/5.0 (Windows NT 10.0; Win64; x64) AppleWebKit/537.36 (KHTML, like Gecko) Chrome/99.0.4844.51 Safari/537.36" PHP-Handler: Remoteport(vom Nginx):11304
172.71.148.64 - - [10/Aug/2026:03:57:58 +0200] "GET /p/olsberg-creation-11-umlenkstein-umlenkung-37c/ HTTP/1.1" 200 60159 "-" "WP Rocket/Preload" PHP-Handler:plesk-php84-fpm Remoteport(vom Nginx):33498
172.71.148.164 - - [10/Aug/2026:03:58:03 +0200] "GET /wp-content/cache/background-css/1/www.ofenbernd.de/wp-content/cache/min/1/wp-content/plugins/woocommerce/assets/css/woocommerce.css?ver=1786314715&wpr_t=1786334275 HTTP/1.1" 200 654 "https://www.ofenbernd.de/s/olsberg-golaya-ersatzteile/" "Mozilla/5.0 (Windows NT 10.0; Win64; x64) AppleWebKit/537.36 (KHTML, like Gecko) Chrome/99.0.4844.51 Safari/537.36" PHP-Handler: Remoteport(vom Nginx):11366
172.71.144.145 - - [10/Aug/2026:03:58:00 +0200] "GET /p/olsberg-creation-11-umlenkstein-umlenkung-37c/ HTTP/1.1" 200 47480 "-" "WP Rocket/Preload Mozilla/5.0 (iPhone; CPU iPhone OS 9_1 like Mac OS X) AppleWebKit/601.1.46 (KHTML, like Gecko) Version/9.0 Mobile/13B143 Safari/601.1" PHP-Handler:plesk-php84-fpm Remoteport(vom Nginx):33530
172.71.247.92 - - [10/Aug/2026:03:58:01 +0200] "GET /s/feuer/ HTTP/1.1" 200 50854 "-" "WP Rocket/Preload" PHP-Handler:plesk-php84-fpm Remoteport(vom Nginx):11308
172.71.172.22 - - [10/Aug/2026:03:58:03 +0200] "GET /s/feuer/ HTTP/1.1" 200 38874 "-" "WP Rocket/Preload Mozilla/5.0 (iPhone; CPU iPhone OS 9_1 like Mac OS X) AppleWebKit/601.1.46 (KHTML, like Gecko) Version/9.0 Mobile/13B143 Safari/601.1" PHP-Handler:plesk-php84-fpm Remoteport(vom Nginx):11344
172.70.248.201 - - [10/Aug/2026:03:58:07 +0200] "GET /wp-content/uploads/2015/03/olsberg_golaya_ruckwandstein_ruckwand-400x400.jpg.webp HTTP/1.1" 200 583 "https://www.ofenbernd.de/s/olsberg-golaya-ersatzteile/" "Mozilla/5.0 (Windows NT 10.0; Win64; x64) AppleWebKit/537.36 (KHTML, like Gecko) Chrome/99.0.4844.51 Safari/537.36" PHP-Handler: Remoteport(vom Nginx):11482
172.71.144.145 - - [10/Aug/2026:03:58:04 +0200] "GET /s/motivier/ HTTP/1.1" 200 49918 "-" "WP Rocket/Preload" PHP-Handler:plesk-php84-fpm Remoteport(vom Nginx):11404
172.71.247.92 - - [10/Aug/2026:03:58:09 +0200] "GET /p/beckmann-schornstein-wandkonsole-edelstahl-250-400-mm/ HTTP/1.1" 200 45827 "-" "WP Rocket/Preload Mozilla/5.0 (iPhone; CPU iPhone OS 9_1 like Mac OS X) AppleWebKit/601.1.46 (KHTML, like Gecko) Version/9.0 Mobile/13B143 Safari/601.1" PHP-Handler:plesk-php84-fpm Remoteport(vom Nginx):11560
172.71.247.92 - - [10/Aug/2026:03:58:06 +0200] "GET /s/motivier/ HTTP/1.1" 200 38062 "-" "WP Rocket/Preload Mozilla/5.0 (iPhone; CPU iPhone OS 9_1 like Mac OS X) AppleWebKit/601.1.46 (KHTML, like Gecko) Version/9.0 Mobile/13B143 Safari/601.1" PHP-Handler:plesk-php84-fpm Remoteport(vom Nginx):11444
172.64.217.76 - - [10/Aug/2026:03:58:07 +0200] "POST /?wc-ajax=get_refreshed_fragments HTTP/1.1" 200 954 "https://www.ofenbernd.de/s/olsberg-golaya-ersatzteile/" "Mozilla/5.0 (Windows NT 10.0; Win64; x64) AppleWebKit/537.36 (KHTML, like Gecko) Chrome/99.0.4844.51 Safari/537.36" PHP-Handler: Remoteport(vom Nginx):11488
172.71.164.207 - - [10/Aug/2026:03:58:07 +0200] "GET /p/beckmann-schornstein-wandkonsole-edelstahl-250-400-mm/ HTTP/1.1" 200 60089 "-" "WP Rocket/Preload" PHP-Handler:plesk-php84-fpm Remoteport(vom Nginx):11462
172.64.217.76 - - [10/Aug/2026:03:58:08 +0200] "POST /wp-admin/admin-ajax.php HTTP/1.1" 200 1461 "https://www.ofenbernd.de/s/olsberg-golaya-ersatzteile/" "Mozilla/5.0 (Windows NT 10.0; Win64; x64) AppleWebKit/537.36 (KHTML, like Gecko) Chrome/99.0.4844.51 Safari/537.36" PHP-Handler:plesk-php84-fpm Remoteport(vom Nginx):11524
172.70.247.163 - - [10/Aug/2026:03:57:47 +0200] "POST /wp-admin/admin-ajax.php?action=as_async_request_queue_runner&nonce=8be6605f32 HTTP/1.1" 200 754 "-" "bwqflHCyQC2j" PHP-Handler:plesk-php84-fpm Remoteport(vom Nginx):21570
172.70.240.113 - - [10/Aug/2026:03:58:17 +0200] "POST /wp-cron.php?doing_wp_cron=1786327097.6931190490722656250000 HTTP/1.1" 200 461 "-" "ZiHvvJqmtx4y" PHP-Handler:plesk-php84-fpm Remoteport(vom Nginx):12188
104.23.239.69 - - [10/Aug/2026:03:58:13 +0200] "GET /s/gilt/ HTTP/1.1" 200 51642 "-" "WP Rocket/Preload" PHP-Handler:plesk-php84-fpm Remoteport(vom Nginx):11968
172.71.164.207 - - [10/Aug/2026:03:58:18 +0200] "POST /wp-cron.php?doing_wp_cron=1786327098.7075870037078857421875 HTTP/1.1" 200 461 "-" "BJOjsPvABgoQ" PHP-Handler:plesk-php84-fpm Remoteport(vom Nginx):12252
162.159.103.153 - - [10/Aug/2026:03:58:15 +0200] "GET /s/schmid-sh-8-g-gb-glasscheibe-komplett/?orderby=popularity HTTP/1.1" 200 32940 "-" "Mozilla/5.0 (Macintosh; Intel Mac OS X 10_15_7) AppleWebKit/537.36 (KHTML, like Gecko) Chrome/96.0.4664.110 Safari/537.36" PHP-Handler:plesk-php84-fpm Remoteport(vom Nginx):12062
172.71.172.22 - - [10/Aug/2026:03:58:19 +0200] "POST /wp-cron.php?doing_wp_cron=1786327099.1909930706024169921875 HTTP/1.1" 200 461 "-" "FztY5sMuuzth" PHP-Handler:plesk-php84-fpm Remoteport(vom Nginx):12254
172.71.172.22 - - [10/Aug/2026:03:58:15 +0200] "GET /s/gilt/ HTTP/1.1" 200 38874 "-" "WP Rocket/Preload Mozilla/5.0 (iPhone; CPU iPhone OS 9_1 like Mac OS X) AppleWebKit/601.1.46 (KHTML, like Gecko) Version/9.0 Mobile/13B143 Safari/601.1" PHP-Handler:plesk-php84-fpm Remoteport(vom Nginx):12066
162.158.86.124 - - [10/Aug/2026:03:58:21 +0200] "POST /wp-cron.php?doing_wp_cron=1786327101.3215250968933105468750 HTTP/1.1" 200 461 "-" "mHgveTYuDB0a" PHP-Handler:plesk-php84-fpm Remoteport(vom Nginx):12336
172.71.148.64 - - [10/Aug/2026:03:58:16 +0200] "GET /s/inbegriff/ HTTP/1.1" 200 52207 "-" "WP Rocket/Preload" PHP-Handler:plesk-php84-fpm Remoteport(vom Nginx):12156
172.71.164.207 - - [10/Aug/2026:03:58:18 +0200] "GET /s/inbegriff/ HTTP/1.1" 200 38879 "-" "WP Rocket/Preload Mozilla/5.0 (iPhone; CPU iPhone OS 9_1 like Mac OS X) AppleWebKit/601.1.46 (KHTML, like Gecko) Version/9.0 Mobile/13B143 Safari/601.1" PHP-Handler:plesk-php84-fpm Remoteport(vom Nginx):12202
172.70.240.113 - - [10/Aug/2026:03:58:19 +0200] "GET /s/koenigshuette-draco/ HTTP/1.1" 200 47870 "-" "WP Rocket/Preload" PHP-Handler:plesk-php84-fpm Remoteport(vom Nginx):12272
172.71.148.64 - - [10/Aug/2026:03:58:21 +0200] "GET /s/koenigshuette-draco/ HTTP/1.1" 200 35983 "-" "WP Rocket/Preload Mozilla/5.0 (iPhone; CPU iPhone OS 9_1 like Mac OS X) AppleWebKit/601.1.46 (KHTML, like Gecko) Version/9.0 Mobile/13B143 Safari/601.1" PHP-Handler:plesk-php84-fpm Remoteport(vom Nginx):12334
172.71.144.145 - - [10/Aug/2026:03:58:22 +0200] "GET /tag/reparatur-ofen/ HTTP/1.1" 200 38136 "-" "WP Rocket/Preload" PHP-Handler:plesk-php84-fpm Remoteport(vom Nginx):24338
104.23.209.233 - - [10/Aug/2026:03:58:23 +0200] "GET /s/olsberg-libera-plus-konvektionsluftgeblaese/ HTTP/1.1" 200 50303 "-" "Mozilla/5.0 AppleWebKit/537.36 (KHTML, like Gecko; compatible; Amazonbot/0.1; +https://developer.amazon.com/support/amazonbot) Chrome/119.0.6045.214 Safari/537.36" PHP-Handler:plesk-php84-fpm Remoteport(vom Nginx):24370
172.71.172.22 - - [10/Aug/2026:03:58:24 +0200] "GET /tag/reparatur-ofen/ HTTP/1.1" 200 28025 "-" "WP Rocket/Preload Mozilla/5.0 (iPhone; CPU iPhone OS 9_1 like Mac OS X) AppleWebKit/601.1.46 (KHTML, like Gecko) Version/9.0 Mobile/13B143 Safari/601.1" PHP-Handler:plesk-php84-fpm Remoteport(vom Nginx):24474
172.70.248.78 - - [10/Aug/2026:03:58:25 +0200] "GET /p/olsberg-skagen-7-8-seitenstein-schamottstein-links-oben/ HTTP/1.1" 200 60350 "-" "WP Rocket/Preload" PHP-Handler:plesk-php84-fpm Remoteport(vom Nginx):24538
172.71.164.207 - - [10/Aug/2026:03:58:27 +0200] "GET /p/olsberg-skagen-7-8-seitenstein-schamottstein-links-oben/ HTTP/1.1" 200 46814 "-" "WP Rocket/Preload Mozilla/5.0 (iPhone; CPU iPhone OS 9_1 like Mac OS X) AppleWebKit/601.1.46 (KHTML, like Gecko) Version/9.0 Mobile/13B143 Safari/601.1" PHP-Handler:plesk-php84-fpm Remoteport(vom Nginx):24598
172.70.242.69 - - [10/Aug/2026:03:58:31 +0200] "GET /p/oranier-artos-8151-rueckwand-links-mit-loch-2907207000/ HTTP/1.1" 200 60837 "-" "WP Rocket/Preload" PHP-Handler:plesk-php84-fpm Remoteport(vom Nginx):21576
172.71.148.64 - - [10/Aug/2026:03:58:32 +0200] "POST /wp-cron.php?doing_wp_cron=1786327112.8204391002655029296875 HTTP/1.1" 200 461 "-" "ITprnSylJ09w" PHP-Handler:plesk-php84-fpm Remoteport(vom Nginx):21928
172.70.248.78 - - [10/Aug/2026:03:58:28 +0200] "GET /s/olsberg-fayal-glasscheibe/ HTTP/1.1" 200 49236 "-" "WP Rocket/Preload" PHP-Handler:plesk-php84-fpm Remoteport(vom Nginx):24908
172.71.148.64 - - [10/Aug/2026:03:58:30 +0200] "GET /s/olsberg-fayal-glasscheibe/ HTTP/1.1" 200 37577 "-" "WP Rocket/Preload Mozilla/5.0 (iPhone; CPU iPhone OS 9_1 like Mac OS X) AppleWebKit/601.1.46 (KHTML, like Gecko) Version/9.0 Mobile/13B143 Safari/601.1" PHP-Handler:plesk-php84-fpm Remoteport(vom Nginx):25278
172.71.144.145 - - [10/Aug/2026:03:58:37 +0200] "POST /wp-cron.php?doing_wp_cron=1786327117.1219639778137207031250 HTTP/1.1" 200 461 "-" "mbYrnRFUrA3b" PHP-Handler:plesk-php84-fpm Remoteport(vom Nginx):22264
172.70.240.113 - - [10/Aug/2026:03:58:32 +0200] "GET /p/oranier-artos-8151-rueckwand-links-mit-loch-2907207000/ HTTP/1.1" 200 47386 "-" "WP Rocket/Preload Mozilla/5.0 (iPhone; CPU iPhone OS 9_1 like Mac OS X) AppleWebKit/601.1.46 (KHTML, like Gecko) Version/9.0 Mobile/13B143 Safari/601.1" PHP-Handler:plesk-php84-fpm Remoteport(vom Nginx):21902
172.71.191.108 - - [10/Aug/2026:03:58:35 +0200] "GET /s/gewellt/?orderby=price-desc HTTP/1.1" 200 33120 "-" "Mozilla/5.0 AppleWebKit/537.36 (KHTML, like Gecko; compatible; Amazonbot/0.1; +https://developer.amazon.com/support/amazonbot) Chrome/119.0.6045.214 Safari/537.36" PHP-Handler:plesk-php84-fpm Remoteport(vom Nginx):22096
172.70.247.163 - - [10/Aug/2026:03:58:11 +0200] "POST /wp-admin/admin-ajax.php?action=as_async_request_queue_runner&nonce=8be6605f32 HTTP/1.1" 200 754 "-" "re7zrRQqMS5Y" PHP-Handler:plesk-php84-fpm Remoteport(vom Nginx):11666
172.69.65.232 - - [10/Aug/2026:03:58:38 +0200] "GET /p/oranier-polar-6-serie-2-schamottstein-pos-32-4-2899371000/ HTTP/1.1" 200 48174 "-" "Mozilla/5.0 (Linux; Android 6.0.1; Nexus 5X Build/MMB29P) AppleWebKit/537.36 (KHTML, like Gecko) Chrome/150.0.7871.186 Mobile Safari/537.36 (compatible; Googlebot/2.1; +http://www.google.com/bot.html)" PHP-Handler:plesk-php84-fpm Remoteport(vom Nginx):22288
162.159.104.104 - - [10/Aug/2026:03:58:43 +0200] "GET /k/kaminzubehor/dovre-kaminzubehor/feed/ HTTP/1.1" 200 1267 "-" "Mozilla/5.0 (Linux; Android 6.0.1; Nexus 5X Build/MMB29P) AppleWebKit/537.36 (KHTML, like Gecko) Chrome/150.0.7871.186 Mobile Safari/537.36 (compatible; Googlebot/2.1; +http://www.google.com/bot.html)" PHP-Handler:plesk-php84-fpm Remoteport(vom Nginx):19214
172.71.247.235 - - [10/Aug/2026:03:58:46 +0200] "GET /wp-content/uploads/2015/03/oranier_polar_4_4654-4_serie_2_ersatzteile_schamott_schamotte_schamottsteine_4-100x100.jpg.webp HTTP/1.1" 200 1247 "-" "Mozilla/5.0 AppleWebKit/537.36 (KHTML, like Gecko; compatible; Amazonbot/0.1; +https://developer.amazon.com/support/amazonbot) Chrome/119.0.6045.214 Safari/537.36" PHP-Handler: Remoteport(vom Nginx):19478
172.71.164.207 - - [10/Aug/2026:03:58:42 +0200] "GET /p/olsberg-dichtungsleiste-o-u-kpl-sw-358lg-sw-pos-03l/ HTTP/1.1" 200 60733 "-" "WP Rocket/Preload" PHP-Handler:plesk-php84-fpm Remoteport(vom Nginx):19168
172.71.166.251 - - [10/Aug/2026:03:58:46 +0200] "GET /p/olsberg-skagen-5-umlenkstein-set-ersatzteile/ HTTP/1.1" 301 663 "-" "Mozilla/5.0 (Linux; Android 6.0.1; Nexus 5X Build/MMB29P) AppleWebKit/537.36 (KHTML, like Gecko) Chrome/150.0.7871.186 Mobile Safari/537.36 (compatible; Googlebot/2.1; +http://www.google.com/bot.html)" PHP-Handler:plesk-php84-fpm Remoteport(vom Nginx):19492
172.71.144.145 - - [10/Aug/2026:03:58:47 +0200] "GET /p/olsberg-dichtungsleiste-o-u-kpl-sw-358lg-sw-pos-03l/ HTTP/1.1" 200 47054 "-" "WP Rocket/Preload Mozilla/5.0 (iPhone; CPU iPhone OS 9_1 like Mac OS X) AppleWebKit/601.1.46 (KHTML, like Gecko) Version/9.0 Mobile/13B143 Safari/601.1" PHP-Handler:plesk-php84-fpm Remoteport(vom Nginx):19544
172.71.172.22 - - [10/Aug/2026:03:58:39 +0200] "POST /wp-admin/admin-ajax.php?action=as_async_request_queue_runner&nonce=8be6605f32 HTTP/1.1" 200 754 "-" "pINRE1rPNV35" PHP-Handler:plesk-php84-fpm Remoteport(vom Nginx):22314
162.158.86.124 - - [10/Aug/2026:03:58:56 +0200] "GET /p/olsberg-profi-7-auskleidung-komplett-pos-1-21-5721-9200/ HTTP/1.1" 200 59600 "-" "WP Rocket/Preload" PHP-Handler:plesk-php84-fpm Remoteport(vom Nginx):8706
162.159.104.104 - - [10/Aug/2026:03:58:59 +0200] "GET /s/olsberg-kone-stein-links/feed/ HTTP/1.1" 200 1542 "-" "Mozilla/5.0 (Linux; Android 6.0.1; Nexus 5X Build/MMB29P) AppleWebKit/537.36 (KHTML, like Gecko) Chrome/150.0.7871.186 Mobile Safari/537.36 (compatible; Googlebot/2.1; +http://www.google.com/bot.html)" PHP-Handler:plesk-php84-fpm Remoteport(vom Nginx):9154
172.71.148.64 - - [10/Aug/2026:03:58:57 +0200] "GET /p/olsberg-profi-7-auskleidung-komplett-pos-1-21-5721-9200/ HTTP/1.1" 200 46054 "-" "WP Rocket/Preload Mozilla/5.0 (iPhone; CPU iPhone OS 9_1 like Mac OS X) AppleWebKit/601.1.46 (KHTML, like Gecko) Version/9.0 Mobile/13B143 Safari/601.1" PHP-Handler:plesk-php84-fpm Remoteport(vom Nginx):8870
172.71.172.22 - - [10/Aug/2026:03:58:59 +0200] "GET /p/oranier-polar-4-serie-1-2-feuerrost-kaminrost-5570941000/ HTTP/1.1" 200 60264 "-" "WP Rocket/Preload" PHP-Handler:plesk-php84-fpm Remoteport(vom Nginx):9346
172.70.247.26 - - [10/Aug/2026:03:59:06 +0200] "GET /wp-content/uploads/2016/10/schmid_lina_4545_4551_4557_4580_umlenkplatte_vermiculite-768x419.jpg.webp HTTP/1.1" 200 602 "-" "Mozilla/5.0 AppleWebKit/537.36 (KHTML, like Gecko; compatible; Amazonbot/0.1; +https://developer.amazon.com/support/amazonbot) Chrome/119.0.6045.214 Safari/537.36" PHP-Handler: Remoteport(vom Nginx):15236
172.71.144.145 - - [10/Aug/2026:03:59:00 +0200] "GET /p/oranier-polar-4-serie-1-2-feuerrost-kaminrost-5570941000/ HTTP/1.1" 200 47249 "-" "WP Rocket/Preload Mozilla/5.0 (iPhone; CPU iPhone OS 9_1 like Mac OS X) AppleWebKit/601.1.46 (KHTML, like Gecko) Version/9.0 Mobile/13B143 Safari/601.1" PHP-Handler:plesk-php84-fpm Remoteport(vom Nginx):10208
162.158.94.225 - - [10/Aug/2026:03:59:02 +0200] "GET /s/dovre-2000/ HTTP/1.1" 200 48622 "-" "WP Rocket/Preload" PHP-Handler:plesk-php84-fpm Remoteport(vom Nginx):13628
172.70.94.192 - - [10/Aug/2026:03:59:02 +0200] "GET /p/koenigshuette-draco-scharnier-unten-28-8951-1578/ HTTP/1.1" 200 60056 "-" "Mozilla/5.0 (compatible; Googlebot/2.1; +http://www.google.com/bot.html)" PHP-Handler:plesk-php84-fpm Remoteport(vom Nginx):13794
172.70.242.69 - - [10/Aug/2026:03:59:03 +0200] "GET /s/dovre-2000/ HTTP/1.1" 200 35938 "-" "WP Rocket/Preload Mozilla/5.0 (iPhone; CPU iPhone OS 9_1 like Mac OS X) AppleWebKit/601.1.46 (KHTML, like Gecko) Version/9.0 Mobile/13B143 Safari/601.1" PHP-Handler:plesk-php84-fpm Remoteport(vom Nginx):14462
172.71.144.145 - - [10/Aug/2026:03:59:05 +0200] "GET /s/dovre-phoenix-i/ HTTP/1.1" 200 48641 "-" "WP Rocket/Preload" PHP-Handler:plesk-php84-fpm Remoteport(vom Nginx):15136
172.70.242.69 - - [10/Aug/2026:03:59:06 +0200] "GET /s/dovre-phoenix-i/ HTTP/1.1" 200 35942 "-" "WP Rocket/Preload Mozilla/5.0 (iPhone; CPU iPhone OS 9_1 like Mac OS X) AppleWebKit/601.1.46 (KHTML, like Gecko) Version/9.0 Mobile/13B143 Safari/601.1" PHP-Handler:plesk-php84-fpm Remoteport(vom Nginx):15296
172.71.164.207 - - [10/Aug/2026:03:59:08 +0200] "GET /p/spartherm-ambiente-a1-a2-a3-a4-h2o-rlu-bodensteine-set-schamotte-bodensatz-schamottesatz-boden-ab-2014/ HTTP/1.1" 200 60473 "-" "WP Rocket/Preload" PHP-Handler:plesk-php84-fpm Remoteport(vom Nginx):15368
172.71.164.207 - - [10/Aug/2026:03:59:10 +0200] "GET /p/spartherm-ambiente-a1-a2-a3-a4-h2o-rlu-bodensteine-set-schamotte-bodensatz-schamottesatz-boden-ab-2014/ HTTP/1.1" 200 46993 "-" "WP Rocket/Preload Mozilla/5.0 (iPhone; CPU iPhone OS 9_1 like Mac OS X) AppleWebKit/601.1.46 (KHTML, like Gecko) Version/9.0 Mobile/13B143 Safari/601.1" PHP-Handler:plesk-php84-fpm Remoteport(vom Nginx):15442
172.69.150.91 - - [10/Aug/2026:03:59:11 +0200] "GET /k/ofen-ersatzteile/weso/weso-oranier-ke/weso-oranier-ke-1100/ HTTP/1.1" 200 48674 "-" "WP Rocket/Preload" PHP-Handler:plesk-php84-fpm Remoteport(vom Nginx):27222
172.71.164.207 - - [10/Aug/2026:03:59:13 +0200] "GET /k/ofen-ersatzteile/weso/weso-oranier-ke/weso-oranier-ke-1100/ HTTP/1.1" 200 36047 "-" "WP Rocket/Preload Mozilla/5.0 (iPhone; CPU iPhone OS 9_1 like Mac OS X) AppleWebKit/601.1.46 (KHTML, like Gecko) Version/9.0 Mobile/13B143 Safari/601.1" PHP-Handler:plesk-php84-fpm Remoteport(vom Nginx):27324
198.41.227.32 - - [10/Aug/2026:03:59:14 +0200] "POST /?wc-ajax=get_refreshed_fragments HTTP/1.1" 200 954 "https://www.ofenbernd.de/p/oranier-polar-6-serie-2-schamottstein-pos-32-4-2899371000/" "Mozilla/5.0 (Linux; Android 6.0.1; Nexus 5X Build/MMB29P) AppleWebKit/537.36 (KHTML, like Gecko) Chrome/150.0.7871.186 Mobile Safari/537.36 (compatible; Googlebot/2.1; +http://www.google.com/bot.html)" PHP-Handler: Remoteport(vom Nginx):27408
104.23.213.131 - - [10/Aug/2026:03:59:18 +0200] "GET /s/sorgt/?orderby=popularity HTTP/1.1" 200 33003 "-" "Mozilla/5.0 AppleWebKit/537.36 (KHTML, like Gecko; compatible; Amazonbot/0.1; +https://developer.amazon.com/support/amazonbot) Chrome/119.0.6045.214 Safari/537.36" PHP-Handler:plesk-php84-fpm Remoteport(vom Nginx):27540
172.69.150.91 - - [10/Aug/2026:03:58:53 +0200] "POST /wp-admin/admin-ajax.php?action=as_async_request_queue_runner&nonce=8be6605f32 HTTP/1.1" 200 754 "-" "Ybx7DNzVhs6V" PHP-Handler:plesk-php84-fpm Remoteport(vom Nginx):8164
198.41.227.32 - - [10/Aug/2026:03:59:17 +0200] "GET /p/koenigshuette-draco-scharnier-unten-28-8951-1578/ HTTP/1.1" 200 46212 "-" "Mozilla/5.0 (Linux; Android 6.0.1; Nexus 5X Build/MMB29P) AppleWebKit/537.36 (KHTML, like Gecko) Chrome/150.0.7871.186 Mobile Safari/537.36 (compatible; Googlebot/2.1; +http://www.google.com/bot.html)" PHP-Handler:plesk-php84-fpm Remoteport(vom Nginx):27538
198.41.227.32 - - [10/Aug/2026:03:59:22 +0200] "GET /p/koenigshuette-draco-scharnier-unten-28-8951-1578/ HTTP/1.1" 200 45885 "-" "Mozilla/5.0 (Linux; Android 6.0.1; Nexus 5X Build/MMB29P) AppleWebKit/537.36 (KHTML, like Gecko) Chrome/150.0.7871.186 Mobile Safari/537.36 (compatible; Googlebot/2.1; +http://www.google.com/bot.html)" PHP-Handler:plesk-php84-fpm Remoteport(vom Nginx):56702
172.69.150.91 - - [10/Aug/2026:03:59:23 +0200] "GET /p/oranier-clio-5-feuerraum-auskleidung-komplett-2918919000/ HTTP/1.1" 200 47235 "-" "WP Rocket/Preload Mozilla/5.0 (iPhone; CPU iPhone OS 9_1 like Mac OS X) AppleWebKit/601.1.46 (KHTML, like Gecko) Version/9.0 Mobile/13B143 Safari/601.1" PHP-Handler:plesk-php84-fpm Remoteport(vom Nginx):56744
104.23.239.69 - - [10/Aug/2026:03:59:22 +0200] "GET /p/oranier-clio-5-feuerraum-auskleidung-komplett-2918919000/ HTTP/1.1" 200 60195 "-" "WP Rocket/Preload" PHP-Handler:plesk-php84-fpm Remoteport(vom Nginx):56720
162.159.104.104 - - [10/Aug/2026:03:59:25 +0200] "GET /p/olsberg-hk8-11-40808900-vario-24-11-118-11-119-schamottsteine-feuerschutzplatten-komplett-set-satz-191480-1260-mit-zugumlenkung/feed/ HTTP/1.1" 200 1788 "-" "Mozilla/5.0 (Linux; Android 6.0.1; Nexus 5X Build/MMB29P) AppleWebKit/537.36 (KHTML, like Gecko) Chrome/150.0.7871.186 Mobile Safari/537.36 (compatible; Googlebot/2.1; +http://www.google.com/bot.html)" PHP-Handler:plesk-php84-fpm Remoteport(vom Nginx):56802
172.70.248.78 - - [10/Aug/2026:03:59:24 +0200] "GET /s/oranier-pori-5-tuerdichtung/ HTTP/1.1" 200 50327 "-" "WP Rocket/Preload" PHP-Handler:plesk-php84-fpm Remoteport(vom Nginx):56756
172.71.172.22 - - [10/Aug/2026:03:59:20 +0200] "POST /wp-admin/admin-ajax.php?action=as_async_request_queue_runner&nonce=8be6605f32 HTTP/1.1" 200 754 "-" "Q9CcW47AsU4g" PHP-Handler:plesk-php84-fpm Remoteport(vom Nginx):27596
172.71.252.138 - - [10/Aug/2026:03:59:24 +0200] "GET /k/kaminbausatze/oranier-kaminbausaetze/page/33/?orderby=date HTTP/1.1" 200 35019 "-" "Mozilla/5.0 (Windows NT 10.0; WOW64) AppleWebKit/537.36 (KHTML, like Gecko) Chrome/86.0.4240.198 Safari/537.36" PHP-Handler:plesk-php84-fpm Remoteport(vom Nginx):56780
172.71.144.145 - - [10/Aug/2026:03:59:25 +0200] "GET /s/oranier-pori-5-tuerdichtung/ HTTP/1.1" 200 37669 "-" "WP Rocket/Preload Mozilla/5.0 (iPhone; CPU iPhone OS 9_1 like Mac OS X) AppleWebKit/601.1.46 (KHTML, like Gecko) Version/9.0 Mobile/13B143 Safari/601.1" PHP-Handler:plesk-php84-fpm Remoteport(vom Nginx):56846
104.23.239.69 - - [10/Aug/2026:03:59:27 +0200] "GET /s/skagen-8/ HTTP/1.1" 200 50254 "-" "WP Rocket/Preload" PHP-Handler:plesk-php84-fpm Remoteport(vom Nginx):56934
172.70.248.78 - - [10/Aug/2026:03:59:28 +0200] "GET /s/skagen-8/ HTTP/1.1" 200 37597 "-" "WP Rocket/Preload Mozilla/5.0 (iPhone; CPU iPhone OS 9_1 like Mac OS X) AppleWebKit/601.1.46 (KHTML, like Gecko) Version/9.0 Mobile/13B143 Safari/601.1" PHP-Handler:plesk-php84-fpm Remoteport(vom Nginx):56982
172.70.242.69 - - [10/Aug/2026:03:59:30 +0200] "GET /s/sh-9-d-sd-hb-9f/ HTTP/1.1" 200 50361 "-" "WP Rocket/Preload" PHP-Handler:plesk-php84-fpm Remoteport(vom Nginx):57014
172.71.164.207 - - [10/Aug/2026:03:59:32 +0200] "GET /s/sh-9-d-sd-hb-9f/ HTTP/1.1" 200 37725 "-" "WP Rocket/Preload Mozilla/5.0 (iPhone; CPU iPhone OS 9_1 like Mac OS X) AppleWebKit/601.1.46 (KHTML, like Gecko) Version/9.0 Mobile/13B143 Safari/601.1" PHP-Handler:plesk-php84-fpm Remoteport(vom Nginx):11832
172.70.248.78 - - [10/Aug/2026:03:59:37 +0200] "POST /wp-cron.php?doing_wp_cron=1786327177.7364521026611328125000 HTTP/1.1" 200 461 "-" "cHWXfQU6Aop2" PHP-Handler:plesk-php84-fpm Remoteport(vom Nginx):12006
172.69.150.91 - - [10/Aug/2026:03:59:33 +0200] "GET /p/oranier-zenith-7715-umlenkung-umlenkblech/ HTTP/1.1" 200 60208 "-" "WP Rocket/Preload" PHP-Handler:plesk-php84-fpm Remoteport(vom Nginx):11908
162.158.86.124 - - [10/Aug/2026:03:59:38 +0200] "POST /wp-cron.php?doing_wp_cron=1786327178.8204069137573242187500 HTTP/1.1" 200 461 "-" "9gQlQwnvW8lH" PHP-Handler:plesk-php84-fpm Remoteport(vom Nginx):12064
172.71.172.22 - - [10/Aug/2026:03:59:35 +0200] "GET /p/oranier-zenith-7715-umlenkung-umlenkblech/ HTTP/1.1" 200 46440 "-" "WP Rocket/Preload Mozilla/5.0 (iPhone; CPU iPhone OS 9_1 like Mac OS X) AppleWebKit/601.1.46 (KHTML, like Gecko) Version/9.0 Mobile/13B143 Safari/601.1" PHP-Handler:plesk-php84-fpm Remoteport(vom Nginx):11952
172.71.172.22 - - [10/Aug/2026:03:59:40 +0200] "POST /wp-cron.php?doing_wp_cron=1786327180.5231940746307373046875 HTTP/1.1" 200 461 "-" "vTS4Osv3d2fQ" PHP-Handler:plesk-php84-fpm Remoteport(vom Nginx):12112
172.70.248.78 - - [10/Aug/2026:03:59:36 +0200] "GET /s/oranier-malmoe-6-seitenstein/ HTTP/1.1" 200 49558 "-" "WP Rocket/Preload" PHP-Handler:plesk-php84-fpm Remoteport(vom Nginx):11982
172.70.248.78 - - [10/Aug/2026:03:59:38 +0200] "GET /s/oranier-malmoe-6-seitenstein/ HTTP/1.1" 200 37656 "-" "WP Rocket/Preload Mozilla/5.0 (iPhone; CPU iPhone OS 9_1 like Mac OS X) AppleWebKit/601.1.46 (KHTML, like Gecko) Version/9.0 Mobile/13B143 Safari/601.1" PHP-Handler:plesk-php84-fpm Remoteport(vom Nginx):12008
104.23.239.69 - - [10/Aug/2026:03:59:39 +0200] "GET /s/olsberg-alid-ersatzteile/ HTTP/1.1" 200 51033 "-" "WP Rocket/Preload" PHP-Handler:plesk-php84-fpm Remoteport(vom Nginx):12098
172.70.248.78 - - [10/Aug/2026:03:59:41 +0200] "GET /s/olsberg-alid-ersatzteile/ HTTP/1.1" 200 38303 "-" "WP Rocket/Preload Mozilla/5.0 (iPhone; CPU iPhone OS 9_1 like Mac OS X) AppleWebKit/601.1.46 (KHTML, like Gecko) Version/9.0 Mobile/13B143 Safari/601.1" PHP-Handler:plesk-php84-fpm Remoteport(vom Nginx):12152
172.71.144.145 - - [10/Aug/2026:03:59:48 +0200] "POST /wp-cron.php?doing_wp_cron=1786327188.5317959785461425781250 HTTP/1.1" 200 461 "-" "PLHKYee853W4" PHP-Handler:plesk-php84-fpm Remoteport(vom Nginx):13726
172.71.172.22 - - [10/Aug/2026:03:59:19 +0200] "POST /wp-admin/admin-ajax.php?action=as_async_request_queue_runner&nonce=8be6605f32 HTTP/1.1" 200 754 "-" "Q9CcW47AsU4g" PHP-Handler:plesk-php84-fpm Remoteport(vom Nginx):27572
172.71.166.251 - - [10/Aug/2026:03:59:49 +0200] "GET /frohe-weihnachten-mit-ofen-und-kaminen-und-einen-guten-rutsch/feed/ HTTP/1.1" 200 1115 "-" "Mozilla/5.0 (Linux; Android 6.0.1; Nexus 5X Build/MMB29P) AppleWebKit/537.36 (KHTML, like Gecko) Chrome/150.0.7871.186 Mobile Safari/537.36 (compatible; Googlebot/2.1; +http://www.google.com/bot.html)" PHP-Handler:plesk-php84-fpm Remoteport(vom Nginx):13788
172.71.164.207 - - [10/Aug/2026:03:59:51 +0200] "GET /k/ofen-ersatzteile/oranier/tampere-7-4647-ersatzteile/ HTTP/1.1" 200 53067 "-" "WP Rocket/Preload" PHP-Handler:plesk-php84-fpm Remoteport(vom Nginx):13884
172.71.144.145 - - [10/Aug/2026:03:59:59 +0200] "POST /wp-cron.php?doing_wp_cron=1786327199.6220409870147705078125 HTTP/1.1" 200 461 "-" "R2t6h83FlnJe" PHP-Handler:plesk-php84-fpm Remoteport(vom Nginx):12156
172.71.172.22 - - [10/Aug/2026:03:59:55 +0200] "GET /k/ofen-ersatzteile/oranier/tampere-7-4647-ersatzteile/ HTTP/1.1" 200 39727 "-" "WP Rocket/Preload Mozilla/5.0 (iPhone; CPU iPhone OS 9_1 like Mac OS X) AppleWebKit/601.1.46 (KHTML, like Gecko) Version/9.0 Mobile/13B143 Safari/601.1" PHP-Handler:plesk-php84-fpm Remoteport(vom Nginx):12082
172.68.26.120 - - [10/Aug/2026:04:00:00 +0200] "GET /k/ofen-ersatzteile/olsberg/prismo-650-510-19-266/ HTTP/1.1" 200 50623 "-" "Mozilla/5.0 (Windows NT 10.0; Win64; x64) AppleWebKit/537.36 (KHTML, like Gecko) Chrome/145.0.0.0 Safari/537.36 (compatible; meta-webindexer/1.1 (+https://developers.facebook.com/docs/sharing/webmasters/crawler))" PHP-Handler:plesk-php84-fpm Remoteport(vom Nginx):12198
172.70.250.33 - - [10/Aug/2026:04:00:01 +0200] "GET /wp-content/cache/background-css/1/www.ofenbernd.de/wp-content/cache/min/1/wp-content/plugins/woocommerce/assets/css/woocommerce.css?ver=1786314715&wpr_t=1786323915 HTTP/1.1" 200 654 "https://www.ofenbernd.de/k/ofen-ersatzteile/olsberg/prismo-650-510-19-266/" "Mozilla/5.0 (Windows NT 10.0; Win64; x64) AppleWebKit/537.36 (KHTML, like Gecko) Chrome/145.0.0.0 Safari/537.36 (compatible; meta-webindexer/1.1 (+https://developers.facebook.com/docs/sharing/webmasters/crawler))" PHP-Handler: Remoteport(vom Nginx):12224
104.23.239.71 - - [10/Aug/2026:04:00:01 +0200] "GET /wp-content/cache/background-css/1/www.ofenbernd.de/wp-content/cache/min/1/wp-content/plugins/customer-reviews-woocommerce/css/badges.css?ver=1786314715&wpr_t=1786323915 HTTP/1.1" 200 659 "https://www.ofenbernd.de/k/ofen-ersatzteile/olsberg/prismo-650-510-19-266/" "Mozilla/5.0 (Windows NT 10.0; Win64; x64) AppleWebKit/537.36 (KHTML, like Gecko) Chrome/145.0.0.0 Safari/537.36 (compatible; meta-webindexer/1.1 (+https://developers.facebook.com/docs/sharing/webmasters/crawler))" PHP-Handler: Remoteport(vom Nginx):8750
162.158.110.14 - - [10/Aug/2026:04:00:02 +0200] "GET /wp-content/cache/background-css/1/www.ofenbernd.de/wp-content/cache/min/1/wp-content/plugins/customer-reviews-woocommerce/css/frontend.css?ver=1786314715&wpr_t=1786323915 HTTP/1.1" 200 661 "https://www.ofenbernd.de/k/ofen-ersatzteile/olsberg/prismo-650-510-19-266/" "Mozilla/5.0 (Windows NT 10.0; Win64; x64) AppleWebKit/537.36 (KHTML, like Gecko) Chrome/145.0.0.0 Safari/537.36 (compatible; meta-webindexer/1.1 (+https://developers.facebook.com/docs/sharing/webmasters/crawler))" PHP-Handler: Remoteport(vom Nginx):8754
162.158.111.231 - - [10/Aug/2026:03:59:47 +0200] "POST /wp-admin/admin-ajax.php?action=as_async_request_queue_runner&nonce=8be6605f32 HTTP/1.1" 200 754 "-" "PLHKYee853W4" PHP-Handler:plesk-php84-fpm Remoteport(vom Nginx):13662
104.23.213.131 - - [10/Aug/2026:04:00:02 +0200] "POST /?wc-ajax=get_refreshed_fragments HTTP/1.1" 200 954 "https://www.ofenbernd.de/k/ofen-ersatzteile/olsberg/prismo-650-510-19-266/" "Mozilla/5.0 (Windows NT 10.0; Win64; x64) AppleWebKit/537.36 (KHTML, like Gecko) Chrome/145.0.0.0 Safari/537.36 (compatible; meta-webindexer/1.1 (+https://developers.facebook.com/docs/sharing/webmasters/crawler))" PHP-Handler: Remoteport(vom Nginx):8810
172.68.245.204 - - [10/Aug/2026:04:00:03 +0200] "POST /wp-admin/admin-ajax.php HTTP/1.1" 200 828 "https://www.ofenbernd.de/k/ofen-ersatzteile/olsberg/prismo-650-510-19-266/" "Mozilla/5.0 (Windows NT 10.0; Win64; x64) AppleWebKit/537.36 (KHTML, like Gecko) Chrome/145.0.0.0 Safari/537.36 (compatible; meta-webindexer/1.1 (+https://developers.facebook.com/docs/sharing/webmasters/crawler))" PHP-Handler:plesk-php84-fpm Remoteport(vom Nginx):8824
172.71.172.22 - - [10/Aug/2026:04:00:11 +0200] "POST /wp-cron.php?doing_wp_cron=1786327211.8556671142578125000000 HTTP/1.1" 200 461 "-" "pP5IXt2V0XFK" PHP-Handler:plesk-php84-fpm Remoteport(vom Nginx):1544
104.22.93.49 - - [10/Aug/2026:04:00:08 +0200] "POST /wp-admin/admin-ajax.php HTTP/1.1" 200 1026 "https://www.ofenbernd.de/k/ofen-ersatzteile/olsberg/prismo-650-510-19-266/" "Mozilla/5.0 (Windows NT 10.0; Win64; x64) AppleWebKit/537.36 (KHTML, like Gecko) Chrome/145.0.0.0 Safari/537.36 (compatible; meta-webindexer/1.1 (+https://developers.facebook.com/docs/sharing/webmasters/crawler))" PHP-Handler:plesk-php84-fpm Remoteport(vom Nginx):9036
172.71.144.145 - - [10/Aug/2026:04:00:07 +0200] "GET /s/camina-s9-kurz/ HTTP/1.1" 200 49657 "-" "WP Rocket/Preload" PHP-Handler:plesk-php84-fpm Remoteport(vom Nginx):8990
104.23.239.69 - - [10/Aug/2026:04:00:09 +0200] "GET /s/camina-s9-kurz/ HTTP/1.1" 200 37773 "-" "WP Rocket/Preload Mozilla/5.0 (iPhone; CPU iPhone OS 9_1 like Mac OS X) AppleWebKit/601.1.46 (KHTML, like Gecko) Version/9.0 Mobile/13B143 Safari/601.1" PHP-Handler:plesk-php84-fpm Remoteport(vom Nginx):9052
172.71.148.64 - - [10/Aug/2026:04:00:15 +0200] "POST /wp-cron.php?doing_wp_cron=1786327215.4069209098815917968750 HTTP/1.1" 200 461 "-" "5SnESeOQ46Xu" PHP-Handler:plesk-php84-fpm Remoteport(vom Nginx):1676
104.23.239.69 - - [10/Aug/2026:04:00:10 +0200] "GET /s/change-kristall-holzbrand/ HTTP/1.1" 200 51519 "-" "WP Rocket/Preload" PHP-Handler:plesk-php84-fpm Remoteport(vom Nginx):9140
172.71.166.251 - - [10/Aug/2026:04:00:13 +0200] "GET /p/dovre-tai-35-w-schwedenofen-kaminofen-guss-schwarz/feed/ HTTP/1.1" 200 1113 "-" "Mozilla/5.0 (Linux; Android 6.0.1; Nexus 5X Build/MMB29P) AppleWebKit/537.36 (KHTML, like Gecko) Chrome/150.0.7871.186 Mobile Safari/537.36 (compatible; Googlebot/2.1; +http://www.google.com/bot.html)" PHP-Handler:plesk-php84-fpm Remoteport(vom Nginx):1588
198.41.227.32 - - [10/Aug/2026:04:00:16 +0200] "GET /p/oranier-polar-4-serie-1-schamottstein-pos-3-2-r-2901301000/ HTTP/1.1" 200 47241 "-" "Mozilla/5.0 (Linux; Android 6.0.1; Nexus 5X Build/MMB29P) AppleWebKit/537.36 (KHTML, like Gecko) Chrome/150.0.7871.186 Mobile Safari/537.36 (compatible; Googlebot/2.1; +http://www.google.com/bot.html)" PHP-Handler:plesk-php84-fpm Remoteport(vom Nginx):1714
172.70.240.113 - - [10/Aug/2026:04:00:12 +0200] "GET /s/change-kristall-holzbrand/ HTTP/1.1" 200 38698 "-" "WP Rocket/Preload Mozilla/5.0 (iPhone; CPU iPhone OS 9_1 like Mac OS X) AppleWebKit/601.1.46 (KHTML, like Gecko) Version/9.0 Mobile/13B143 Safari/601.1" PHP-Handler:plesk-php84-fpm Remoteport(vom Nginx):1554
172.71.164.207 - - [10/Aug/2026:04:00:13 +0200] "GET /s/oranier-zenith-7715-umlenkung-umlenkblech/ HTTP/1.1" 200 50318 "-" "WP Rocket/Preload" PHP-Handler:plesk-php84-fpm Remoteport(vom Nginx):1614
172.69.150.91 - - [10/Aug/2026:04:00:15 +0200] "GET /s/oranier-zenith-7715-umlenkung-umlenkblech/ HTTP/1.1" 200 37627 "-" "WP Rocket/Preload Mozilla/5.0 (iPhone; CPU iPhone OS 9_1 like Mac OS X) AppleWebKit/601.1.46 (KHTML, like Gecko) Version/9.0 Mobile/13B143 Safari/601.1" PHP-Handler:plesk-php84-fpm Remoteport(vom Nginx):1666
172.71.172.22 - - [10/Aug/2026:04:00:16 +0200] "GET /s/verkleidung-2/ HTTP/1.1" 200 48618 "-" "WP Rocket/Preload" PHP-Handler:plesk-php84-fpm Remoteport(vom Nginx):1812
172.71.148.64 - - [10/Aug/2026:04:00:18 +0200] "GET /s/verkleidung-2/ HTTP/1.1" 200 35931 "-" "WP Rocket/Preload Mozilla/5.0 (iPhone; CPU iPhone OS 9_1 like Mac OS X) AppleWebKit/601.1.46 (KHTML, like Gecko) Version/9.0 Mobile/13B143 Safari/601.1" PHP-Handler:plesk-php84-fpm Remoteport(vom Nginx):2092
172.71.164.207 - - [10/Aug/2026:04:00:19 +0200] "GET /s/clou-compact/ HTTP/1.1" 200 48622 "-" "WP Rocket/Preload" PHP-Handler:plesk-php84-fpm Remoteport(vom Nginx):2340
172.71.164.207 - - [10/Aug/2026:04:00:21 +0200] "GET /s/clou-compact/ HTTP/1.1" 200 35937 "-" "WP Rocket/Preload Mozilla/5.0 (iPhone; CPU iPhone OS 9_1 like Mac OS X) AppleWebKit/601.1.46 (KHTML, like Gecko) Version/9.0 Mobile/13B143 Safari/601.1" PHP-Handler:plesk-php84-fpm Remoteport(vom Nginx):2558
172.69.150.91 - - [10/Aug/2026:04:00:22 +0200] "GET /s/olsberg-kieyo/ HTTP/1.1" 200 48630 "-" "WP Rocket/Preload" PHP-Handler:plesk-php84-fpm Remoteport(vom Nginx):32420
104.23.239.69 - - [10/Aug/2026:04:00:24 +0200] "GET /s/olsberg-kieyo/ HTTP/1.1" 200 35935 "-" "WP Rocket/Preload Mozilla/5.0 (iPhone; CPU iPhone OS 9_1 like Mac OS X) AppleWebKit/601.1.46 (KHTML, like Gecko) Version/9.0 Mobile/13B143 Safari/601.1" PHP-Handler:plesk-php84-fpm Remoteport(vom Nginx):32592
172.68.229.144 - - [10/Aug/2026:04:00:26 +0200] "GET /s/clio-7/?orderby=popularity HTTP/1.1" 200 33269 "-" "Mozilla/5.0 (Windows NT 10.0) AppleWebKit/537.36 (KHTML, like Gecko) Brave Chrome/87.0.4280.88 Safari/537.36" PHP-Handler:plesk-php84-fpm Remoteport(vom Nginx):32874
162.158.94.225 - - [10/Aug/2026:04:00:02 +0200] "POST /wp-admin/admin-ajax.php?action=as_async_request_queue_runner&nonce=8be6605f32 HTTP/1.1" 200 754 "-" "samMzX93VFlL" PHP-Handler:plesk-php84-fpm Remoteport(vom Nginx):8802
172.70.42.111 - - [10/Aug/2026:04:00:30 +0200] "GET /k/ofen-ersatzteile/page/120/?orderby=price HTTP/1.1" 200 37035 "-" "Mozilla/5.0 AppleWebKit/537.36 (KHTML, like Gecko; compatible; Amazonbot/0.1; +https://developer.amazon.com/support/amazonbot) Chrome/119.0.6045.214 Safari/537.36" PHP-Handler:plesk-php84-fpm Remoteport(vom Nginx):33648
104.22.102.56 - - [10/Aug/2026:04:00:34 +0200] "GET /wp-json/oembed/1.0/embed?format=xml&url=https://www.ofenbernd.de/p/oranier-polar-8-serie-1-schamottstein-schamott-platte-ersatzteile/ HTTP/1.1" 200 2090 "-" "Mozilla/5.0 AppleWebKit/537.36 (KHTML, like Gecko; compatible; Amazonbot/0.1; +https://developer.amazon.com/support/amazonbot) Chrome/119.0.6045.214 Safari/537.36" PHP-Handler:plesk-php84-fpm Remoteport(vom Nginx):27628
172.71.144.145 - - [10/Aug/2026:04:00:33 +0200] "GET /k/ofen-ersatzteile/dichtungen/ HTTP/1.1" 200 54637 "-" "WP Rocket/Preload" PHP-Handler:plesk-php84-fpm Remoteport(vom Nginx):27576
172.71.166.251 - - [10/Aug/2026:04:00:36 +0200] "GET /k/ofen-ersatzteile/olsberg/format/feed/ HTTP/1.1" 200 1728 "-" "Mozilla/5.0 (Linux; Android 6.0.1; Nexus 5X Build/MMB29P) AppleWebKit/537.36 (KHTML, like Gecko) Chrome/150.0.7871.186 Mobile Safari/537.36 (compatible; Googlebot/2.1; +http://www.google.com/bot.html)" PHP-Handler:plesk-php84-fpm Remoteport(vom Nginx):27692
162.158.86.124 - - [10/Aug/2026:04:00:34 +0200] "GET /k/ofen-ersatzteile/dichtungen/ HTTP/1.1" 200 41380 "-" "WP Rocket/Preload Mozilla/5.0 (iPhone; CPU iPhone OS 9_1 like Mac OS X) AppleWebKit/601.1.46 (KHTML, like Gecko) Version/9.0 Mobile/13B143 Safari/601.1" PHP-Handler:plesk-php84-fpm Remoteport(vom Nginx):27652
162.158.86.124 - - [10/Aug/2026:04:00:31 +0200] "POST /wp-admin/admin-ajax.php?action=as_async_request_queue_runner&nonce=8be6605f32 HTTP/1.1" 200 754 "-" "vAE0umgjHer9" PHP-Handler:plesk-php84-fpm Remoteport(vom Nginx):27504
172.69.150.91 - - [10/Aug/2026:04:00:36 +0200] "GET /p/olsberg-skagen-7-tuergriff-griff-komplett/ HTTP/1.1" 200 59816 "-" "WP Rocket/Preload" PHP-Handler:plesk-php84-fpm Remoteport(vom Nginx):27706
172.70.248.78 - - [10/Aug/2026:04:00:37 +0200] "GET /p/olsberg-skagen-7-tuergriff-griff-komplett/ HTTP/1.1" 200 46737 "-" "WP Rocket/Preload Mozilla/5.0 (iPhone; CPU iPhone OS 9_1 like Mac OS X) AppleWebKit/601.1.46 (KHTML, like Gecko) Version/9.0 Mobile/13B143 Safari/601.1" PHP-Handler:plesk-php84-fpm Remoteport(vom Nginx):27790
198.41.227.32 - - [10/Aug/2026:04:00:42 +0200] "GET /p/justus-usedom-5-schamotte-auskleidung-komplett-2902779000/ HTTP/1.1" 200 47067 "-" "Mozilla/5.0 (Linux; Android 6.0.1; Nexus 5X Build/MMB29P) AppleWebKit/537.36 (KHTML, like Gecko) Chrome/150.0.7871.186 Mobile Safari/537.36 (compatible; Googlebot/2.1; +http://www.google.com/bot.html)" PHP-Handler:plesk-php84-fpm Remoteport(vom Nginx):5472
172.70.248.78 - - [10/Aug/2026:04:00:39 +0200] "GET /k/ofen-ersatzteile/dovre/dovre-n55-n70/ HTTP/1.1" 200 47986 "-" "WP Rocket/Preload" PHP-Handler:plesk-php84-fpm Remoteport(vom Nginx):27868
198.41.227.32 - - [10/Aug/2026:04:00:44 +0200] "GET /p/oranier-polar-8-4654-8-kaskade-8-umlenkung-umlenkstein-zugumlenkung/ HTTP/1.1" 200 47285 "-" "Mozilla/5.0 (Linux; Android 6.0.1; Nexus 5X Build/MMB29P) AppleWebKit/537.36 (KHTML, like Gecko) Chrome/150.0.7871.186 Mobile Safari/537.36 (compatible; Googlebot/2.1; +http://www.google.com/bot.html)" PHP-Handler:plesk-php84-fpm Remoteport(vom Nginx):5608
172.70.248.78 - - [10/Aug/2026:04:00:40 +0200] "GET /k/ofen-ersatzteile/dovre/dovre-n55-n70/ HTTP/1.1" 200 36206 "-" "WP Rocket/Preload Mozilla/5.0 (iPhone; CPU iPhone OS 9_1 like Mac OS X) AppleWebKit/601.1.46 (KHTML, like Gecko) Version/9.0 Mobile/13B143 Safari/601.1" PHP-Handler:plesk-php84-fpm Remoteport(vom Nginx):27928
172.70.242.68 - - [10/Aug/2026:04:00:42 +0200] "GET /p/oranier-artemis-iii-8150-schamotte-auskleidung-komplett-2916807000/ HTTP/1.1" 200 60352 "-" "WP Rocket/Preload" PHP-Handler:plesk-php84-fpm Remoteport(vom Nginx):5476
172.70.248.78 - - [10/Aug/2026:04:00:43 +0200] "GET /p/oranier-artemis-iii-8150-schamotte-auskleidung-komplett-2916807000/ HTTP/1.1" 200 47587 "-" "WP Rocket/Preload Mozilla/5.0 (iPhone; CPU iPhone OS 9_1 like Mac OS X) AppleWebKit/601.1.46 (KHTML, like Gecko) Version/9.0 Mobile/13B143 Safari/601.1" PHP-Handler:plesk-php84-fpm Remoteport(vom Nginx):5534
172.71.172.22 - - [10/Aug/2026:04:00:48 +0200] "GET /p/olsberg-palena-compact-schamott-schamottestein-pos-36a-23-5751-1251/ HTTP/1.1" 200 61019 "-" "WP Rocket/Preload" PHP-Handler:plesk-php84-fpm Remoteport(vom Nginx):5844
172.69.150.91 - - [10/Aug/2026:04:00:45 +0200] "GET /s/olsberg-tenorio/ HTTP/1.1" 200 48641 "-" "WP Rocket/Preload" PHP-Handler:plesk-php84-fpm Remoteport(vom Nginx):5662
198.41.227.32 - - [10/Aug/2026:04:00:46 +0200] "GET /s/olsberg-nevado-aqua-compact/?orderby=rating HTTP/1.1" 200 23224 "-" "Mozilla/5.0 (Linux; Android 6.0.1; Nexus 5X Build/MMB29P) AppleWebKit/537.36 (KHTML, like Gecko) Chrome/150.0.7871.186 Mobile Safari/537.36 (compatible; Googlebot/2.1; +http://www.google.com/bot.html)" PHP-Handler:plesk-php84-fpm Remoteport(vom Nginx):5704
172.70.240.113 - - [10/Aug/2026:04:00:46 +0200] "GET /s/olsberg-tenorio/ HTTP/1.1" 200 35942 "-" "WP Rocket/Preload Mozilla/5.0 (iPhone; CPU iPhone OS 9_1 like Mac OS X) AppleWebKit/601.1.46 (KHTML, like Gecko) Version/9.0 Mobile/13B143 Safari/601.1" PHP-Handler:plesk-php84-fpm Remoteport(vom Nginx):5712
172.71.148.64 - - [10/Aug/2026:04:00:49 +0200] "GET /p/olsberg-palena-compact-schamott-schamottestein-pos-36a-23-5751-1251/ HTTP/1.1" 200 47471 "-" "WP Rocket/Preload Mozilla/5.0 (iPhone; CPU iPhone OS 9_1 like Mac OS X) AppleWebKit/601.1.46 (KHTML, like Gecko) Version/9.0 Mobile/13B143 Safari/601.1" PHP-Handler:plesk-php84-fpm Remoteport(vom Nginx):5874
198.41.227.32 - - [10/Aug/2026:04:00:50 +0200] "GET /s/olsberg-tecapa-ii-compact/?orderby=price-desc HTTP/1.1" 200 23200 "-" "Mozilla/5.0 (Linux; Android 6.0.1; Nexus 5X Build/MMB29P) AppleWebKit/537.36 (KHTML, like Gecko) Chrome/150.0.7871.186 Mobile Safari/537.36 (compatible; Googlebot/2.1; +http://www.google.com/bot.html)" PHP-Handler:plesk-php84-fpm Remoteport(vom Nginx):5944
162.158.94.225 - - [10/Aug/2026:04:00:50 +0200] "GET /s/schmid-b1-b10-b20-b30-ersatzteile/ HTTP/1.1" 200 50699 "-" "WP Rocket/Preload" PHP-Handler:plesk-php84-fpm Remoteport(vom Nginx):5950
172.71.144.145 - - [10/Aug/2026:04:00:52 +0200] "GET /s/schmid-b1-b10-b20-b30-ersatzteile/ HTTP/1.1" 200 37952 "-" "WP Rocket/Preload Mozilla/5.0 (iPhone; CPU iPhone OS 9_1 like Mac OS X) AppleWebKit/601.1.46 (KHTML, like Gecko) Version/9.0 Mobile/13B143 Safari/601.1" PHP-Handler:plesk-php84-fpm Remoteport(vom Nginx):24918
198.41.227.32 - - [10/Aug/2026:04:00:54 +0200] "POST /?wc-ajax=get_refreshed_fragments HTTP/1.1" 200 954 "https://www.ofenbernd.de/p/justus-usedom-5-schamotte-auskleidung-komplett-2902779000/" "Mozilla/5.0 (Linux; Android 6.0.1; Nexus 5X Build/MMB29P) AppleWebKit/537.36 (KHTML, like Gecko) Chrome/150.0.7871.186 Mobile Safari/537.36 (compatible; Googlebot/2.1; +http://www.google.com/bot.html)" PHP-Handler: Remoteport(vom Nginx):25042
172.71.166.251 - - [10/Aug/2026:04:00:57 +0200] "GET /p/olsberg-visby-glasscheibe-395x430-gebogen-pos-81-23-1581-2000/feed/ HTTP/1.1" 200 1455 "-" "Mozilla/5.0 (Linux; Android 6.0.1; Nexus 5X Build/MMB29P) AppleWebKit/537.36 (KHTML, like Gecko) Chrome/150.0.7871.186 Mobile Safari/537.36 (compatible; Googlebot/2.1; +http://www.google.com/bot.html)" PHP-Handler:plesk-php84-fpm Remoteport(vom Nginx):25398
172.71.144.145 - - [10/Aug/2026:04:00:30 +0200] "POST /wp-admin/admin-ajax.php?action=as_async_request_queue_runner&nonce=8be6605f32 HTTP/1.1" 200 754 "-" "vAE0umgjHer9" PHP-Handler:plesk-php84-fpm Remoteport(vom Nginx):33654
172.70.94.192 - - [10/Aug/2026:04:01:00 +0200] "GET /p/oranier-kiruna-4-serie-1-rueckwand-rueckwandstein-pos-3-3-2901302000/ HTTP/1.1" 200 60989 "-" "Mozilla/5.0 (compatible; Googlebot/2.1; +http://www.google.com/bot.html)" PHP-Handler:plesk-php84-fpm Remoteport(vom Nginx):25738
172.70.242.68 - - [10/Aug/2026:04:01:01 +0200] "GET /p/schmid-sd-9e-seitenstein-50-x-224-x-401-67-2090-1257/ HTTP/1.1" 200 60742 "-" "WP Rocket/Preload" PHP-Handler:plesk-php84-fpm Remoteport(vom Nginx):25750
104.23.239.69 - - [10/Aug/2026:04:01:02 +0200] "GET /p/schmid-sd-9e-seitenstein-50-x-224-x-401-67-2090-1257/ HTTP/1.1" 200 46712 "-" "WP Rocket/Preload Mozilla/5.0 (iPhone; CPU iPhone OS 9_1 like Mac OS X) AppleWebKit/601.1.46 (KHTML, like Gecko) Version/9.0 Mobile/13B143 Safari/601.1" PHP-Handler:plesk-php84-fpm Remoteport(vom Nginx):10688
