172.71.241.23 - - [09/Aug/2026:06:18:11 +0200] "GET / HTTP/1.1" 200 61837 "https://ofenbernd.de/asset-manifest.json" "Mozilla/5.0 (Windows NT 10.0; Win64; x64) AppleWebKit/537.36 (KHTML, like Gecko) Chrome/151.0.0.0 Safari/537.36" PHP-Handler: Remoteport(vom Nginx):21684
172.71.241.23 - - [09/Aug/2026:06:18:11 +0200] "GET / HTTP/1.1" 200 61837 "https://ofenbernd.de/dist/manifest.json" "Mozilla/5.0 (Windows NT 10.0; Win64; x64) AppleWebKit/537.36 (KHTML, like Gecko) Chrome/151.0.0.0 Safari/537.36" PHP-Handler: Remoteport(vom Nginx):21700
172.71.241.23 - - [09/Aug/2026:06:18:11 +0200] "GET / HTTP/1.1" 200 61837 "https://ofenbernd.de/static/manifest.json" "Mozilla/5.0 (Windows NT 10.0; Win64; x64) AppleWebKit/537.36 (KHTML, like Gecko) Chrome/151.0.0.0 Safari/537.36" PHP-Handler: Remoteport(vom Nginx):21698
172.69.224.139 - - [09/Aug/2026:06:18:09 +0200] "GET /auth/login HTTP/1.1" 301 663 "-" "Mozilla/5.0 (Windows NT 10.0; Win64; x64) AppleWebKit/537.36 (KHTML, like Gecko) Chrome/151.0.0.0 Safari/537.36" PHP-Handler:plesk-php84-fpm Remoteport(vom Nginx):20220
172.71.241.23 - - [09/Aug/2026:06:18:12 +0200] "GET / HTTP/1.1" 200 61837 "https://ofenbernd.de/auth/login" "Mozilla/5.0 (Windows NT 10.0; Win64; x64) AppleWebKit/537.36 (KHTML, like Gecko) Chrome/151.0.0.0 Safari/537.36" PHP-Handler: Remoteport(vom Nginx):21760
172.69.224.139 - - [09/Aug/2026:06:18:09 +0200] "GET /admin HTTP/1.1" 301 669 "-" "Mozilla/5.0 (Windows NT 10.0; Win64; x64) AppleWebKit/537.36 (KHTML, like Gecko) Chrome/151.0.0.0 Safari/537.36" PHP-Handler:plesk-php84-fpm Remoteport(vom Nginx):20196
172.69.224.138 - - [09/Aug/2026:06:18:09 +0200] "GET /login HTTP/1.1" 301 669 "-" "Mozilla/5.0 (Windows NT 10.0; Win64; x64) AppleWebKit/537.36 (KHTML, like Gecko) Chrome/151.0.0.0 Safari/537.36" PHP-Handler:plesk-php84-fpm Remoteport(vom Nginx):20226
172.69.224.138 - - [09/Aug/2026:06:18:09 +0200] "GET /signin HTTP/1.1" 301 663 "-" "Mozilla/5.0 (Windows NT 10.0; Win64; x64) AppleWebKit/537.36 (KHTML, like Gecko) Chrome/151.0.0.0 Safari/537.36" PHP-Handler:plesk-php84-fpm Remoteport(vom Nginx):20208
172.71.241.23 - - [09/Aug/2026:06:18:12 +0200] "GET / HTTP/1.1" 200 61837 "https://ofenbernd.de/signin" "Mozilla/5.0 (Windows NT 10.0; Win64; x64) AppleWebKit/537.36 (KHTML, like Gecko) Chrome/151.0.0.0 Safari/537.36" PHP-Handler: Remoteport(vom Nginx):21816
172.69.224.138 - - [09/Aug/2026:06:18:09 +0200] "GET /dashboard HTTP/1.1" 301 673 "-" "Mozilla/5.0 (Windows NT 10.0; Win64; x64) AppleWebKit/537.36 (KHTML, like Gecko) Chrome/151.0.0.0 Safari/537.36" PHP-Handler:plesk-php84-fpm Remoteport(vom Nginx):20240
172.69.224.139 - - [09/Aug/2026:06:18:11 +0200] "GET /console HTTP/1.1" 301 663 "-" "Mozilla/5.0 (Windows NT 10.0; Win64; x64) AppleWebKit/537.36 (KHTML, like Gecko) Chrome/151.0.0.0 Safari/537.36" PHP-Handler:plesk-php84-fpm Remoteport(vom Nginx):21654
172.71.241.23 - - [09/Aug/2026:06:18:14 +0200] "GET / HTTP/1.1" 200 61837 "https://ofenbernd.de/console" "Mozilla/5.0 (Windows NT 10.0; Win64; x64) AppleWebKit/537.36 (KHTML, like Gecko) Chrome/151.0.0.0 Safari/537.36" PHP-Handler: Remoteport(vom Nginx):21910
172.69.224.138 - - [09/Aug/2026:06:18:11 +0200] "GET /app HTTP/1.1" 301 663 "-" "Mozilla/5.0 (Windows NT 10.0; Win64; x64) AppleWebKit/537.36 (KHTML, like Gecko) Chrome/151.0.0.0 Safari/537.36" PHP-Handler:plesk-php84-fpm Remoteport(vom Nginx):21724
172.69.224.139 - - [09/Aug/2026:06:18:09 +0200] "GET /admin/login HTTP/1.1" 301 663 "-" "Mozilla/5.0 (Windows NT 10.0; Win64; x64) AppleWebKit/537.36 (KHTML, like Gecko) Chrome/151.0.0.0 Safari/537.36" PHP-Handler:plesk-php84-fpm Remoteport(vom Nginx):20238
172.71.241.23 - - [09/Aug/2026:06:18:14 +0200] "GET / HTTP/1.1" 200 61837 "https://ofenbernd.de/app" "Mozilla/5.0 (Windows NT 10.0; Win64; x64) AppleWebKit/537.36 (KHTML, like Gecko) Chrome/151.0.0.0 Safari/537.36" PHP-Handler: Remoteport(vom Nginx):21926
172.69.224.139 - - [09/Aug/2026:06:18:11 +0200] "GET /portal HTTP/1.1" 301 663 "-" "Mozilla/5.0 (Windows NT 10.0; Win64; x64) AppleWebKit/537.36 (KHTML, like Gecko) Chrome/151.0.0.0 Safari/537.36" PHP-Handler:plesk-php84-fpm Remoteport(vom Nginx):21668
172.69.224.139 - - [09/Aug/2026:06:18:11 +0200] "GET /my HTTP/1.1" 301 663 "-" "Mozilla/5.0 (Windows NT 10.0; Win64; x64) AppleWebKit/537.36 (KHTML, like Gecko) Chrome/151.0.0.0 Safari/537.36" PHP-Handler:plesk-php84-fpm Remoteport(vom Nginx):21732
172.71.241.23 - - [09/Aug/2026:06:18:14 +0200] "GET / HTTP/1.1" 200 61837 "https://ofenbernd.de/admin/login" "Mozilla/5.0 (Windows NT 10.0; Win64; x64) AppleWebKit/537.36 (KHTML, like Gecko) Chrome/151.0.0.0 Safari/537.36" PHP-Handler: Remoteport(vom Nginx):21936
172.69.224.138 - - [09/Aug/2026:06:18:11 +0200] "GET /manage HTTP/1.1" 301 663 "-" "Mozilla/5.0 (Windows NT 10.0; Win64; x64) AppleWebKit/537.36 (KHTML, like Gecko) Chrome/151.0.0.0 Safari/537.36" PHP-Handler:plesk-php84-fpm Remoteport(vom Nginx):21660
172.71.241.23 - - [09/Aug/2026:06:18:14 +0200] "GET / HTTP/1.1" 200 61837 "https://ofenbernd.de/portal" "Mozilla/5.0 (Windows NT 10.0; Win64; x64) AppleWebKit/537.36 (KHTML, like Gecko) Chrome/151.0.0.0 Safari/537.36" PHP-Handler: Remoteport(vom Nginx):21940
172.69.224.138 - - [09/Aug/2026:06:18:11 +0200] "GET /account HTTP/1.1" 301 663 "-" "Mozilla/5.0 (Windows NT 10.0; Win64; x64) AppleWebKit/537.36 (KHTML, like Gecko) Chrome/151.0.0.0 Safari/537.36" PHP-Handler:plesk-php84-fpm Remoteport(vom Nginx):21746
172.71.241.23 - - [09/Aug/2026:06:18:14 +0200] "GET / HTTP/1.1" 200 61837 "https://ofenbernd.de/my" "Mozilla/5.0 (Windows NT 10.0; Win64; x64) AppleWebKit/537.36 (KHTML, like Gecko) Chrome/151.0.0.0 Safari/537.36" PHP-Handler: Remoteport(vom Nginx):21948
172.71.241.23 - - [09/Aug/2026:06:18:14 +0200] "GET / HTTP/1.1" 200 61837 "https://ofenbernd.de/manage" "Mozilla/5.0 (Windows NT 10.0; Win64; x64) AppleWebKit/537.36 (KHTML, like Gecko) Chrome/151.0.0.0 Safari/537.36" PHP-Handler: Remoteport(vom Nginx):21980
172.71.241.23 - - [09/Aug/2026:06:18:14 +0200] "GET / HTTP/1.1" 200 61837 "https://ofenbernd.de/account" "Mozilla/5.0 (Windows NT 10.0; Win64; x64) AppleWebKit/537.36 (KHTML, like Gecko) Chrome/151.0.0.0 Safari/537.36" PHP-Handler: Remoteport(vom Nginx):21994
172.69.224.139 - - [09/Aug/2026:06:18:11 +0200] "POST /api/graphql HTTP/1.1" 301 663 "https://ofenbernd.de" "Mozilla/5.0 (Windows NT 10.0; Win64; x64) AppleWebKit/537.36 (KHTML, like Gecko) Chrome/151.0.0.0 Safari/537.36" PHP-Handler:plesk-php84-fpm Remoteport(vom Nginx):21712
172.71.241.23 - - [09/Aug/2026:06:18:14 +0200] "GET / HTTP/1.1" 200 61837 "https://ofenbernd.de" "Mozilla/5.0 (Windows NT 10.0; Win64; x64) AppleWebKit/537.36 (KHTML, like Gecko) Chrome/151.0.0.0 Safari/537.36" PHP-Handler: Remoteport(vom Nginx):22000
172.71.241.23 - - [09/Aug/2026:06:18:12 +0200] "GET /login HTTP/1.1" 302 733 "https://ofenbernd.de/login" "Mozilla/5.0 (Windows NT 10.0; Win64; x64) AppleWebKit/537.36 (KHTML, like Gecko) Chrome/151.0.0.0 Safari/537.36" PHP-Handler:plesk-php84-fpm Remoteport(vom Nginx):21802
172.69.224.138 - - [09/Aug/2026:06:18:12 +0200] "GET /profile HTTP/1.1" 301 663 "-" "Mozilla/5.0 (Windows NT 10.0; Win64; x64) AppleWebKit/537.36 (KHTML, like Gecko) Chrome/151.0.0.0 Safari/537.36" PHP-Handler:plesk-php84-fpm Remoteport(vom Nginx):21774
172.69.224.139 - - [09/Aug/2026:06:18:14 +0200] "GET /api/account HTTP/2.0" 444 0 "-" "meta-externalagent/1.1 (+https://developers.facebook.com/docs/sharing/webmasters/crawler)"
172.69.224.139 - - [09/Aug/2026:06:18:14 +0200] "GET /app-config.json HTTP/2.0" 444 0 "-" "meta-externalagent/1.1 (+https://developers.facebook.com/docs/sharing/webmasters/crawler)"
172.69.224.138 - - [09/Aug/2026:06:18:14 +0200] "GET /health HTTP/2.0" 444 0 "-" "meta-externalagent/1.1 (+https://developers.facebook.com/docs/sharing/webmasters/crawler)"
172.69.224.139 - - [09/Aug/2026:06:18:14 +0200] "GET /api/v1/env HTTP/2.0" 444 0 "-" "meta-externalagent/1.1 (+https://developers.facebook.com/docs/sharing/webmasters/crawler)"
172.69.224.138 - - [09/Aug/2026:06:18:14 +0200] "GET /swagger.json HTTP/2.0" 444 0 "-" "meta-externalagent/1.1 (+https://developers.facebook.com/docs/sharing/webmasters/crawler)"
172.70.246.196 - - [09/Aug/2026:06:18:14 +0200] "GET /runtime.js HTTP/2.0" 444 0 "-" "meta-externalagent/1.1 (+https://developers.facebook.com/docs/sharing/webmasters/crawler)"
172.71.148.49 - - [09/Aug/2026:06:18:14 +0200] "GET /__env.js HTTP/2.0" 444 0 "-" "meta-externalagent/1.1 (+https://developers.facebook.com/docs/sharing/webmasters/crawler)"
172.70.247.64 - - [09/Aug/2026:06:18:14 +0200] "GET /configuration.js HTTP/2.0" 444 0 "-" "meta-externalagent/1.1 (+https://developers.facebook.com/docs/sharing/webmasters/crawler)"
172.69.224.138 - - [09/Aug/2026:06:18:14 +0200] "GET /ngsw.json HTTP/2.0" 444 0 "-" "meta-externalagent/1.1 (+https://developers.facebook.com/docs/sharing/webmasters/crawler)"
104.23.239.111 - - [09/Aug/2026:06:18:14 +0200] "GET /service-worker.js HTTP/2.0" 444 0 "-" "meta-externalagent/1.1 (+https://developers.facebook.com/docs/sharing/webmasters/crawler)"
172.71.164.195 - - [09/Aug/2026:06:18:14 +0200] "GET /sw.js HTTP/2.0" 444 0 "-" "meta-externalagent/1.1 (+https://developers.facebook.com/docs/sharing/webmasters/crawler)"
172.69.224.139 - - [09/Aug/2026:06:18:14 +0200] "GET /graphql/console HTTP/2.0" 444 0 "-" "meta-externalagent/1.1 (+https://developers.facebook.com/docs/sharing/webmasters/crawler)"
172.69.224.138 - - [09/Aug/2026:06:18:15 +0200] "GET /actuator HTTP/2.0" 444 0 "-" "meta-externalagent/1.1 (+https://developers.facebook.com/docs/sharing/webmasters/crawler)"
172.69.224.139 - - [09/Aug/2026:06:18:15 +0200] "GET /api/graphql HTTP/2.0" 444 0 "-" "meta-externalagent/1.1 (+https://developers.facebook.com/docs/sharing/webmasters/crawler)"
172.69.224.138 - - [09/Aug/2026:06:18:15 +0200] "GET /graphql HTTP/2.0" 444 0 "-" "meta-externalagent/1.1 (+https://developers.facebook.com/docs/sharing/webmasters/crawler)"
172.69.224.139 - - [09/Aug/2026:06:18:15 +0200] "GET /v1/graphql HTTP/2.0" 444 0 "-" "meta-externalagent/1.1 (+https://developers.facebook.com/docs/sharing/webmasters/crawler)"
172.69.224.138 - - [09/Aug/2026:06:18:15 +0200] "GET /actuator/configprops HTTP/2.0" 444 0 "-" "meta-externalagent/1.1 (+https://developers.facebook.com/docs/sharing/webmasters/crawler)"
172.69.224.139 - - [09/Aug/2026:06:18:15 +0200] "GET /info.php HTTP/2.0" 444 0 "-" "meta-externalagent/1.1 (+https://developers.facebook.com/docs/sharing/webmasters/crawler)"
172.69.224.138 - - [09/Aug/2026:06:18:15 +0200] "GET /actuator/mappings HTTP/2.0" 444 0 "-" "meta-externalagent/1.1 (+https://developers.facebook.com/docs/sharing/webmasters/crawler)"
172.69.224.139 - - [09/Aug/2026:06:18:15 +0200] "GET /phpinfo.php HTTP/2.0" 444 0 "-" "meta-externalagent/1.1 (+https://developers.facebook.com/docs/sharing/webmasters/crawler)"
172.69.224.138 - - [09/Aug/2026:06:18:15 +0200] "GET /pi.php HTTP/2.0" 444 0 "-" "meta-externalagent/1.1 (+https://developers.facebook.com/docs/sharing/webmasters/crawler)"
172.69.224.138 - - [09/Aug/2026:06:18:15 +0200] "GET /test.php HTTP/2.0" 444 0 "-" "meta-externalagent/1.1 (+https://developers.facebook.com/docs/sharing/webmasters/crawler)"
172.69.224.139 - - [09/Aug/2026:06:18:15 +0200] "GET /_profiler/latest HTTP/2.0" 444 0 "-" "meta-externalagent/1.1 (+https://developers.facebook.com/docs/sharing/webmasters/crawler)"
172.69.224.139 - - [09/Aug/2026:06:18:15 +0200] "GET /i.php HTTP/2.0" 444 0 "-" "meta-externalagent/1.1 (+https://developers.facebook.com/docs/sharing/webmasters/crawler)"
172.69.224.139 - - [09/Aug/2026:06:18:15 +0200] "GET /app_dev.php HTTP/2.0" 444 0 "-" "meta-externalagent/1.1 (+https://developers.facebook.com/docs/sharing/webmasters/crawler)"
172.69.224.138 - - [09/Aug/2026:06:18:15 +0200] "GET /_profiler/open HTTP/2.0" 444 0 "-" "meta-externalagent/1.1 (+https://developers.facebook.com/docs/sharing/webmasters/crawler)"
172.69.224.139 - - [09/Aug/2026:06:18:15 +0200] "GET /telescope/requests HTTP/2.0" 444 0 "-" "meta-externalagent/1.1 (+https://developers.facebook.com/docs/sharing/webmasters/crawler)"
172.69.224.138 - - [09/Aug/2026:06:18:15 +0200] "GET /app_dev.php/_profiler HTTP/2.0" 444 0 "-" "meta-externalagent/1.1 (+https://developers.facebook.com/docs/sharing/webmasters/crawler)"
172.69.224.139 - - [09/Aug/2026:06:18:15 +0200] "GET /_ignition/health-check HTTP/2.0" 444 0 "-" "meta-externalagent/1.1 (+https://developers.facebook.com/docs/sharing/webmasters/crawler)"
172.69.224.138 - - [09/Aug/2026:06:18:15 +0200] "GET /_debugbar/open HTTP/2.0" 444 0 "-" "meta-externalagent/1.1 (+https://developers.facebook.com/docs/sharing/webmasters/crawler)"
172.69.224.139 - - [09/Aug/2026:06:18:15 +0200] "GET /__debug__/ HTTP/2.0" 444 0 "-" "meta-externalagent/1.1 (+https://developers.facebook.com/docs/sharing/webmasters/crawler)"
172.69.224.138 - - [09/Aug/2026:06:18:15 +0200] "GET /elmah.axd HTTP/2.0" 444 0 "-" "meta-externalagent/1.1 (+https://developers.facebook.com/docs/sharing/webmasters/crawler)"
172.69.224.139 - - [09/Aug/2026:06:18:15 +0200] "GET /server-status HTTP/2.0" 444 0 "-" "meta-externalagent/1.1 (+https://developers.facebook.com/docs/sharing/webmasters/crawler)"
172.69.224.138 - - [09/Aug/2026:06:18:15 +0200] "GET /trace.axd HTTP/2.0" 444 0 "-" "meta-externalagent/1.1 (+https://developers.facebook.com/docs/sharing/webmasters/crawler)"
172.69.224.139 - - [09/Aug/2026:06:18:15 +0200] "GET /server-info HTTP/2.0" 444 0 "-" "meta-externalagent/1.1 (+https://developers.facebook.com/docs/sharing/webmasters/crawler)"
172.69.224.138 - - [09/Aug/2026:06:18:15 +0200] "GET /nginx_status HTTP/2.0" 444 0 "-" "meta-externalagent/1.1 (+https://developers.facebook.com/docs/sharing/webmasters/crawler)"
172.71.241.23 - - [09/Aug/2026:06:18:15 +0200] "GET / HTTP/1.1" 200 61837 "https://ofenbernd.de/profile" "Mozilla/5.0 (Windows NT 10.0; Win64; x64) AppleWebKit/537.36 (KHTML, like Gecko) Chrome/151.0.0.0 Safari/537.36" PHP-Handler: Remoteport(vom Nginx):22036
172.71.241.23 - - [09/Aug/2026:06:18:12 +0200] "GET /admin HTTP/1.1" 302 730 "https://ofenbernd.de/admin" "Mozilla/5.0 (Windows NT 10.0; Win64; x64) AppleWebKit/537.36 (KHTML, like Gecko) Chrome/151.0.0.0 Safari/537.36" PHP-Handler:plesk-php84-fpm Remoteport(vom Nginx):21788
172.69.224.139 - - [09/Aug/2026:06:18:12 +0200] "GET /settings HTTP/1.1" 301 663 "-" "Mozilla/5.0 (Windows NT 10.0; Win64; x64) AppleWebKit/537.36 (KHTML, like Gecko) Chrome/151.0.0.0 Safari/537.36" PHP-Handler:plesk-php84-fpm Remoteport(vom Nginx):21822
172.71.241.23 - - [09/Aug/2026:06:18:12 +0200] "GET /dashboard HTTP/1.1" 302 730 "https://ofenbernd.de/dashboard" "Mozilla/5.0 (Windows NT 10.0; Win64; x64) AppleWebKit/537.36 (KHTML, like Gecko) Chrome/151.0.0.0 Safari/537.36" PHP-Handler:plesk-php84-fpm Remoteport(vom Nginx):21830
172.68.211.196 - - [09/Aug/2026:06:18:12 +0200] "GET /wp-admin/index.php HTTP/1.1" 302 735 "http://ofenbernd.de/wp-login.php" "Mozilla/5.0 (iPhone; CPU iPhone OS 16_4 like Mac OS X) AppleWebKit/537.36 (KHTML, like Gecko) Chrome/123.0.0.0 Safari/537.36" PHP-Handler:plesk-php84-fpm Remoteport(vom Nginx):21818
172.71.241.23 - - [09/Aug/2026:06:18:15 +0200] "GET / HTTP/1.1" 200 61837 "https://ofenbernd.de/settings" "Mozilla/5.0 (Windows NT 10.0; Win64; x64) AppleWebKit/537.36 (KHTML, like Gecko) Chrome/151.0.0.0 Safari/537.36" PHP-Handler: Remoteport(vom Nginx):22062
172.70.94.193 - - [09/Aug/2026:06:18:16 +0200] "GET /p/olsberg-fantale-seitenstein-rechts-pos-36a-23-4661-1252/ HTTP/1.1" 200 47112 "-" "Mozilla/5.0 (Linux; Android 6.0.1; Nexus 5X Build/MMB29P) AppleWebKit/537.36 (KHTML, like Gecko) Chrome/150.0.7871.186 Mobile Safari/537.36 (compatible; Googlebot/2.1; +http://www.google.com/bot.html)" PHP-Handler:plesk-php84-fpm Remoteport(vom Nginx):22110
172.69.224.138 - - [09/Aug/2026:06:18:14 +0200] "GET /user/login HTTP/1.1" 301 663 "-" "Mozilla/5.0 (Windows NT 10.0; Win64; x64) AppleWebKit/537.36 (KHTML, like Gecko) Chrome/151.0.0.0 Safari/537.36" PHP-Handler:plesk-php84-fpm Remoteport(vom Nginx):21958
172.71.241.23 - - [09/Aug/2026:06:18:17 +0200] "GET / HTTP/1.1" 200 61837 "https://ofenbernd.de/user/login" "Mozilla/5.0 (Windows NT 10.0; Win64; x64) AppleWebKit/537.36 (KHTML, like Gecko) Chrome/151.0.0.0 Safari/537.36" PHP-Handler: Remoteport(vom Nginx):22148
172.69.224.139 - - [09/Aug/2026:06:18:14 +0200] "GET /workspace HTTP/1.1" 301 663 "-" "Mozilla/5.0 (Windows NT 10.0; Win64; x64) AppleWebKit/537.36 (KHTML, like Gecko) Chrome/151.0.0.0 Safari/537.36" PHP-Handler:plesk-php84-fpm Remoteport(vom Nginx):21922
172.71.241.23 - - [09/Aug/2026:06:18:17 +0200] "GET / HTTP/1.1" 200 61837 "https://ofenbernd.de/workspace" "Mozilla/5.0 (Windows NT 10.0; Win64; x64) AppleWebKit/537.36 (KHTML, like Gecko) Chrome/151.0.0.0 Safari/537.36" PHP-Handler: Remoteport(vom Nginx):22160
172.69.224.139 - - [09/Aug/2026:06:18:15 +0200] "POST /v1/graphql HTTP/1.1" 301 663 "https://ofenbernd.de" "Mozilla/5.0 (Windows NT 10.0; Win64; x64) AppleWebKit/537.36 (KHTML, like Gecko) Chrome/151.0.0.0 Safari/537.36" PHP-Handler:plesk-php84-fpm Remoteport(vom Nginx):22008
172.71.241.23 - - [09/Aug/2026:06:18:18 +0200] "GET / HTTP/1.1" 200 61837 "https://ofenbernd.de" "Mozilla/5.0 (Windows NT 10.0; Win64; x64) AppleWebKit/537.36 (KHTML, like Gecko) Chrome/151.0.0.0 Safari/537.36" PHP-Handler: Remoteport(vom Nginx):22182
172.71.241.23 - - [09/Aug/2026:06:18:15 +0200] "GET /wp-admin/ HTTP/1.1" 302 730 "https://www.ofenbernd.de/admin" "Mozilla/5.0 (Windows NT 10.0; Win64; x64) AppleWebKit/537.36 (KHTML, like Gecko) Chrome/151.0.0.0 Safari/537.36" PHP-Handler: Remoteport(vom Nginx):22058
172.71.241.23 - - [09/Aug/2026:06:18:15 +0200] "GET /wp-login.php HTTP/1.1" 200 3727 "https://www.ofenbernd.de/login" "Mozilla/5.0 (Windows NT 10.0; Win64; x64) AppleWebKit/537.36 (KHTML, like Gecko) Chrome/151.0.0.0 Safari/537.36" PHP-Handler:plesk-php84-fpm Remoteport(vom Nginx):22032
172.71.241.23 - - [09/Aug/2026:06:18:15 +0200] "GET /wp-admin/ HTTP/1.1" 302 730 "https://www.ofenbernd.de/dashboard" "Mozilla/5.0 (Windows NT 10.0; Win64; x64) AppleWebKit/537.36 (KHTML, like Gecko) Chrome/151.0.0.0 Safari/537.36" PHP-Handler: Remoteport(vom Nginx):22076
172.71.214.151 - - [09/Aug/2026:06:18:16 +0200] "GET /wp-login.php?redirect_to=https%3A%2F%2Fofenbernd.de%2Fwp-admin%2Findex.php&reauth=1 HTTP/1.1" 200 5802 "http://ofenbernd.de/wp-login.php" "Mozilla/5.0 (iPhone; CPU iPhone OS 16_4 like Mac OS X) AppleWebKit/537.36 (KHTML, like Gecko) Chrome/123.0.0.0 Safari/537.36" PHP-Handler:plesk-php84-fpm Remoteport(vom Nginx):22082
172.70.243.6 - - [09/Aug/2026:06:18:21 +0200] "POST /wp-cron.php?doing_wp_cron=1786249101.1258060932159423828125 HTTP/1.1" 200 461 "-" "QlJNkrWfZ6Uz" PHP-Handler:plesk-php84-fpm Remoteport(vom Nginx):22270
172.71.241.23 - - [09/Aug/2026:06:18:18 +0200] "GET /wp-login.php?redirect_to=https%3A%2F%2Fwww.ofenbernd.de%2Fwp-admin%2F&reauth=1 HTTP/1.1" 200 5794 "https://www.ofenbernd.de/wp-admin/" "Mozilla/5.0 (Windows NT 10.0; Win64; x64) AppleWebKit/537.36 (KHTML, like Gecko) Chrome/151.0.0.0 Safari/537.36" PHP-Handler:plesk-php84-fpm Remoteport(vom Nginx):22198
172.71.241.23 - - [09/Aug/2026:06:18:18 +0200] "GET /wp-login.php?redirect_to=https%3A%2F%2Fwww.ofenbernd.de%2Fwp-admin%2F&reauth=1 HTTP/1.1" 200 5794 "https://www.ofenbernd.de/wp-admin/" "Mozilla/5.0 (Windows NT 10.0; Win64; x64) AppleWebKit/537.36 (KHTML, like Gecko) Chrome/151.0.0.0 Safari/537.36" PHP-Handler:plesk-php84-fpm Remoteport(vom Nginx):22204
172.68.211.196 - - [09/Aug/2026:06:18:20 +0200] "GET /wp-admin/index.php HTTP/1.1" 302 735 "http://ofenbernd.de/wp-login.php" "Mozilla/5.0 (Macintosh; Intel Mac OS X 10_15_7) AppleWebKit/605.1.15 (KHTML, like Gecko) Version/17.1 Safari/605.1.15" PHP-Handler:plesk-php84-fpm Remoteport(vom Nginx):22248
172.71.166.251 - - [09/Aug/2026:06:18:20 +0200] "POST /?wc-ajax=get_refreshed_fragments HTTP/1.1" 200 954 "https://www.ofenbernd.de/p/olsberg-fantale-seitenstein-rechts-pos-36a-23-4661-1252/" "Mozilla/5.0 (Linux; Android 6.0.1; Nexus 5X Build/MMB29P) AppleWebKit/537.36 (KHTML, like Gecko) Chrome/150.0.7871.186 Mobile Safari/537.36 (compatible; Googlebot/2.1; +http://www.google.com/bot.html)" PHP-Handler: Remoteport(vom Nginx):22264
172.69.35.180 - - [09/Aug/2026:06:18:21 +0200] "GET /k/ofen-ersatzteile/oranier/polar/polar-8-4654-serie-2-stahlleiste/page/1/?orderby=rating HTTP/1.1" 301 699 "-" "Mozilla/5.0 (Windows NT 6.1; WOW64) AppleWebKit/537.36 (KHTML, like Gecko) Chrome/94.0.4606.81 Safari/537.36" PHP-Handler:plesk-php84-fpm Remoteport(vom Nginx):42840
172.71.214.151 - - [09/Aug/2026:06:18:23 +0200] "GET /wp-login.php?redirect_to=https%3A%2F%2Fofenbernd.de%2Fwp-admin%2Findex.php&reauth=1 HTTP/1.1" 200 5802 "http://ofenbernd.de/wp-login.php" "Mozilla/5.0 (Macintosh; Intel Mac OS X 10_15_7) AppleWebKit/605.1.15 (KHTML, like Gecko) Version/17.1 Safari/605.1.15" PHP-Handler:plesk-php84-fpm Remoteport(vom Nginx):42900
172.69.35.136 - - [09/Aug/2026:06:18:25 +0200] "GET /k/ofen-ersatzteile/oranier/polar/polar-8-4654-serie-2-stahlleiste/?orderby=rating HTTP/1.1" 200 35805 "-" "Mozilla/5.0 (Windows NT 6.1; WOW64) AppleWebKit/537.36 (KHTML, like Gecko) Chrome/94.0.4606.81 Safari/537.36" PHP-Handler:plesk-php84-fpm Remoteport(vom Nginx):43000
172.68.211.196 - - [09/Aug/2026:06:18:27 +0200] "GET /wp-admin/index.php HTTP/1.1" 302 735 "http://ofenbernd.de/wp-login.php" "Mozilla/5.0 (Windows NT 10.0; Win64; x64) AppleWebKit/537.36 (KHTML, like Gecko) Chrome/123.0.0.0 Safari/537.36" PHP-Handler:plesk-php84-fpm Remoteport(vom Nginx):43124
104.23.239.69 - - [09/Aug/2026:06:18:32 +0200] "POST /wp-cron.php?doing_wp_cron=1786249112.9133319854736328125000 HTTP/1.1" 200 461 "-" "9Vscb2h9opAF" PHP-Handler:plesk-php84-fpm Remoteport(vom Nginx):11994
172.71.214.151 - - [09/Aug/2026:06:18:30 +0200] "GET /wp-login.php?redirect_to=https%3A%2F%2Fofenbernd.de%2Fwp-admin%2Findex.php&reauth=1 HTTP/1.1" 200 5802 "http://ofenbernd.de/wp-login.php" "Mozilla/5.0 (Windows NT 10.0; Win64; x64) AppleWebKit/537.36 (KHTML, like Gecko) Chrome/123.0.0.0 Safari/537.36" PHP-Handler:plesk-php84-fpm Remoteport(vom Nginx):43700
172.68.211.196 - - [09/Aug/2026:06:18:33 +0200] "GET /wp-admin/index.php HTTP/1.1" 302 735 "http://ofenbernd.de/wp-login.php" "Mozilla/5.0 (Macintosh; Intel Mac OS X 11_2_3; rv:123.0) Gecko/20100101 Firefox/123.0" PHP-Handler:plesk-php84-fpm Remoteport(vom Nginx):12008
172.71.214.151 - - [09/Aug/2026:06:18:37 +0200] "GET /wp-login.php?redirect_to=https%3A%2F%2Fofenbernd.de%2Fwp-admin%2Findex.php&reauth=1 HTTP/1.1" 200 5802 "http://ofenbernd.de/wp-login.php" "Mozilla/5.0 (Macintosh; Intel Mac OS X 11_2_3; rv:123.0) Gecko/20100101 Firefox/123.0" PHP-Handler:plesk-php84-fpm Remoteport(vom Nginx):12160
172.68.211.196 - - [09/Aug/2026:06:18:40 +0200] "GET /wp-admin/index.php HTTP/1.1" 302 735 "http://ofenbernd.de/wp-login.php" "Mozilla/5.0 (Macintosh; Intel Mac OS X 11_2_3; rv:123.0) Gecko/20100101 Firefox/123.0" PHP-Handler:plesk-php84-fpm Remoteport(vom Nginx):12230
172.71.214.151 - - [09/Aug/2026:06:18:43 +0200] "GET /wp-login.php?redirect_to=https%3A%2F%2Fofenbernd.de%2Fwp-admin%2Findex.php&reauth=1 HTTP/1.1" 200 5802 "http://ofenbernd.de/wp-login.php" "Mozilla/5.0 (Macintosh; Intel Mac OS X 11_2_3; rv:123.0) Gecko/20100101 Firefox/123.0" PHP-Handler:plesk-php84-fpm Remoteport(vom Nginx):4496
172.71.247.92 - - [09/Aug/2026:06:18:50 +0200] "POST /wp-cron.php?doing_wp_cron=1786249130.5118570327758789062500 HTTP/1.1" 200 461 "-" "tWpDQSJJwUJD" PHP-Handler:plesk-php84-fpm Remoteport(vom Nginx):4706
172.68.211.196 - - [09/Aug/2026:06:18:47 +0200] "GET /wp-admin/index.php HTTP/1.1" 302 735 "http://ofenbernd.de/wp-login.php" "Mozilla/5.0 (Macintosh; Intel Mac OS X 11_2_3) AppleWebKit/537.36 (KHTML, like Gecko) Chrome/124.0.0.0 Safari/537.36" PHP-Handler:plesk-php84-fpm Remoteport(vom Nginx):4592
172.71.214.151 - - [09/Aug/2026:06:18:51 +0200] "GET /wp-login.php?redirect_to=https%3A%2F%2Fofenbernd.de%2Fwp-admin%2Findex.php&reauth=1 HTTP/1.1" 200 5802 "http://ofenbernd.de/wp-login.php" "Mozilla/5.0 (Macintosh; Intel Mac OS X 11_2_3) AppleWebKit/537.36 (KHTML, like Gecko) Chrome/124.0.0.0 Safari/537.36" PHP-Handler:plesk-php84-fpm Remoteport(vom Nginx):4748
172.70.240.112 - - [09/Aug/2026:06:18:52 +0200] "GET /s/austroflamm/ HTTP/1.1" 200 48621 "-" "WP Rocket/Preload" PHP-Handler:plesk-php84-fpm Remoteport(vom Nginx):57350
172.71.172.143 - - [09/Aug/2026:06:18:56 +0200] "POST /wp-cron.php?doing_wp_cron=1786249136.6464099884033203125000 HTTP/1.1" 200 461 "-" "DmbJtnFVW3YT" PHP-Handler:plesk-php84-fpm Remoteport(vom Nginx):57524
162.158.94.225 - - [09/Aug/2026:06:18:53 +0200] "GET /s/austroflamm/ HTTP/1.1" 200 35928 "-" "WP Rocket/Preload Mozilla/5.0 (iPhone; CPU iPhone OS 9_1 like Mac OS X) AppleWebKit/601.1.46 (KHTML, like Gecko) Version/9.0 Mobile/13B143 Safari/601.1" PHP-Handler:plesk-php84-fpm Remoteport(vom Nginx):57382
172.68.211.196 - - [09/Aug/2026:06:18:54 +0200] "GET /wp-admin/index.php HTTP/1.1" 302 735 "http://ofenbernd.de/wp-login.php" "Mozilla/5.0 (X11; Linux x86_64; rv:123.0) Gecko/20100101 Firefox/123.0" PHP-Handler:plesk-php84-fpm Remoteport(vom Nginx):57444
104.23.239.69 - - [09/Aug/2026:06:18:55 +0200] "GET /s/g-1/ HTTP/1.1" 200 48595 "-" "WP Rocket/Preload" PHP-Handler:plesk-php84-fpm Remoteport(vom Nginx):57454
172.70.247.163 - - [09/Aug/2026:06:18:56 +0200] "GET /s/g-1/ HTTP/1.1" 200 35914 "-" "WP Rocket/Preload Mozilla/5.0 (iPhone; CPU iPhone OS 9_1 like Mac OS X) AppleWebKit/601.1.46 (KHTML, like Gecko) Version/9.0 Mobile/13B143 Safari/601.1" PHP-Handler:plesk-php84-fpm Remoteport(vom Nginx):57508
172.71.214.151 - - [09/Aug/2026:06:18:57 +0200] "GET /wp-login.php?redirect_to=https%3A%2F%2Fofenbernd.de%2Fwp-admin%2Findex.php&reauth=1 HTTP/1.1" 200 5802 "http://ofenbernd.de/wp-login.php" "Mozilla/5.0 (X11; Linux x86_64; rv:123.0) Gecko/20100101 Firefox/123.0" PHP-Handler:plesk-php84-fpm Remoteport(vom Nginx):57566
172.71.247.92 - - [09/Aug/2026:06:18:58 +0200] "GET /s/clou-xtra/ HTTP/1.1" 200 47825 "-" "WP Rocket/Preload" PHP-Handler:plesk-php84-fpm Remoteport(vom Nginx):57580
172.64.217.76 - - [09/Aug/2026:06:19:00 +0200] "GET /s/samba-eckkaminofen/?orderby=price HTTP/1.1" 200 32891 "-" "Mozilla/5.0 (Windows NT 10.0; WOW64) AppleWebKit/537.36 (KHTML, like Gecko) Chrome/48.0.2564.116 Safari/537.36" PHP-Handler:plesk-php84-fpm Remoteport(vom Nginx):57662
172.68.211.196 - - [09/Aug/2026:06:19:01 +0200] "GET /wp-admin/index.php HTTP/1.1" 302 735 "http://ofenbernd.de/wp-login.php" "Mozilla/5.0 (Macintosh; Intel Mac OS X 11_2_3) AppleWebKit/605.1.15 (KHTML, like Gecko) Version/17.3 Safari/605.1.15" PHP-Handler:plesk-php84-fpm Remoteport(vom Nginx):23640
172.70.240.112 - - [09/Aug/2026:06:19:02 +0200] "GET /s/clou-xtra/ HTTP/1.1" 200 35943 "-" "WP Rocket/Preload Mozilla/5.0 (iPhone; CPU iPhone OS 9_1 like Mac OS X) AppleWebKit/601.1.46 (KHTML, like Gecko) Version/9.0 Mobile/13B143 Safari/601.1" PHP-Handler:plesk-php84-fpm Remoteport(vom Nginx):23684
172.71.214.151 - - [09/Aug/2026:06:19:04 +0200] "GET /wp-login.php?redirect_to=https%3A%2F%2Fofenbernd.de%2Fwp-admin%2Findex.php&reauth=1 HTTP/1.1" 200 5802 "http://ofenbernd.de/wp-login.php" "Mozilla/5.0 (Macintosh; Intel Mac OS X 11_2_3) AppleWebKit/605.1.15 (KHTML, like Gecko) Version/17.3 Safari/605.1.15" PHP-Handler:plesk-php84-fpm Remoteport(vom Nginx):23738
172.71.164.207 - - [09/Aug/2026:06:19:04 +0200] "GET /s/dexter-s3/ HTTP/1.1" 200 48623 "-" "WP Rocket/Preload" PHP-Handler:plesk-php84-fpm Remoteport(vom Nginx):23718
172.71.148.65 - - [09/Aug/2026:06:19:05 +0200] "GET /s/dexter-s3/ HTTP/1.1" 200 35929 "-" "WP Rocket/Preload Mozilla/5.0 (iPhone; CPU iPhone OS 9_1 like Mac OS X) AppleWebKit/601.1.46 (KHTML, like Gecko) Version/9.0 Mobile/13B143 Safari/601.1" PHP-Handler:plesk-php84-fpm Remoteport(vom Nginx):23780
172.71.144.144 - - [09/Aug/2026:06:19:10 +0200] "POST /wp-cron.php?doing_wp_cron=1786249150.8041419982910156250000 HTTP/1.1" 200 461 "-" "EOJjApZPtw2y" PHP-Handler:plesk-php84-fpm Remoteport(vom Nginx):24048
172.71.164.207 - - [09/Aug/2026:06:19:07 +0200] "GET /s/flok-2-0/ HTTP/1.1" 200 48629 "-" "WP Rocket/Preload" PHP-Handler:plesk-php84-fpm Remoteport(vom Nginx):23824
172.68.211.196 - - [09/Aug/2026:06:19:08 +0200] "GET /wp-admin/index.php HTTP/1.1" 302 735 "http://ofenbernd.de/wp-login.php" "Mozilla/5.0 (X11; Linux x86_64) AppleWebKit/537.36 (KHTML, like Gecko) Chrome/122.0.0.0 Safari/537.36" PHP-Handler:plesk-php84-fpm Remoteport(vom Nginx):23888
172.70.247.163 - - [09/Aug/2026:06:19:08 +0200] "GET /s/flok-2-0/ HTTP/1.1" 200 35935 "-" "WP Rocket/Preload Mozilla/5.0 (iPhone; CPU iPhone OS 9_1 like Mac OS X) AppleWebKit/601.1.46 (KHTML, like Gecko) Version/9.0 Mobile/13B143 Safari/601.1" PHP-Handler:plesk-php84-fpm Remoteport(vom Nginx):23948
172.71.214.151 - - [09/Aug/2026:06:19:11 +0200] "GET /wp-login.php?redirect_to=https%3A%2F%2Fofenbernd.de%2Fwp-admin%2Findex.php&reauth=1 HTTP/1.1" 200 5802 "http://ofenbernd.de/wp-login.php" "Mozilla/5.0 (X11; Linux x86_64) AppleWebKit/537.36 (KHTML, like Gecko) Chrome/122.0.0.0 Safari/537.36" PHP-Handler:plesk-php84-fpm Remoteport(vom Nginx):63534
162.158.86.124 - - [09/Aug/2026:06:18:49 +0200] "POST /wp-admin/admin-ajax.php?action=as_async_request_queue_runner&nonce=cb05d09946 HTTP/1.1" 200 754 "-" "tWpDQSJJwUJD" PHP-Handler:plesk-php84-fpm Remoteport(vom Nginx):4674
172.68.211.196 - - [09/Aug/2026:06:19:15 +0200] "GET /wp-admin/index.php HTTP/1.1" 302 735 "http://ofenbernd.de/wp-login.php" "Mozilla/5.0 (Macintosh; Intel Mac OS X 10_15_7) AppleWebKit/537.36 (KHTML, like Gecko) Chrome/122.0.0.0 Safari/537.36 Edge/122.0.2365.92" PHP-Handler:plesk-php84-fpm Remoteport(vom Nginx):63650
172.70.206.10 - - [09/Aug/2026:06:19:16 +0200] "POST /?wc-ajax=get_refreshed_fragments HTTP/1.1" 200 954 "https://www.ofenbernd.de/s/samba-eckkaminofen/?orderby=price" "Mozilla/5.0 (Windows NT 10.0; Win64; x64) AppleWebKit/537.36 (KHTML, like Gecko) Chrome/99.0.4844.51 Safari/537.36" PHP-Handler: Remoteport(vom Nginx):63678
172.70.243.6 - - [09/Aug/2026:06:19:21 +0200] "POST /wp-cron.php?doing_wp_cron=1786249161.0518150329589843750000 HTTP/1.1" 200 461 "-" "XSDgjVVi2QvC" PHP-Handler:plesk-php84-fpm Remoteport(vom Nginx):63842
172.71.247.92 - - [09/Aug/2026:06:19:17 +0200] "GET /s/jess-xtra/ HTTP/1.1" 200 47814 "-" "WP Rocket/Preload" PHP-Handler:plesk-php84-fpm Remoteport(vom Nginx):63700
172.71.214.151 - - [09/Aug/2026:06:19:18 +0200] "GET /wp-login.php?redirect_to=https%3A%2F%2Fofenbernd.de%2Fwp-admin%2Findex.php&reauth=1 HTTP/1.1" 200 5802 "http://ofenbernd.de/wp-login.php" "Mozilla/5.0 (Macintosh; Intel Mac OS X 10_15_7) AppleWebKit/537.36 (KHTML, like Gecko) Chrome/122.0.0.0 Safari/537.36 Edge/122.0.2365.92" PHP-Handler:plesk-php84-fpm Remoteport(vom Nginx):63722
172.69.150.176 - - [09/Aug/2026:06:19:19 +0200] "GET /s/jess-xtra/ HTTP/1.1" 200 35934 "-" "WP Rocket/Preload Mozilla/5.0 (iPhone; CPU iPhone OS 9_1 like Mac OS X) AppleWebKit/601.1.46 (KHTML, like Gecko) Version/9.0 Mobile/13B143 Safari/601.1" PHP-Handler:plesk-php84-fpm Remoteport(vom Nginx):63750
172.68.211.196 - - [09/Aug/2026:06:19:22 +0200] "GET /wp-admin/index.php HTTP/1.1" 302 735 "http://ofenbernd.de/wp-login.php" "Mozilla/5.0 (iPhone; CPU iPhone OS 16_4 like Mac OS X) AppleWebKit/537.36 (KHTML, like Gecko) Chrome/125.0.0.0 Safari/537.36" PHP-Handler:plesk-php84-fpm Remoteport(vom Nginx):17782
172.70.248.78 - - [09/Aug/2026:06:19:21 +0200] "GET /tag/kuechenherd/ HTTP/1.1" 200 38147 "-" "WP Rocket/Preload" PHP-Handler:plesk-php84-fpm Remoteport(vom Nginx):63830
172.71.144.144 - - [09/Aug/2026:06:19:22 +0200] "GET /tag/kuechenherd/ HTTP/1.1" 200 28047 "-" "WP Rocket/Preload Mozilla/5.0 (iPhone; CPU iPhone OS 9_1 like Mac OS X) AppleWebKit/601.1.46 (KHTML, like Gecko) Version/9.0 Mobile/13B143 Safari/601.1" PHP-Handler:plesk-php84-fpm Remoteport(vom Nginx):17806
172.71.214.151 - - [09/Aug/2026:06:19:24 +0200] "GET /wp-login.php?redirect_to=https%3A%2F%2Fofenbernd.de%2Fwp-admin%2Findex.php&reauth=1 HTTP/1.1" 200 5802 "http://ofenbernd.de/wp-login.php" "Mozilla/5.0 (iPhone; CPU iPhone OS 16_4 like Mac OS X) AppleWebKit/537.36 (KHTML, like Gecko) Chrome/125.0.0.0 Safari/537.36" PHP-Handler:plesk-php84-fpm Remoteport(vom Nginx):17900
104.23.239.69 - - [09/Aug/2026:06:19:23 +0200] "GET /s/k18-03/ HTTP/1.1" 200 48612 "-" "WP Rocket/Preload" PHP-Handler:plesk-php84-fpm Remoteport(vom Nginx):17884
172.70.240.112 - - [09/Aug/2026:06:19:25 +0200] "GET /s/k18-03/ HTTP/1.1" 200 35926 "-" "WP Rocket/Preload Mozilla/5.0 (iPhone; CPU iPhone OS 9_1 like Mac OS X) AppleWebKit/601.1.46 (KHTML, like Gecko) Version/9.0 Mobile/13B143 Safari/601.1" PHP-Handler:plesk-php84-fpm Remoteport(vom Nginx):17930
172.70.240.112 - - [09/Aug/2026:06:19:27 +0200] "GET /s/olsberg-tolima-aqua-compact-haematit/ HTTP/1.1" 200 50692 "-" "WP Rocket/Preload" PHP-Handler:plesk-php84-fpm Remoteport(vom Nginx):17986
172.68.211.196 - - [09/Aug/2026:06:19:28 +0200] "GET /wp-admin/index.php HTTP/1.1" 302 735 "http://ofenbernd.de/wp-login.php" "Mozilla/5.0 (Windows NT 10.0; Win64; x64; rv:122.0) Gecko/20100101 Firefox/122.0" PHP-Handler:plesk-php84-fpm Remoteport(vom Nginx):18040
172.71.164.207 - - [09/Aug/2026:06:19:28 +0200] "GET /s/olsberg-tolima-aqua-compact-haematit/ HTTP/1.1" 200 38050 "-" "WP Rocket/Preload Mozilla/5.0 (iPhone; CPU iPhone OS 9_1 like Mac OS X) AppleWebKit/601.1.46 (KHTML, like Gecko) Version/9.0 Mobile/13B143 Safari/601.1" PHP-Handler:plesk-php84-fpm Remoteport(vom Nginx):18034
172.70.248.78 - - [09/Aug/2026:06:19:33 +0200] "POST /wp-cron.php?doing_wp_cron=1786249173.4528419971466064453125 HTTP/1.1" 200 461 "-" "U09DPxeOeud0" PHP-Handler:plesk-php84-fpm Remoteport(vom Nginx):12770
172.70.247.163 - - [09/Aug/2026:06:19:30 +0200] "GET /s/koenigshuette-dorado/ HTTP/1.1" 200 48701 "-" "WP Rocket/Preload" PHP-Handler:plesk-php84-fpm Remoteport(vom Nginx):18068
172.71.214.151 - - [09/Aug/2026:06:19:31 +0200] "GET /wp-login.php?redirect_to=https%3A%2F%2Fofenbernd.de%2Fwp-admin%2Findex.php&reauth=1 HTTP/1.1" 200 5802 "http://ofenbernd.de/wp-login.php" "Mozilla/5.0 (Windows NT 10.0; Win64; x64; rv:122.0) Gecko/20100101 Firefox/122.0" PHP-Handler:plesk-php84-fpm Remoteport(vom Nginx):18126
172.69.150.176 - - [09/Aug/2026:06:19:31 +0200] "GET /s/koenigshuette-dorado/ HTTP/1.1" 200 36011 "-" "WP Rocket/Preload Mozilla/5.0 (iPhone; CPU iPhone OS 9_1 like Mac OS X) AppleWebKit/601.1.46 (KHTML, like Gecko) Version/9.0 Mobile/13B143 Safari/601.1" PHP-Handler:plesk-php84-fpm Remoteport(vom Nginx):12656
172.70.240.112 - - [09/Aug/2026:06:19:36 +0200] "POST /wp-cron.php?doing_wp_cron=1786249176.6649219989776611328125 HTTP/1.1" 200 461 "-" "Gq22nwr2GwLy" PHP-Handler:plesk-php84-fpm Remoteport(vom Nginx):12896
172.71.148.65 - - [09/Aug/2026:06:19:33 +0200] "GET /s/olsberg-draco/ HTTP/1.1" 200 48630 "-" "WP Rocket/Preload" PHP-Handler:plesk-php84-fpm Remoteport(vom Nginx):12736
172.71.148.65 - - [09/Aug/2026:06:19:34 +0200] "GET /s/olsberg-draco/ HTTP/1.1" 200 35938 "-" "WP Rocket/Preload Mozilla/5.0 (iPhone; CPU iPhone OS 9_1 like Mac OS X) AppleWebKit/601.1.46 (KHTML, like Gecko) Version/9.0 Mobile/13B143 Safari/601.1" PHP-Handler:plesk-php84-fpm Remoteport(vom Nginx):12794
172.68.211.196 - - [09/Aug/2026:06:19:36 +0200] "GET /wp-admin/index.php HTTP/1.1" 302 735 "http://ofenbernd.de/wp-login.php" "Mozilla/5.0 (Windows NT 10.0; Win64; x64) AppleWebKit/537.36 (KHTML, like Gecko) Chrome/123.0.0.0 Safari/537.36" PHP-Handler:plesk-php84-fpm Remoteport(vom Nginx):12876
172.71.164.207 - - [09/Aug/2026:06:19:36 +0200] "GET /s/glutbett-seitenstein-verlaengerung/ HTTP/1.1" 200 49589 "-" "WP Rocket/Preload" PHP-Handler:plesk-php84-fpm Remoteport(vom Nginx):12870
104.23.239.69 - - [09/Aug/2026:06:19:37 +0200] "GET /s/glutbett-seitenstein-verlaengerung/ HTTP/1.1" 200 37676 "-" "WP Rocket/Preload Mozilla/5.0 (iPhone; CPU iPhone OS 9_1 like Mac OS X) AppleWebKit/601.1.46 (KHTML, like Gecko) Version/9.0 Mobile/13B143 Safari/601.1" PHP-Handler:plesk-php84-fpm Remoteport(vom Nginx):12920
172.71.214.151 - - [09/Aug/2026:06:19:39 +0200] "GET /wp-login.php?redirect_to=https%3A%2F%2Fofenbernd.de%2Fwp-admin%2Findex.php&reauth=1 HTTP/1.1" 200 5802 "http://ofenbernd.de/wp-login.php" "Mozilla/5.0 (Windows NT 10.0; Win64; x64) AppleWebKit/537.36 (KHTML, like Gecko) Chrome/123.0.0.0 Safari/537.36" PHP-Handler:plesk-php84-fpm Remoteport(vom Nginx):12972
104.23.239.69 - - [09/Aug/2026:06:19:15 +0200] "POST /wp-admin/admin-ajax.php?action=as_async_request_queue_runner&nonce=cb05d09946 HTTP/1.1" 200 754 "-" "qimpRGaFYITG" PHP-Handler:plesk-php84-fpm Remoteport(vom Nginx):63642
172.68.211.196 - - [09/Aug/2026:06:19:43 +0200] "GET /wp-admin/index.php HTTP/1.1" 302 735 "http://ofenbernd.de/wp-login.php" "Mozilla/5.0 (Macintosh; Intel Mac OS X 10_15_7) AppleWebKit/537.36 (KHTML, like Gecko) Chrome/123.0.0.0 Safari/537.36" PHP-Handler:plesk-php84-fpm Remoteport(vom Nginx):38266
172.69.176.144 - - [09/Aug/2026:06:19:42 +0200] "GET /shop/page/32/?orderby=relevance&s=oranier&post_type=product HTTP/1.1" 200 35984 "-" "Mozilla/5.0 (Macintosh; Intel Mac OS X 10_15_7) AppleWebKit/537.36 (KHTML, like Gecko) Chrome/146.0.0.0 Safari/537.36" PHP-Handler:plesk-php84-fpm Remoteport(vom Nginx):38242
172.71.214.151 - - [09/Aug/2026:06:19:46 +0200] "GET /wp-login.php?redirect_to=https%3A%2F%2Fofenbernd.de%2Fwp-admin%2Findex.php&reauth=1 HTTP/1.1" 200 5802 "http://ofenbernd.de/wp-login.php" "Mozilla/5.0 (Macintosh; Intel Mac OS X 10_15_7) AppleWebKit/537.36 (KHTML, like Gecko) Chrome/123.0.0.0 Safari/537.36" PHP-Handler:plesk-php84-fpm Remoteport(vom Nginx):38424
172.70.240.112 - - [09/Aug/2026:06:19:46 +0200] "GET /s/olsberg-tipas-3/ HTTP/1.1" 200 48649 "-" "WP Rocket/Preload" PHP-Handler:plesk-php84-fpm Remoteport(vom Nginx):38454
172.69.176.7 - - [09/Aug/2026:06:19:49 +0200] "POST /?wc-ajax=get_refreshed_fragments HTTP/1.1" 200 954 "https://www.ofenbernd.de/shop/page/32/?orderby=relevance&s=oranier&post_type=product" "Mozilla/5.0 (Macintosh; Intel Mac OS X 10_15_7) AppleWebKit/537.36 (KHTML, like Gecko) Chrome/146.0.0.0 Safari/537.36" PHP-Handler: Remoteport(vom Nginx):38516
104.23.239.69 - - [09/Aug/2026:06:19:48 +0200] "GET /s/olsberg-tipas-3/ HTTP/1.1" 200 35957 "-" "WP Rocket/Preload Mozilla/5.0 (iPhone; CPU iPhone OS 9_1 like Mac OS X) AppleWebKit/601.1.46 (KHTML, like Gecko) Version/9.0 Mobile/13B143 Safari/601.1" PHP-Handler:plesk-php84-fpm Remoteport(vom Nginx):38476
172.68.211.196 - - [09/Aug/2026:06:19:49 +0200] "GET /wp-admin/index.php HTTP/1.1" 302 735 "http://ofenbernd.de/wp-login.php" "Mozilla/5.0 (Windows NT 10.0; Win64; x64) AppleWebKit/537.36 (KHTML, like Gecko) Chrome/122.0.0.0 Safari/537.36" PHP-Handler:plesk-php84-fpm Remoteport(vom Nginx):38564
172.69.150.176 - - [09/Aug/2026:06:19:49 +0200] "GET /s/stahl-kaminofen/ HTTP/1.1" 200 48623 "-" "WP Rocket/Preload" PHP-Handler:plesk-php84-fpm Remoteport(vom Nginx):38548
172.69.65.231 - - [09/Aug/2026:06:19:51 +0200] "GET /wp-json/wp/v2/users/me HTTP/1.1" 401 963 "-" "Mozilla/5.0 (Windows NT 10.0; Win64; x64) AppleWebKit/537.36 (KHTML, like Gecko) Chrome/133.0.0.0 Safari/537.36" PHP-Handler:plesk-php84-fpm Remoteport(vom Nginx):38598
172.71.172.143 - - [09/Aug/2026:06:19:51 +0200] "GET /s/stahl-kaminofen/ HTTP/1.1" 200 35955 "-" "WP Rocket/Preload Mozilla/5.0 (iPhone; CPU iPhone OS 9_1 like Mac OS X) AppleWebKit/601.1.46 (KHTML, like Gecko) Version/9.0 Mobile/13B143 Safari/601.1" PHP-Handler:plesk-php84-fpm Remoteport(vom Nginx):38604
172.71.214.151 - - [09/Aug/2026:06:19:52 +0200] "GET /wp-login.php?redirect_to=https%3A%2F%2Fofenbernd.de%2Fwp-admin%2Findex.php&reauth=1 HTTP/1.1" 200 5802 "http://ofenbernd.de/wp-login.php" "Mozilla/5.0 (Windows NT 10.0; Win64; x64) AppleWebKit/537.36 (KHTML, like Gecko) Chrome/122.0.0.0 Safari/537.36" PHP-Handler:plesk-php84-fpm Remoteport(vom Nginx):48138
172.71.164.207 - - [09/Aug/2026:06:19:52 +0200] "GET /s/coffee/ HTTP/1.1" 200 48610 "-" "WP Rocket/Preload" PHP-Handler:plesk-php84-fpm Remoteport(vom Nginx):48156
104.22.86.51 - - [09/Aug/2026:06:19:52 +0200] "GET /s/schmid-lina-6745-51-57-80-sh-ersatzteile/ HTTP/1.1" 200 50334 "-" "Mozilla/5.0 (Macintosh; Intel Mac OS X 10_13_6) AppleWebKit/537.36 (KHTML, like Gecko) Chrome/90.0.4430.212 Safari/537.36" PHP-Handler:plesk-php84-fpm Remoteport(vom Nginx):48142
172.71.144.144 - - [09/Aug/2026:06:19:54 +0200] "GET /s/coffee/ HTTP/1.1" 200 35919 "-" "WP Rocket/Preload Mozilla/5.0 (iPhone; CPU iPhone OS 9_1 like Mac OS X) AppleWebKit/601.1.46 (KHTML, like Gecko) Version/9.0 Mobile/13B143 Safari/601.1" PHP-Handler:plesk-php84-fpm Remoteport(vom Nginx):48202
172.68.211.196 - - [09/Aug/2026:06:19:56 +0200] "GET /wp-admin/index.php HTTP/1.1" 302 735 "http://ofenbernd.de/wp-login.php" "Mozilla/5.0 (iPhone; CPU iPhone OS 16_4 like Mac OS X) AppleWebKit/537.36 (KHTML, like Gecko) Chrome/122.0.0.0 Safari/537.36" PHP-Handler:plesk-php84-fpm Remoteport(vom Nginx):48298
162.158.94.225 - - [09/Aug/2026:06:19:55 +0200] "GET /s/koenigshuette-auriga/ HTTP/1.1" 200 48690 "-" "WP Rocket/Preload" PHP-Handler:plesk-php84-fpm Remoteport(vom Nginx):48274
162.158.111.4 - - [09/Aug/2026:06:20:00 +0200] "GET /wp-content/uploads/2015/03/speicherofen-gemauert-speicherkamin-individuell-100x100.jpg.webp HTTP/1.1" 200 593 "-" "Mozilla/5.0 (compatible; crawler)" PHP-Handler: Remoteport(vom Nginx):48446
172.71.172.143 - - [09/Aug/2026:06:19:57 +0200] "GET /s/koenigshuette-auriga/ HTTP/1.1" 200 36017 "-" "WP Rocket/Preload Mozilla/5.0 (iPhone; CPU iPhone OS 9_1 like Mac OS X) AppleWebKit/601.1.46 (KHTML, like Gecko) Version/9.0 Mobile/13B143 Safari/601.1" PHP-Handler:plesk-php84-fpm Remoteport(vom Nginx):48348
172.71.214.151 - - [09/Aug/2026:06:19:58 +0200] "GET /wp-login.php?redirect_to=https%3A%2F%2Fofenbernd.de%2Fwp-admin%2Findex.php&reauth=1 HTTP/1.1" 200 5802 "http://ofenbernd.de/wp-login.php" "Mozilla/5.0 (iPhone; CPU iPhone OS 16_4 like Mac OS X) AppleWebKit/537.36 (KHTML, like Gecko) Chrome/122.0.0.0 Safari/537.36" PHP-Handler:plesk-php84-fpm Remoteport(vom Nginx):48418
172.71.164.207 - - [09/Aug/2026:06:19:58 +0200] "GET /s/koenigshuette-libra/ HTTP/1.1" 200 49956 "-" "WP Rocket/Preload" PHP-Handler:plesk-php84-fpm Remoteport(vom Nginx):48388
162.158.111.4 - - [09/Aug/2026:06:20:00 +0200] "GET /wp-content/uploads/2015/03/speicherofen-gemauert-speicherkamin-individuell-100x100.jpg.webp HTTP/2.0" 200 1496 "-" "Mozilla/5.0 (compatible; crawler)"
172.71.172.143 - - [09/Aug/2026:06:20:04 +0200] "GET /s/hamburg-kaminofen/ HTTP/1.1" 200 49252 "-" "WP Rocket/Preload" PHP-Handler:plesk-php84-fpm Remoteport(vom Nginx):9738
172.71.247.92 - - [09/Aug/2026:06:20:00 +0200] "GET /s/koenigshuette-libra/ HTTP/1.1" 200 38067 "-" "WP Rocket/Preload Mozilla/5.0 (iPhone; CPU iPhone OS 9_1 like Mac OS X) AppleWebKit/601.1.46 (KHTML, like Gecko) Version/9.0 Mobile/13B143 Safari/601.1" PHP-Handler:plesk-php84-fpm Remoteport(vom Nginx):48454
172.68.211.196 - - [09/Aug/2026:06:20:02 +0200] "GET /wp-admin/index.php HTTP/1.1" 302 735 "http://ofenbernd.de/wp-login.php" "Mozilla/5.0 (Macintosh; Intel Mac OS X 11_2_3; rv:121.0) Gecko/20100101 Firefox/121.0" PHP-Handler:plesk-php84-fpm Remoteport(vom Nginx):9684
172.71.164.207 - - [09/Aug/2026:06:20:01 +0200] "GET /s/fireplace-hamburg-kaminofen-stahl-gussgrau/ HTTP/1.1" 200 49478 "-" "WP Rocket/Preload" PHP-Handler:plesk-php84-fpm Remoteport(vom Nginx):9660
162.158.86.124 - - [09/Aug/2026:06:20:03 +0200] "GET /s/fireplace-hamburg-kaminofen-stahl-gussgrau/ HTTP/1.1" 200 37588 "-" "WP Rocket/Preload Mozilla/5.0 (iPhone; CPU iPhone OS 9_1 like Mac OS X) AppleWebKit/601.1.46 (KHTML, like Gecko) Version/9.0 Mobile/13B143 Safari/601.1" PHP-Handler:plesk-php84-fpm Remoteport(vom Nginx):9714
172.69.150.176 - - [09/Aug/2026:06:20:05 +0200] "GET /s/hamburg-kaminofen/ HTTP/1.1" 200 37527 "-" "WP Rocket/Preload Mozilla/5.0 (iPhone; CPU iPhone OS 9_1 like Mac OS X) AppleWebKit/601.1.46 (KHTML, like Gecko) Version/9.0 Mobile/13B143 Safari/601.1" PHP-Handler:plesk-php84-fpm Remoteport(vom Nginx):9758
172.71.214.151 - - [09/Aug/2026:06:20:06 +0200] "GET /wp-login.php?redirect_to=https%3A%2F%2Fofenbernd.de%2Fwp-admin%2Findex.php&reauth=1 HTTP/1.1" 200 5802 "http://ofenbernd.de/wp-login.php" "Mozilla/5.0 (Macintosh; Intel Mac OS X 11_2_3; rv:121.0) Gecko/20100101 Firefox/121.0" PHP-Handler:plesk-php84-fpm Remoteport(vom Nginx):9776
172.70.208.146 - - [09/Aug/2026:06:20:07 +0200] "GET /k/kamine/olsberg-kamine/ HTTP/1.1" 301 642 "-" "Mozilla/5.0 (Linux; Android 5.0) AppleWebKit/537.36 (KHTML, like Gecko) Mobile Safari/537.36 (compatible; Bytespider; https://bytedance.sg.larkoffice.com/docx/K5bxdypulop3IIxrJb0lOjLVgFe)" PHP-Handler:plesk-php84-fpm Remoteport(vom Nginx):9798
172.70.143.212 - - [09/Aug/2026:06:20:11 +0200] "GET /k/kamine/olsberg-kamine/ HTTP/1.1" 200 40798 "-" "Mozilla/5.0 (Linux; Android 5.0) AppleWebKit/537.36 (KHTML, like Gecko) Mobile Safari/537.36 (compatible; Bytespider; https://bytedance.sg.larkoffice.com/docx/K5bxdypulop3IIxrJb0lOjLVgFe)" PHP-Handler:plesk-php84-fpm Remoteport(vom Nginx):9948
172.70.242.20 - - [09/Aug/2026:06:20:12 +0200] "GET /wp-content/uploads/2015/03/olsberg_tolima_aqua_compact_kamin_abdeckung_rubin_6-400x400.jpg.webp HTTP/1.1" 200 597 "https://www.ofenbernd.de/k/kamine/olsberg-kamine/" "Mozilla/5.0 (Linux; Android 5.0) AppleWebKit/537.36 (KHTML, like Gecko) Mobile Safari/537.36 (compatible; Bytespider; https://bytedance.sg.larkoffice.com/docx/K5bxdypulop3IIxrJb0lOjLVgFe)" PHP-Handler: Remoteport(vom Nginx):1024
172.68.211.196 - - [09/Aug/2026:06:20:10 +0200] "GET /wp-admin/index.php HTTP/1.1" 302 735 "http://ofenbernd.de/wp-login.php" "Mozilla/5.0 (X11; Linux x86_64) AppleWebKit/537.36 (KHTML, like Gecko) Chrome/124.0.0.0 Safari/537.36" PHP-Handler:plesk-php84-fpm Remoteport(vom Nginx):9928
172.71.144.144 - - [09/Aug/2026:06:19:44 +0200] "POST /wp-admin/admin-ajax.php?action=as_async_request_queue_runner&nonce=cb05d09946 HTTP/1.1" 200 754 "-" "h87SpJeGCFkt" PHP-Handler:plesk-php84-fpm Remoteport(vom Nginx):38300
172.70.242.20 - - [09/Aug/2026:06:20:12 +0200] "GET /wp-content/uploads/2015/03/olsberg_tolima_aqua_compact_kamin_abdeckung_rubin_6-400x400.jpg.webp HTTP/2.0" 200 11984 "https://www.ofenbernd.de/k/kamine/olsberg-kamine/" "Mozilla/5.0 (Linux; Android 5.0) AppleWebKit/537.36 (KHTML, like Gecko) Mobile Safari/537.36 (compatible; Bytespider; https://bytedance.sg.larkoffice.com/docx/K5bxdypulop3IIxrJb0lOjLVgFe)"
172.70.240.163 - - [09/Aug/2026:06:20:13 +0200] "GET /wp-content/uploads/Kaminofen-Olsberg-Pular-Plus-Compact-Dekorrahmen-Verchromt_900x900-400x400.jpg.webp HTTP/2.0" 200 4150 "https://www.ofenbernd.de/k/kamine/olsberg-kamine/" "Mozilla/5.0 (Linux; Android 5.0) AppleWebKit/537.36 (KHTML, like Gecko) Mobile Safari/537.36 (compatible; Bytespider; https://bytedance.sg.larkoffice.com/docx/K5bxdypulop3IIxrJb0lOjLVgFe)"
172.70.240.163 - - [09/Aug/2026:06:20:13 +0200] "GET /wp-content/uploads/Kaminofen-Olsberg-Pular-Plus-Compact-Dekorrahmen-Verchromt_900x900-400x400.jpg.webp HTTP/1.1" 200 604 "https://www.ofenbernd.de/k/kamine/olsberg-kamine/" "Mozilla/5.0 (Linux; Android 5.0) AppleWebKit/537.36 (KHTML, like Gecko) Mobile Safari/537.36 (compatible; Bytespider; https://bytedance.sg.larkoffice.com/docx/K5bxdypulop3IIxrJb0lOjLVgFe)" PHP-Handler: Remoteport(vom Nginx):1068
172.70.46.55 - - [09/Aug/2026:06:20:10 +0200] "GET /k/ofen-ersatzteile/koenigshuette/draco/page/3/ HTTP/1.1" 200 51898 "-" "Mozilla/5.0 (Macintosh; Intel Mac OS X 15.3; rv:134.0) Gecko/20100101 Firefox/134.0" PHP-Handler:plesk-php84-fpm Remoteport(vom Nginx):9910
172.71.214.151 - - [09/Aug/2026:06:20:13 +0200] "GET /wp-login.php?redirect_to=https%3A%2F%2Fofenbernd.de%2Fwp-admin%2Findex.php&reauth=1 HTTP/1.1" 200 5802 "http://ofenbernd.de/wp-login.php" "Mozilla/5.0 (X11; Linux x86_64) AppleWebKit/537.36 (KHTML, like Gecko) Chrome/124.0.0.0 Safari/537.36" PHP-Handler:plesk-php84-fpm Remoteport(vom Nginx):1100
172.71.172.143 - - [09/Aug/2026:06:20:14 +0200] "GET /s/wodtke-club-9/ HTTP/1.1" 200 49461 "-" "WP Rocket/Preload" PHP-Handler:plesk-php84-fpm Remoteport(vom Nginx):1116
162.158.111.36 - - [09/Aug/2026:06:20:16 +0200] "GET /s/wodtke-club-9/ HTTP/1.1" 200 37610 "-" "WP Rocket/Preload Mozilla/5.0 (iPhone; CPU iPhone OS 9_1 like Mac OS X) AppleWebKit/601.1.46 (KHTML, like Gecko) Version/9.0 Mobile/13B143 Safari/601.1" PHP-Handler:plesk-php84-fpm Remoteport(vom Nginx):1182
172.68.211.196 - - [09/Aug/2026:06:20:17 +0200] "GET /wp-admin/index.php HTTP/1.1" 302 735 "http://ofenbernd.de/wp-login.php" "Mozilla/5.0 (X11; Linux x86_64; rv:123.0) Gecko/20100101 Firefox/123.0" PHP-Handler:plesk-php84-fpm Remoteport(vom Nginx):1232
172.70.240.112 - - [09/Aug/2026:06:20:17 +0200] "GET /tag/neue-pelletoefen/ HTTP/1.1" 200 38167 "-" "WP Rocket/Preload" PHP-Handler:plesk-php84-fpm Remoteport(vom Nginx):1230
172.69.150.176 - - [09/Aug/2026:06:20:19 +0200] "GET /tag/neue-pelletoefen/ HTTP/1.1" 200 28052 "-" "WP Rocket/Preload Mozilla/5.0 (iPhone; CPU iPhone OS 9_1 like Mac OS X) AppleWebKit/601.1.46 (KHTML, like Gecko) Version/9.0 Mobile/13B143 Safari/601.1" PHP-Handler:plesk-php84-fpm Remoteport(vom Nginx):1266
172.71.214.151 - - [09/Aug/2026:06:20:20 +0200] "GET /wp-login.php?redirect_to=https%3A%2F%2Fofenbernd.de%2Fwp-admin%2Findex.php&reauth=1 HTTP/1.1" 200 5802 "http://ofenbernd.de/wp-login.php" "Mozilla/5.0 (X11; Linux x86_64; rv:123.0) Gecko/20100101 Firefox/123.0" PHP-Handler:plesk-php84-fpm Remoteport(vom Nginx):1314
172.69.150.176 - - [09/Aug/2026:06:20:20 +0200] "GET /s/lyon-eckkaminofen/ HTTP/1.1" 200 49407 "-" "WP Rocket/Preload" PHP-Handler:plesk-php84-fpm Remoteport(vom Nginx):1318
172.70.248.78 - - [09/Aug/2026:06:20:22 +0200] "GET /s/lyon-eckkaminofen/ HTTP/1.1" 200 37522 "-" "WP Rocket/Preload Mozilla/5.0 (iPhone; CPU iPhone OS 9_1 like Mac OS X) AppleWebKit/601.1.46 (KHTML, like Gecko) Version/9.0 Mobile/13B143 Safari/601.1" PHP-Handler:plesk-php84-fpm Remoteport(vom Nginx):40160
172.71.148.65 - - [09/Aug/2026:06:20:23 +0200] "GET /s/fireplace-rondale-kaminofen/ HTTP/1.1" 200 50237 "-" "WP Rocket/Preload" PHP-Handler:plesk-php84-fpm Remoteport(vom Nginx):40194
