172.68.211.196 - - [09/Aug/2026:06:00:15 +0200] "GET /wp-admin/index.php HTTP/1.1" 302 735 "http://ofenbernd.de/wp-login.php" "Mozilla/5.0 (iPhone; CPU iPhone OS 16_4 like Mac OS X) AppleWebKit/537.36 (KHTML, like Gecko) Chrome/125.0.0.0 Safari/537.36" PHP-Handler:plesk-php84-fpm Remoteport(vom Nginx):45084
172.70.94.193 - - [09/Aug/2026:06:00:18 +0200] "POST /?wc-ajax=get_refreshed_fragments HTTP/1.1" 200 954 "https://www.ofenbernd.de/p/oranier-polar-6-eck-dichtung-set-polar-6-eck-serie-1-4656-2904906000/" "Mozilla/5.0 (Linux; Android 6.0.1; Nexus 5X Build/MMB29P) AppleWebKit/537.36 (KHTML, like Gecko) Chrome/150.0.7871.186 Mobile Safari/537.36 (compatible; Googlebot/2.1; +http://www.google.com/bot.html)" PHP-Handler: Remoteport(vom Nginx):45156
172.70.247.163 - - [09/Aug/2026:06:00:21 +0200] "POST /wp-cron.php?doing_wp_cron=1786248021.2347340583801269531250 HTTP/1.1" 200 461 "-" "EeIT4iDBHNaj" PHP-Handler:plesk-php84-fpm Remoteport(vom Nginx):45256
172.68.211.142 - - [09/Aug/2026:06:00:17 +0200] "GET /s/nachruestsatz/?orderby=popularity HTTP/1.1" 200 33736 "-" "Mozilla/5.0 (Windows NT 10.0; Win64; x64) AppleWebKit/537.36 (KHTML, like Gecko) Chrome/80.0.3987.132 Safari/537.36" PHP-Handler:plesk-php84-fpm Remoteport(vom Nginx):45136
172.71.214.151 - - [09/Aug/2026:06:00:19 +0200] "GET /wp-login.php?redirect_to=https%3A%2F%2Fofenbernd.de%2Fwp-admin%2Findex.php&reauth=1 HTTP/1.1" 200 5802 "http://ofenbernd.de/wp-login.php" "Mozilla/5.0 (iPhone; CPU iPhone OS 16_4 like Mac OS X) AppleWebKit/537.36 (KHTML, like Gecko) Chrome/125.0.0.0 Safari/537.36" PHP-Handler:plesk-php84-fpm Remoteport(vom Nginx):45188
172.70.243.5 - - [09/Aug/2026:06:00:20 +0200] "GET /k/ofen-ersatzteile/olsberg/olsberg-pale/ HTTP/1.1" 200 49047 "-" "WP Rocket/Preload" PHP-Handler:plesk-php84-fpm Remoteport(vom Nginx):45214
172.70.247.163 - - [09/Aug/2026:06:00:21 +0200] "GET /k/ofen-ersatzteile/olsberg/olsberg-pale/ HTTP/1.1" 200 36435 "-" "WP Rocket/Preload Mozilla/5.0 (iPhone; CPU iPhone OS 9_1 like Mac OS X) AppleWebKit/601.1.46 (KHTML, like Gecko) Version/9.0 Mobile/13B143 Safari/601.1" PHP-Handler:plesk-php84-fpm Remoteport(vom Nginx):37098
172.68.211.196 - - [09/Aug/2026:06:00:23 +0200] "GET /wp-admin/index.php HTTP/1.1" 302 735 "http://ofenbernd.de/wp-login.php" "Mozilla/5.0 (Windows NT 10.0; Win64; x64) AppleWebKit/537.36 (KHTML, like Gecko) Chrome/122.0.0.0 Safari/537.36 Edge/122.0.2365.92" PHP-Handler:plesk-php84-fpm Remoteport(vom Nginx):37184
172.71.144.144 - - [09/Aug/2026:06:00:23 +0200] "GET /s/leda-aruba-prallplatte-blech/ HTTP/1.1" 200 48717 "-" "WP Rocket/Preload" PHP-Handler:plesk-php84-fpm Remoteport(vom Nginx):37122
172.71.164.207 - - [09/Aug/2026:06:00:24 +0200] "GET /s/leda-aruba-prallplatte-blech/ HTTP/1.1" 200 36026 "-" "WP Rocket/Preload Mozilla/5.0 (iPhone; CPU iPhone OS 9_1 like Mac OS X) AppleWebKit/601.1.46 (KHTML, like Gecko) Version/9.0 Mobile/13B143 Safari/601.1" PHP-Handler:plesk-php84-fpm Remoteport(vom Nginx):37244
172.71.2.164 - - [09/Aug/2026:06:00:28 +0200] "GET /s/oranier-kiruna-4-6-8-serie-1-tuerdichtung/ HTTP/1.1" 200 50266 "-" "Mozilla/5.0 (Windows NT 6.3; Win64; x64) AppleWebKit/537.36 (KHTML, like Gecko) Chrome/96.0.4664.45 Safari/537.36" PHP-Handler:plesk-php84-fpm Remoteport(vom Nginx):37402
172.71.172.142 - - [09/Aug/2026:06:00:26 +0200] "GET /s/olsberg-kone-stein-links/ HTTP/1.1" 200 50283 "-" "WP Rocket/Preload" PHP-Handler:plesk-php84-fpm Remoteport(vom Nginx):37284
172.71.214.151 - - [09/Aug/2026:06:00:27 +0200] "GET /wp-login.php?redirect_to=https%3A%2F%2Fofenbernd.de%2Fwp-admin%2Findex.php&reauth=1 HTTP/1.1" 200 5802 "http://ofenbernd.de/wp-login.php" "Mozilla/5.0 (Windows NT 10.0; Win64; x64) AppleWebKit/537.36 (KHTML, like Gecko) Chrome/122.0.0.0 Safari/537.36 Edge/122.0.2365.92" PHP-Handler:plesk-php84-fpm Remoteport(vom Nginx):37334
172.70.248.78 - - [09/Aug/2026:06:00:27 +0200] "GET /s/olsberg-kone-stein-links/ HTTP/1.1" 200 37616 "-" "WP Rocket/Preload Mozilla/5.0 (iPhone; CPU iPhone OS 9_1 like Mac OS X) AppleWebKit/601.1.46 (KHTML, like Gecko) Version/9.0 Mobile/13B143 Safari/601.1" PHP-Handler:plesk-php84-fpm Remoteport(vom Nginx):37356
162.158.217.61 - - [09/Aug/2026:06:00:33 +0200] "POST /wp-cron.php?doing_wp_cron=1786248033.0402579307556152343750 HTTP/1.1" 200 461 "-" "JuiikcrhaC1S" PHP-Handler:plesk-php84-fpm Remoteport(vom Nginx):6094
162.158.217.61 - - [09/Aug/2026:06:00:29 +0200] "GET /s/scheibe/ HTTP/1.1" 200 52744 "-" "WP Rocket/Preload" PHP-Handler:plesk-php84-fpm Remoteport(vom Nginx):37420
162.158.217.61 - - [09/Aug/2026:06:00:30 +0200] "GET /s/scheibe/ HTTP/1.1" 200 39410 "-" "WP Rocket/Preload Mozilla/5.0 (iPhone; CPU iPhone OS 9_1 like Mac OS X) AppleWebKit/601.1.46 (KHTML, like Gecko) Version/9.0 Mobile/13B143 Safari/601.1" PHP-Handler:plesk-php84-fpm Remoteport(vom Nginx):37490
162.158.94.225 - - [09/Aug/2026:06:00:36 +0200] "POST /wp-cron.php?doing_wp_cron=1786248036.3368821144104003906250 HTTP/1.1" 200 461 "-" "fQnb3hR9Ob2C" PHP-Handler:plesk-php84-fpm Remoteport(vom Nginx):6224
172.70.243.5 - - [09/Aug/2026:06:00:32 +0200] "GET /s/oranier-polar-aqua-iv-9-7601-schamottsteine/ HTTP/1.1" 200 49753 "-" "WP Rocket/Preload" PHP-Handler:plesk-php84-fpm Remoteport(vom Nginx):6070
172.68.211.196 - - [09/Aug/2026:06:00:33 +0200] "GET /wp-admin/index.php HTTP/1.1" 302 735 "http://ofenbernd.de/wp-login.php" "Mozilla/5.0 (X11; Linux x86_64) AppleWebKit/537.36 (KHTML, like Gecko) Chrome/123.0.0.0 Safari/537.36" PHP-Handler:plesk-php84-fpm Remoteport(vom Nginx):6110
172.70.248.78 - - [09/Aug/2026:06:00:33 +0200] "GET /s/oranier-polar-aqua-iv-9-7601-schamottsteine/ HTTP/1.1" 200 37148 "-" "WP Rocket/Preload Mozilla/5.0 (iPhone; CPU iPhone OS 9_1 like Mac OS X) AppleWebKit/601.1.46 (KHTML, like Gecko) Version/9.0 Mobile/13B143 Safari/601.1" PHP-Handler:plesk-php84-fpm Remoteport(vom Nginx):6120
172.71.164.207 - - [09/Aug/2026:06:00:35 +0200] "GET /p/spartherm-piko-s-scheibendichtung-set/ HTTP/1.1" 200 60299 "-" "WP Rocket/Preload" PHP-Handler:plesk-php84-fpm Remoteport(vom Nginx):6166
172.71.172.142 - - [09/Aug/2026:06:00:36 +0200] "GET /p/spartherm-piko-s-scheibendichtung-set/ HTTP/1.1" 200 47247 "-" "WP Rocket/Preload Mozilla/5.0 (iPhone; CPU iPhone OS 9_1 like Mac OS X) AppleWebKit/601.1.46 (KHTML, like Gecko) Version/9.0 Mobile/13B143 Safari/601.1" PHP-Handler:plesk-php84-fpm Remoteport(vom Nginx):6248
172.71.214.151 - - [09/Aug/2026:06:00:38 +0200] "GET /wp-login.php?redirect_to=https%3A%2F%2Fofenbernd.de%2Fwp-admin%2Findex.php&reauth=1 HTTP/1.1" 200 5802 "http://ofenbernd.de/wp-login.php" "Mozilla/5.0 (X11; Linux x86_64) AppleWebKit/537.36 (KHTML, like Gecko) Chrome/123.0.0.0 Safari/537.36" PHP-Handler:plesk-php84-fpm Remoteport(vom Nginx):6270
172.71.164.207 - - [09/Aug/2026:06:00:38 +0200] "GET /p/schmid-sh-11-t-glasscheibe-67-2008-2012/ HTTP/1.1" 200 60194 "-" "WP Rocket/Preload" PHP-Handler:plesk-php84-fpm Remoteport(vom Nginx):6266
172.71.172.142 - - [09/Aug/2026:06:00:39 +0200] "GET /p/schmid-sh-11-t-glasscheibe-67-2008-2012/ HTTP/1.1" 200 47431 "-" "WP Rocket/Preload Mozilla/5.0 (iPhone; CPU iPhone OS 9_1 like Mac OS X) AppleWebKit/601.1.46 (KHTML, like Gecko) Version/9.0 Mobile/13B143 Safari/601.1" PHP-Handler:plesk-php84-fpm Remoteport(vom Nginx):6594
172.68.211.196 - - [09/Aug/2026:06:00:42 +0200] "GET /wp-admin/index.php HTTP/1.1" 302 735 "http://ofenbernd.de/wp-login.php" "Mozilla/5.0 (Macintosh; Intel Mac OS X 11_2_3) AppleWebKit/537.36 (KHTML, like Gecko) Chrome/125.0.0.0 Safari/537.36" PHP-Handler:plesk-php84-fpm Remoteport(vom Nginx):51368
172.70.243.5 - - [09/Aug/2026:06:00:17 +0200] "POST /wp-admin/admin-ajax.php?action=as_async_request_queue_runner&nonce=cb05d09946 HTTP/1.1" 200 754 "-" "hrJuVk3z4xxl" PHP-Handler:plesk-php84-fpm Remoteport(vom Nginx):45130
172.71.214.151 - - [09/Aug/2026:06:00:46 +0200] "GET /wp-login.php?redirect_to=https%3A%2F%2Fofenbernd.de%2Fwp-admin%2Findex.php&reauth=1 HTTP/1.1" 200 5802 "http://ofenbernd.de/wp-login.php" "Mozilla/5.0 (Macintosh; Intel Mac OS X 11_2_3) AppleWebKit/537.36 (KHTML, like Gecko) Chrome/125.0.0.0 Safari/537.36" PHP-Handler:plesk-php84-fpm Remoteport(vom Nginx):51508
172.70.206.11 - - [09/Aug/2026:06:00:46 +0200] "GET /s/glutbett-komplett/?orderby=price HTTP/1.1" 200 33410 "-" "Mozilla/5.0 (Windows NT 6.1; WOW64) AppleWebKit/537.36 (KHTML, like Gecko) Chrome/97.0.4692.99 Safari/537.36" PHP-Handler:plesk-php84-fpm Remoteport(vom Nginx):51486
172.70.243.5 - - [09/Aug/2026:06:00:48 +0200] "GET /s/olsberg-sotara-compact/ HTTP/1.1" 200 48674 "-" "WP Rocket/Preload" PHP-Handler:plesk-php84-fpm Remoteport(vom Nginx):51550
172.68.211.196 - - [09/Aug/2026:06:00:50 +0200] "GET /wp-admin/index.php HTTP/1.1" 302 735 "http://ofenbernd.de/wp-login.php" "Mozilla/5.0 (Macintosh; Intel Mac OS X 10_15_7) AppleWebKit/605.1.15 (KHTML, like Gecko) Version/17.2 Safari/605.1.15" PHP-Handler:plesk-php84-fpm Remoteport(vom Nginx):51648
172.70.243.5 - - [09/Aug/2026:06:00:49 +0200] "GET /s/olsberg-sotara-compact/ HTTP/1.1" 200 35975 "-" "WP Rocket/Preload Mozilla/5.0 (iPhone; CPU iPhone OS 9_1 like Mac OS X) AppleWebKit/601.1.46 (KHTML, like Gecko) Version/9.0 Mobile/13B143 Safari/601.1" PHP-Handler:plesk-php84-fpm Remoteport(vom Nginx):51598
172.71.247.92 - - [09/Aug/2026:06:00:46 +0200] "POST /wp-admin/admin-ajax.php?action=as_async_request_queue_runner&nonce=cb05d09946 HTTP/1.1" 200 754 "-" "0f6kSeeeyv3q" PHP-Handler:plesk-php84-fpm Remoteport(vom Nginx):51462
172.71.144.144 - - [09/Aug/2026:06:00:51 +0200] "GET /k/ofen-ersatzteile/oranier/clio-7-7497/ HTTP/1.1" 200 53311 "-" "WP Rocket/Preload" PHP-Handler:plesk-php84-fpm Remoteport(vom Nginx):51668
172.71.214.151 - - [09/Aug/2026:06:00:53 +0200] "GET /wp-login.php?redirect_to=https%3A%2F%2Fofenbernd.de%2Fwp-admin%2Findex.php&reauth=1 HTTP/1.1" 200 5802 "http://ofenbernd.de/wp-login.php" "Mozilla/5.0 (Macintosh; Intel Mac OS X 10_15_7) AppleWebKit/605.1.15 (KHTML, like Gecko) Version/17.2 Safari/605.1.15" PHP-Handler:plesk-php84-fpm Remoteport(vom Nginx):52944
172.71.164.207 - - [09/Aug/2026:06:00:52 +0200] "GET /k/ofen-ersatzteile/oranier/clio-7-7497/ HTTP/1.1" 200 39986 "-" "WP Rocket/Preload Mozilla/5.0 (iPhone; CPU iPhone OS 9_1 like Mac OS X) AppleWebKit/601.1.46 (KHTML, like Gecko) Version/9.0 Mobile/13B143 Safari/601.1" PHP-Handler:plesk-php84-fpm Remoteport(vom Nginx):52910
172.69.150.176 - - [09/Aug/2026:06:00:54 +0200] "GET /s/oranier-clio-5-bodenstein-hinten/ HTTP/1.1" 200 50239 "-" "WP Rocket/Preload" PHP-Handler:plesk-php84-fpm Remoteport(vom Nginx):52948
172.71.172.142 - - [09/Aug/2026:06:00:55 +0200] "GET /s/oranier-clio-5-bodenstein-hinten/ HTTP/1.1" 200 37593 "-" "WP Rocket/Preload Mozilla/5.0 (iPhone; CPU iPhone OS 9_1 like Mac OS X) AppleWebKit/601.1.46 (KHTML, like Gecko) Version/9.0 Mobile/13B143 Safari/601.1" PHP-Handler:plesk-php84-fpm Remoteport(vom Nginx):53010
172.68.211.196 - - [09/Aug/2026:06:00:57 +0200] "GET /wp-admin/index.php HTTP/1.1" 302 735 "http://ofenbernd.de/wp-login.php" "Mozilla/5.0 (iPhone; CPU iPhone OS 16_4 like Mac OS X) AppleWebKit/537.36 (KHTML, like Gecko) Chrome/123.0.0.0 Safari/537.36" PHP-Handler:plesk-php84-fpm Remoteport(vom Nginx):53106
172.70.94.193 - - [09/Aug/2026:06:00:57 +0200] "GET /p/olsberg-change-holzbrand-seitensteine-pos-5-67-2080-1259/ HTTP/1.1" 200 47341 "-" "Mozilla/5.0 (Linux; Android 6.0.1; Nexus 5X Build/MMB29P) AppleWebKit/537.36 (KHTML, like Gecko) Chrome/150.0.7871.186 Mobile Safari/537.36 (compatible; Googlebot/2.1; +http://www.google.com/bot.html)" PHP-Handler:plesk-php84-fpm Remoteport(vom Nginx):53084
172.70.248.78 - - [09/Aug/2026:06:00:57 +0200] "GET /s/doppelwandiger/ HTTP/1.1" 200 50175 "-" "WP Rocket/Preload" PHP-Handler:plesk-php84-fpm Remoteport(vom Nginx):53094
172.70.94.193 - - [09/Aug/2026:06:01:01 +0200] "GET /p/schmid-sh-9-g-hb-10-seitensteine-paket-set-4-x-pos-8-67-2090-2257/ HTTP/1.1" 200 60872 "-" "Mozilla/5.0 (compatible; Googlebot/2.1; +http://www.google.com/bot.html)" PHP-Handler:plesk-php84-fpm Remoteport(vom Nginx):53226
172.71.172.142 - - [09/Aug/2026:06:00:58 +0200] "GET /s/doppelwandiger/ HTTP/1.1" 200 37510 "-" "WP Rocket/Preload Mozilla/5.0 (iPhone; CPU iPhone OS 9_1 like Mac OS X) AppleWebKit/601.1.46 (KHTML, like Gecko) Version/9.0 Mobile/13B143 Safari/601.1" PHP-Handler:plesk-php84-fpm Remoteport(vom Nginx):53156
162.158.217.61 - - [09/Aug/2026:06:01:00 +0200] "GET /s/schmid-sh-9-g-rueckwandstein/ HTTP/1.1" 200 50249 "-" "WP Rocket/Preload" PHP-Handler:plesk-php84-fpm Remoteport(vom Nginx):53204
172.70.240.113 - - [09/Aug/2026:06:01:01 +0200] "GET /s/schmid-sh-9-g-rueckwandstein/ HTTP/1.1" 200 37593 "-" "WP Rocket/Preload Mozilla/5.0 (iPhone; CPU iPhone OS 9_1 like Mac OS X) AppleWebKit/601.1.46 (KHTML, like Gecko) Version/9.0 Mobile/13B143 Safari/601.1" PHP-Handler:plesk-php84-fpm Remoteport(vom Nginx):52872
172.71.214.151 - - [09/Aug/2026:06:01:03 +0200] "GET /wp-login.php?redirect_to=https%3A%2F%2Fofenbernd.de%2Fwp-admin%2Findex.php&reauth=1 HTTP/1.1" 200 5802 "http://ofenbernd.de/wp-login.php" "Mozilla/5.0 (iPhone; CPU iPhone OS 16_4 like Mac OS X) AppleWebKit/537.36 (KHTML, like Gecko) Chrome/123.0.0.0 Safari/537.36" PHP-Handler:plesk-php84-fpm Remoteport(vom Nginx):52920
172.70.247.163 - - [09/Aug/2026:06:01:03 +0200] "GET /tag/grillofen/ HTTP/1.1" 200 38124 "-" "WP Rocket/Preload" PHP-Handler:plesk-php84-fpm Remoteport(vom Nginx):52918
172.71.172.142 - - [09/Aug/2026:06:01:04 +0200] "GET /tag/grillofen/ HTTP/1.1" 200 28017 "-" "WP Rocket/Preload Mozilla/5.0 (iPhone; CPU iPhone OS 9_1 like Mac OS X) AppleWebKit/601.1.46 (KHTML, like Gecko) Version/9.0 Mobile/13B143 Safari/601.1" PHP-Handler:plesk-php84-fpm Remoteport(vom Nginx):52956
172.68.211.196 - - [09/Aug/2026:06:01:07 +0200] "GET /wp-admin/index.php HTTP/1.1" 302 735 "http://ofenbernd.de/wp-login.php" "Mozilla/5.0 (Macintosh; Intel Mac OS X 10_15_7) AppleWebKit/537.36 (KHTML, like Gecko) Chrome/125.0.0.0 Safari/537.36" PHP-Handler:plesk-php84-fpm Remoteport(vom Nginx):53086
172.71.172.142 - - [09/Aug/2026:06:00:45 +0200] "POST /wp-admin/admin-ajax.php?action=as_async_request_queue_runner&nonce=cb05d09946 HTTP/1.1" 200 754 "-" "0Hg7ERDMlvcX" PHP-Handler:plesk-php84-fpm Remoteport(vom Nginx):51454
172.71.214.151 - - [09/Aug/2026:06:01:10 +0200] "GET /wp-login.php?redirect_to=https%3A%2F%2Fofenbernd.de%2Fwp-admin%2Findex.php&reauth=1 HTTP/1.1" 200 5802 "http://ofenbernd.de/wp-login.php" "Mozilla/5.0 (Macintosh; Intel Mac OS X 10_15_7) AppleWebKit/537.36 (KHTML, like Gecko) Chrome/125.0.0.0 Safari/537.36" PHP-Handler:plesk-php84-fpm Remoteport(vom Nginx):53158
172.70.251.13 - - [09/Aug/2026:06:01:12 +0200] "GET /p/schmid-ju9-stehrost HTTP/1.1" 301 640 "-" "Mozilla/5.0 (compatible; Qwantbot/1.0_5000144; +https://help.qwant.com/bot/)" PHP-Handler:plesk-php84-fpm Remoteport(vom Nginx):25838
172.70.251.13 - - [09/Aug/2026:06:01:15 +0200] "GET /p/schmid-ju9-stehrost/ HTTP/1.1" 200 59681 "https://www.ofenbernd.de/p/schmid-ju9-stehrost" "Mozilla/5.0 (compatible; Qwantbot/1.0_5000144; +https://help.qwant.com/bot/)" PHP-Handler:plesk-php84-fpm Remoteport(vom Nginx):25922
172.68.211.196 - - [09/Aug/2026:06:01:15 +0200] "GET /wp-admin/index.php HTTP/1.1" 302 735 "http://ofenbernd.de/wp-login.php" "Mozilla/5.0 (Macintosh; Intel Mac OS X 10_15_7) AppleWebKit/537.36 (KHTML, like Gecko) Chrome/123.0.0.0 Safari/537.36" PHP-Handler:plesk-php84-fpm Remoteport(vom Nginx):25942
104.23.239.68 - - [09/Aug/2026:06:01:14 +0200] "GET /s/links-hinten/ HTTP/1.1" 200 50318 "-" "WP Rocket/Preload" PHP-Handler:plesk-php84-fpm Remoteport(vom Nginx):25900
172.71.214.151 - - [09/Aug/2026:06:01:18 +0200] "GET /wp-login.php?redirect_to=https%3A%2F%2Fofenbernd.de%2Fwp-admin%2Findex.php&reauth=1 HTTP/1.1" 200 5802 "http://ofenbernd.de/wp-login.php" "Mozilla/5.0 (Macintosh; Intel Mac OS X 10_15_7) AppleWebKit/537.36 (KHTML, like Gecko) Chrome/123.0.0.0 Safari/537.36" PHP-Handler:plesk-php84-fpm Remoteport(vom Nginx):26066
172.71.172.142 - - [09/Aug/2026:06:01:19 +0200] "GET /s/links-hinten/ HTTP/1.1" 200 37689 "-" "WP Rocket/Preload Mozilla/5.0 (iPhone; CPU iPhone OS 9_1 like Mac OS X) AppleWebKit/601.1.46 (KHTML, like Gecko) Version/9.0 Mobile/13B143 Safari/601.1" PHP-Handler:plesk-php84-fpm Remoteport(vom Nginx):26096
172.68.211.196 - - [09/Aug/2026:06:01:22 +0200] "GET /wp-admin/index.php HTTP/1.1" 302 735 "http://ofenbernd.de/wp-login.php" "Mozilla/5.0 (Macintosh; Intel Mac OS X 11_2_3) AppleWebKit/537.36 (KHTML, like Gecko) Chrome/123.0.0.0 Safari/537.36" PHP-Handler:plesk-php84-fpm Remoteport(vom Nginx):2810
172.71.164.207 - - [09/Aug/2026:06:01:11 +0200] "POST /wp-admin/admin-ajax.php?action=as_async_request_queue_runner&nonce=cb05d09946 HTTP/1.1" 200 754 "-" "a8HaZm3oHQ8r" PHP-Handler:plesk-php84-fpm Remoteport(vom Nginx):53174
172.71.214.151 - - [09/Aug/2026:06:01:26 +0200] "GET /wp-login.php?redirect_to=https%3A%2F%2Fofenbernd.de%2Fwp-admin%2Findex.php&reauth=1 HTTP/1.1" 200 5802 "http://ofenbernd.de/wp-login.php" "Mozilla/5.0 (Macintosh; Intel Mac OS X 11_2_3) AppleWebKit/537.36 (KHTML, like Gecko) Chrome/123.0.0.0 Safari/537.36" PHP-Handler:plesk-php84-fpm Remoteport(vom Nginx):3056
172.70.247.163 - - [09/Aug/2026:06:01:28 +0200] "GET /s/olsberg-schmid-creation-9/ HTTP/1.1" 200 50293 "-" "WP Rocket/Preload" PHP-Handler:plesk-php84-fpm Remoteport(vom Nginx):3158
172.68.211.196 - - [09/Aug/2026:06:01:30 +0200] "GET /wp-admin/index.php HTTP/1.1" 302 735 "http://ofenbernd.de/wp-login.php" "Mozilla/5.0 (Macintosh; Intel Mac OS X 10_15_7) AppleWebKit/537.36 (KHTML, like Gecko) Chrome/125.0.0.0 Safari/537.36" PHP-Handler:plesk-php84-fpm Remoteport(vom Nginx):3212
172.70.248.78 - - [09/Aug/2026:06:01:30 +0200] "GET /s/olsberg-schmid-creation-9/ HTTP/1.1" 200 37647 "-" "WP Rocket/Preload Mozilla/5.0 (iPhone; CPU iPhone OS 9_1 like Mac OS X) AppleWebKit/601.1.46 (KHTML, like Gecko) Version/9.0 Mobile/13B143 Safari/601.1" PHP-Handler:plesk-php84-fpm Remoteport(vom Nginx):3176
162.158.94.225 - - [09/Aug/2026:06:01:36 +0200] "POST /wp-cron.php?doing_wp_cron=1786248096.6116299629211425781250 HTTP/1.1" 200 461 "-" "avKoPBzHOQUF" PHP-Handler:plesk-php84-fpm Remoteport(vom Nginx):32078
172.71.247.92 - - [09/Aug/2026:06:01:36 +0200] "POST /wp-cron.php?doing_wp_cron=1786248096.8146440982818603515625 HTTP/1.1" 200 461 "-" "TftkPTJXJV6r" PHP-Handler:plesk-php84-fpm Remoteport(vom Nginx):32104
172.71.214.151 - - [09/Aug/2026:06:01:33 +0200] "GET /wp-login.php?redirect_to=https%3A%2F%2Fofenbernd.de%2Fwp-admin%2Findex.php&reauth=1 HTTP/1.1" 200 5802 "http://ofenbernd.de/wp-login.php" "Mozilla/5.0 (Macintosh; Intel Mac OS X 10_15_7) AppleWebKit/537.36 (KHTML, like Gecko) Chrome/125.0.0.0 Safari/537.36" PHP-Handler:plesk-php84-fpm Remoteport(vom Nginx):31978
172.71.98.168 - - [09/Aug/2026:06:01:30 +0200] "GET /shop/page/22/?orderby=rating HTTP/1.1" 200 36990 "-" "Mozilla/5.0 (Windows NT 10.0; WOW64) AppleWebKit/537.36 (KHTML, like Gecko) Chrome/48.0.2564.116 Safari/537.36" PHP-Handler:plesk-php84-fpm Remoteport(vom Nginx):3228
172.71.247.92 - - [09/Aug/2026:06:01:25 +0200] "POST /wp-admin/admin-ajax.php?action=as_async_request_queue_runner&nonce=cb05d09946 HTTP/1.1" 200 754 "-" "yD01gbiFOjt2" PHP-Handler:plesk-php84-fpm Remoteport(vom Nginx):3032
172.68.211.196 - - [09/Aug/2026:06:01:37 +0200] "GET /wp-admin/index.php HTTP/1.1" 302 735 "http://ofenbernd.de/wp-login.php" "Mozilla/5.0 (X11; Linux x86_64; rv:122.0) Gecko/20100101 Firefox/122.0" PHP-Handler:plesk-php84-fpm Remoteport(vom Nginx):32138
172.70.240.113 - - [09/Aug/2026:06:01:39 +0200] "GET /s/oranier-tampere-7-4647-bodenstein/ HTTP/1.1" 200 50505 "-" "WP Rocket/Preload" PHP-Handler:plesk-php84-fpm Remoteport(vom Nginx):32190
172.71.214.151 - - [09/Aug/2026:06:01:41 +0200] "GET /wp-login.php?redirect_to=https%3A%2F%2Fofenbernd.de%2Fwp-admin%2Findex.php&reauth=1 HTTP/1.1" 200 5802 "http://ofenbernd.de/wp-login.php" "Mozilla/5.0 (X11; Linux x86_64; rv:122.0) Gecko/20100101 Firefox/122.0" PHP-Handler:plesk-php84-fpm Remoteport(vom Nginx):32224
172.69.150.176 - - [09/Aug/2026:06:01:41 +0200] "GET /s/oranier-tampere-7-4647-bodenstein/ HTTP/1.1" 200 37804 "-" "WP Rocket/Preload Mozilla/5.0 (iPhone; CPU iPhone OS 9_1 like Mac OS X) AppleWebKit/601.1.46 (KHTML, like Gecko) Version/9.0 Mobile/13B143 Safari/601.1" PHP-Handler:plesk-php84-fpm Remoteport(vom Nginx):32240
172.71.247.92 - - [09/Aug/2026:06:01:47 +0200] "POST /wp-cron.php?doing_wp_cron=1786248107.0127320289611816406250 HTTP/1.1" 200 461 "-" "nfgfqgfIONee" PHP-Handler:plesk-php84-fpm Remoteport(vom Nginx):3892
172.71.164.207 - - [09/Aug/2026:06:01:42 +0200] "GET /s/spartherm-fuora-q/ HTTP/1.1" 200 48650 "-" "WP Rocket/Preload" PHP-Handler:plesk-php84-fpm Remoteport(vom Nginx):3766
172.68.211.196 - - [09/Aug/2026:06:01:45 +0200] "GET /wp-admin/index.php HTTP/1.1" 302 735 "http://ofenbernd.de/wp-login.php" "Mozilla/5.0 (Macintosh; Intel Mac OS X 10_15_7) AppleWebKit/537.36 (KHTML, like Gecko) Chrome/123.0.0.0 Safari/537.36 Edge/123.0.2420.65" PHP-Handler:plesk-php84-fpm Remoteport(vom Nginx):3840
162.158.217.61 - - [09/Aug/2026:06:01:44 +0200] "GET /s/spartherm-fuora-q/ HTTP/1.1" 200 35967 "-" "WP Rocket/Preload Mozilla/5.0 (iPhone; CPU iPhone OS 9_1 like Mac OS X) AppleWebKit/601.1.46 (KHTML, like Gecko) Version/9.0 Mobile/13B143 Safari/601.1" PHP-Handler:plesk-php84-fpm Remoteport(vom Nginx):3822
172.71.164.108 - - [09/Aug/2026:06:01:49 +0200] "GET /wp-content/uploads/typ7.png.webp HTTP/1.1" 200 534 "-" "Mozilla/5.0 AppleWebKit/537.36 (KHTML, like Gecko; compatible; bingbot/2.0; +http://www.bing.com/bingbot.htm) Chrome/116.0.1938.76 Safari/537.36" PHP-Handler: Remoteport(vom Nginx):4032
172.71.164.108 - - [09/Aug/2026:06:01:49 +0200] "GET /wp-content/uploads/typ7.png.webp HTTP/2.0" 200 3924 "-" "Mozilla/5.0 AppleWebKit/537.36 (KHTML, like Gecko; compatible; bingbot/2.0; +http://www.bing.com/bingbot.htm) Chrome/116.0.1938.76 Safari/537.36"
172.69.150.176 - - [09/Aug/2026:06:01:50 +0200] "POST /wp-cron.php?doing_wp_cron=1786248109.9877049922943115234375 HTTP/1.1" 200 461 "-" "4w4vp6Nkis5K" PHP-Handler:plesk-php84-fpm Remoteport(vom Nginx):4058
172.71.164.207 - - [09/Aug/2026:06:01:45 +0200] "GET /s/weso-hsk-ersatzteile/ HTTP/1.1" 200 50592 "-" "WP Rocket/Preload" PHP-Handler:plesk-php84-fpm Remoteport(vom Nginx):3856
162.158.217.61 - - [09/Aug/2026:06:01:47 +0200] "GET /s/weso-hsk-ersatzteile/ HTTP/1.1" 200 37907 "-" "WP Rocket/Preload Mozilla/5.0 (iPhone; CPU iPhone OS 9_1 like Mac OS X) AppleWebKit/601.1.46 (KHTML, like Gecko) Version/9.0 Mobile/13B143 Safari/601.1" PHP-Handler:plesk-php84-fpm Remoteport(vom Nginx):3896
172.64.217.76 - - [09/Aug/2026:06:01:49 +0200] "POST /?wc-ajax=get_refreshed_fragments HTTP/1.1" 200 954 "https://www.ofenbernd.de/shop/page/22/?orderby=rating" "Mozilla/5.0 (Windows NT 10.0; Win64; x64) AppleWebKit/537.36 (KHTML, like Gecko) Chrome/99.0.4844.51 Safari/537.36" PHP-Handler: Remoteport(vom Nginx):4016
172.71.214.151 - - [09/Aug/2026:06:01:48 +0200] "GET /wp-login.php?redirect_to=https%3A%2F%2Fofenbernd.de%2Fwp-admin%2Findex.php&reauth=1 HTTP/1.1" 200 5802 "http://ofenbernd.de/wp-login.php" "Mozilla/5.0 (Macintosh; Intel Mac OS X 10_15_7) AppleWebKit/537.36 (KHTML, like Gecko) Chrome/123.0.0.0 Safari/537.36 Edge/123.0.2420.65" PHP-Handler:plesk-php84-fpm Remoteport(vom Nginx):3938
172.71.164.207 - - [09/Aug/2026:06:01:48 +0200] "GET /k/ofen-ersatzteile/oranier/atrium-5-4679/ HTTP/1.1" 200 50691 "-" "WP Rocket/Preload" PHP-Handler:plesk-php84-fpm Remoteport(vom Nginx):3986
172.71.164.207 - - [09/Aug/2026:06:01:50 +0200] "GET /k/ofen-ersatzteile/oranier/atrium-5-4679/ HTTP/1.1" 200 38068 "-" "WP Rocket/Preload Mozilla/5.0 (iPhone; CPU iPhone OS 9_1 like Mac OS X) AppleWebKit/601.1.46 (KHTML, like Gecko) Version/9.0 Mobile/13B143 Safari/601.1" PHP-Handler:plesk-php84-fpm Remoteport(vom Nginx):4064
172.68.211.196 - - [09/Aug/2026:06:01:53 +0200] "GET /wp-admin/index.php HTTP/1.1" 302 735 "http://ofenbernd.de/wp-login.php" "Mozilla/5.0 (Macintosh; Intel Mac OS X 10_15_7) AppleWebKit/537.36 (KHTML, like Gecko) Chrome/123.0.0.0 Safari/537.36 Edge/123.0.2420.65" PHP-Handler:plesk-php84-fpm Remoteport(vom Nginx):60714
172.69.150.176 - - [09/Aug/2026:06:01:51 +0200] "GET /k/ofen-ersatzteile/oranier/bamberg-8645-dauerbrandofen/ HTTP/1.1" 200 50356 "-" "WP Rocket/Preload" PHP-Handler:plesk-php84-fpm Remoteport(vom Nginx):60682
172.70.240.113 - - [09/Aug/2026:06:01:53 +0200] "GET /k/ofen-ersatzteile/oranier/bamberg-8645-dauerbrandofen/ HTTP/1.1" 200 37762 "-" "WP Rocket/Preload Mozilla/5.0 (iPhone; CPU iPhone OS 9_1 like Mac OS X) AppleWebKit/601.1.46 (KHTML, like Gecko) Version/9.0 Mobile/13B143 Safari/601.1" PHP-Handler:plesk-php84-fpm Remoteport(vom Nginx):60728
162.158.86.125 - - [09/Aug/2026:06:01:54 +0200] "GET /k/ofen-ersatzteile/oranier/hera-d-serie-2/ HTTP/1.1" 200 51001 "-" "WP Rocket/Preload" PHP-Handler:plesk-php84-fpm Remoteport(vom Nginx):60750
172.71.214.151 - - [09/Aug/2026:06:01:56 +0200] "GET /wp-login.php?redirect_to=https%3A%2F%2Fofenbernd.de%2Fwp-admin%2Findex.php&reauth=1 HTTP/1.1" 200 5802 "http://ofenbernd.de/wp-login.php" "Mozilla/5.0 (Macintosh; Intel Mac OS X 10_15_7) AppleWebKit/537.36 (KHTML, like Gecko) Chrome/123.0.0.0 Safari/537.36 Edge/123.0.2420.65" PHP-Handler:plesk-php84-fpm Remoteport(vom Nginx):60816
172.70.243.5 - - [09/Aug/2026:06:01:56 +0200] "GET /k/ofen-ersatzteile/oranier/hera-d-serie-2/ HTTP/1.1" 200 38328 "-" "WP Rocket/Preload Mozilla/5.0 (iPhone; CPU iPhone OS 9_1 like Mac OS X) AppleWebKit/601.1.46 (KHTML, like Gecko) Version/9.0 Mobile/13B143 Safari/601.1" PHP-Handler:plesk-php84-fpm Remoteport(vom Nginx):60812
172.69.150.176 - - [09/Aug/2026:06:01:36 +0200] "POST /wp-admin/admin-ajax.php?action=as_async_request_queue_runner&nonce=cb05d09946 HTTP/1.1" 200 754 "-" "PqFILHsKJoXt" PHP-Handler:plesk-php84-fpm Remoteport(vom Nginx):32088
172.68.211.196 - - [09/Aug/2026:06:02:01 +0200] "GET /wp-admin/index.php HTTP/1.1" 302 735 "http://ofenbernd.de/wp-login.php" "Mozilla/5.0 (X11; Linux x86_64) AppleWebKit/537.36 (KHTML, like Gecko) Chrome/124.0.0.0 Safari/537.36" PHP-Handler:plesk-php84-fpm Remoteport(vom Nginx):60956
172.70.208.88 - - [09/Aug/2026:06:02:01 +0200] "GET /s/as-fd-as-fdh/?orderby=price-desc HTTP/1.1" 200 32878 "-" "Mozilla/5.0 (Macintosh; Intel Mac OS X 10_13_5) AppleWebKit/537.36 (KHTML, like Gecko) Chrome/67.0.3396.87 Safari/537.36" PHP-Handler:plesk-php84-fpm Remoteport(vom Nginx):15258
172.71.214.151 - - [09/Aug/2026:06:02:04 +0200] "GET /wp-login.php?redirect_to=https%3A%2F%2Fofenbernd.de%2Fwp-admin%2Findex.php&reauth=1 HTTP/1.1" 200 5802 "http://ofenbernd.de/wp-login.php" "Mozilla/5.0 (X11; Linux x86_64) AppleWebKit/537.36 (KHTML, like Gecko) Chrome/124.0.0.0 Safari/537.36" PHP-Handler:plesk-php84-fpm Remoteport(vom Nginx):15402
172.71.144.145 - - [09/Aug/2026:06:02:06 +0200] "GET /k/ofen-ersatzteile/oranier/amos-120-150-w/ HTTP/1.1" 200 52826 "-" "WP Rocket/Preload" PHP-Handler:plesk-php84-fpm Remoteport(vom Nginx):15504
172.68.211.196 - - [09/Aug/2026:06:02:09 +0200] "GET /wp-admin/index.php HTTP/1.1" 302 735 "http://ofenbernd.de/wp-login.php" "Mozilla/5.0 (Macintosh; Intel Mac OS X 10_15_7; rv:121.0) Gecko/20100101 Firefox/121.0" PHP-Handler:plesk-php84-fpm Remoteport(vom Nginx):15560
104.23.239.68 - - [09/Aug/2026:06:02:07 +0200] "GET /k/ofen-ersatzteile/oranier/amos-120-150-w/ HTTP/1.1" 200 39539 "-" "WP Rocket/Preload Mozilla/5.0 (iPhone; CPU iPhone OS 9_1 like Mac OS X) AppleWebKit/601.1.46 (KHTML, like Gecko) Version/9.0 Mobile/13B143 Safari/601.1" PHP-Handler:plesk-php84-fpm Remoteport(vom Nginx):15544
162.158.108.89 - - [09/Aug/2026:06:02:06 +0200] "GET /k/ofen-ersatzteile/?orderby=price&add-to-cart=8320 HTTP/1.1" 200 36730 "https://www.ofenbernd.de/" "Mozilla/5.0 (Windows NT 10.0; Win64; x64) AppleWebKit/537.36 (KHTML, like Gecko) Chrome/135.0.0.0 Safari/537.36" PHP-Handler:plesk-php84-fpm Remoteport(vom Nginx):15514
172.70.240.113 - - [09/Aug/2026:06:02:09 +0200] "GET /k/ofen-ersatzteile/oranier/astra-5-8175/ HTTP/1.1" 200 49913 "-" "WP Rocket/Preload" PHP-Handler:plesk-php84-fpm Remoteport(vom Nginx):15576
172.71.164.207 - - [09/Aug/2026:06:02:10 +0200] "GET /k/ofen-ersatzteile/oranier/astra-5-8175/ HTTP/1.1" 200 38060 "-" "WP Rocket/Preload Mozilla/5.0 (iPhone; CPU iPhone OS 9_1 like Mac OS X) AppleWebKit/601.1.46 (KHTML, like Gecko) Version/9.0 Mobile/13B143 Safari/601.1" PHP-Handler:plesk-php84-fpm Remoteport(vom Nginx):15598
172.71.214.151 - - [09/Aug/2026:06:02:13 +0200] "GET /wp-login.php?redirect_to=https%3A%2F%2Fofenbernd.de%2Fwp-admin%2Findex.php&reauth=1 HTTP/1.1" 200 5802 "http://ofenbernd.de/wp-login.php" "Mozilla/5.0 (Macintosh; Intel Mac OS X 10_15_7; rv:121.0) Gecko/20100101 Firefox/121.0" PHP-Handler:plesk-php84-fpm Remoteport(vom Nginx):4074
162.158.111.36 - - [09/Aug/2026:06:02:12 +0200] "GET /s/spartherm-linear-module-xs/ HTTP/1.1" 200 48676 "-" "WP Rocket/Preload" PHP-Handler:plesk-php84-fpm Remoteport(vom Nginx):4032
172.71.164.207 - - [09/Aug/2026:06:02:13 +0200] "GET /s/spartherm-linear-module-xs/ HTTP/1.1" 200 35991 "-" "WP Rocket/Preload Mozilla/5.0 (iPhone; CPU iPhone OS 9_1 like Mac OS X) AppleWebKit/601.1.46 (KHTML, like Gecko) Version/9.0 Mobile/13B143 Safari/601.1" PHP-Handler:plesk-php84-fpm Remoteport(vom Nginx):4122
172.71.172.142 - - [09/Aug/2026:06:02:15 +0200] "GET /k/ofen-ersatzteile/oranier/arkona-8168-serie-3/ HTTP/1.1" 200 50660 "-" "WP Rocket/Preload" PHP-Handler:plesk-php84-fpm Remoteport(vom Nginx):4192
172.68.211.196 - - [09/Aug/2026:06:02:17 +0200] "GET /wp-admin/index.php HTTP/1.1" 302 735 "http://ofenbernd.de/wp-login.php" "Mozilla/5.0 (Macintosh; Intel Mac OS X 10_15_7) AppleWebKit/537.36 (KHTML, like Gecko) Chrome/123.0.0.0 Safari/537.36" PHP-Handler:plesk-php84-fpm Remoteport(vom Nginx):4316
162.158.94.225 - - [09/Aug/2026:06:02:16 +0200] "GET /k/ofen-ersatzteile/oranier/arkona-8168-serie-3/ HTTP/1.1" 200 38039 "-" "WP Rocket/Preload Mozilla/5.0 (iPhone; CPU iPhone OS 9_1 like Mac OS X) AppleWebKit/601.1.46 (KHTML, like Gecko) Version/9.0 Mobile/13B143 Safari/601.1" PHP-Handler:plesk-php84-fpm Remoteport(vom Nginx):4266
172.71.247.92 - - [09/Aug/2026:06:02:18 +0200] "GET /k/ofen-ersatzteile/oranier/bavaria-ii-4634-7/ HTTP/1.1" 200 50337 "-" "WP Rocket/Preload" PHP-Handler:plesk-php84-fpm Remoteport(vom Nginx):4332
172.71.144.145 - - [09/Aug/2026:06:02:19 +0200] "GET /k/ofen-ersatzteile/oranier/bavaria-ii-4634-7/ HTTP/1.1" 200 37726 "-" "WP Rocket/Preload Mozilla/5.0 (iPhone; CPU iPhone OS 9_1 like Mac OS X) AppleWebKit/601.1.46 (KHTML, like Gecko) Version/9.0 Mobile/13B143 Safari/601.1" PHP-Handler:plesk-php84-fpm Remoteport(vom Nginx):4364
172.71.214.151 - - [09/Aug/2026:06:02:21 +0200] "GET /wp-login.php?redirect_to=https%3A%2F%2Fofenbernd.de%2Fwp-admin%2Findex.php&reauth=1 HTTP/1.1" 200 5802 "http://ofenbernd.de/wp-login.php" "Mozilla/5.0 (Macintosh; Intel Mac OS X 10_15_7) AppleWebKit/537.36 (KHTML, like Gecko) Chrome/123.0.0.0 Safari/537.36" PHP-Handler:plesk-php84-fpm Remoteport(vom Nginx):4460
172.71.172.142 - - [09/Aug/2026:06:02:21 +0200] "GET /s/oranier-arktis-8-serie-1-ersatzteile/ HTTP/1.1" 200 49449 "-" "WP Rocket/Preload" PHP-Handler:plesk-php84-fpm Remoteport(vom Nginx):4464
172.68.211.196 - - [09/Aug/2026:06:02:27 +0200] "GET /wp-admin/index.php HTTP/1.1" 302 735 "http://ofenbernd.de/wp-login.php" "Mozilla/5.0 (Macintosh; Intel Mac OS X 11_2_3) AppleWebKit/537.36 (KHTML, like Gecko) Chrome/124.0.0.0 Safari/537.36" PHP-Handler:plesk-php84-fpm Remoteport(vom Nginx):5504
162.158.86.125 - - [09/Aug/2026:06:02:26 +0200] "GET /s/oranier-arktis-8-serie-1-ersatzteile/ HTTP/1.1" 200 37610 "-" "WP Rocket/Preload Mozilla/5.0 (iPhone; CPU iPhone OS 9_1 like Mac OS X) AppleWebKit/601.1.46 (KHTML, like Gecko) Version/9.0 Mobile/13B143 Safari/601.1" PHP-Handler:plesk-php84-fpm Remoteport(vom Nginx):5474
172.71.214.151 - - [09/Aug/2026:06:02:30 +0200] "GET /wp-login.php?redirect_to=https%3A%2F%2Fofenbernd.de%2Fwp-admin%2Findex.php&reauth=1 HTTP/1.1" 200 5802 "http://ofenbernd.de/wp-login.php" "Mozilla/5.0 (Macintosh; Intel Mac OS X 11_2_3) AppleWebKit/537.36 (KHTML, like Gecko) Chrome/124.0.0.0 Safari/537.36" PHP-Handler:plesk-php84-fpm Remoteport(vom Nginx):5584
172.70.248.78 - - [09/Aug/2026:06:02:02 +0200] "POST /wp-admin/admin-ajax.php?action=as_async_request_queue_runner&nonce=cb05d09946 HTTP/1.1" 200 754 "-" "ldNdI1h3GWH1" PHP-Handler:plesk-php84-fpm Remoteport(vom Nginx):15314
172.68.211.196 - - [09/Aug/2026:06:02:34 +0200] "GET /wp-admin/index.php HTTP/1.1" 302 735 "http://ofenbernd.de/wp-login.php" "Mozilla/5.0 (Macintosh; Intel Mac OS X 11_2_3) AppleWebKit/537.36 (KHTML, like Gecko) Chrome/125.0.0.0 Safari/537.36" PHP-Handler:plesk-php84-fpm Remoteport(vom Nginx):37858
172.71.247.92 - - [09/Aug/2026:06:02:35 +0200] "GET /tag/abgasnorm-fuer-ofen/ HTTP/1.1" 200 38182 "-" "WP Rocket/Preload" PHP-Handler:plesk-php84-fpm Remoteport(vom Nginx):37920
172.71.144.145 - - [09/Aug/2026:06:02:37 +0200] "GET /tag/abgasnorm-fuer-ofen/ HTTP/1.1" 200 28071 "-" "WP Rocket/Preload Mozilla/5.0 (iPhone; CPU iPhone OS 9_1 like Mac OS X) AppleWebKit/601.1.46 (KHTML, like Gecko) Version/9.0 Mobile/13B143 Safari/601.1" PHP-Handler:plesk-php84-fpm Remoteport(vom Nginx):37950
172.71.214.151 - - [09/Aug/2026:06:02:37 +0200] "GET /wp-login.php?redirect_to=https%3A%2F%2Fofenbernd.de%2Fwp-admin%2Findex.php&reauth=1 HTTP/1.1" 200 5802 "http://ofenbernd.de/wp-login.php" "Mozilla/5.0 (Macintosh; Intel Mac OS X 11_2_3) AppleWebKit/537.36 (KHTML, like Gecko) Chrome/125.0.0.0 Safari/537.36" PHP-Handler:plesk-php84-fpm Remoteport(vom Nginx):37982
172.71.247.92 - - [09/Aug/2026:06:02:38 +0200] "GET /k/ofen-ersatzteile/oranier/cavex-8171/ HTTP/1.1" 200 50512 "-" "WP Rocket/Preload" PHP-Handler:plesk-php84-fpm Remoteport(vom Nginx):38048
172.70.240.113 - - [09/Aug/2026:06:02:40 +0200] "GET /k/ofen-ersatzteile/oranier/cavex-8171/ HTTP/1.1" 200 37884 "-" "WP Rocket/Preload Mozilla/5.0 (iPhone; CPU iPhone OS 9_1 like Mac OS X) AppleWebKit/601.1.46 (KHTML, like Gecko) Version/9.0 Mobile/13B143 Safari/601.1" PHP-Handler:plesk-php84-fpm Remoteport(vom Nginx):38090
104.23.221.129 - - [09/Aug/2026:06:02:41 +0200] "GET /k/ofen-ersatzteile/olsberg/creation/page/1/?orderby=popularity HTTP/1.1" 301 673 "-" "Mozilla/5.0 (Windows NT 6.1; WOW64) AppleWebKit/537.36 (KHTML, like Gecko) Chrome/96.0.4664.45 Safari/537.36" PHP-Handler:plesk-php84-fpm Remoteport(vom Nginx):38122
172.68.211.196 - - [09/Aug/2026:06:02:41 +0200] "GET /wp-admin/index.php HTTP/1.1" 302 735 "http://ofenbernd.de/wp-login.php" "Mozilla/5.0 (Windows NT 10.0; Win64; x64) AppleWebKit/537.36 (KHTML, like Gecko) Chrome/125.0.0.0 Safari/537.36" PHP-Handler:plesk-php84-fpm Remoteport(vom Nginx):62194
172.70.240.113 - - [09/Aug/2026:06:02:41 +0200] "GET /k/ofen-ersatzteile/oranier/dio-150-150w/ HTTP/1.1" 200 48639 "-" "WP Rocket/Preload" PHP-Handler:plesk-php84-fpm Remoteport(vom Nginx):62198
172.70.240.113 - - [09/Aug/2026:06:02:43 +0200] "GET /k/ofen-ersatzteile/oranier/dio-150-150w/ HTTP/1.1" 200 36022 "-" "WP Rocket/Preload Mozilla/5.0 (iPhone; CPU iPhone OS 9_1 like Mac OS X) AppleWebKit/601.1.46 (KHTML, like Gecko) Version/9.0 Mobile/13B143 Safari/601.1" PHP-Handler:plesk-php84-fpm Remoteport(vom Nginx):62270
172.71.214.151 - - [09/Aug/2026:06:02:44 +0200] "GET /wp-login.php?redirect_to=https%3A%2F%2Fofenbernd.de%2Fwp-admin%2Findex.php&reauth=1 HTTP/1.1" 200 5802 "http://ofenbernd.de/wp-login.php" "Mozilla/5.0 (Windows NT 10.0; Win64; x64) AppleWebKit/537.36 (KHTML, like Gecko) Chrome/125.0.0.0 Safari/537.36" PHP-Handler:plesk-php84-fpm Remoteport(vom Nginx):62330
104.23.221.129 - - [09/Aug/2026:06:02:44 +0200] "GET /k/ofen-ersatzteile/olsberg/creation/?orderby=popularity HTTP/1.1" 200 35901 "-" "Mozilla/5.0 (Windows NT 6.1; WOW64) AppleWebKit/537.36 (KHTML, like Gecko) Chrome/96.0.4664.45 Safari/537.36" PHP-Handler:plesk-php84-fpm Remoteport(vom Nginx):62296
162.158.217.61 - - [09/Aug/2026:06:02:44 +0200] "GET /k/ofen-ersatzteile/oranier/fehmann-7-4691/ HTTP/1.1" 200 50573 "-" "WP Rocket/Preload" PHP-Handler:plesk-php84-fpm Remoteport(vom Nginx):62328
172.70.247.164 - - [09/Aug/2026:06:02:46 +0200] "GET /k/ofen-ersatzteile/oranier/fehmann-7-4691/ HTTP/1.1" 200 37951 "-" "WP Rocket/Preload Mozilla/5.0 (iPhone; CPU iPhone OS 9_1 like Mac OS X) AppleWebKit/601.1.46 (KHTML, like Gecko) Version/9.0 Mobile/13B143 Safari/601.1" PHP-Handler:plesk-php84-fpm Remoteport(vom Nginx):62390
172.70.247.164 - - [09/Aug/2026:06:02:51 +0200] "POST /wp-cron.php?doing_wp_cron=1786248171.4509570598602294921875 HTTP/1.1" 200 461 "-" "7iV0JljIFalp" PHP-Handler:plesk-php84-fpm Remoteport(vom Nginx):3884
172.70.247.164 - - [09/Aug/2026:06:02:47 +0200] "GET /k/ofen-ersatzteile/oranier/foehr-4687/ HTTP/1.1" 200 50508 "-" "WP Rocket/Preload" PHP-Handler:plesk-php84-fpm Remoteport(vom Nginx):62462
172.71.164.207 - - [09/Aug/2026:06:02:52 +0200] "POST /wp-cron.php?doing_wp_cron=1786248172.3246519565582275390625 HTTP/1.1" 200 461 "-" "EiBaS8nTZZb7" PHP-Handler:plesk-php84-fpm Remoteport(vom Nginx):3928
172.68.211.196 - - [09/Aug/2026:06:02:49 +0200] "GET /wp-admin/index.php HTTP/1.1" 302 735 "http://ofenbernd.de/wp-login.php" "Mozilla/5.0 (Macintosh; Intel Mac OS X 11_2_3; rv:121.0) Gecko/20100101 Firefox/121.0" PHP-Handler:plesk-php84-fpm Remoteport(vom Nginx):62542
104.23.239.68 - - [09/Aug/2026:06:02:52 +0200] "POST /wp-cron.php?doing_wp_cron=1786248172.9076321125030517578125 HTTP/1.1" 200 461 "-" "aTCiYqL9TKcT" PHP-Handler:plesk-php84-fpm Remoteport(vom Nginx):3980
172.70.243.5 - - [09/Aug/2026:06:02:49 +0200] "GET /k/ofen-ersatzteile/oranier/foehr-4687/ HTTP/1.1" 200 37880 "-" "WP Rocket/Preload Mozilla/5.0 (iPhone; CPU iPhone OS 9_1 like Mac OS X) AppleWebKit/601.1.46 (KHTML, like Gecko) Version/9.0 Mobile/13B143 Safari/601.1" PHP-Handler:plesk-php84-fpm Remoteport(vom Nginx):62524
172.68.234.93 - - [09/Aug/2026:06:02:51 +0200] "GET /s/powerbloc-vorbereitet/?orderby=date HTTP/1.1" 200 33081 "-" "Mozilla/5.0 (Windows NT 10.0; Win64; x64) AppleWebKit/537.36 (KHTML, like Gecko) Chrome/90.0.4430.93 Safari/537.36" PHP-Handler:plesk-php84-fpm Remoteport(vom Nginx):3900
172.71.214.151 - - [09/Aug/2026:06:02:53 +0200] "GET /wp-login.php?redirect_to=https%3A%2F%2Fofenbernd.de%2Fwp-admin%2Findex.php&reauth=1 HTTP/1.1" 200 5802 "http://ofenbernd.de/wp-login.php" "Mozilla/5.0 (Macintosh; Intel Mac OS X 11_2_3; rv:121.0) Gecko/20100101 Firefox/121.0" PHP-Handler:plesk-php84-fpm Remoteport(vom Nginx):3992
172.71.164.207 - - [09/Aug/2026:06:02:33 +0200] "POST /wp-admin/admin-ajax.php?action=as_async_request_queue_runner&nonce=cb05d09946 HTTP/1.1" 200 754 "-" "ONwn0HOOfbZY" PHP-Handler:plesk-php84-fpm Remoteport(vom Nginx):37818
104.23.237.93 - - [09/Aug/2026:06:02:53 +0200] "GET /s/10-kw/?orderby=price HTTP/1.1" 200 33090 "-" "Mozilla/5.0 (Macintosh; Intel Mac OS X 10_7_3) AppleWebKit/537.36 (KHTML, like Gecko, Mediapartners-Google) Chrome/89.0.4389.93 Safari/537.36" PHP-Handler:plesk-php84-fpm Remoteport(vom Nginx):4010
172.71.164.207 - - [09/Aug/2026:06:02:55 +0200] "GET /k/ofen-ersatzteile/oranier/gero-8628/ HTTP/1.1" 200 50556 "-" "WP Rocket/Preload" PHP-Handler:plesk-php84-fpm Remoteport(vom Nginx):4100
104.23.239.68 - - [09/Aug/2026:06:02:57 +0200] "GET /k/ofen-ersatzteile/oranier/gero-8628/ HTTP/1.1" 200 37917 "-" "WP Rocket/Preload Mozilla/5.0 (iPhone; CPU iPhone OS 9_1 like Mac OS X) AppleWebKit/601.1.46 (KHTML, like Gecko) Version/9.0 Mobile/13B143 Safari/601.1" PHP-Handler:plesk-php84-fpm Remoteport(vom Nginx):4132
172.71.172.142 - - [09/Aug/2026:06:02:59 +0200] "GET /k/ofen-ersatzteile/spartherm/mini HTTP/1.1" 301 652 "-" "Mozilla/5.0 (compatible; Qwantbot/1.0_5000141; +https://help.qwant.com/bot/)" PHP-Handler:plesk-php84-fpm Remoteport(vom Nginx):4192
172.71.172.142 - - [09/Aug/2026:06:03:02 +0200] "GET /k/ofen-ersatzteile/spartherm/mini/ HTTP/1.1" 200 51011 "https://www.ofenbernd.de/k/ofen-ersatzteile/spartherm/mini" "Mozilla/5.0 (compatible; Qwantbot/1.0_5000141; +https://help.qwant.com/bot/)" PHP-Handler:plesk-php84-fpm Remoteport(vom Nginx):37326
172.70.248.78 - - [09/Aug/2026:06:02:58 +0200] "GET /k/ofen-ersatzteile/oranier/island-5-4672-ersatzteile/ HTTP/1.1" 200 51222 "-" "WP Rocket/Preload" PHP-Handler:plesk-php84-fpm Remoteport(vom Nginx):4180
172.71.164.207 - - [09/Aug/2026:06:02:55 +0200] "POST /wp-admin/admin-ajax.php?action=as_async_request_queue_runner&nonce=cb05d09946 HTTP/1.1" 200 754 "-" "EhHj4Sr7cCNz" PHP-Handler:plesk-php84-fpm Remoteport(vom Nginx):4084
172.68.211.196 - - [09/Aug/2026:06:03:01 +0200] "GET /wp-admin/index.php HTTP/1.1" 302 735 "http://ofenbernd.de/wp-login.php" "Mozilla/5.0 (Macintosh; Intel Mac OS X 11_2_3) AppleWebKit/537.36 (KHTML, like Gecko) Chrome/124.0.0.0 Safari/537.36" PHP-Handler:plesk-php84-fpm Remoteport(vom Nginx):37296
172.69.150.176 - - [09/Aug/2026:06:03:00 +0200] "GET /k/ofen-ersatzteile/oranier/island-5-4672-ersatzteile/ HTTP/1.1" 200 38569 "-" "WP Rocket/Preload Mozilla/5.0 (iPhone; CPU iPhone OS 9_1 like Mac OS X) AppleWebKit/601.1.46 (KHTML, like Gecko) Version/9.0 Mobile/13B143 Safari/601.1" PHP-Handler:plesk-php84-fpm Remoteport(vom Nginx):4248
172.71.164.207 - - [09/Aug/2026:06:03:01 +0200] "GET /k/ofen-ersatzteile/oranier/island-aqua-serie-1/ HTTP/1.1" 200 50593 "-" "WP Rocket/Preload" PHP-Handler:plesk-php84-fpm Remoteport(vom Nginx):37300
172.70.248.78 - - [09/Aug/2026:06:03:03 +0200] "GET /k/ofen-ersatzteile/oranier/island-aqua-serie-1/ HTTP/1.1" 200 37967 "-" "WP Rocket/Preload Mozilla/5.0 (iPhone; CPU iPhone OS 9_1 like Mac OS X) AppleWebKit/601.1.46 (KHTML, like Gecko) Version/9.0 Mobile/13B143 Safari/601.1" PHP-Handler:plesk-php84-fpm Remoteport(vom Nginx):37384
172.71.214.151 - - [09/Aug/2026:06:03:05 +0200] "GET /wp-login.php?redirect_to=https%3A%2F%2Fofenbernd.de%2Fwp-admin%2Findex.php&reauth=1 HTTP/1.1" 200 5802 "http://ofenbernd.de/wp-login.php" "Mozilla/5.0 (Macintosh; Intel Mac OS X 11_2_3) AppleWebKit/537.36 (KHTML, like Gecko) Chrome/124.0.0.0 Safari/537.36" PHP-Handler:plesk-php84-fpm Remoteport(vom Nginx):37532
104.22.100.157 - - [09/Aug/2026:06:03:08 +0200] "GET /p/justus-faro-w-2-0/ HTTP/1.1" 200 60812 "-" "Mozilla/5.0 AppleWebKit/537.36 (KHTML, like Gecko; compatible; bingbot/2.0; +http://www.bing.com/bingbot.htm) Chrome/116.0.1938.76 Safari/537.36" PHP-Handler:plesk-php84-fpm Remoteport(vom Nginx):37826
172.71.172.142 - - [09/Aug/2026:06:03:04 +0200] "GET /k/ofen-ersatzteile/oranier/island-aqua-serie-2/ HTTP/1.1" 200 49856 "-" "WP Rocket/Preload" PHP-Handler:plesk-php84-fpm Remoteport(vom Nginx):37502
104.22.10.231 - - [09/Aug/2026:06:03:07 +0200] "GET /k/ofen-ersatzteile/olsberg/creation/page/1/?orderby=popularity HTTP/1.1" 301 673 "-" "Mozilla/5.0 (Macintosh; Intel Mac OS X 11_0_1) AppleWebKit/537.36 (KHTML, like Gecko) Chrome/87.0.4280.101 Safari/537.36" PHP-Handler:plesk-php84-fpm Remoteport(vom Nginx):37670
172.71.247.92 - - [09/Aug/2026:06:03:06 +0200] "GET /k/ofen-ersatzteile/oranier/island-aqua-serie-2/ HTTP/1.1" 200 37450 "-" "WP Rocket/Preload Mozilla/5.0 (iPhone; CPU iPhone OS 9_1 like Mac OS X) AppleWebKit/601.1.46 (KHTML, like Gecko) Version/9.0 Mobile/13B143 Safari/601.1" PHP-Handler:plesk-php84-fpm Remoteport(vom Nginx):37638
104.22.93.56 - - [09/Aug/2026:06:03:10 +0200] "GET /p/spartherm-arte-bh-wandsatz-wandsteine-komplett/ HTTP/1.1" 200 60812 "-" "Mozilla/5.0 AppleWebKit/537.36 (KHTML, like Gecko; compatible; bingbot/2.0; +http://www.bing.com/bingbot.htm) Chrome/116.0.1938.76 Safari/537.36" PHP-Handler:plesk-php84-fpm Remoteport(vom Nginx):37900
172.70.247.164 - - [09/Aug/2026:06:03:08 +0200] "GET /k/ofen-ersatzteile/oranier/ke-706-aquamodul/ HTTP/1.1" 200 50619 "-" "WP Rocket/Preload" PHP-Handler:plesk-php84-fpm Remoteport(vom Nginx):37802
172.68.62.136 - - [09/Aug/2026:06:03:08 +0200] "GET /s/oranier-polar-6-eck-griff/?orderby=date HTTP/1.1" 200 32931 "-" "Mozilla/5.0 (Windows NT 5.1) AppleWebKit/537.36 (KHTML, like Gecko) Chrome/35.0.3319.102 Safari/537.36" PHP-Handler:plesk-php84-fpm Remoteport(vom Nginx):37816
172.68.211.196 - - [09/Aug/2026:06:03:10 +0200] "GET /wp-admin/index.php HTTP/1.1" 302 735 "http://ofenbernd.de/wp-login.php" "Mozilla/5.0 (Macintosh; Intel Mac OS X 11_2_3) AppleWebKit/537.36 (KHTML, like Gecko) Chrome/122.0.0.0 Safari/537.36" PHP-Handler:plesk-php84-fpm Remoteport(vom Nginx):37892
172.70.243.5 - - [09/Aug/2026:06:03:09 +0200] "GET /k/ofen-ersatzteile/oranier/ke-706-aquamodul/ HTTP/1.1" 200 37989 "-" "WP Rocket/Preload Mozilla/5.0 (iPhone; CPU iPhone OS 9_1 like Mac OS X) AppleWebKit/601.1.46 (KHTML, like Gecko) Version/9.0 Mobile/13B143 Safari/601.1" PHP-Handler:plesk-php84-fpm Remoteport(vom Nginx):37840
104.22.100.157 - - [09/Aug/2026:06:03:09 +0200] "GET /p/koenigshuette-draco-scheibenhalter-o-175x386x76mm-schwarz-28-8951-1572/ HTTP/1.1" 200 60055 "-" "Mozilla/5.0 AppleWebKit/537.36 (KHTML, like Gecko; compatible; bingbot/2.0; +http://www.bing.com/bingbot.htm) Chrome/116.0.1938.76 Safari/537.36" PHP-Handler:plesk-php84-fpm Remoteport(vom Nginx):37844
104.22.10.231 - - [09/Aug/2026:06:03:10 +0200] "GET /k/ofen-ersatzteile/olsberg/creation/?orderby=popularity HTTP/1.1" 200 35901 "-" "Mozilla/5.0 (Macintosh; Intel Mac OS X 11_0_1) AppleWebKit/537.36 (KHTML, like Gecko) Chrome/87.0.4280.101 Safari/537.36" PHP-Handler:plesk-php84-fpm Remoteport(vom Nginx):37884
172.70.248.78 - - [09/Aug/2026:06:03:11 +0200] "GET /k/ofen-ersatzteile/oranier/patrona-7-4637/ HTTP/1.1" 200 51017 "-" "WP Rocket/Preload" PHP-Handler:plesk-php84-fpm Remoteport(vom Nginx):37914
172.71.214.151 - - [09/Aug/2026:06:03:13 +0200] "GET /wp-login.php?redirect_to=https%3A%2F%2Fofenbernd.de%2Fwp-admin%2Findex.php&reauth=1 HTTP/1.1" 200 5802 "http://ofenbernd.de/wp-login.php" "Mozilla/5.0 (Macintosh; Intel Mac OS X 11_2_3) AppleWebKit/537.36 (KHTML, like Gecko) Chrome/122.0.0.0 Safari/537.36" PHP-Handler:plesk-php84-fpm Remoteport(vom Nginx):1740
172.71.164.207 - - [09/Aug/2026:06:03:12 +0200] "GET /k/ofen-ersatzteile/oranier/patrona-7-4637/ HTTP/1.1" 200 38351 "-" "WP Rocket/Preload Mozilla/5.0 (iPhone; CPU iPhone OS 9_1 like Mac OS X) AppleWebKit/601.1.46 (KHTML, like Gecko) Version/9.0 Mobile/13B143 Safari/601.1" PHP-Handler:plesk-php84-fpm Remoteport(vom Nginx):1678
104.22.93.56 - - [09/Aug/2026:06:03:20 +0200] "GET /p/oranier-pori-7-glasscheibe-4671-7-ersatzteile/ HTTP/1.1" 200 60920 "-" "Mozilla/5.0 AppleWebKit/537.36 (KHTML, like Gecko; compatible; bingbot/2.0; +http://www.bing.com/bingbot.htm) Chrome/116.0.1938.76 Safari/537.36" PHP-Handler:plesk-php84-fpm Remoteport(vom Nginx):2146
172.70.240.113 - - [09/Aug/2026:06:03:22 +0200] "POST /wp-cron.php?doing_wp_cron=1786248202.0745730400085449218750 HTTP/1.1" 200 461 "-" "MCpOnvcOFBGR" PHP-Handler:plesk-php84-fpm Remoteport(vom Nginx):49844
172.68.211.196 - - [09/Aug/2026:06:03:19 +0200] "GET /wp-admin/index.php HTTP/1.1" 302 735 "http://ofenbernd.de/wp-login.php" "Mozilla/5.0 (Windows NT 10.0; Win64; x64) AppleWebKit/537.36 (KHTML, like Gecko) Chrome/122.0.0.0 Safari/537.36" PHP-Handler:plesk-php84-fpm Remoteport(vom Nginx):2094
172.71.214.151 - - [09/Aug/2026:06:03:22 +0200] "GET /wp-login.php?redirect_to=https%3A%2F%2Fofenbernd.de%2Fwp-admin%2Findex.php&reauth=1 HTTP/1.1" 200 5802 "http://ofenbernd.de/wp-login.php" "Mozilla/5.0 (Windows NT 10.0; Win64; x64) AppleWebKit/537.36 (KHTML, like Gecko) Chrome/122.0.0.0 Safari/537.36" PHP-Handler:plesk-php84-fpm Remoteport(vom Nginx):49852
172.68.211.196 - - [09/Aug/2026:06:03:26 +0200] "GET /wp-admin/index.php HTTP/1.1" 302 735 "http://ofenbernd.de/wp-login.php" "Mozilla/5.0 (Macintosh; Intel Mac OS X 10_15_7) AppleWebKit/605.1.15 (KHTML, like Gecko) Version/17.1 Safari/605.1.15" PHP-Handler:plesk-php84-fpm Remoteport(vom Nginx):50008
172.69.150.176 - - [09/Aug/2026:06:03:33 +0200] "POST /wp-cron.php?doing_wp_cron=1786248212.9352040290832519531250 HTTP/1.1" 200 461 "-" "YmNbz0dqZNAq" PHP-Handler:plesk-php84-fpm Remoteport(vom Nginx):35730
172.71.214.151 - - [09/Aug/2026:06:03:30 +0200] "GET /wp-login.php?redirect_to=https%3A%2F%2Fofenbernd.de%2Fwp-admin%2Findex.php&reauth=1 HTTP/1.1" 200 5802 "http://ofenbernd.de/wp-login.php" "Mozilla/5.0 (Macintosh; Intel Mac OS X 10_15_7) AppleWebKit/605.1.15 (KHTML, like Gecko) Version/17.1 Safari/605.1.15" PHP-Handler:plesk-php84-fpm Remoteport(vom Nginx):50172
172.68.211.196 - - [09/Aug/2026:06:03:34 +0200] "GET /wp-admin/index.php HTTP/1.1" 302 735 "http://ofenbernd.de/wp-login.php" "Mozilla/5.0 (Macintosh; Intel Mac OS X 11_2_3) AppleWebKit/537.36 (KHTML, like Gecko) Chrome/122.0.0.0 Safari/537.36" PHP-Handler:plesk-php84-fpm Remoteport(vom Nginx):35828
172.71.214.151 - - [09/Aug/2026:06:03:37 +0200] "GET /wp-login.php?redirect_to=https%3A%2F%2Fofenbernd.de%2Fwp-admin%2Findex.php&reauth=1 HTTP/1.1" 200 5802 "http://ofenbernd.de/wp-login.php" "Mozilla/5.0 (Macintosh; Intel Mac OS X 11_2_3) AppleWebKit/537.36 (KHTML, like Gecko) Chrome/122.0.0.0 Safari/537.36" PHP-Handler:plesk-php84-fpm Remoteport(vom Nginx):35886
172.68.211.196 - - [09/Aug/2026:06:03:42 +0200] "GET /wp-admin/index.php HTTP/1.1" 302 735 "http://ofenbernd.de/wp-login.php" "Mozilla/5.0 (Macintosh; Intel Mac OS X 11_2_3; rv:123.0) Gecko/20100101 Firefox/123.0" PHP-Handler:plesk-php84-fpm Remoteport(vom Nginx):53770
172.69.9.182 - - [09/Aug/2026:06:03:43 +0200] "GET /s/olsberg-format-9-rostlager/?orderby=price HTTP/1.1" 200 32890 "-" "Mozilla/5.0 (Windows NT 6.3; Win64; x64) AppleWebKit/537.36 (KHTML, like Gecko) Chrome/80.0.3987.136 Safari/537.36" PHP-Handler:plesk-php84-fpm Remoteport(vom Nginx):53800
172.71.172.142 - - [09/Aug/2026:06:03:48 +0200] "POST /wp-cron.php?doing_wp_cron=1786248228.0788099765777587890625 HTTP/1.1" 200 461 "-" "cNExS4vM0gEw" PHP-Handler:plesk-php84-fpm Remoteport(vom Nginx):53992
172.71.214.151 - - [09/Aug/2026:06:03:45 +0200] "GET /wp-login.php?redirect_to=https%3A%2F%2Fofenbernd.de%2Fwp-admin%2Findex.php&reauth=1 HTTP/1.1" 200 5802 "http://ofenbernd.de/wp-login.php" "Mozilla/5.0 (Macintosh; Intel Mac OS X 11_2_3; rv:123.0) Gecko/20100101 Firefox/123.0" PHP-Handler:plesk-php84-fpm Remoteport(vom Nginx):53878
