172.69.150.26 - - [09/Aug/2026:06:16:27 +0200] "GET /wp-content/uploads/2015/03/oranier_polar_8_4654-8_serie_1_ersatzteile_schamott_schamotte_schamottsteine.jpg HTTP/1.1" 200 617 "-" "Photon/1.0" PHP-Handler: Remoteport(vom Nginx):6052
172.71.144.144 - - [09/Aug/2026:06:16:24 +0200] "GET /s/prisma/ HTTP/1.1" 200 50212 "-" "WP Rocket/Preload" PHP-Handler:plesk-php84-fpm Remoteport(vom Nginx):5800
172.68.211.196 - - [09/Aug/2026:06:16:26 +0200] "GET /wp-admin/index.php HTTP/1.1" 302 735 "http://ofenbernd.de/wp-login.php" "Mozilla/5.0 (Macintosh; Intel Mac OS X 11_2_3) AppleWebKit/605.1.15 (KHTML, like Gecko) Version/17.1 Safari/605.1.15" PHP-Handler:plesk-php84-fpm Remoteport(vom Nginx):6032
172.71.164.207 - - [09/Aug/2026:06:16:25 +0200] "GET /s/prisma/ HTTP/1.1" 200 37537 "-" "WP Rocket/Preload Mozilla/5.0 (iPhone; CPU iPhone OS 9_1 like Mac OS X) AppleWebKit/601.1.46 (KHTML, like Gecko) Version/9.0 Mobile/13B143 Safari/601.1" PHP-Handler:plesk-php84-fpm Remoteport(vom Nginx):5996
162.158.111.36 - - [09/Aug/2026:06:16:27 +0200] "GET /s/60-57-main-panorama-gas-erdgas/ HTTP/1.1" 200 50160 "-" "WP Rocket/Preload" PHP-Handler:plesk-php84-fpm Remoteport(vom Nginx):6094
172.69.150.26 - - [09/Aug/2026:06:16:27 +0200] "GET /wp-content/uploads/2015/03/oranier_polar_8_4654-8_serie_1_ersatzteile_schamott_schamotte_schamottsteine.jpg HTTP/2.0" 200 6630 "-" "Photon/1.0"
172.71.148.65 - - [09/Aug/2026:06:16:32 +0200] "POST /wp-cron.php?doing_wp_cron=1786248992.0677039623260498046875 HTTP/1.1" 200 461 "-" "0sbmnD7cp0O0" PHP-Handler:plesk-php84-fpm Remoteport(vom Nginx):53800
172.71.214.151 - - [09/Aug/2026:06:16:29 +0200] "GET /wp-login.php?redirect_to=https%3A%2F%2Fofenbernd.de%2Fwp-admin%2Findex.php&reauth=1 HTTP/1.1" 200 5802 "http://ofenbernd.de/wp-login.php" "Mozilla/5.0 (Macintosh; Intel Mac OS X 11_2_3) AppleWebKit/605.1.15 (KHTML, like Gecko) Version/17.1 Safari/605.1.15" PHP-Handler:plesk-php84-fpm Remoteport(vom Nginx):6182
162.158.111.36 - - [09/Aug/2026:06:16:29 +0200] "GET /s/60-57-main-panorama-gas-erdgas/ HTTP/1.1" 200 37481 "-" "WP Rocket/Preload Mozilla/5.0 (iPhone; CPU iPhone OS 9_1 like Mac OS X) AppleWebKit/601.1.46 (KHTML, like Gecko) Version/9.0 Mobile/13B143 Safari/601.1" PHP-Handler:plesk-php84-fpm Remoteport(vom Nginx):6136
172.70.248.78 - - [09/Aug/2026:06:16:30 +0200] "GET /s/main/ HTTP/1.1" 200 49370 "-" "WP Rocket/Preload" PHP-Handler:plesk-php84-fpm Remoteport(vom Nginx):6212
172.71.164.207 - - [09/Aug/2026:06:16:35 +0200] "POST /wp-cron.php?doing_wp_cron=1786248995.3976519107818603515625 HTTP/1.1" 200 461 "-" "CghRHMS77vDf" PHP-Handler:plesk-php84-fpm Remoteport(vom Nginx):53890
172.70.248.78 - - [09/Aug/2026:06:16:32 +0200] "GET /s/main/ HTTP/1.1" 200 37540 "-" "WP Rocket/Preload Mozilla/5.0 (iPhone; CPU iPhone OS 9_1 like Mac OS X) AppleWebKit/601.1.46 (KHTML, like Gecko) Version/9.0 Mobile/13B143 Safari/601.1" PHP-Handler:plesk-php84-fpm Remoteport(vom Nginx):53798
172.68.211.196 - - [09/Aug/2026:06:16:33 +0200] "GET /wp-admin/index.php HTTP/1.1" 302 735 "http://ofenbernd.de/wp-login.php" "Mozilla/5.0 (Windows NT 10.0; Win64; x64) AppleWebKit/537.36 (KHTML, like Gecko) Chrome/123.0.0.0 Safari/537.36 Edge/123.0.2420.65" PHP-Handler:plesk-php84-fpm Remoteport(vom Nginx):53840
172.70.247.164 - - [09/Aug/2026:06:16:33 +0200] "GET /s/panorama/ HTTP/1.1" 200 50235 "-" "WP Rocket/Preload" PHP-Handler:plesk-php84-fpm Remoteport(vom Nginx):53842
172.70.247.164 - - [09/Aug/2026:06:16:35 +0200] "GET /s/panorama/ HTTP/1.1" 200 37554 "-" "WP Rocket/Preload Mozilla/5.0 (iPhone; CPU iPhone OS 9_1 like Mac OS X) AppleWebKit/601.1.46 (KHTML, like Gecko) Version/9.0 Mobile/13B143 Safari/601.1" PHP-Handler:plesk-php84-fpm Remoteport(vom Nginx):53864
172.71.214.151 - - [09/Aug/2026:06:16:36 +0200] "GET /wp-login.php?redirect_to=https%3A%2F%2Fofenbernd.de%2Fwp-admin%2Findex.php&reauth=1 HTTP/1.1" 200 5802 "http://ofenbernd.de/wp-login.php" "Mozilla/5.0 (Windows NT 10.0; Win64; x64) AppleWebKit/537.36 (KHTML, like Gecko) Chrome/123.0.0.0 Safari/537.36 Edge/123.0.2420.65" PHP-Handler:plesk-php84-fpm Remoteport(vom Nginx):53936
172.71.148.65 - - [09/Aug/2026:06:16:36 +0200] "GET /s/60-57-main-panorama-gas-propangas/ HTTP/1.1" 200 50175 "-" "WP Rocket/Preload" PHP-Handler:plesk-php84-fpm Remoteport(vom Nginx):53942
172.70.248.78 - - [09/Aug/2026:06:16:38 +0200] "GET /s/60-57-main-panorama-gas-propangas/ HTTP/1.1" 200 37488 "-" "WP Rocket/Preload Mozilla/5.0 (iPhone; CPU iPhone OS 9_1 like Mac OS X) AppleWebKit/601.1.46 (KHTML, like Gecko) Version/9.0 Mobile/13B143 Safari/601.1" PHP-Handler:plesk-php84-fpm Remoteport(vom Nginx):53986
172.68.211.196 - - [09/Aug/2026:06:16:40 +0200] "GET /wp-admin/index.php HTTP/1.1" 302 735 "http://ofenbernd.de/wp-login.php" "Mozilla/5.0 (iPhone; CPU iPhone OS 16_4 like Mac OS X) AppleWebKit/537.36 (KHTML, like Gecko) Chrome/125.0.0.0 Safari/537.36" PHP-Handler:plesk-php84-fpm Remoteport(vom Nginx):54032
172.70.243.6 - - [09/Aug/2026:06:16:39 +0200] "GET /s/60-81/ HTTP/1.1" 200 49492 "-" "WP Rocket/Preload" PHP-Handler:plesk-php84-fpm Remoteport(vom Nginx):54022
172.70.248.78 - - [09/Aug/2026:06:16:41 +0200] "GET /s/60-81/ HTTP/1.1" 200 37535 "-" "WP Rocket/Preload Mozilla/5.0 (iPhone; CPU iPhone OS 9_1 like Mac OS X) AppleWebKit/601.1.46 (KHTML, like Gecko) Version/9.0 Mobile/13B143 Safari/601.1" PHP-Handler:plesk-php84-fpm Remoteport(vom Nginx):54062
172.71.214.151 - - [09/Aug/2026:06:16:43 +0200] "GET /wp-login.php?redirect_to=https%3A%2F%2Fofenbernd.de%2Fwp-admin%2Findex.php&reauth=1 HTTP/1.1" 200 5802 "http://ofenbernd.de/wp-login.php" "Mozilla/5.0 (iPhone; CPU iPhone OS 16_4 like Mac OS X) AppleWebKit/537.36 (KHTML, like Gecko) Chrome/125.0.0.0 Safari/537.36" PHP-Handler:plesk-php84-fpm Remoteport(vom Nginx):1486
172.71.166.250 - - [09/Aug/2026:06:16:43 +0200] "GET /p/kaminofen-olsberg-palena-powerbloc-compact-5-kw/ HTTP/1.1" 301 663 "-" "Mozilla/5.0 (Linux; Android 6.0.1; Nexus 5X Build/MMB29P) AppleWebKit/537.36 (KHTML, like Gecko) Chrome/150.0.7871.186 Mobile Safari/537.36 (compatible; Googlebot/2.1; +http://www.google.com/bot.html)" PHP-Handler:plesk-php84-fpm Remoteport(vom Nginx):1518
172.71.148.65 - - [09/Aug/2026:06:16:18 +0200] "POST /wp-admin/admin-ajax.php?action=as_async_request_queue_runner&nonce=cb05d09946 HTTP/1.1" 200 754 "-" "zzRPWuJsfMKE" PHP-Handler:plesk-php84-fpm Remoteport(vom Nginx):4752
172.68.211.196 - - [09/Aug/2026:06:16:46 +0200] "GET /wp-admin/index.php HTTP/1.1" 302 735 "http://ofenbernd.de/wp-login.php" "Mozilla/5.0 (Macintosh; Intel Mac OS X 10_15_7) AppleWebKit/605.1.15 (KHTML, like Gecko) Version/17.1 Safari/605.1.15" PHP-Handler:plesk-php84-fpm Remoteport(vom Nginx):1564
172.71.172.142 - - [09/Aug/2026:06:16:50 +0200] "GET /s/artemis/ HTTP/1.1" 200 51664 "-" "WP Rocket/Preload" PHP-Handler:plesk-php84-fpm Remoteport(vom Nginx):1696
172.69.36.168 - - [09/Aug/2026:06:16:47 +0200] "GET /k/ofen-ersatzteile/schmid/schmid-sd-ersatzteile/page/5/ HTTP/1.1" 200 53258 "-" "Mozilla/5.0 (Macintosh; Intel Mac OS X 10_13_6) AppleWebKit/537.36 (KHTML, like Gecko) Chrome/80.0.3987.106 Safari/537.36" PHP-Handler:plesk-php84-fpm Remoteport(vom Nginx):1582
172.69.132.186 - - [09/Aug/2026:06:16:47 +0200] "GET /k/ofen-ersatzteile/page/122/?orderby=price-desc HTTP/1.1" 200 35862 "-" "Mozilla/5.0 (Windows NT 6.1; WOW64) AppleWebKit/537.36 (KHTML, like Gecko) Chrome/73.0.3683.75 ADG/11.0.2414 AOLBUILD/11.0.2414 Safari/537.36" PHP-Handler:plesk-php84-fpm Remoteport(vom Nginx):1600
172.71.214.151 - - [09/Aug/2026:06:16:50 +0200] "GET /wp-login.php?redirect_to=https%3A%2F%2Fofenbernd.de%2Fwp-admin%2Findex.php&reauth=1 HTTP/1.1" 200 5802 "http://ofenbernd.de/wp-login.php" "Mozilla/5.0 (Macintosh; Intel Mac OS X 10_15_7) AppleWebKit/605.1.15 (KHTML, like Gecko) Version/17.1 Safari/605.1.15" PHP-Handler:plesk-php84-fpm Remoteport(vom Nginx):1724
172.71.164.207 - - [09/Aug/2026:06:16:50 +0200] "GET /s/artemis/ HTTP/1.1" 200 39019 "-" "WP Rocket/Preload Mozilla/5.0 (iPhone; CPU iPhone OS 9_1 like Mac OS X) AppleWebKit/601.1.46 (KHTML, like Gecko) Version/9.0 Mobile/13B143 Safari/601.1" PHP-Handler:plesk-php84-fpm Remoteport(vom Nginx):1734
162.158.111.36 - - [09/Aug/2026:06:16:52 +0200] "GET /s/60-81-artemis-vertiko-gas-propangas/ HTTP/1.1" 200 50176 "-" "WP Rocket/Preload" PHP-Handler:plesk-php84-fpm Remoteport(vom Nginx):2834
172.71.164.207 - - [09/Aug/2026:06:16:53 +0200] "GET /s/60-81-artemis-vertiko-gas-propangas/ HTTP/1.1" 200 37485 "-" "WP Rocket/Preload Mozilla/5.0 (iPhone; CPU iPhone OS 9_1 like Mac OS X) AppleWebKit/601.1.46 (KHTML, like Gecko) Version/9.0 Mobile/13B143 Safari/601.1" PHP-Handler:plesk-php84-fpm Remoteport(vom Nginx):2854
172.68.211.196 - - [09/Aug/2026:06:16:54 +0200] "GET /wp-admin/index.php HTTP/1.1" 302 735 "http://ofenbernd.de/wp-login.php" "Mozilla/5.0 (Macintosh; Intel Mac OS X 11_2_3) AppleWebKit/537.36 (KHTML, like Gecko) Chrome/123.0.0.0 Safari/537.36" PHP-Handler:plesk-php84-fpm Remoteport(vom Nginx):2894
172.70.243.6 - - [09/Aug/2026:06:16:55 +0200] "GET /s/8950-50/ HTTP/1.1" 200 49646 "-" "WP Rocket/Preload" PHP-Handler:plesk-php84-fpm Remoteport(vom Nginx):2926
162.158.94.225 - - [09/Aug/2026:06:16:56 +0200] "GET /s/8950-50/ HTTP/1.1" 200 37780 "-" "WP Rocket/Preload Mozilla/5.0 (iPhone; CPU iPhone OS 9_1 like Mac OS X) AppleWebKit/601.1.46 (KHTML, like Gecko) Version/9.0 Mobile/13B143 Safari/601.1" PHP-Handler:plesk-php84-fpm Remoteport(vom Nginx):2984
172.71.214.151 - - [09/Aug/2026:06:16:57 +0200] "GET /wp-login.php?redirect_to=https%3A%2F%2Fofenbernd.de%2Fwp-admin%2Findex.php&reauth=1 HTTP/1.1" 200 5802 "http://ofenbernd.de/wp-login.php" "Mozilla/5.0 (Macintosh; Intel Mac OS X 11_2_3) AppleWebKit/537.36 (KHTML, like Gecko) Chrome/123.0.0.0 Safari/537.36" PHP-Handler:plesk-php84-fpm Remoteport(vom Nginx):3000
172.70.248.78 - - [09/Aug/2026:06:16:58 +0200] "GET /s/8950-50-elba-gas-ahornweiss-erdgas/ HTTP/1.1" 200 50152 "-" "WP Rocket/Preload" PHP-Handler:plesk-php84-fpm Remoteport(vom Nginx):3032
172.70.240.112 - - [09/Aug/2026:06:16:59 +0200] "GET /s/8950-50-elba-gas-ahornweiss-erdgas/ HTTP/1.1" 200 37465 "-" "WP Rocket/Preload Mozilla/5.0 (iPhone; CPU iPhone OS 9_1 like Mac OS X) AppleWebKit/601.1.46 (KHTML, like Gecko) Version/9.0 Mobile/13B143 Safari/601.1" PHP-Handler:plesk-php84-fpm Remoteport(vom Nginx):3096
172.68.211.196 - - [09/Aug/2026:06:17:01 +0200] "GET /wp-admin/index.php HTTP/1.1" 302 735 "http://ofenbernd.de/wp-login.php" "Mozilla/5.0 (Macintosh; Intel Mac OS X 10_15_7) AppleWebKit/537.36 (KHTML, like Gecko) Chrome/125.0.0.0 Safari/537.36" PHP-Handler:plesk-php84-fpm Remoteport(vom Nginx):24900
162.158.94.225 - - [09/Aug/2026:06:17:01 +0200] "GET /s/ahornweiss/ HTTP/1.1" 200 49358 "-" "WP Rocket/Preload" PHP-Handler:plesk-php84-fpm Remoteport(vom Nginx):3140
172.71.172.142 - - [09/Aug/2026:06:17:02 +0200] "GET /s/ahornweiss/ HTTP/1.1" 200 37544 "-" "WP Rocket/Preload Mozilla/5.0 (iPhone; CPU iPhone OS 9_1 like Mac OS X) AppleWebKit/601.1.46 (KHTML, like Gecko) Version/9.0 Mobile/13B143 Safari/601.1" PHP-Handler:plesk-php84-fpm Remoteport(vom Nginx):24930
172.71.214.151 - - [09/Aug/2026:06:17:04 +0200] "GET /wp-login.php?redirect_to=https%3A%2F%2Fofenbernd.de%2Fwp-admin%2Findex.php&reauth=1 HTTP/1.1" 200 5802 "http://ofenbernd.de/wp-login.php" "Mozilla/5.0 (Macintosh; Intel Mac OS X 10_15_7) AppleWebKit/537.36 (KHTML, like Gecko) Chrome/125.0.0.0 Safari/537.36" PHP-Handler:plesk-php84-fpm Remoteport(vom Nginx):24984
172.70.243.6 - - [09/Aug/2026:06:17:04 +0200] "GET /s/8950-50-elba-gas-ahornweiss-propangas/ HTTP/1.1" 200 50170 "-" "WP Rocket/Preload" PHP-Handler:plesk-php84-fpm Remoteport(vom Nginx):24972
162.158.86.124 - - [09/Aug/2026:06:17:05 +0200] "GET /s/8950-50-elba-gas-ahornweiss-propangas/ HTTP/1.1" 200 37469 "-" "WP Rocket/Preload Mozilla/5.0 (iPhone; CPU iPhone OS 9_1 like Mac OS X) AppleWebKit/601.1.46 (KHTML, like Gecko) Version/9.0 Mobile/13B143 Safari/601.1" PHP-Handler:plesk-php84-fpm Remoteport(vom Nginx):25008
162.158.86.124 - - [09/Aug/2026:06:17:07 +0200] "GET /s/8950-50-elba-gas-buche-erdgas/ HTTP/1.1" 200 50106 "-" "WP Rocket/Preload" PHP-Handler:plesk-php84-fpm Remoteport(vom Nginx):25078
172.68.211.196 - - [09/Aug/2026:06:17:08 +0200] "GET /wp-admin/index.php HTTP/1.1" 302 735 "http://ofenbernd.de/wp-login.php" "Mozilla/5.0 (Macintosh; Intel Mac OS X 11_2_3) AppleWebKit/605.1.15 (KHTML, like Gecko) Version/17.3 Safari/605.1.15" PHP-Handler:plesk-php84-fpm Remoteport(vom Nginx):25122
172.69.150.177 - - [09/Aug/2026:06:17:08 +0200] "GET /s/8950-50-elba-gas-buche-erdgas/ HTTP/1.1" 200 37423 "-" "WP Rocket/Preload Mozilla/5.0 (iPhone; CPU iPhone OS 9_1 like Mac OS X) AppleWebKit/601.1.46 (KHTML, like Gecko) Version/9.0 Mobile/13B143 Safari/601.1" PHP-Handler:plesk-php84-fpm Remoteport(vom Nginx):25174
172.71.214.151 - - [09/Aug/2026:06:17:11 +0200] "GET /wp-login.php?redirect_to=https%3A%2F%2Fofenbernd.de%2Fwp-admin%2Findex.php&reauth=1 HTTP/1.1" 200 5802 "http://ofenbernd.de/wp-login.php" "Mozilla/5.0 (Macintosh; Intel Mac OS X 11_2_3) AppleWebKit/605.1.15 (KHTML, like Gecko) Version/17.3 Safari/605.1.15" PHP-Handler:plesk-php84-fpm Remoteport(vom Nginx):23436
172.69.150.177 - - [09/Aug/2026:06:16:47 +0200] "POST /wp-admin/admin-ajax.php?action=as_async_request_queue_runner&nonce=cb05d09946 HTTP/1.1" 200 754 "-" "fWlchXtHkhRG" PHP-Handler:plesk-php84-fpm Remoteport(vom Nginx):1598
172.68.211.196 - - [09/Aug/2026:06:17:16 +0200] "GET /wp-admin/index.php HTTP/1.1" 302 735 "http://ofenbernd.de/wp-login.php" "Mozilla/5.0 (iPhone; CPU iPhone OS 16_4 like Mac OS X) AppleWebKit/537.36 (KHTML, like Gecko) Chrome/122.0.0.0 Safari/537.36" PHP-Handler:plesk-php84-fpm Remoteport(vom Nginx):23554
172.71.148.65 - - [09/Aug/2026:06:17:17 +0200] "GET /s/buche/ HTTP/1.1" 200 49296 "-" "WP Rocket/Preload" PHP-Handler:plesk-php84-fpm Remoteport(vom Nginx):23590
172.71.214.151 - - [09/Aug/2026:06:17:19 +0200] "GET /wp-login.php?redirect_to=https%3A%2F%2Fofenbernd.de%2Fwp-admin%2Findex.php&reauth=1 HTTP/1.1" 200 5802 "http://ofenbernd.de/wp-login.php" "Mozilla/5.0 (iPhone; CPU iPhone OS 16_4 like Mac OS X) AppleWebKit/537.36 (KHTML, like Gecko) Chrome/122.0.0.0 Safari/537.36" PHP-Handler:plesk-php84-fpm Remoteport(vom Nginx):23640
172.70.243.6 - - [09/Aug/2026:06:17:19 +0200] "GET /s/buche/ HTTP/1.1" 200 37505 "-" "WP Rocket/Preload Mozilla/5.0 (iPhone; CPU iPhone OS 9_1 like Mac OS X) AppleWebKit/601.1.46 (KHTML, like Gecko) Version/9.0 Mobile/13B143 Safari/601.1" PHP-Handler:plesk-php84-fpm Remoteport(vom Nginx):23624
162.158.111.36 - - [09/Aug/2026:06:17:20 +0200] "GET /s/olsberg-tolima-powersystem-verschlussdeckel/ HTTP/1.1" 200 50373 "-" "WP Rocket/Preload" PHP-Handler:plesk-php84-fpm Remoteport(vom Nginx):23780
172.71.164.207 - - [09/Aug/2026:06:17:22 +0200] "GET /s/olsberg-tolima-powersystem-verschlussdeckel/ HTTP/1.1" 200 37713 "-" "WP Rocket/Preload Mozilla/5.0 (iPhone; CPU iPhone OS 9_1 like Mac OS X) AppleWebKit/601.1.46 (KHTML, like Gecko) Version/9.0 Mobile/13B143 Safari/601.1" PHP-Handler:plesk-php84-fpm Remoteport(vom Nginx):20092
172.68.211.196 - - [09/Aug/2026:06:17:24 +0200] "GET /wp-admin/index.php HTTP/1.1" 302 735 "http://ofenbernd.de/wp-login.php" "Mozilla/5.0 (Macintosh; Intel Mac OS X 10_15_7; rv:123.0) Gecko/20100101 Firefox/123.0" PHP-Handler:plesk-php84-fpm Remoteport(vom Nginx):20154
172.70.247.164 - - [09/Aug/2026:06:17:23 +0200] "GET /s/fuehleroeffnung/ HTTP/1.1" 200 50222 "-" "WP Rocket/Preload" PHP-Handler:plesk-php84-fpm Remoteport(vom Nginx):20142
172.71.148.65 - - [09/Aug/2026:06:17:25 +0200] "GET /s/fuehleroeffnung/ HTTP/1.1" 200 37560 "-" "WP Rocket/Preload Mozilla/5.0 (iPhone; CPU iPhone OS 9_1 like Mac OS X) AppleWebKit/601.1.46 (KHTML, like Gecko) Version/9.0 Mobile/13B143 Safari/601.1" PHP-Handler:plesk-php84-fpm Remoteport(vom Nginx):20182
172.71.214.151 - - [09/Aug/2026:06:17:27 +0200] "GET /wp-login.php?redirect_to=https%3A%2F%2Fofenbernd.de%2Fwp-admin%2Findex.php&reauth=1 HTTP/1.1" 200 5802 "http://ofenbernd.de/wp-login.php" "Mozilla/5.0 (Macintosh; Intel Mac OS X 10_15_7; rv:123.0) Gecko/20100101 Firefox/123.0" PHP-Handler:plesk-php84-fpm Remoteport(vom Nginx):20222
172.69.150.177 - - [09/Aug/2026:06:17:26 +0200] "GET /s/smart/ HTTP/1.1" 200 48595 "-" "WP Rocket/Preload" PHP-Handler:plesk-php84-fpm Remoteport(vom Nginx):20220
172.71.164.207 - - [09/Aug/2026:06:17:28 +0200] "GET /s/smart/ HTTP/1.1" 200 35917 "-" "WP Rocket/Preload Mozilla/5.0 (iPhone; CPU iPhone OS 9_1 like Mac OS X) AppleWebKit/601.1.46 (KHTML, like Gecko) Version/9.0 Mobile/13B143 Safari/601.1" PHP-Handler:plesk-php84-fpm Remoteport(vom Nginx):20310
172.70.240.112 - - [09/Aug/2026:06:17:33 +0200] "GET /s/speicheranlage/ HTTP/1.1" 200 49974 "-" "WP Rocket/Preload" PHP-Handler:plesk-php84-fpm Remoteport(vom Nginx):13688
172.70.243.6 - - [09/Aug/2026:06:17:30 +0200] "GET /s/camina-s19-retro/ HTTP/1.1" 200 48656 "-" "WP Rocket/Preload" PHP-Handler:plesk-php84-fpm Remoteport(vom Nginx):20402
172.68.211.196 - - [09/Aug/2026:06:17:31 +0200] "GET /wp-admin/index.php HTTP/1.1" 302 735 "http://ofenbernd.de/wp-login.php" "Mozilla/5.0 (Windows NT 10.0; Win64; x64) AppleWebKit/537.36 (KHTML, like Gecko) Chrome/123.0.0.0 Safari/537.36" PHP-Handler:plesk-php84-fpm Remoteport(vom Nginx):20452
172.71.247.92 - - [09/Aug/2026:06:17:31 +0200] "GET /s/camina-s19-retro/ HTTP/1.1" 200 35970 "-" "WP Rocket/Preload Mozilla/5.0 (iPhone; CPU iPhone OS 9_1 like Mac OS X) AppleWebKit/601.1.46 (KHTML, like Gecko) Version/9.0 Mobile/13B143 Safari/601.1" PHP-Handler:plesk-php84-fpm Remoteport(vom Nginx):13664
172.70.240.112 - - [09/Aug/2026:06:17:36 +0200] "POST /wp-cron.php?doing_wp_cron=1786249056.6391689777374267578125 HTTP/1.1" 200 461 "-" "b99PTJFlMP3b" PHP-Handler:plesk-php84-fpm Remoteport(vom Nginx):13784
172.69.150.177 - - [09/Aug/2026:06:17:36 +0200] "POST /wp-cron.php?doing_wp_cron=1786249056.7001891136169433593750 HTTP/1.1" 200 461 "-" "hTHVvBWWHdPc" PHP-Handler:plesk-php84-fpm Remoteport(vom Nginx):13788
172.71.214.151 - - [09/Aug/2026:06:17:34 +0200] "GET /wp-login.php?redirect_to=https%3A%2F%2Fofenbernd.de%2Fwp-admin%2Findex.php&reauth=1 HTTP/1.1" 200 5802 "http://ofenbernd.de/wp-login.php" "Mozilla/5.0 (Windows NT 10.0; Win64; x64) AppleWebKit/537.36 (KHTML, like Gecko) Chrome/123.0.0.0 Safari/537.36" PHP-Handler:plesk-php84-fpm Remoteport(vom Nginx):13702
172.70.247.164 - - [09/Aug/2026:06:17:33 +0200] "GET /s/speicheranlage/ HTTP/1.1" 200 37456 "-" "WP Rocket/Preload Mozilla/5.0 (iPhone; CPU iPhone OS 9_1 like Mac OS X) AppleWebKit/601.1.46 (KHTML, like Gecko) Version/9.0 Mobile/13B143 Safari/601.1" PHP-Handler:plesk-php84-fpm Remoteport(vom Nginx):13694
172.71.172.142 - - [09/Aug/2026:06:17:38 +0200] "POST /wp-cron.php?doing_wp_cron=1786249058.3984780311584472656250 HTTP/1.1" 200 461 "-" "wX01a95FjuXy" PHP-Handler:plesk-php84-fpm Remoteport(vom Nginx):13854
162.158.111.36 - - [09/Aug/2026:06:17:35 +0200] "GET /s/gemauert/ HTTP/1.1" 200 48613 "-" "WP Rocket/Preload" PHP-Handler:plesk-php84-fpm Remoteport(vom Nginx):13758
172.71.144.145 - - [09/Aug/2026:06:17:36 +0200] "GET /s/gemauert/ HTTP/1.1" 200 35918 "-" "WP Rocket/Preload Mozilla/5.0 (iPhone; CPU iPhone OS 9_1 like Mac OS X) AppleWebKit/601.1.46 (KHTML, like Gecko) Version/9.0 Mobile/13B143 Safari/601.1" PHP-Handler:plesk-php84-fpm Remoteport(vom Nginx):13772
172.68.211.196 - - [09/Aug/2026:06:17:37 +0200] "GET /wp-admin/index.php HTTP/1.1" 302 735 "http://ofenbernd.de/wp-login.php" "Mozilla/5.0 (Macintosh; Intel Mac OS X 11_2_3) AppleWebKit/537.36 (KHTML, like Gecko) Chrome/123.0.0.0 Safari/537.36" PHP-Handler:plesk-php84-fpm Remoteport(vom Nginx):13832
162.158.86.124 - - [09/Aug/2026:06:17:39 +0200] "GET /s/individuell/ HTTP/1.1" 200 47814 "-" "WP Rocket/Preload" PHP-Handler:plesk-php84-fpm Remoteport(vom Nginx):13868
172.71.148.65 - - [09/Aug/2026:06:17:15 +0200] "POST /wp-admin/admin-ajax.php?action=as_async_request_queue_runner&nonce=cb05d09946 HTTP/1.1" 200 754 "-" "Kl9C8Kl92b7l" PHP-Handler:plesk-php84-fpm Remoteport(vom Nginx):23516
172.71.214.151 - - [09/Aug/2026:06:17:40 +0200] "GET /wp-login.php?redirect_to=https%3A%2F%2Fofenbernd.de%2Fwp-admin%2Findex.php&reauth=1 HTTP/1.1" 200 5802 "http://ofenbernd.de/wp-login.php" "Mozilla/5.0 (Macintosh; Intel Mac OS X 11_2_3) AppleWebKit/537.36 (KHTML, like Gecko) Chrome/123.0.0.0 Safari/537.36" PHP-Handler:plesk-php84-fpm Remoteport(vom Nginx):13900
172.71.247.92 - - [09/Aug/2026:06:17:40 +0200] "GET /s/individuell/ HTTP/1.1" 200 35930 "-" "WP Rocket/Preload Mozilla/5.0 (iPhone; CPU iPhone OS 9_1 like Mac OS X) AppleWebKit/601.1.46 (KHTML, like Gecko) Version/9.0 Mobile/13B143 Safari/601.1" PHP-Handler:plesk-php84-fpm Remoteport(vom Nginx):13892
104.23.239.69 - - [09/Aug/2026:06:17:42 +0200] "GET /s/speicherofen-ecke/ HTTP/1.1" 200 48635 "-" "WP Rocket/Preload" PHP-Handler:plesk-php84-fpm Remoteport(vom Nginx):15516
172.68.211.196 - - [09/Aug/2026:06:17:44 +0200] "GET /wp-admin/index.php HTTP/1.1" 302 735 "http://ofenbernd.de/wp-login.php" "Mozilla/5.0 (Macintosh; Intel Mac OS X 10_15_7) AppleWebKit/537.36 (KHTML, like Gecko) Chrome/122.0.0.0 Safari/537.36" PHP-Handler:plesk-php84-fpm Remoteport(vom Nginx):15588
172.69.150.177 - - [09/Aug/2026:06:17:43 +0200] "GET /s/speicherofen-ecke/ HTTP/1.1" 200 35956 "-" "WP Rocket/Preload Mozilla/5.0 (iPhone; CPU iPhone OS 9_1 like Mac OS X) AppleWebKit/601.1.46 (KHTML, like Gecko) Version/9.0 Mobile/13B143 Safari/601.1" PHP-Handler:plesk-php84-fpm Remoteport(vom Nginx):15556
172.71.148.65 - - [09/Aug/2026:06:17:48 +0200] "GET /s/schmid-lina-tv-45-seitenwandstein/ HTTP/1.1" 200 50063 "-" "WP Rocket/Preload" PHP-Handler:plesk-php84-fpm Remoteport(vom Nginx):15714
172.70.243.6 - - [09/Aug/2026:06:17:48 +0200] "POST /wp-cron.php?doing_wp_cron=1786249068.4095420837402343750000 HTTP/1.1" 200 461 "-" "0TP7zT0R1zxr" PHP-Handler:plesk-php84-fpm Remoteport(vom Nginx):15726
162.158.86.124 - - [09/Aug/2026:06:17:45 +0200] "GET /s/3-seitig/ HTTP/1.1" 200 47811 "-" "WP Rocket/Preload" PHP-Handler:plesk-php84-fpm Remoteport(vom Nginx):15610
172.70.247.164 - - [09/Aug/2026:06:17:46 +0200] "GET /s/3-seitig/ HTTP/1.1" 200 35924 "-" "WP Rocket/Preload Mozilla/5.0 (iPhone; CPU iPhone OS 9_1 like Mac OS X) AppleWebKit/601.1.46 (KHTML, like Gecko) Version/9.0 Mobile/13B143 Safari/601.1" PHP-Handler:plesk-php84-fpm Remoteport(vom Nginx):15666
172.71.214.151 - - [09/Aug/2026:06:17:47 +0200] "GET /wp-login.php?redirect_to=https%3A%2F%2Fofenbernd.de%2Fwp-admin%2Findex.php&reauth=1 HTTP/1.1" 200 5802 "http://ofenbernd.de/wp-login.php" "Mozilla/5.0 (Macintosh; Intel Mac OS X 10_15_7) AppleWebKit/537.36 (KHTML, like Gecko) Chrome/122.0.0.0 Safari/537.36" PHP-Handler:plesk-php84-fpm Remoteport(vom Nginx):15686
172.71.247.92 - - [09/Aug/2026:06:17:48 +0200] "GET /s/schmid-lina-tv-45-seitenwandstein/ HTTP/1.1" 200 37583 "-" "WP Rocket/Preload Mozilla/5.0 (iPhone; CPU iPhone OS 9_1 like Mac OS X) AppleWebKit/601.1.46 (KHTML, like Gecko) Version/9.0 Mobile/13B143 Safari/601.1" PHP-Handler:plesk-php84-fpm Remoteport(vom Nginx):15740
172.71.144.145 - - [09/Aug/2026:06:17:50 +0200] "GET /s/zwei-seiten/ HTTP/1.1" 200 47823 "-" "WP Rocket/Preload" PHP-Handler:plesk-php84-fpm Remoteport(vom Nginx):15768
172.68.211.196 - - [09/Aug/2026:06:17:51 +0200] "GET /wp-admin/index.php HTTP/1.1" 302 735 "http://ofenbernd.de/wp-login.php" "Mozilla/5.0 (Macintosh; Intel Mac OS X 10_15_7) AppleWebKit/537.36 (KHTML, like Gecko) Chrome/123.0.0.0 Safari/537.36" PHP-Handler:plesk-php84-fpm Remoteport(vom Nginx):15810
172.70.243.6 - - [09/Aug/2026:06:17:54 +0200] "POST /wp-cron.php?doing_wp_cron=1786249074.9288110733032226562500 HTTP/1.1" 200 461 "-" "LZiaenNEY1iO" PHP-Handler:plesk-php84-fpm Remoteport(vom Nginx):16580
172.71.144.145 - - [09/Aug/2026:06:17:51 +0200] "GET /s/zwei-seiten/ HTTP/1.1" 200 35945 "-" "WP Rocket/Preload Mozilla/5.0 (iPhone; CPU iPhone OS 9_1 like Mac OS X) AppleWebKit/601.1.46 (KHTML, like Gecko) Version/9.0 Mobile/13B143 Safari/601.1" PHP-Handler:plesk-php84-fpm Remoteport(vom Nginx):16492
172.70.243.6 - - [09/Aug/2026:06:17:53 +0200] "GET /s/oranier-baltrum-4797-schamott-komplett/ HTTP/1.1" 200 50378 "-" "WP Rocket/Preload" PHP-Handler:plesk-php84-fpm Remoteport(vom Nginx):16542
172.71.214.151 - - [09/Aug/2026:06:17:54 +0200] "GET /wp-login.php?redirect_to=https%3A%2F%2Fofenbernd.de%2Fwp-admin%2Findex.php&reauth=1 HTTP/1.1" 200 5802 "http://ofenbernd.de/wp-login.php" "Mozilla/5.0 (Macintosh; Intel Mac OS X 10_15_7) AppleWebKit/537.36 (KHTML, like Gecko) Chrome/123.0.0.0 Safari/537.36" PHP-Handler:plesk-php84-fpm Remoteport(vom Nginx):16556
172.68.211.196 - - [09/Aug/2026:06:17:58 +0200] "GET /wp-admin/index.php HTTP/1.1" 302 735 "http://ofenbernd.de/wp-login.php" "Mozilla/5.0 (iPhone; CPU iPhone OS 16_4 like Mac OS X) AppleWebKit/537.36 (KHTML, like Gecko) Chrome/124.0.0.0 Safari/537.36" PHP-Handler:plesk-php84-fpm Remoteport(vom Nginx):16620
162.158.86.124 - - [09/Aug/2026:06:17:57 +0200] "GET /s/oranier-baltrum-4797-schamott-komplett/ HTTP/1.1" 200 37710 "-" "WP Rocket/Preload Mozilla/5.0 (iPhone; CPU iPhone OS 9_1 like Mac OS X) AppleWebKit/601.1.46 (KHTML, like Gecko) Version/9.0 Mobile/13B143 Safari/601.1" PHP-Handler:plesk-php84-fpm Remoteport(vom Nginx):16594
172.71.214.151 - - [09/Aug/2026:06:18:01 +0200] "GET /wp-login.php?redirect_to=https%3A%2F%2Fofenbernd.de%2Fwp-admin%2Findex.php&reauth=1 HTTP/1.1" 200 5802 "http://ofenbernd.de/wp-login.php" "Mozilla/5.0 (iPhone; CPU iPhone OS 16_4 like Mac OS X) AppleWebKit/537.36 (KHTML, like Gecko) Chrome/124.0.0.0 Safari/537.36" PHP-Handler:plesk-php84-fpm Remoteport(vom Nginx):19954
172.68.211.196 - - [09/Aug/2026:06:18:05 +0200] "GET /wp-admin/index.php HTTP/1.1" 302 735 "http://ofenbernd.de/wp-login.php" "Mozilla/5.0 (Windows NT 10.0; Win64; x64) AppleWebKit/537.36 (KHTML, like Gecko) Chrome/122.0.0.0 Safari/537.36 Edge/122.0.2365.92" PHP-Handler:plesk-php84-fpm Remoteport(vom Nginx):19998
172.69.224.138 - - [09/Aug/2026:06:18:06 +0200] "GET / HTTP/1.1" 301 618 "-" "Mozilla/5.0 (Windows NT 10.0; Win64; x64) AppleWebKit/537.36 (KHTML, like Gecko) Chrome/151.0.0.0 Safari/537.36" PHP-Handler: Remoteport(vom Nginx):20028
172.71.241.23 - - [09/Aug/2026:06:18:08 +0200] "GET / HTTP/1.1" 200 61837 "https://ofenbernd.de" "Mozilla/5.0 (Windows NT 10.0; Win64; x64) AppleWebKit/537.36 (KHTML, like Gecko) Chrome/151.0.0.0 Safari/537.36" PHP-Handler: Remoteport(vom Nginx):20106
172.69.224.138 - - [09/Aug/2026:06:18:08 +0200] "GET /webpack-stats.json HTTP/1.1" 301 663 "-" "Mozilla/5.0 (Windows NT 10.0; Win64; x64) AppleWebKit/537.36 (KHTML, like Gecko) Chrome/151.0.0.0 Safari/537.36" PHP-Handler:plesk-php84-fpm Remoteport(vom Nginx):20140
172.69.224.138 - - [09/Aug/2026:06:18:08 +0200] "GET /assets/manifest.json HTTP/1.1" 301 663 "-" "Mozilla/5.0 (Windows NT 10.0; Win64; x64) AppleWebKit/537.36 (KHTML, like Gecko) Chrome/151.0.0.0 Safari/537.36" PHP-Handler:plesk-php84-fpm Remoteport(vom Nginx):20110
172.69.224.138 - - [09/Aug/2026:06:18:08 +0200] "GET /wp-json HTTP/2.0" 444 0 "-" "meta-externalagent/1.1 (+https://developers.facebook.com/docs/sharing/webmasters/crawler)"
172.69.224.138 - - [09/Aug/2026:06:18:08 +0200] "GET /z9x8c7v6b5-debug-trigger-ofenbernd.de HTTP/2.0" 444 0 "-" "meta-externalagent/1.1 (+https://developers.facebook.com/docs/sharing/webmasters/crawler)"
172.69.224.138 - - [09/Aug/2026:06:18:08 +0200] "GET /.git/config HTTP/2.0" 444 0 "-" "meta-externalagent/1.1 (+https://developers.facebook.com/docs/sharing/webmasters/crawler)"
172.69.224.138 - - [09/Aug/2026:06:18:08 +0200] "GET /.aws/credentials HTTP/2.0" 444 0 "-" "meta-externalagent/1.1 (+https://developers.facebook.com/docs/sharing/webmasters/crawler)"
172.69.224.138 - - [09/Aug/2026:06:18:08 +0200] "GET /rclone.conf HTTP/2.0" 444 0 "-" "meta-externalagent/1.1 (+https://developers.facebook.com/docs/sharing/webmasters/crawler)"
172.69.224.138 - - [09/Aug/2026:06:18:08 +0200] "GET /.aws/config HTTP/2.0" 444 0 "-" "meta-externalagent/1.1 (+https://developers.facebook.com/docs/sharing/webmasters/crawler)"
172.69.224.138 - - [09/Aug/2026:06:18:08 +0200] "GET /.gitconfig HTTP/2.0" 444 0 "-" "meta-externalagent/1.1 (+https://developers.facebook.com/docs/sharing/webmasters/crawler)"
172.69.224.139 - - [09/Aug/2026:06:18:08 +0200] "GET /.github/workflows/deploy.yml HTTP/2.0" 444 0 "-" "meta-externalagent/1.1 (+https://developers.facebook.com/docs/sharing/webmasters/crawler)"
172.69.224.138 - - [09/Aug/2026:06:18:08 +0200] "GET /.git/HEAD HTTP/2.0" 444 0 "-" "meta-externalagent/1.1 (+https://developers.facebook.com/docs/sharing/webmasters/crawler)"
172.69.224.139 - - [09/Aug/2026:06:18:08 +0200] "GET /.git-credentials HTTP/2.0" 444 0 "-" "meta-externalagent/1.1 (+https://developers.facebook.com/docs/sharing/webmasters/crawler)"
172.69.224.139 - - [09/Aug/2026:06:18:08 +0200] "GET /.gitlab-ci.yml HTTP/2.0" 444 0 "-" "meta-externalagent/1.1 (+https://developers.facebook.com/docs/sharing/webmasters/crawler)"
172.69.224.138 - - [09/Aug/2026:06:18:08 +0200] "GET /.env.example HTTP/2.0" 444 0 "-" "meta-externalagent/1.1 (+https://developers.facebook.com/docs/sharing/webmasters/crawler)"
172.69.224.139 - - [09/Aug/2026:06:18:08 +0200] "GET /.env HTTP/2.0" 444 0 "-" "meta-externalagent/1.1 (+https://developers.facebook.com/docs/sharing/webmasters/crawler)"
172.69.224.138 - - [09/Aug/2026:06:18:08 +0200] "GET /.env.local HTTP/2.0" 444 0 "-" "meta-externalagent/1.1 (+https://developers.facebook.com/docs/sharing/webmasters/crawler)"
172.69.224.139 - - [09/Aug/2026:06:18:08 +0200] "GET /.env.backup HTTP/2.0" 444 0 "-" "meta-externalagent/1.1 (+https://developers.facebook.com/docs/sharing/webmasters/crawler)"
172.69.224.138 - - [09/Aug/2026:06:18:08 +0200] "GET /.env.production HTTP/2.0" 444 0 "-" "meta-externalagent/1.1 (+https://developers.facebook.com/docs/sharing/webmasters/crawler)"
172.69.224.139 - - [09/Aug/2026:06:18:08 +0200] "GET /.env.bak HTTP/2.0" 444 0 "-" "meta-externalagent/1.1 (+https://developers.facebook.com/docs/sharing/webmasters/crawler)"
172.69.224.138 - - [09/Aug/2026:06:18:08 +0200] "GET /api/.env HTTP/2.0" 444 0 "-" "meta-externalagent/1.1 (+https://developers.facebook.com/docs/sharing/webmasters/crawler)"
172.69.224.139 - - [09/Aug/2026:06:18:08 +0200] "GET /.env.old HTTP/2.0" 444 0 "-" "meta-externalagent/1.1 (+https://developers.facebook.com/docs/sharing/webmasters/crawler)"
172.69.224.138 - - [09/Aug/2026:06:18:08 +0200] "GET /admin/.env HTTP/2.0" 444 0 "-" "meta-externalagent/1.1 (+https://developers.facebook.com/docs/sharing/webmasters/crawler)"
172.69.224.139 - - [09/Aug/2026:06:18:09 +0200] "GET /config/.env HTTP/2.0" 444 0 "-" "meta-externalagent/1.1 (+https://developers.facebook.com/docs/sharing/webmasters/crawler)"
172.69.224.139 - - [09/Aug/2026:06:18:09 +0200] "GET /secrets.json HTTP/2.0" 444 0 "-" "meta-externalagent/1.1 (+https://developers.facebook.com/docs/sharing/webmasters/crawler)"
172.69.224.138 - - [09/Aug/2026:06:18:09 +0200] "GET /backend/.env HTTP/2.0" 444 0 "-" "meta-externalagent/1.1 (+https://developers.facebook.com/docs/sharing/webmasters/crawler)"
172.69.224.138 - - [09/Aug/2026:06:18:09 +0200] "GET /secrets.yml HTTP/2.0" 444 0 "-" "meta-externalagent/1.1 (+https://developers.facebook.com/docs/sharing/webmasters/crawler)"
172.69.224.139 - - [09/Aug/2026:06:18:09 +0200] "GET /credentials.json HTTP/2.0" 444 0 "-" "meta-externalagent/1.1 (+https://developers.facebook.com/docs/sharing/webmasters/crawler)"
172.69.224.139 - - [09/Aug/2026:06:18:09 +0200] "GET /service-account.json HTTP/2.0" 444 0 "-" "meta-externalagent/1.1 (+https://developers.facebook.com/docs/sharing/webmasters/crawler)"
172.69.224.139 - - [09/Aug/2026:06:18:09 +0200] "GET /key.json HTTP/2.0" 444 0 "-" "meta-externalagent/1.1 (+https://developers.facebook.com/docs/sharing/webmasters/crawler)"
172.69.224.138 - - [09/Aug/2026:06:18:09 +0200] "GET /serviceAccountKey.json HTTP/2.0" 444 0 "-" "meta-externalagent/1.1 (+https://developers.facebook.com/docs/sharing/webmasters/crawler)"
172.69.224.138 - - [09/Aug/2026:06:18:09 +0200] "GET /firebase-adminsdk.json HTTP/2.0" 444 0 "-" "meta-externalagent/1.1 (+https://developers.facebook.com/docs/sharing/webmasters/crawler)"
172.69.224.139 - - [09/Aug/2026:06:18:09 +0200] "GET /service_account.json HTTP/2.0" 444 0 "-" "meta-externalagent/1.1 (+https://developers.facebook.com/docs/sharing/webmasters/crawler)"
172.69.224.138 - - [09/Aug/2026:06:18:09 +0200] "GET /firebase-service-account.json HTTP/2.0" 444 0 "-" "meta-externalagent/1.1 (+https://developers.facebook.com/docs/sharing/webmasters/crawler)"
172.69.224.139 - - [09/Aug/2026:06:18:09 +0200] "GET /Dockerfile HTTP/2.0" 444 0 "-" "meta-externalagent/1.1 (+https://developers.facebook.com/docs/sharing/webmasters/crawler)"
172.69.224.138 - - [09/Aug/2026:06:18:09 +0200] "GET /.docker/config.json HTTP/2.0" 444 0 "-" "meta-externalagent/1.1 (+https://developers.facebook.com/docs/sharing/webmasters/crawler)"
172.69.224.138 - - [09/Aug/2026:06:18:09 +0200] "GET /.github/.env HTTP/2.0" 444 0 "-" "meta-externalagent/1.1 (+https://developers.facebook.com/docs/sharing/webmasters/crawler)"
172.69.224.139 - - [09/Aug/2026:06:18:09 +0200] "GET /.s3cfg HTTP/2.0" 444 0 "-" "meta-externalagent/1.1 (+https://developers.facebook.com/docs/sharing/webmasters/crawler)"
172.69.224.138 - - [09/Aug/2026:06:18:09 +0200] "GET /.boto HTTP/2.0" 444 0 "-" "meta-externalagent/1.1 (+https://developers.facebook.com/docs/sharing/webmasters/crawler)"
172.69.224.139 - - [09/Aug/2026:06:18:09 +0200] "GET /.htpasswd HTTP/2.0" 444 0 "-" "meta-externalagent/1.1 (+https://developers.facebook.com/docs/sharing/webmasters/crawler)"
172.69.224.138 - - [09/Aug/2026:06:18:09 +0200] "GET /.npmrc HTTP/2.0" 444 0 "-" "meta-externalagent/1.1 (+https://developers.facebook.com/docs/sharing/webmasters/crawler)"
172.69.224.139 - - [09/Aug/2026:06:18:09 +0200] "GET /.svn/entries HTTP/2.0" 444 0 "-" "meta-externalagent/1.1 (+https://developers.facebook.com/docs/sharing/webmasters/crawler)"
172.69.224.138 - - [09/Aug/2026:06:18:09 +0200] "GET /terraform.tfstate HTTP/2.0" 444 0 "-" "meta-externalagent/1.1 (+https://developers.facebook.com/docs/sharing/webmasters/crawler)"
172.69.224.139 - - [09/Aug/2026:06:18:09 +0200] "GET /docker-compose.yaml HTTP/2.0" 444 0 "-" "meta-externalagent/1.1 (+https://developers.facebook.com/docs/sharing/webmasters/crawler)"
172.69.224.138 - - [09/Aug/2026:06:18:09 +0200] "GET /.vscode/launch.json HTTP/2.0" 444 0 "-" "meta-externalagent/1.1 (+https://developers.facebook.com/docs/sharing/webmasters/crawler)"
172.69.224.139 - - [09/Aug/2026:06:18:09 +0200] "GET /.ssh/id_rsa HTTP/2.0" 444 0 "-" "meta-externalagent/1.1 (+https://developers.facebook.com/docs/sharing/webmasters/crawler)"
172.69.224.139 - - [09/Aug/2026:06:18:09 +0200] "GET /.ssh/id_ecdsa HTTP/2.0" 444 0 "-" "meta-externalagent/1.1 (+https://developers.facebook.com/docs/sharing/webmasters/crawler)"
172.69.224.138 - - [09/Aug/2026:06:18:09 +0200] "GET /.ssh/id_dsa HTTP/2.0" 444 0 "-" "meta-externalagent/1.1 (+https://developers.facebook.com/docs/sharing/webmasters/crawler)"
172.69.224.139 - - [09/Aug/2026:06:18:09 +0200] "GET /.ssh/id_ed25519 HTTP/2.0" 444 0 "-" "meta-externalagent/1.1 (+https://developers.facebook.com/docs/sharing/webmasters/crawler)"
172.69.224.138 - - [09/Aug/2026:06:18:09 +0200] "GET /.ssh/config HTTP/2.0" 444 0 "-" "meta-externalagent/1.1 (+https://developers.facebook.com/docs/sharing/webmasters/crawler)"
172.69.224.138 - - [09/Aug/2026:06:18:09 +0200] "GET /.ssh/authorized_keys HTTP/2.0" 444 0 "-" "meta-externalagent/1.1 (+https://developers.facebook.com/docs/sharing/webmasters/crawler)"
172.69.224.139 - - [09/Aug/2026:06:18:09 +0200] "GET /.ssh/known_hosts HTTP/2.0" 444 0 "-" "meta-externalagent/1.1 (+https://developers.facebook.com/docs/sharing/webmasters/crawler)"
172.69.224.139 - - [09/Aug/2026:06:18:09 +0200] "GET /id_dsa HTTP/2.0" 444 0 "-" "meta-externalagent/1.1 (+https://developers.facebook.com/docs/sharing/webmasters/crawler)"
172.69.224.138 - - [09/Aug/2026:06:18:09 +0200] "GET /id_ecdsa HTTP/2.0" 444 0 "-" "meta-externalagent/1.1 (+https://developers.facebook.com/docs/sharing/webmasters/crawler)"
172.69.224.139 - - [09/Aug/2026:06:18:09 +0200] "GET /id_rsa HTTP/2.0" 444 0 "-" "meta-externalagent/1.1 (+https://developers.facebook.com/docs/sharing/webmasters/crawler)"
172.69.224.138 - - [09/Aug/2026:06:18:09 +0200] "GET /id_ed25519 HTTP/2.0" 444 0 "-" "meta-externalagent/1.1 (+https://developers.facebook.com/docs/sharing/webmasters/crawler)"
172.69.224.139 - - [09/Aug/2026:06:18:09 +0200] "GET /server.key HTTP/2.0" 444 0 "-" "meta-externalagent/1.1 (+https://developers.facebook.com/docs/sharing/webmasters/crawler)"
172.69.224.139 - - [09/Aug/2026:06:18:09 +0200] "GET /key.pem HTTP/2.0" 444 0 "-" "meta-externalagent/1.1 (+https://developers.facebook.com/docs/sharing/webmasters/crawler)"
172.69.224.138 - - [09/Aug/2026:06:18:09 +0200] "GET /privatekey.key HTTP/2.0" 444 0 "-" "meta-externalagent/1.1 (+https://developers.facebook.com/docs/sharing/webmasters/crawler)"
172.69.224.139 - - [09/Aug/2026:06:18:09 +0200] "GET /localhost.key HTTP/2.0" 444 0 "-" "meta-externalagent/1.1 (+https://developers.facebook.com/docs/sharing/webmasters/crawler)"
172.69.224.138 - - [09/Aug/2026:06:18:09 +0200] "GET /private-key HTTP/2.0" 444 0 "-" "meta-externalagent/1.1 (+https://developers.facebook.com/docs/sharing/webmasters/crawler)"
172.69.224.138 - - [09/Aug/2026:06:18:09 +0200] "GET /host.key HTTP/2.0" 444 0 "-" "meta-externalagent/1.1 (+https://developers.facebook.com/docs/sharing/webmasters/crawler)"
172.69.224.139 - - [09/Aug/2026:06:18:09 +0200] "GET /.openclaw/openclaw.json HTTP/2.0" 444 0 "-" "meta-externalagent/1.1 (+https://developers.facebook.com/docs/sharing/webmasters/crawler)"
172.69.224.139 - - [09/Aug/2026:06:18:09 +0200] "GET /ssl/server.key HTTP/2.0" 444 0 "-" "meta-externalagent/1.1 (+https://developers.facebook.com/docs/sharing/webmasters/crawler)"
172.69.224.138 - - [09/Aug/2026:06:18:09 +0200] "GET /.openclaw/.env HTTP/2.0" 444 0 "-" "meta-externalagent/1.1 (+https://developers.facebook.com/docs/sharing/webmasters/crawler)"
172.69.224.139 - - [09/Aug/2026:06:18:09 +0200] "GET /ssl/localhost.key HTTP/2.0" 444 0 "-" "meta-externalagent/1.1 (+https://developers.facebook.com/docs/sharing/webmasters/crawler)"
172.69.224.139 - - [09/Aug/2026:06:18:09 +0200] "GET /.cursor/mcp.json HTTP/2.0" 444 0 "-" "meta-externalagent/1.1 (+https://developers.facebook.com/docs/sharing/webmasters/crawler)"
172.69.224.139 - - [09/Aug/2026:06:18:09 +0200] "GET /.continue/config.json HTTP/2.0" 444 0 "-" "meta-externalagent/1.1 (+https://developers.facebook.com/docs/sharing/webmasters/crawler)"
172.69.224.138 - - [09/Aug/2026:06:18:09 +0200] "GET /.aider.conf.yml HTTP/2.0" 444 0 "-" "meta-externalagent/1.1 (+https://developers.facebook.com/docs/sharing/webmasters/crawler)"
172.69.224.138 - - [09/Aug/2026:06:18:09 +0200] "GET /.hermes/.env HTTP/2.0" 444 0 "-" "meta-externalagent/1.1 (+https://developers.facebook.com/docs/sharing/webmasters/crawler)"
172.69.224.139 - - [09/Aug/2026:06:18:09 +0200] "GET /.codex/config.toml HTTP/2.0" 444 0 "-" "meta-externalagent/1.1 (+https://developers.facebook.com/docs/sharing/webmasters/crawler)"
172.69.224.138 - - [09/Aug/2026:06:18:09 +0200] "GET /.config/anthropic/credentials/default.json HTTP/2.0" 444 0 "-" "meta-externalagent/1.1 (+https://developers.facebook.com/docs/sharing/webmasters/crawler)"
172.69.224.139 - - [09/Aug/2026:06:18:09 +0200] "GET /.hermes/config.yaml HTTP/2.0" 444 0 "-" "meta-externalagent/1.1 (+https://developers.facebook.com/docs/sharing/webmasters/crawler)"
172.69.224.138 - - [09/Aug/2026:06:18:09 +0200] "GET /.hermes/auth.json HTTP/2.0" 444 0 "-" "meta-externalagent/1.1 (+https://developers.facebook.com/docs/sharing/webmasters/crawler)"
172.69.224.139 - - [09/Aug/2026:06:18:09 +0200] "GET /.claude.json HTTP/2.0" 444 0 "-" "meta-externalagent/1.1 (+https://developers.facebook.com/docs/sharing/webmasters/crawler)"
172.69.224.138 - - [09/Aug/2026:06:18:09 +0200] "GET /.claude/settings.json HTTP/2.0" 444 0 "-" "meta-externalagent/1.1 (+https://developers.facebook.com/docs/sharing/webmasters/crawler)"
172.69.224.139 - - [09/Aug/2026:06:18:09 +0200] "GET /.profile HTTP/2.0" 444 0 "-" "meta-externalagent/1.1 (+https://developers.facebook.com/docs/sharing/webmasters/crawler)"
172.69.224.138 - - [09/Aug/2026:06:18:09 +0200] "GET /.mcp.json HTTP/2.0" 444 0 "-" "meta-externalagent/1.1 (+https://developers.facebook.com/docs/sharing/webmasters/crawler)"
172.69.224.139 - - [09/Aug/2026:06:18:09 +0200] "GET /.bashrc HTTP/2.0" 444 0 "-" "meta-externalagent/1.1 (+https://developers.facebook.com/docs/sharing/webmasters/crawler)"
172.69.224.138 - - [09/Aug/2026:06:18:09 +0200] "GET /.zshrc HTTP/2.0" 444 0 "-" "meta-externalagent/1.1 (+https://developers.facebook.com/docs/sharing/webmasters/crawler)"
172.69.224.139 - - [09/Aug/2026:06:18:09 +0200] "GET /.bash_profile HTTP/2.0" 444 0 "-" "meta-externalagent/1.1 (+https://developers.facebook.com/docs/sharing/webmasters/crawler)"
172.69.224.139 - - [09/Aug/2026:06:18:09 +0200] "GET /laravel/.env HTTP/2.0" 444 0 "-" "meta-externalagent/1.1 (+https://developers.facebook.com/docs/sharing/webmasters/crawler)"
172.69.224.138 - - [09/Aug/2026:06:18:09 +0200] "GET /storage/logs/laravel.log HTTP/2.0" 444 0 "-" "meta-externalagent/1.1 (+https://developers.facebook.com/docs/sharing/webmasters/crawler)"
172.69.224.139 - - [09/Aug/2026:06:18:09 +0200] "GET /core/.env HTTP/2.0" 444 0 "-" "meta-externalagent/1.1 (+https://developers.facebook.com/docs/sharing/webmasters/crawler)"
172.69.224.138 - - [09/Aug/2026:06:18:09 +0200] "GET /config/.env.php HTTP/2.0" 444 0 "-" "meta-externalagent/1.1 (+https://developers.facebook.com/docs/sharing/webmasters/crawler)"
172.69.224.138 - - [09/Aug/2026:06:18:09 +0200] "GET /.env.php.bak HTTP/2.0" 444 0 "-" "meta-externalagent/1.1 (+https://developers.facebook.com/docs/sharing/webmasters/crawler)"
172.69.224.139 - - [09/Aug/2026:06:18:09 +0200] "GET /auth.json HTTP/2.0" 444 0 "-" "meta-externalagent/1.1 (+https://developers.facebook.com/docs/sharing/webmasters/crawler)"
172.69.224.139 - - [09/Aug/2026:06:18:09 +0200] "GET /config.php.bak HTTP/2.0" 444 0 "-" "meta-externalagent/1.1 (+https://developers.facebook.com/docs/sharing/webmasters/crawler)"
172.69.224.138 - - [09/Aug/2026:06:18:09 +0200] "GET /.env.swp HTTP/2.0" 444 0 "-" "meta-externalagent/1.1 (+https://developers.facebook.com/docs/sharing/webmasters/crawler)"
172.69.224.139 - - [09/Aug/2026:06:18:09 +0200] "GET /.env.dev HTTP/2.0" 444 0 "-" "meta-externalagent/1.1 (+https://developers.facebook.com/docs/sharing/webmasters/crawler)"
172.69.224.138 - - [09/Aug/2026:06:18:09 +0200] "GET /configuration.php.bak HTTP/2.0" 444 0 "-" "meta-externalagent/1.1 (+https://developers.facebook.com/docs/sharing/webmasters/crawler)"
172.69.224.139 - - [09/Aug/2026:06:18:09 +0200] "GET /values.yaml HTTP/2.0" 444 0 "-" "meta-externalagent/1.1 (+https://developers.facebook.com/docs/sharing/webmasters/crawler)"
172.69.224.138 - - [09/Aug/2026:06:18:09 +0200] "GET /web/.env HTTP/2.0" 444 0 "-" "meta-externalagent/1.1 (+https://developers.facebook.com/docs/sharing/webmasters/crawler)"
172.69.224.139 - - [09/Aug/2026:06:18:09 +0200] "GET /public/.env HTTP/2.0" 444 0 "-" "meta-externalagent/1.1 (+https://developers.facebook.com/docs/sharing/webmasters/crawler)"
172.69.224.138 - - [09/Aug/2026:06:18:09 +0200] "GET /__/firebase/init.json HTTP/2.0" 444 0 "-" "meta-externalagent/1.1 (+https://developers.facebook.com/docs/sharing/webmasters/crawler)"
172.69.224.139 - - [09/Aug/2026:06:18:09 +0200] "GET /config.json HTTP/2.0" 444 0 "-" "meta-externalagent/1.1 (+https://developers.facebook.com/docs/sharing/webmasters/crawler)"
172.69.224.138 - - [09/Aug/2026:06:18:09 +0200] "GET /api/v1/settings HTTP/2.0" 444 0 "-" "meta-externalagent/1.1 (+https://developers.facebook.com/docs/sharing/webmasters/crawler)"
172.69.224.138 - - [09/Aug/2026:06:18:09 +0200] "GET /api/config HTTP/2.0" 444 0 "-" "meta-externalagent/1.1 (+https://developers.facebook.com/docs/sharing/webmasters/crawler)"
172.69.224.139 - - [09/Aug/2026:06:18:09 +0200] "GET /api/settings HTTP/2.0" 444 0 "-" "meta-externalagent/1.1 (+https://developers.facebook.com/docs/sharing/webmasters/crawler)"
172.70.248.149 - - [09/Aug/2026:06:18:09 +0200] "GET /config.js HTTP/2.0" 444 0 "-" "meta-externalagent/1.1 (+https://developers.facebook.com/docs/sharing/webmasters/crawler)"
172.69.224.138 - - [09/Aug/2026:06:18:09 +0200] "GET /settings.json HTTP/2.0" 444 0 "-" "meta-externalagent/1.1 (+https://developers.facebook.com/docs/sharing/webmasters/crawler)"
172.69.224.139 - - [09/Aug/2026:06:18:09 +0200] "GET /firebase-config.json HTTP/2.0" 444 0 "-" "meta-externalagent/1.1 (+https://developers.facebook.com/docs/sharing/webmasters/crawler)"
172.69.224.139 - - [09/Aug/2026:06:18:09 +0200] "GET /env.json HTTP/2.0" 444 0 "-" "meta-externalagent/1.1 (+https://developers.facebook.com/docs/sharing/webmasters/crawler)"
172.69.224.138 - - [09/Aug/2026:06:18:09 +0200] "GET /.well-known/jwks.json HTTP/2.0" 444 0 "-" "meta-externalagent/1.1 (+https://developers.facebook.com/docs/sharing/webmasters/crawler)"
172.71.144.25 - - [09/Aug/2026:06:18:09 +0200] "GET /env.js HTTP/2.0" 444 0 "-" "meta-externalagent/1.1 (+https://developers.facebook.com/docs/sharing/webmasters/crawler)"
172.69.224.139 - - [09/Aug/2026:06:18:09 +0200] "GET /api/v1/config HTTP/2.0" 444 0 "-" "meta-externalagent/1.1 (+https://developers.facebook.com/docs/sharing/webmasters/crawler)"
172.69.224.138 - - [09/Aug/2026:06:18:09 +0200] "GET /api/v2/config HTTP/2.0" 444 0 "-" "meta-externalagent/1.1 (+https://developers.facebook.com/docs/sharing/webmasters/crawler)"
172.69.224.139 - - [09/Aug/2026:06:18:09 +0200] "GET /api/env HTTP/2.0" 444 0 "-" "meta-externalagent/1.1 (+https://developers.facebook.com/docs/sharing/webmasters/crawler)"
172.69.224.139 - - [09/Aug/2026:06:18:09 +0200] "GET /openapi.json HTTP/2.0" 444 0 "-" "meta-externalagent/1.1 (+https://developers.facebook.com/docs/sharing/webmasters/crawler)"
172.69.224.138 - - [09/Aug/2026:06:18:09 +0200] "GET /manifest.webmanifest HTTP/2.0" 444 0 "-" "meta-externalagent/1.1 (+https://developers.facebook.com/docs/sharing/webmasters/crawler)"
172.69.224.139 - - [09/Aug/2026:06:18:09 +0200] "GET /api/v2/settings HTTP/2.0" 444 0 "-" "meta-externalagent/1.1 (+https://developers.facebook.com/docs/sharing/webmasters/crawler)"
172.69.224.138 - - [09/Aug/2026:06:18:09 +0200] "GET /api/health HTTP/2.0" 444 0 "-" "meta-externalagent/1.1 (+https://developers.facebook.com/docs/sharing/webmasters/crawler)"
172.69.224.138 - - [09/Aug/2026:06:18:09 +0200] "GET /api/openapi.json HTTP/2.0" 444 0 "-" "meta-externalagent/1.1 (+https://developers.facebook.com/docs/sharing/webmasters/crawler)"
104.23.239.45 - - [09/Aug/2026:06:18:09 +0200] "GET /runtime-config.js HTTP/2.0" 444 0 "-" "meta-externalagent/1.1 (+https://developers.facebook.com/docs/sharing/webmasters/crawler)"
172.70.248.79 - - [09/Aug/2026:06:18:11 +0200] "POST /wp-cron.php?doing_wp_cron=1786249091.0638411045074462890625 HTTP/1.1" 200 461 "-" "fLWDFjtuJ6Tw" PHP-Handler:plesk-php84-fpm Remoteport(vom Nginx):20264
172.69.224.138 - - [09/Aug/2026:06:18:08 +0200] "GET /manifest.json HTTP/1.1" 301 663 "-" "Mozilla/5.0 (Windows NT 10.0; Win64; x64) AppleWebKit/537.36 (KHTML, like Gecko) Chrome/151.0.0.0 Safari/537.36" PHP-Handler:plesk-php84-fpm Remoteport(vom Nginx):20158
172.71.241.23 - - [09/Aug/2026:06:18:11 +0200] "GET / HTTP/1.1" 200 61837 "https://ofenbernd.de/webpack-stats.json" "Mozilla/5.0 (Windows NT 10.0; Win64; x64) AppleWebKit/537.36 (KHTML, like Gecko) Chrome/151.0.0.0 Safari/537.36" PHP-Handler: Remoteport(vom Nginx):20276
172.71.241.23 - - [09/Aug/2026:06:18:11 +0200] "GET / HTTP/1.1" 200 61837 "https://ofenbernd.de/assets/manifest.json" "Mozilla/5.0 (Windows NT 10.0; Win64; x64) AppleWebKit/537.36 (KHTML, like Gecko) Chrome/151.0.0.0 Safari/537.36" PHP-Handler: Remoteport(vom Nginx):20286
172.71.241.23 - - [09/Aug/2026:06:18:11 +0200] "GET / HTTP/1.1" 200 61837 "https://ofenbernd.de/manifest.json" "Mozilla/5.0 (Windows NT 10.0; Win64; x64) AppleWebKit/537.36 (KHTML, like Gecko) Chrome/151.0.0.0 Safari/537.36" PHP-Handler: Remoteport(vom Nginx):20300
172.69.224.138 - - [09/Aug/2026:06:18:08 +0200] "POST /graphql HTTP/1.1" 301 663 "https://ofenbernd.de" "Mozilla/5.0 (Windows NT 10.0; Win64; x64) AppleWebKit/537.36 (KHTML, like Gecko) Chrome/151.0.0.0 Safari/537.36" PHP-Handler:plesk-php84-fpm Remoteport(vom Nginx):20164
172.71.214.151 - - [09/Aug/2026:06:18:08 +0200] "GET /wp-login.php?redirect_to=https%3A%2F%2Fofenbernd.de%2Fwp-admin%2Findex.php&reauth=1 HTTP/1.1" 200 5802 "http://ofenbernd.de/wp-login.php" "Mozilla/5.0 (Windows NT 10.0; Win64; x64) AppleWebKit/537.36 (KHTML, like Gecko) Chrome/122.0.0.0 Safari/537.36 Edge/122.0.2365.92" PHP-Handler:plesk-php84-fpm Remoteport(vom Nginx):20090
172.69.224.139 - - [09/Aug/2026:06:18:08 +0200] "GET /asset-manifest.json HTTP/1.1" 301 663 "-" "Mozilla/5.0 (Windows NT 10.0; Win64; x64) AppleWebKit/537.36 (KHTML, like Gecko) Chrome/151.0.0.0 Safari/537.36" PHP-Handler:plesk-php84-fpm Remoteport(vom Nginx):20172
172.69.224.138 - - [09/Aug/2026:06:18:08 +0200] "GET /static/manifest.json HTTP/1.1" 301 663 "-" "Mozilla/5.0 (Windows NT 10.0; Win64; x64) AppleWebKit/537.36 (KHTML, like Gecko) Chrome/151.0.0.0 Safari/537.36" PHP-Handler:plesk-php84-fpm Remoteport(vom Nginx):20144
172.69.224.138 - - [09/Aug/2026:06:18:08 +0200] "GET /dist/manifest.json HTTP/1.1" 301 663 "-" "Mozilla/5.0 (Windows NT 10.0; Win64; x64) AppleWebKit/537.36 (KHTML, like Gecko) Chrome/151.0.0.0 Safari/537.36" PHP-Handler:plesk-php84-fpm Remoteport(vom Nginx):20124
172.71.241.23 - - [09/Aug/2026:06:18:11 +0200] "GET / HTTP/1.1" 200 61837 "https://ofenbernd.de" "Mozilla/5.0 (Windows NT 10.0; Win64; x64) AppleWebKit/537.36 (KHTML, like Gecko) Chrome/151.0.0.0 Safari/537.36" PHP-Handler: Remoteport(vom Nginx):21674
