172.71.172.142 - - [09/Aug/2026:06:13:36 +0200] "GET /p/schmid-sh-11-g-seitensteine-paket-4-x-67-2010-2257/ HTTP/1.1" 200 47328 "-" "WP Rocket/Preload Mozilla/5.0 (iPhone; CPU iPhone OS 9_1 like Mac OS X) AppleWebKit/601.1.46 (KHTML, like Gecko) Version/9.0 Mobile/13B143 Safari/601.1" PHP-Handler:plesk-php84-fpm Remoteport(vom Nginx):64446
172.71.144.144 - - [09/Aug/2026:06:13:38 +0200] "GET /s/olsberg-tolima-aqua-compact-rueckwandstein/ HTTP/1.1" 200 49635 "-" "WP Rocket/Preload" PHP-Handler:plesk-php84-fpm Remoteport(vom Nginx):64516
172.71.214.151 - - [09/Aug/2026:06:13:39 +0200] "GET /wp-login.php?redirect_to=https%3A%2F%2Fofenbernd.de%2Fwp-admin%2Findex.php&reauth=1 HTTP/1.1" 200 5802 "http://ofenbernd.de/wp-login.php" "Mozilla/5.0 (Windows NT 10.0; Win64; x64) AppleWebKit/537.36 (KHTML, like Gecko) Chrome/123.0.0.0 Safari/537.36 Edge/123.0.2420.65" PHP-Handler:plesk-php84-fpm Remoteport(vom Nginx):64580
162.158.86.124 - - [09/Aug/2026:06:13:39 +0200] "GET /s/olsberg-tolima-aqua-compact-rueckwandstein/ HTTP/1.1" 200 37741 "-" "WP Rocket/Preload Mozilla/5.0 (iPhone; CPU iPhone OS 9_1 like Mac OS X) AppleWebKit/601.1.46 (KHTML, like Gecko) Version/9.0 Mobile/13B143 Safari/601.1" PHP-Handler:plesk-php84-fpm Remoteport(vom Nginx):64564
172.71.247.92 - - [09/Aug/2026:06:13:41 +0200] "GET /p/olsberg-format-9-rostlager-21-4101-0012/ HTTP/1.1" 200 60209 "-" "WP Rocket/Preload" PHP-Handler:plesk-php84-fpm Remoteport(vom Nginx):64610
172.70.240.112 - - [09/Aug/2026:06:13:42 +0200] "GET /p/olsberg-format-9-rostlager-21-4101-0012/ HTTP/1.1" 200 47454 "-" "WP Rocket/Preload Mozilla/5.0 (iPhone; CPU iPhone OS 9_1 like Mac OS X) AppleWebKit/601.1.46 (KHTML, like Gecko) Version/9.0 Mobile/13B143 Safari/601.1" PHP-Handler:plesk-php84-fpm Remoteport(vom Nginx):41828
172.68.211.196 - - [09/Aug/2026:06:13:43 +0200] "GET /wp-admin/index.php HTTP/1.1" 302 735 "http://ofenbernd.de/wp-login.php" "Mozilla/5.0 (iPhone; CPU iPhone OS 16_4 like Mac OS X) AppleWebKit/537.36 (KHTML, like Gecko) Chrome/124.0.0.0 Safari/537.36" PHP-Handler:plesk-php84-fpm Remoteport(vom Nginx):41852
172.70.248.78 - - [09/Aug/2026:06:13:47 +0200] "POST /wp-cron.php?doing_wp_cron=1786248827.5776870250701904296875 HTTP/1.1" 200 461 "-" "to0t1miedVfR" PHP-Handler:plesk-php84-fpm Remoteport(vom Nginx):41982
172.71.144.144 - - [09/Aug/2026:06:13:44 +0200] "GET /s/olsberg-tolima-aqua-compact-ersatzteile/ HTTP/1.1" 200 50241 "-" "WP Rocket/Preload" PHP-Handler:plesk-php84-fpm Remoteport(vom Nginx):41874
172.71.247.92 - - [09/Aug/2026:06:13:45 +0200] "GET /s/olsberg-tolima-aqua-compact-ersatzteile/ HTTP/1.1" 200 37623 "-" "WP Rocket/Preload Mozilla/5.0 (iPhone; CPU iPhone OS 9_1 like Mac OS X) AppleWebKit/601.1.46 (KHTML, like Gecko) Version/9.0 Mobile/13B143 Safari/601.1" PHP-Handler:plesk-php84-fpm Remoteport(vom Nginx):41950
172.71.214.151 - - [09/Aug/2026:06:13:47 +0200] "GET /wp-login.php?redirect_to=https%3A%2F%2Fofenbernd.de%2Fwp-admin%2Findex.php&reauth=1 HTTP/1.1" 200 5802 "http://ofenbernd.de/wp-login.php" "Mozilla/5.0 (iPhone; CPU iPhone OS 16_4 like Mac OS X) AppleWebKit/537.36 (KHTML, like Gecko) Chrome/124.0.0.0 Safari/537.36" PHP-Handler:plesk-php84-fpm Remoteport(vom Nginx):41974
172.71.247.92 - - [09/Aug/2026:06:13:24 +0200] "POST /wp-admin/admin-ajax.php?action=as_async_request_queue_runner&nonce=cb05d09946 HTTP/1.1" 200 754 "-" "7wADPRKXLNJ2" PHP-Handler:plesk-php84-fpm Remoteport(vom Nginx):50182
172.68.211.196 - - [09/Aug/2026:06:13:51 +0200] "GET /wp-admin/index.php HTTP/1.1" 302 735 "http://ofenbernd.de/wp-login.php" "Mozilla/5.0 (Macintosh; Intel Mac OS X 11_2_3) AppleWebKit/537.36 (KHTML, like Gecko) Chrome/122.0.0.0 Safari/537.36" PHP-Handler:plesk-php84-fpm Remoteport(vom Nginx):42078
172.71.172.142 - - [09/Aug/2026:06:13:49 +0200] "GET /s/olsberg-tolima-aqua-compact-seitenstein/ HTTP/1.1" 200 50248 "-" "WP Rocket/Preload" PHP-Handler:plesk-php84-fpm Remoteport(vom Nginx):42034
172.70.248.78 - - [09/Aug/2026:06:13:51 +0200] "GET /s/olsberg-tolima-aqua-compact-seitenstein/ HTTP/1.1" 200 37609 "-" "WP Rocket/Preload Mozilla/5.0 (iPhone; CPU iPhone OS 9_1 like Mac OS X) AppleWebKit/601.1.46 (KHTML, like Gecko) Version/9.0 Mobile/13B143 Safari/601.1" PHP-Handler:plesk-php84-fpm Remoteport(vom Nginx):42102
104.23.239.58 - - [09/Aug/2026:06:13:55 +0200] "GET /wp-content/uploads/2015/03/oranier_polar_6_eck_arktis_6_serie_1_turdichtung_kamindichtung.jpg HTTP/1.1" 200 603 "-" "Photon/1.0" PHP-Handler: Remoteport(vom Nginx):58244
172.71.144.144 - - [09/Aug/2026:06:13:52 +0200] "GET /tag/kernbohrungen-fuer-pelletoefen/ HTTP/1.1" 200 38215 "-" "WP Rocket/Preload" PHP-Handler:plesk-php84-fpm Remoteport(vom Nginx):57946
172.71.214.151 - - [09/Aug/2026:06:13:54 +0200] "GET /wp-login.php?redirect_to=https%3A%2F%2Fofenbernd.de%2Fwp-admin%2Findex.php&reauth=1 HTTP/1.1" 200 5802 "http://ofenbernd.de/wp-login.php" "Mozilla/5.0 (Macintosh; Intel Mac OS X 11_2_3) AppleWebKit/537.36 (KHTML, like Gecko) Chrome/122.0.0.0 Safari/537.36" PHP-Handler:plesk-php84-fpm Remoteport(vom Nginx):58000
172.69.150.177 - - [09/Aug/2026:06:13:54 +0200] "GET /tag/kernbohrungen-fuer-pelletoefen/ HTTP/1.1" 200 28102 "-" "WP Rocket/Preload Mozilla/5.0 (iPhone; CPU iPhone OS 9_1 like Mac OS X) AppleWebKit/601.1.46 (KHTML, like Gecko) Version/9.0 Mobile/13B143 Safari/601.1" PHP-Handler:plesk-php84-fpm Remoteport(vom Nginx):58022
172.70.247.163 - - [09/Aug/2026:06:13:55 +0200] "GET /tag/cubo-s/ HTTP/1.1" 200 38125 "-" "WP Rocket/Preload" PHP-Handler:plesk-php84-fpm Remoteport(vom Nginx):58258
104.23.239.58 - - [09/Aug/2026:06:13:55 +0200] "GET /wp-content/uploads/2015/03/oranier_polar_6_eck_arktis_6_serie_1_turdichtung_kamindichtung.jpg HTTP/2.0" 200 94942 "-" "Photon/1.0"
172.71.148.65 - - [09/Aug/2026:06:13:57 +0200] "GET /tag/cubo-s/ HTTP/1.1" 200 28027 "-" "WP Rocket/Preload Mozilla/5.0 (iPhone; CPU iPhone OS 9_1 like Mac OS X) AppleWebKit/601.1.46 (KHTML, like Gecko) Version/9.0 Mobile/13B143 Safari/601.1" PHP-Handler:plesk-php84-fpm Remoteport(vom Nginx):58346
172.68.211.196 - - [09/Aug/2026:06:13:58 +0200] "GET /wp-admin/index.php HTTP/1.1" 302 735 "http://ofenbernd.de/wp-login.php" "Mozilla/5.0 (Macintosh; Intel Mac OS X 11_2_3; rv:123.0) Gecko/20100101 Firefox/123.0" PHP-Handler:plesk-php84-fpm Remoteport(vom Nginx):58490
172.70.243.5 - - [09/Aug/2026:06:13:58 +0200] "GET /s/olsberg-format-9-stehplattenrahmen/ HTTP/1.1" 200 50345 "-" "WP Rocket/Preload" PHP-Handler:plesk-php84-fpm Remoteport(vom Nginx):58516
172.71.166.251 - - [09/Aug/2026:06:14:03 +0200] "GET /p/spartherm-passo-xs-seitenstein-set/ HTTP/1.1" 200 60970 "-" "Mozilla/5.0 (compatible; Googlebot/2.1; +http://www.google.com/bot.html)" PHP-Handler:plesk-php84-fpm Remoteport(vom Nginx):58830
172.71.148.65 - - [09/Aug/2026:06:14:00 +0200] "GET /s/olsberg-format-9-stehplattenrahmen/ HTTP/1.1" 200 37691 "-" "WP Rocket/Preload Mozilla/5.0 (iPhone; CPU iPhone OS 9_1 like Mac OS X) AppleWebKit/601.1.46 (KHTML, like Gecko) Version/9.0 Mobile/13B143 Safari/601.1" PHP-Handler:plesk-php84-fpm Remoteport(vom Nginx):58618
172.71.214.151 - - [09/Aug/2026:06:14:01 +0200] "GET /wp-login.php?redirect_to=https%3A%2F%2Fofenbernd.de%2Fwp-admin%2Findex.php&reauth=1 HTTP/1.1" 200 5802 "http://ofenbernd.de/wp-login.php" "Mozilla/5.0 (Macintosh; Intel Mac OS X 11_2_3; rv:123.0) Gecko/20100101 Firefox/123.0" PHP-Handler:plesk-php84-fpm Remoteport(vom Nginx):58762
172.71.172.142 - - [09/Aug/2026:06:14:01 +0200] "GET /s/oranier-corner-7-schamotte-auskleidung/ HTTP/1.1" 200 49799 "-" "WP Rocket/Preload" PHP-Handler:plesk-php84-fpm Remoteport(vom Nginx):58756
172.70.243.5 - - [09/Aug/2026:06:14:03 +0200] "GET /s/oranier-corner-7-schamotte-auskleidung/ HTTP/1.1" 200 37754 "-" "WP Rocket/Preload Mozilla/5.0 (iPhone; CPU iPhone OS 9_1 like Mac OS X) AppleWebKit/601.1.46 (KHTML, like Gecko) Version/9.0 Mobile/13B143 Safari/601.1" PHP-Handler:plesk-php84-fpm Remoteport(vom Nginx):58804
172.71.164.207 - - [09/Aug/2026:06:14:04 +0200] "GET /s/glasscheibe-dovre-t-2000/ HTTP/1.1" 200 48688 "-" "WP Rocket/Preload" PHP-Handler:plesk-php84-fpm Remoteport(vom Nginx):58848
172.68.211.196 - - [09/Aug/2026:06:14:06 +0200] "GET /wp-admin/index.php HTTP/1.1" 302 735 "http://ofenbernd.de/wp-login.php" "Mozilla/5.0 (X11; Linux x86_64) AppleWebKit/537.36 (KHTML, like Gecko) Chrome/122.0.0.0 Safari/537.36" PHP-Handler:plesk-php84-fpm Remoteport(vom Nginx):58952
172.70.243.5 - - [09/Aug/2026:06:14:06 +0200] "GET /s/glasscheibe-dovre-t-2000/ HTTP/1.1" 200 35999 "-" "WP Rocket/Preload Mozilla/5.0 (iPhone; CPU iPhone OS 9_1 like Mac OS X) AppleWebKit/601.1.46 (KHTML, like Gecko) Version/9.0 Mobile/13B143 Safari/601.1" PHP-Handler:plesk-php84-fpm Remoteport(vom Nginx):58896
172.69.150.177 - - [09/Aug/2026:06:14:07 +0200] "GET /s/stehrost/ HTTP/1.1" 200 51237 "-" "WP Rocket/Preload" PHP-Handler:plesk-php84-fpm Remoteport(vom Nginx):58988
172.70.143.213 - - [09/Aug/2026:06:14:08 +0200] "GET /marken/f8-spartherm/?orderby=date&add-to-cart=22093 HTTP/1.1" 200 36984 "https://www.ofenbernd.de/" "Mozilla/5.0 (Windows NT 10.0; Win64; x64; rv:137.0) Gecko/20100101 Firefox/137.0" PHP-Handler:plesk-php84-fpm Remoteport(vom Nginx):59022
172.71.214.151 - - [09/Aug/2026:06:14:09 +0200] "GET /wp-login.php?redirect_to=https%3A%2F%2Fofenbernd.de%2Fwp-admin%2Findex.php&reauth=1 HTTP/1.1" 200 5802 "http://ofenbernd.de/wp-login.php" "Mozilla/5.0 (X11; Linux x86_64) AppleWebKit/537.36 (KHTML, like Gecko) Chrome/122.0.0.0 Safari/537.36" PHP-Handler:plesk-php84-fpm Remoteport(vom Nginx):59088
162.158.86.124 - - [09/Aug/2026:06:14:09 +0200] "GET /s/stehrost/ HTTP/1.1" 200 38531 "-" "WP Rocket/Preload Mozilla/5.0 (iPhone; CPU iPhone OS 9_1 like Mac OS X) AppleWebKit/601.1.46 (KHTML, like Gecko) Version/9.0 Mobile/13B143 Safari/601.1" PHP-Handler:plesk-php84-fpm Remoteport(vom Nginx):59046
172.71.148.65 - - [09/Aug/2026:06:14:17 +0200] "POST /wp-cron.php?doing_wp_cron=1786248856.9890179634094238281250 HTTP/1.1" 200 461 "-" "43Z7OIzcWRo7" PHP-Handler:plesk-php84-fpm Remoteport(vom Nginx):8612
172.68.211.196 - - [09/Aug/2026:06:14:14 +0200] "GET /wp-admin/index.php HTTP/1.1" 302 735 "http://ofenbernd.de/wp-login.php" "Mozilla/5.0 (iPhone; CPU iPhone OS 16_4 like Mac OS X) AppleWebKit/537.36 (KHTML, like Gecko) Chrome/122.0.0.0 Safari/537.36" PHP-Handler:plesk-php84-fpm Remoteport(vom Nginx):8392
172.71.214.151 - - [09/Aug/2026:06:14:18 +0200] "GET /wp-login.php?redirect_to=https%3A%2F%2Fofenbernd.de%2Fwp-admin%2Findex.php&reauth=1 HTTP/1.1" 200 5802 "http://ofenbernd.de/wp-login.php" "Mozilla/5.0 (iPhone; CPU iPhone OS 16_4 like Mac OS X) AppleWebKit/537.36 (KHTML, like Gecko) Chrome/122.0.0.0 Safari/537.36" PHP-Handler:plesk-php84-fpm Remoteport(vom Nginx):8644
172.69.189.133 - - [09/Aug/2026:06:14:18 +0200] "GET /s/oranier-polar-8-tuergriff/?orderby=rating HTTP/1.1" 200 32924 "-" "Mozilla/5.0 (Windows NT 6.1) AppleWebKit/537.36 (KHTML, like Gecko) Chrome/84.0.4147.125 Safari/537.36" PHP-Handler:plesk-php84-fpm Remoteport(vom Nginx):8668
172.71.148.65 - - [09/Aug/2026:06:14:23 +0200] "POST /wp-cron.php?doing_wp_cron=1786248863.1511518955230712890625 HTTP/1.1" 200 461 "-" "7S4RosmcprgM" PHP-Handler:plesk-php84-fpm Remoteport(vom Nginx):60816
141.101.76.95 - - [09/Aug/2026:06:14:19 +0200] "GET /s/schmid-sh-11-t-bodenstein-vorne/?orderby=price-desc HTTP/1.1" 200 32923 "-" "Mozilla/5.0 (Windows NT 10.0; WOW64) AppleWebKit/537.36 (KHTML, like Gecko) Chrome/84.0.4147.89 Safari/537.36" PHP-Handler:plesk-php84-fpm Remoteport(vom Nginx):8686
172.68.211.196 - - [09/Aug/2026:06:14:22 +0200] "GET /wp-admin/index.php HTTP/1.1" 302 735 "http://ofenbernd.de/wp-login.php" "Mozilla/5.0 (iPhone; CPU iPhone OS 16_4 like Mac OS X) AppleWebKit/537.36 (KHTML, like Gecko) Chrome/125.0.0.0 Safari/537.36" PHP-Handler:plesk-php84-fpm Remoteport(vom Nginx):60806
172.71.214.151 - - [09/Aug/2026:06:14:25 +0200] "GET /wp-login.php?redirect_to=https%3A%2F%2Fofenbernd.de%2Fwp-admin%2Findex.php&reauth=1 HTTP/1.1" 200 5802 "http://ofenbernd.de/wp-login.php" "Mozilla/5.0 (iPhone; CPU iPhone OS 16_4 like Mac OS X) AppleWebKit/537.36 (KHTML, like Gecko) Chrome/125.0.0.0 Safari/537.36" PHP-Handler:plesk-php84-fpm Remoteport(vom Nginx):60848
172.71.172.142 - - [09/Aug/2026:06:14:33 +0200] "POST /wp-cron.php?doing_wp_cron=1786248873.2908699512481689453125 HTTP/1.1" 200 461 "-" "wNuN32Xpip7H" PHP-Handler:plesk-php84-fpm Remoteport(vom Nginx):24518
172.68.211.196 - - [09/Aug/2026:06:14:29 +0200] "GET /wp-admin/index.php HTTP/1.1" 302 735 "http://ofenbernd.de/wp-login.php" "Mozilla/5.0 (Macintosh; Intel Mac OS X 11_2_3) AppleWebKit/605.1.15 (KHTML, like Gecko) Version/17.2 Safari/605.1.15" PHP-Handler:plesk-php84-fpm Remoteport(vom Nginx):60932
162.159.104.105 - - [09/Aug/2026:06:14:34 +0200] "GET /k/ofen-ersatzteile/oranier/polar/ HTTP/1.1" 200 54857 "-" "Mozilla/5.0 (Macintosh; Intel Mac OS X 10_15_7) AppleWebKit/537.36 (KHTML, like Gecko) Chrome/145.0.0.0 Safari/537.36 (compatible; meta-webindexer/1.1 (+https://developers.facebook.com/docs/sharing/webmasters/crawler))" PHP-Handler:plesk-php84-fpm Remoteport(vom Nginx):24550
172.70.248.51 - - [09/Aug/2026:06:14:34 +0200] "GET /wp-content/cache/background-css/1/www.ofenbernd.de/wp-content/cache/min/1/wp-content/plugins/woocommerce/assets/css/woocommerce.css?ver=1786225793&wpr_t=1786241815 HTTP/1.1" 200 654 "https://www.ofenbernd.de/k/ofen-ersatzteile/oranier/polar/" "Mozilla/5.0 (Macintosh; Intel Mac OS X 10_15_7) AppleWebKit/537.36 (KHTML, like Gecko) Chrome/145.0.0.0 Safari/537.36 (compatible; meta-webindexer/1.1 (+https://developers.facebook.com/docs/sharing/webmasters/crawler))" PHP-Handler: Remoteport(vom Nginx):24572
172.70.248.51 - - [09/Aug/2026:06:14:34 +0200] "GET /wp-content/cache/background-css/1/www.ofenbernd.de/wp-content/cache/min/1/wp-content/plugins/woocommerce/assets/css/woocommerce.css?ver=1786225793&wpr_t=1786241815 HTTP/2.0" 200 10601 "https://www.ofenbernd.de/k/ofen-ersatzteile/oranier/polar/" "Mozilla/5.0 (Macintosh; Intel Mac OS X 10_15_7) AppleWebKit/537.36 (KHTML, like Gecko) Chrome/145.0.0.0 Safari/537.36 (compatible; meta-webindexer/1.1 (+https://developers.facebook.com/docs/sharing/webmasters/crawler))"
172.71.164.87 - - [09/Aug/2026:06:14:35 +0200] "GET /wp-content/cache/background-css/1/www.ofenbernd.de/wp-content/cache/min/1/wp-content/plugins/customer-reviews-woocommerce/css/badges.css?ver=1786225793&wpr_t=1786241815 HTTP/2.0" 200 2528 "https://www.ofenbernd.de/k/ofen-ersatzteile/oranier/polar/" "Mozilla/5.0 (Macintosh; Intel Mac OS X 10_15_7) AppleWebKit/537.36 (KHTML, like Gecko) Chrome/145.0.0.0 Safari/537.36 (compatible; meta-webindexer/1.1 (+https://developers.facebook.com/docs/sharing/webmasters/crawler))"
172.70.240.56 - - [09/Aug/2026:06:14:35 +0200] "GET /wp-content/cache/background-css/1/www.ofenbernd.de/wp-content/cache/min/1/wp-content/plugins/customer-reviews-woocommerce/css/frontend.css?ver=1786225793&wpr_t=1786241815 HTTP/2.0" 200 14305 "https://www.ofenbernd.de/k/ofen-ersatzteile/oranier/polar/" "Mozilla/5.0 (Macintosh; Intel Mac OS X 10_15_7) AppleWebKit/537.36 (KHTML, like Gecko) Chrome/145.0.0.0 Safari/537.36 (compatible; meta-webindexer/1.1 (+https://developers.facebook.com/docs/sharing/webmasters/crawler))"
172.71.164.87 - - [09/Aug/2026:06:14:35 +0200] "GET /wp-content/cache/background-css/1/www.ofenbernd.de/wp-content/cache/min/1/wp-content/plugins/customer-reviews-woocommerce/css/badges.css?ver=1786225793&wpr_t=1786241815 HTTP/1.1" 200 659 "https://www.ofenbernd.de/k/ofen-ersatzteile/oranier/polar/" "Mozilla/5.0 (Macintosh; Intel Mac OS X 10_15_7) AppleWebKit/537.36 (KHTML, like Gecko) Chrome/145.0.0.0 Safari/537.36 (compatible; meta-webindexer/1.1 (+https://developers.facebook.com/docs/sharing/webmasters/crawler))" PHP-Handler: Remoteport(vom Nginx):24578
172.70.240.56 - - [09/Aug/2026:06:14:35 +0200] "GET /wp-content/cache/background-css/1/www.ofenbernd.de/wp-content/cache/min/1/wp-content/plugins/customer-reviews-woocommerce/css/frontend.css?ver=1786225793&wpr_t=1786241815 HTTP/1.1" 200 661 "https://www.ofenbernd.de/k/ofen-ersatzteile/oranier/polar/" "Mozilla/5.0 (Macintosh; Intel Mac OS X 10_15_7) AppleWebKit/537.36 (KHTML, like Gecko) Chrome/145.0.0.0 Safari/537.36 (compatible; meta-webindexer/1.1 (+https://developers.facebook.com/docs/sharing/webmasters/crawler))" PHP-Handler: Remoteport(vom Nginx):24584
172.71.214.151 - - [09/Aug/2026:06:14:33 +0200] "GET /wp-login.php?redirect_to=https%3A%2F%2Fofenbernd.de%2Fwp-admin%2Findex.php&reauth=1 HTTP/1.1" 200 5802 "http://ofenbernd.de/wp-login.php" "Mozilla/5.0 (Macintosh; Intel Mac OS X 11_2_3) AppleWebKit/605.1.15 (KHTML, like Gecko) Version/17.2 Safari/605.1.15" PHP-Handler:plesk-php84-fpm Remoteport(vom Nginx):24532
172.71.144.144 - - [09/Aug/2026:06:14:35 +0200] "GET /s/schmid-lina-45-45-51-57-80-ersatzteile/ HTTP/1.1" 200 49905 "-" "WP Rocket/Preload" PHP-Handler:plesk-php84-fpm Remoteport(vom Nginx):24576
172.70.248.17 - - [09/Aug/2026:06:14:39 +0200] "GET /wp-content/uploads/2015/03/3-298x300.png.webp HTTP/1.1" 200 547 "https://www.ofenbernd.de/k/ofen-ersatzteile/oranier/polar/" "Mozilla/5.0 (Macintosh; Intel Mac OS X 10_15_7) AppleWebKit/537.36 (KHTML, like Gecko) Chrome/145.0.0.0 Safari/537.36 (compatible; meta-webindexer/1.1 (+https://developers.facebook.com/docs/sharing/webmasters/crawler))" PHP-Handler: Remoteport(vom Nginx):24692
172.68.211.196 - - [09/Aug/2026:06:14:37 +0200] "GET /wp-admin/index.php HTTP/1.1" 302 735 "http://ofenbernd.de/wp-login.php" "Mozilla/5.0 (Windows NT 10.0; Win64; x64; rv:122.0) Gecko/20100101 Firefox/122.0" PHP-Handler:plesk-php84-fpm Remoteport(vom Nginx):24666
104.22.56.116 - - [09/Aug/2026:06:14:38 +0200] "POST /?wc-ajax=get_refreshed_fragments HTTP/1.1" 200 954 "https://www.ofenbernd.de/k/ofen-ersatzteile/oranier/polar/" "Mozilla/5.0 (Macintosh; Intel Mac OS X 10_15_7) AppleWebKit/537.36 (KHTML, like Gecko) Chrome/145.0.0.0 Safari/537.36 (compatible; meta-webindexer/1.1 (+https://developers.facebook.com/docs/sharing/webmasters/crawler))" PHP-Handler: Remoteport(vom Nginx):24670
104.22.24.105 - - [09/Aug/2026:06:14:39 +0200] "POST /wp-admin/admin-ajax.php HTTP/1.1" 200 828 "https://www.ofenbernd.de/k/ofen-ersatzteile/oranier/polar/" "Mozilla/5.0 (Macintosh; Intel Mac OS X 10_15_7) AppleWebKit/537.36 (KHTML, like Gecko) Chrome/145.0.0.0 Safari/537.36 (compatible; meta-webindexer/1.1 (+https://developers.facebook.com/docs/sharing/webmasters/crawler))" PHP-Handler:plesk-php84-fpm Remoteport(vom Nginx):24708
172.70.248.17 - - [09/Aug/2026:06:14:39 +0200] "GET /wp-content/uploads/2015/03/3-298x300.png.webp HTTP/2.0" 200 11352 "https://www.ofenbernd.de/k/ofen-ersatzteile/oranier/polar/" "Mozilla/5.0 (Macintosh; Intel Mac OS X 10_15_7) AppleWebKit/537.36 (KHTML, like Gecko) Chrome/145.0.0.0 Safari/537.36 (compatible; meta-webindexer/1.1 (+https://developers.facebook.com/docs/sharing/webmasters/crawler))"
172.71.148.65 - - [09/Aug/2026:06:14:40 +0200] "GET /s/schmid-lina-45-45-51-57-80-ersatzteile/ HTTP/1.1" 200 38010 "-" "WP Rocket/Preload Mozilla/5.0 (iPhone; CPU iPhone OS 9_1 like Mac OS X) AppleWebKit/601.1.46 (KHTML, like Gecko) Version/9.0 Mobile/13B143 Safari/601.1" PHP-Handler:plesk-php84-fpm Remoteport(vom Nginx):24722
172.71.214.151 - - [09/Aug/2026:06:14:40 +0200] "GET /wp-login.php?redirect_to=https%3A%2F%2Fofenbernd.de%2Fwp-admin%2Findex.php&reauth=1 HTTP/1.1" 200 5802 "http://ofenbernd.de/wp-login.php" "Mozilla/5.0 (Windows NT 10.0; Win64; x64; rv:122.0) Gecko/20100101 Firefox/122.0" PHP-Handler:plesk-php84-fpm Remoteport(vom Nginx):24744
104.22.56.116 - - [09/Aug/2026:06:14:43 +0200] "POST /wp-admin/admin-ajax.php HTTP/1.1" 200 1014 "https://www.ofenbernd.de/k/ofen-ersatzteile/oranier/polar/" "Mozilla/5.0 (Macintosh; Intel Mac OS X 10_15_7) AppleWebKit/537.36 (KHTML, like Gecko) Chrome/145.0.0.0 Safari/537.36 (compatible; meta-webindexer/1.1 (+https://developers.facebook.com/docs/sharing/webmasters/crawler))" PHP-Handler:plesk-php84-fpm Remoteport(vom Nginx):46756
172.71.172.142 - - [09/Aug/2026:06:14:47 +0200] "POST /wp-cron.php?doing_wp_cron=1786248887.5084929466247558593750 HTTP/1.1" 200 461 "-" "on5mYbb9rj4I" PHP-Handler:plesk-php84-fpm Remoteport(vom Nginx):46820
172.71.172.142 - - [09/Aug/2026:06:14:32 +0200] "POST /wp-admin/admin-ajax.php?action=as_async_request_queue_runner&nonce=cb05d09946 HTTP/1.1" 200 754 "-" "wNuN32Xpip7H" PHP-Handler:plesk-php84-fpm Remoteport(vom Nginx):24488
172.68.211.196 - - [09/Aug/2026:06:14:46 +0200] "GET /wp-admin/index.php HTTP/1.1" 302 735 "http://ofenbernd.de/wp-login.php" "Mozilla/5.0 (X11; Linux x86_64) AppleWebKit/537.36 (KHTML, like Gecko) Chrome/124.0.0.0 Safari/537.36" PHP-Handler:plesk-php84-fpm Remoteport(vom Nginx):46814
172.71.214.151 - - [09/Aug/2026:06:14:49 +0200] "GET /wp-login.php?redirect_to=https%3A%2F%2Fofenbernd.de%2Fwp-admin%2Findex.php&reauth=1 HTTP/1.1" 200 5802 "http://ofenbernd.de/wp-login.php" "Mozilla/5.0 (X11; Linux x86_64) AppleWebKit/537.36 (KHTML, like Gecko) Chrome/124.0.0.0 Safari/537.36" PHP-Handler:plesk-php84-fpm Remoteport(vom Nginx):46868
172.71.172.142 - - [09/Aug/2026:06:14:49 +0200] "GET /s/schmid-lina-45-45-51-57-80-umlenkplattenhalter/ HTTP/1.1" 200 50424 "-" "WP Rocket/Preload" PHP-Handler:plesk-php84-fpm Remoteport(vom Nginx):46854
172.69.151.141 - - [09/Aug/2026:06:14:54 +0200] "GET /wp-content/cache/background-css/1/www.ofenbernd.de/wp-content/cache/min/1/wp-content/plugins/customer-reviews-woocommerce/css/frontend.css?ver=1786225793&wpr_t=1786247372 HTTP/1.1" 200 661 "https://www.ofenbernd.de/p/koenigshuette-draco-verschlusslasche-kpl-140x60x26-28-8951-1576/" "Mozilla/5.0 (Windows NT 10.0; Win64; x64) AppleWebKit/537.36 (KHTML, like Gecko) Chrome/99.0.4844.51 Safari/537.36" PHP-Handler: Remoteport(vom Nginx):44226
104.23.239.87 - - [09/Aug/2026:06:14:54 +0200] "GET /wp-content/cache/background-css/1/www.ofenbernd.de/wp-content/plugins/woocommerce/assets/css/photoswipe/default-skin/default-skin.min.css?ver=11.0.0&wpr_t=1786247372 HTTP/1.1" 200 660 "https://www.ofenbernd.de/p/koenigshuette-draco-verschlusslasche-kpl-140x60x26-28-8951-1576/" "Mozilla/5.0 (Windows NT 10.0; Win64; x64) AppleWebKit/537.36 (KHTML, like Gecko) Chrome/99.0.4844.51 Safari/537.36" PHP-Handler: Remoteport(vom Nginx):44250
172.70.240.112 - - [09/Aug/2026:06:14:50 +0200] "GET /s/schmid-lina-45-45-51-57-80-umlenkplattenhalter/ HTTP/1.1" 200 37786 "-" "WP Rocket/Preload Mozilla/5.0 (iPhone; CPU iPhone OS 9_1 like Mac OS X) AppleWebKit/601.1.46 (KHTML, like Gecko) Version/9.0 Mobile/13B143 Safari/601.1" PHP-Handler:plesk-php84-fpm Remoteport(vom Nginx):46916
172.71.164.66 - - [09/Aug/2026:06:14:54 +0200] "GET /wp-content/cache/background-css/1/www.ofenbernd.de/wp-content/cache/min/1/wp-content/plugins/woocommerce/assets/css/woocommerce.css?ver=1786225793&wpr_t=1786247372 HTTP/1.1" 200 654 "https://www.ofenbernd.de/p/koenigshuette-draco-verschlusslasche-kpl-140x60x26-28-8951-1576/" "Mozilla/5.0 (Windows NT 10.0; Win64; x64) AppleWebKit/537.36 (KHTML, like Gecko) Chrome/99.0.4844.51 Safari/537.36" PHP-Handler: Remoteport(vom Nginx):44266
172.71.148.14 - - [09/Aug/2026:06:14:54 +0200] "GET /wp-content/cache/background-css/1/www.ofenbernd.de/wp-content/plugins/woocommerce/assets/css/photoswipe/photoswipe.min.css?ver=11.0.0&wpr_t=1786247372 HTTP/1.1" 200 645 "https://www.ofenbernd.de/p/koenigshuette-draco-verschlusslasche-kpl-140x60x26-28-8951-1576/" "Mozilla/5.0 (Windows NT 10.0; Win64; x64) AppleWebKit/537.36 (KHTML, like Gecko) Chrome/99.0.4844.51 Safari/537.36" PHP-Handler: Remoteport(vom Nginx):44280
172.69.151.141 - - [09/Aug/2026:06:14:54 +0200] "GET /wp-content/cache/background-css/1/www.ofenbernd.de/wp-content/cache/min/1/wp-content/plugins/customer-reviews-woocommerce/css/frontend.css?ver=1786225793&wpr_t=1786247372 HTTP/2.0" 200 14305 "https://www.ofenbernd.de/p/koenigshuette-draco-verschlusslasche-kpl-140x60x26-28-8951-1576/" "Mozilla/5.0 (Windows NT 10.0; Win64; x64) AppleWebKit/537.36 (KHTML, like Gecko) Chrome/99.0.4844.51 Safari/537.36"
104.23.239.87 - - [09/Aug/2026:06:14:54 +0200] "GET /wp-content/cache/background-css/1/www.ofenbernd.de/wp-content/plugins/woocommerce/assets/css/photoswipe/default-skin/default-skin.min.css?ver=11.0.0&wpr_t=1786247372 HTTP/2.0" 200 1833 "https://www.ofenbernd.de/p/koenigshuette-draco-verschlusslasche-kpl-140x60x26-28-8951-1576/" "Mozilla/5.0 (Windows NT 10.0; Win64; x64) AppleWebKit/537.36 (KHTML, like Gecko) Chrome/99.0.4844.51 Safari/537.36"
172.71.148.14 - - [09/Aug/2026:06:14:54 +0200] "GET /wp-content/cache/background-css/1/www.ofenbernd.de/wp-content/plugins/woocommerce/assets/css/photoswipe/photoswipe.min.css?ver=11.0.0&wpr_t=1786247372 HTTP/2.0" 200 872 "https://www.ofenbernd.de/p/koenigshuette-draco-verschlusslasche-kpl-140x60x26-28-8951-1576/" "Mozilla/5.0 (Windows NT 10.0; Win64; x64) AppleWebKit/537.36 (KHTML, like Gecko) Chrome/99.0.4844.51 Safari/537.36"
172.71.164.66 - - [09/Aug/2026:06:14:54 +0200] "GET /wp-content/cache/background-css/1/www.ofenbernd.de/wp-content/cache/min/1/wp-content/plugins/woocommerce/assets/css/woocommerce.css?ver=1786225793&wpr_t=1786247372 HTTP/2.0" 200 10601 "https://www.ofenbernd.de/p/koenigshuette-draco-verschlusslasche-kpl-140x60x26-28-8951-1576/" "Mozilla/5.0 (Windows NT 10.0; Win64; x64) AppleWebKit/537.36 (KHTML, like Gecko) Chrome/99.0.4844.51 Safari/537.36"
172.70.240.112 - - [09/Aug/2026:06:14:55 +0200] "POST /wp-cron.php?doing_wp_cron=1786248895.7700970172882080078125 HTTP/1.1" 200 461 "-" "RsD7gAQYj2Th" PHP-Handler:plesk-php84-fpm Remoteport(vom Nginx):44312
172.71.148.65 - - [09/Aug/2026:06:14:52 +0200] "GET /s/spartherm-varia-2l-2lh-ersatzteile/ HTTP/1.1" 200 47882 "-" "WP Rocket/Preload" PHP-Handler:plesk-php84-fpm Remoteport(vom Nginx):44158
172.71.172.211 - - [09/Aug/2026:06:14:56 +0200] "GET /wp-content/cache/background-css/1/www.ofenbernd.de/wp-content/cache/min/1/wp-content/plugins/customer-reviews-woocommerce/css/badges.css?ver=1786225793&wpr_t=1786247372 HTTP/1.1" 200 659 "https://www.ofenbernd.de/p/koenigshuette-draco-verschlusslasche-kpl-140x60x26-28-8951-1576/" "Mozilla/5.0 (Windows NT 10.0; Win64; x64) AppleWebKit/537.36 (KHTML, like Gecko) Chrome/99.0.4844.51 Safari/537.36" PHP-Handler: Remoteport(vom Nginx):44330
172.68.211.196 - - [09/Aug/2026:06:14:54 +0200] "GET /wp-admin/index.php HTTP/1.1" 302 735 "http://ofenbernd.de/wp-login.php" "Mozilla/5.0 (Macintosh; Intel Mac OS X 10_15_7; rv:123.0) Gecko/20100101 Firefox/123.0" PHP-Handler:plesk-php84-fpm Remoteport(vom Nginx):44236
172.69.65.231 - - [09/Aug/2026:06:14:52 +0200] "GET /p/41-6051-8900-aracar-5kw-rueckwandstein-150x35x488/ HTTP/1.1" 200 47398 "-" "Mozilla/5.0 (Linux; Android 6.0.1; Nexus 5X Build/MMB29P) AppleWebKit/537.36 (KHTML, like Gecko) Chrome/150.0.7871.186 Mobile Safari/537.36 (compatible; Googlebot/2.1; +http://www.google.com/bot.html)" PHP-Handler:plesk-php84-fpm Remoteport(vom Nginx):44174
172.70.248.78 - - [09/Aug/2026:06:14:53 +0200] "GET /s/spartherm-varia-2l-2lh-ersatzteile/ HTTP/1.1" 200 36020 "-" "WP Rocket/Preload Mozilla/5.0 (iPhone; CPU iPhone OS 9_1 like Mac OS X) AppleWebKit/601.1.46 (KHTML, like Gecko) Version/9.0 Mobile/13B143 Safari/601.1" PHP-Handler:plesk-php84-fpm Remoteport(vom Nginx):44204
172.71.172.211 - - [09/Aug/2026:06:14:56 +0200] "GET /wp-content/cache/background-css/1/www.ofenbernd.de/wp-content/cache/min/1/wp-content/plugins/customer-reviews-woocommerce/css/badges.css?ver=1786225793&wpr_t=1786247372 HTTP/2.0" 200 2528 "https://www.ofenbernd.de/p/koenigshuette-draco-verschlusslasche-kpl-140x60x26-28-8951-1576/" "Mozilla/5.0 (Windows NT 10.0; Win64; x64) AppleWebKit/537.36 (KHTML, like Gecko) Chrome/99.0.4844.51 Safari/537.36"
172.71.164.207 - - [09/Aug/2026:06:14:58 +0200] "POST /wp-cron.php?doing_wp_cron=1786248898.7376620769500732421875 HTTP/1.1" 200 461 "-" "YWuZoMpDPDhY" PHP-Handler:plesk-php84-fpm Remoteport(vom Nginx):44402
104.23.239.68 - - [09/Aug/2026:06:14:55 +0200] "GET /s/spartherm-varia-2l-2lh-prallplatte/ HTTP/1.1" 200 48700 "-" "WP Rocket/Preload" PHP-Handler:plesk-php84-fpm Remoteport(vom Nginx):44298
172.71.214.151 - - [09/Aug/2026:06:14:57 +0200] "GET /wp-login.php?redirect_to=https%3A%2F%2Fofenbernd.de%2Fwp-admin%2Findex.php&reauth=1 HTTP/1.1" 200 5802 "http://ofenbernd.de/wp-login.php" "Mozilla/5.0 (Macintosh; Intel Mac OS X 10_15_7; rv:123.0) Gecko/20100101 Firefox/123.0" PHP-Handler:plesk-php84-fpm Remoteport(vom Nginx):44358
172.71.172.142 - - [09/Aug/2026:06:14:56 +0200] "GET /s/spartherm-varia-2l-2lh-prallplatte/ HTTP/1.1" 200 36034 "-" "WP Rocket/Preload Mozilla/5.0 (iPhone; CPU iPhone OS 9_1 like Mac OS X) AppleWebKit/601.1.46 (KHTML, like Gecko) Version/9.0 Mobile/13B143 Safari/601.1" PHP-Handler:plesk-php84-fpm Remoteport(vom Nginx):44352
172.71.172.142 - - [09/Aug/2026:06:14:58 +0200] "GET /s/olsberg-format-6-7-rueckwand/ HTTP/1.1" 200 50317 "-" "WP Rocket/Preload" PHP-Handler:plesk-php84-fpm Remoteport(vom Nginx):44382
172.71.172.142 - - [09/Aug/2026:06:14:59 +0200] "GET /s/olsberg-format-6-7-rueckwand/ HTTP/1.1" 200 37661 "-" "WP Rocket/Preload Mozilla/5.0 (iPhone; CPU iPhone OS 9_1 like Mac OS X) AppleWebKit/601.1.46 (KHTML, like Gecko) Version/9.0 Mobile/13B143 Safari/601.1" PHP-Handler:plesk-php84-fpm Remoteport(vom Nginx):44418
172.68.211.196 - - [09/Aug/2026:06:15:00 +0200] "GET /wp-admin/index.php HTTP/1.1" 302 735 "http://ofenbernd.de/wp-login.php" "Mozilla/5.0 (X11; Linux x86_64) AppleWebKit/537.36 (KHTML, like Gecko) Chrome/123.0.0.0 Safari/537.36" PHP-Handler:plesk-php84-fpm Remoteport(vom Nginx):44572
162.158.186.172 - - [09/Aug/2026:06:15:01 +0200] "POST /?wc-ajax=get_refreshed_fragments HTTP/1.1" 200 954 "https://www.ofenbernd.de/p/koenigshuette-draco-verschlusslasche-kpl-140x60x26-28-8951-1576/" "Mozilla/5.0 (Windows NT 10.0; Win64; x64) AppleWebKit/537.36 (KHTML, like Gecko) Chrome/99.0.4844.51 Safari/537.36" PHP-Handler: Remoteport(vom Nginx):7768
172.70.206.10 - - [09/Aug/2026:06:15:01 +0200] "POST /wp-admin/admin-ajax.php HTTP/1.1" 200 923 "https://www.ofenbernd.de/p/koenigshuette-draco-verschlusslasche-kpl-140x60x26-28-8951-1576/" "Mozilla/5.0 (Windows NT 10.0; Win64; x64) AppleWebKit/537.36 (KHTML, like Gecko) Chrome/99.0.4844.51 Safari/537.36" PHP-Handler:plesk-php84-fpm Remoteport(vom Nginx):44620
172.71.148.65 - - [09/Aug/2026:06:15:01 +0200] "GET /s/abverkauf/ HTTP/1.1" 200 47808 "-" "WP Rocket/Preload" PHP-Handler:plesk-php84-fpm Remoteport(vom Nginx):44612
162.158.86.124 - - [09/Aug/2026:06:15:02 +0200] "GET /s/abverkauf/ HTTP/1.1" 200 35932 "-" "WP Rocket/Preload Mozilla/5.0 (iPhone; CPU iPhone OS 9_1 like Mac OS X) AppleWebKit/601.1.46 (KHTML, like Gecko) Version/9.0 Mobile/13B143 Safari/601.1" PHP-Handler:plesk-php84-fpm Remoteport(vom Nginx):7812
172.71.214.151 - - [09/Aug/2026:06:15:04 +0200] "GET /wp-login.php?redirect_to=https%3A%2F%2Fofenbernd.de%2Fwp-admin%2Findex.php&reauth=1 HTTP/1.1" 200 5802 "http://ofenbernd.de/wp-login.php" "Mozilla/5.0 (X11; Linux x86_64) AppleWebKit/537.36 (KHTML, like Gecko) Chrome/123.0.0.0 Safari/537.36" PHP-Handler:plesk-php84-fpm Remoteport(vom Nginx):7854
172.70.247.163 - - [09/Aug/2026:06:15:04 +0200] "GET /s/oranier-arko/ HTTP/1.1" 200 48620 "-" "WP Rocket/Preload" PHP-Handler:plesk-php84-fpm Remoteport(vom Nginx):7846
162.158.186.172 - - [09/Aug/2026:06:15:06 +0200] "POST /wp-admin/admin-ajax.php HTTP/1.1" 200 1142 "https://www.ofenbernd.de/p/koenigshuette-draco-verschlusslasche-kpl-140x60x26-28-8951-1576/" "Mozilla/5.0 (Windows NT 10.0; Win64; x64) AppleWebKit/537.36 (KHTML, like Gecko) Chrome/99.0.4844.51 Safari/537.36" PHP-Handler:plesk-php84-fpm Remoteport(vom Nginx):7888
172.70.240.112 - - [09/Aug/2026:06:15:05 +0200] "GET /s/oranier-arko/ HTTP/1.1" 200 35943 "-" "WP Rocket/Preload Mozilla/5.0 (iPhone; CPU iPhone OS 9_1 like Mac OS X) AppleWebKit/601.1.46 (KHTML, like Gecko) Version/9.0 Mobile/13B143 Safari/601.1" PHP-Handler:plesk-php84-fpm Remoteport(vom Nginx):7872
172.71.164.207 - - [09/Aug/2026:06:15:07 +0200] "GET /s/apollo-8141/ HTTP/1.1" 200 48611 "-" "WP Rocket/Preload" PHP-Handler:plesk-php84-fpm Remoteport(vom Nginx):7926
172.68.211.196 - - [09/Aug/2026:06:15:09 +0200] "GET /wp-admin/index.php HTTP/1.1" 302 735 "http://ofenbernd.de/wp-login.php" "Mozilla/5.0 (X11; Linux x86_64; rv:121.0) Gecko/20100101 Firefox/121.0" PHP-Handler:plesk-php84-fpm Remoteport(vom Nginx):7954
172.71.172.142 - - [09/Aug/2026:06:15:08 +0200] "GET /s/apollo-8141/ HTTP/1.1" 200 35930 "-" "WP Rocket/Preload Mozilla/5.0 (iPhone; CPU iPhone OS 9_1 like Mac OS X) AppleWebKit/601.1.46 (KHTML, like Gecko) Version/9.0 Mobile/13B143 Safari/601.1" PHP-Handler:plesk-php84-fpm Remoteport(vom Nginx):7948
172.71.214.151 - - [09/Aug/2026:06:15:12 +0200] "GET /wp-login.php?redirect_to=https%3A%2F%2Fofenbernd.de%2Fwp-admin%2Findex.php&reauth=1 HTTP/1.1" 200 5802 "http://ofenbernd.de/wp-login.php" "Mozilla/5.0 (X11; Linux x86_64; rv:121.0) Gecko/20100101 Firefox/121.0" PHP-Handler:plesk-php84-fpm Remoteport(vom Nginx):19516
172.71.164.207 - - [09/Aug/2026:06:14:46 +0200] "POST /wp-admin/admin-ajax.php?action=as_async_request_queue_runner&nonce=cb05d09946 HTTP/1.1" 200 754 "-" "on5mYbb9rj4I" PHP-Handler:plesk-php84-fpm Remoteport(vom Nginx):46806
172.70.248.78 - - [09/Aug/2026:06:15:17 +0200] "GET /s/amos-150-w/ HTTP/1.1" 200 50365 "-" "WP Rocket/Preload" PHP-Handler:plesk-php84-fpm Remoteport(vom Nginx):19622
172.68.211.196 - - [09/Aug/2026:06:15:16 +0200] "GET /wp-admin/index.php HTTP/1.1" 302 735 "http://ofenbernd.de/wp-login.php" "Mozilla/5.0 (iPhone; CPU iPhone OS 16_4 like Mac OS X) AppleWebKit/537.36 (KHTML, like Gecko) Chrome/122.0.0.0 Safari/537.36" PHP-Handler:plesk-php84-fpm Remoteport(vom Nginx):19618
172.69.150.177 - - [09/Aug/2026:06:15:18 +0200] "GET /s/amos-150-w/ HTTP/1.1" 200 37825 "-" "WP Rocket/Preload Mozilla/5.0 (iPhone; CPU iPhone OS 9_1 like Mac OS X) AppleWebKit/601.1.46 (KHTML, like Gecko) Version/9.0 Mobile/13B143 Safari/601.1" PHP-Handler:plesk-php84-fpm Remoteport(vom Nginx):19634
172.71.214.151 - - [09/Aug/2026:06:15:20 +0200] "GET /wp-login.php?redirect_to=https%3A%2F%2Fofenbernd.de%2Fwp-admin%2Findex.php&reauth=1 HTTP/1.1" 200 5802 "http://ofenbernd.de/wp-login.php" "Mozilla/5.0 (iPhone; CPU iPhone OS 16_4 like Mac OS X) AppleWebKit/537.36 (KHTML, like Gecko) Chrome/122.0.0.0 Safari/537.36" PHP-Handler:plesk-php84-fpm Remoteport(vom Nginx):19660
172.70.240.112 - - [09/Aug/2026:06:15:20 +0200] "GET /s/abholung-vor-ort/ HTTP/1.1" 200 47839 "-" "WP Rocket/Preload" PHP-Handler:plesk-php84-fpm Remoteport(vom Nginx):19652
172.69.150.177 - - [09/Aug/2026:06:15:21 +0200] "GET /s/abholung-vor-ort/ HTTP/1.1" 200 35968 "-" "WP Rocket/Preload Mozilla/5.0 (iPhone; CPU iPhone OS 9_1 like Mac OS X) AppleWebKit/601.1.46 (KHTML, like Gecko) Version/9.0 Mobile/13B143 Safari/601.1" PHP-Handler:plesk-php84-fpm Remoteport(vom Nginx):46472
172.70.248.78 - - [09/Aug/2026:06:15:23 +0200] "GET /s/kaminofen-olsberg-3-5-kw/ HTTP/1.1" 200 48679 "-" "WP Rocket/Preload" PHP-Handler:plesk-php84-fpm Remoteport(vom Nginx):46492
172.68.211.196 - - [09/Aug/2026:06:15:24 +0200] "GET /wp-admin/index.php HTTP/1.1" 302 735 "http://ofenbernd.de/wp-login.php" "Mozilla/5.0 (iPhone; CPU iPhone OS 16_4 like Mac OS X) AppleWebKit/537.36 (KHTML, like Gecko) Chrome/123.0.0.0 Safari/537.36" PHP-Handler:plesk-php84-fpm Remoteport(vom Nginx):46496
172.70.240.112 - - [09/Aug/2026:06:15:24 +0200] "GET /s/kaminofen-olsberg-3-5-kw/ HTTP/1.1" 200 35993 "-" "WP Rocket/Preload Mozilla/5.0 (iPhone; CPU iPhone OS 9_1 like Mac OS X) AppleWebKit/601.1.46 (KHTML, like Gecko) Version/9.0 Mobile/13B143 Safari/601.1" PHP-Handler:plesk-php84-fpm Remoteport(vom Nginx):46504
104.23.239.68 - - [09/Aug/2026:06:15:26 +0200] "GET /s/verrieglung/ HTTP/1.1" 200 48636 "-" "WP Rocket/Preload" PHP-Handler:plesk-php84-fpm Remoteport(vom Nginx):46532
172.71.214.151 - - [09/Aug/2026:06:15:26 +0200] "GET /wp-login.php?redirect_to=https%3A%2F%2Fofenbernd.de%2Fwp-admin%2Findex.php&reauth=1 HTTP/1.1" 200 5802 "http://ofenbernd.de/wp-login.php" "Mozilla/5.0 (iPhone; CPU iPhone OS 16_4 like Mac OS X) AppleWebKit/537.36 (KHTML, like Gecko) Chrome/123.0.0.0 Safari/537.36" PHP-Handler:plesk-php84-fpm Remoteport(vom Nginx):46552
104.23.239.68 - - [09/Aug/2026:06:15:27 +0200] "GET /s/verrieglung/ HTTP/1.1" 200 35929 "-" "WP Rocket/Preload Mozilla/5.0 (iPhone; CPU iPhone OS 9_1 like Mac OS X) AppleWebKit/601.1.46 (KHTML, like Gecko) Version/9.0 Mobile/13B143 Safari/601.1" PHP-Handler:plesk-php84-fpm Remoteport(vom Nginx):46562
162.158.94.224 - - [09/Aug/2026:06:15:29 +0200] "GET /s/s18-retro/ HTTP/1.1" 200 50108 "-" "WP Rocket/Preload" PHP-Handler:plesk-php84-fpm Remoteport(vom Nginx):46750
172.68.211.196 - - [09/Aug/2026:06:15:30 +0200] "GET /wp-admin/index.php HTTP/1.1" 302 735 "http://ofenbernd.de/wp-login.php" "Mozilla/5.0 (Windows NT 10.0; Win64; x64) AppleWebKit/537.36 (KHTML, like Gecko) Chrome/122.0.0.0 Safari/537.36" PHP-Handler:plesk-php84-fpm Remoteport(vom Nginx):46812
104.23.239.68 - - [09/Aug/2026:06:15:30 +0200] "GET /s/s18-retro/ HTTP/1.1" 200 37444 "-" "WP Rocket/Preload Mozilla/5.0 (iPhone; CPU iPhone OS 9_1 like Mac OS X) AppleWebKit/601.1.46 (KHTML, like Gecko) Version/9.0 Mobile/13B143 Safari/601.1" PHP-Handler:plesk-php84-fpm Remoteport(vom Nginx):46794
172.70.248.78 - - [09/Aug/2026:06:15:32 +0200] "GET /s/s18-retro-mit-designbeton-bank-links/ HTTP/1.1" 200 50181 "-" "WP Rocket/Preload" PHP-Handler:plesk-php84-fpm Remoteport(vom Nginx):34792
172.71.214.151 - - [09/Aug/2026:06:15:33 +0200] "GET /wp-login.php?redirect_to=https%3A%2F%2Fofenbernd.de%2Fwp-admin%2Findex.php&reauth=1 HTTP/1.1" 200 5802 "http://ofenbernd.de/wp-login.php" "Mozilla/5.0 (Windows NT 10.0; Win64; x64) AppleWebKit/537.36 (KHTML, like Gecko) Chrome/122.0.0.0 Safari/537.36" PHP-Handler:plesk-php84-fpm Remoteport(vom Nginx):34840
172.71.148.65 - - [09/Aug/2026:06:15:33 +0200] "GET /s/s18-retro-mit-designbeton-bank-links/ HTTP/1.1" 200 37512 "-" "WP Rocket/Preload Mozilla/5.0 (iPhone; CPU iPhone OS 9_1 like Mac OS X) AppleWebKit/601.1.46 (KHTML, like Gecko) Version/9.0 Mobile/13B143 Safari/601.1" PHP-Handler:plesk-php84-fpm Remoteport(vom Nginx):34858
172.71.172.142 - - [09/Aug/2026:06:15:35 +0200] "GET /tag/brandschutzplatte-stahl/ HTTP/1.1" 200 38176 "-" "WP Rocket/Preload" PHP-Handler:plesk-php84-fpm Remoteport(vom Nginx):34860
172.69.150.177 - - [09/Aug/2026:06:15:36 +0200] "GET /tag/brandschutzplatte-stahl/ HTTP/1.1" 200 28072 "-" "WP Rocket/Preload Mozilla/5.0 (iPhone; CPU iPhone OS 9_1 like Mac OS X) AppleWebKit/601.1.46 (KHTML, like Gecko) Version/9.0 Mobile/13B143 Safari/601.1" PHP-Handler:plesk-php84-fpm Remoteport(vom Nginx):34896
172.68.211.196 - - [09/Aug/2026:06:15:38 +0200] "GET /wp-admin/index.php HTTP/1.1" 302 735 "http://ofenbernd.de/wp-login.php" "Mozilla/5.0 (Macintosh; Intel Mac OS X 10_15_7; rv:121.0) Gecko/20100101 Firefox/121.0" PHP-Handler:plesk-php84-fpm Remoteport(vom Nginx):35036
172.69.150.177 - - [09/Aug/2026:06:15:15 +0200] "POST /wp-admin/admin-ajax.php?action=as_async_request_queue_runner&nonce=cb05d09946 HTTP/1.1" 200 754 "-" "Z8ExYY6Z8iuM" PHP-Handler:plesk-php84-fpm Remoteport(vom Nginx):19574
172.71.214.151 - - [09/Aug/2026:06:15:43 +0200] "GET /wp-login.php?redirect_to=https%3A%2F%2Fofenbernd.de%2Fwp-admin%2Findex.php&reauth=1 HTTP/1.1" 200 5802 "http://ofenbernd.de/wp-login.php" "Mozilla/5.0 (Macintosh; Intel Mac OS X 10_15_7; rv:121.0) Gecko/20100101 Firefox/121.0" PHP-Handler:plesk-php84-fpm Remoteport(vom Nginx):62162
172.71.172.142 - - [09/Aug/2026:06:15:43 +0200] "GET /p/schmid-rost-kaminrost-feuerrost-174-x-232-x-15-mm-66-0000-1216/ HTTP/1.1" 200 60919 "-" "WP Rocket/Preload" PHP-Handler:plesk-php84-fpm Remoteport(vom Nginx):62218
172.68.211.196 - - [09/Aug/2026:06:15:48 +0200] "GET /wp-admin/index.php HTTP/1.1" 302 735 "http://ofenbernd.de/wp-login.php" "Mozilla/5.0 (Windows NT 10.0; Win64; x64) AppleWebKit/537.36 (KHTML, like Gecko) Chrome/124.0.0.0 Safari/537.36" PHP-Handler:plesk-php84-fpm Remoteport(vom Nginx):62362
172.69.150.177 - - [09/Aug/2026:06:15:43 +0200] "POST /wp-admin/admin-ajax.php?action=as_async_request_queue_runner&nonce=cb05d09946 HTTP/1.1" 200 754 "-" "1qBkXlI9uduU" PHP-Handler:plesk-php84-fpm Remoteport(vom Nginx):62106
172.71.164.207 - - [09/Aug/2026:06:15:48 +0200] "GET /p/schmid-rost-kaminrost-feuerrost-174-x-232-x-15-mm-66-0000-1216/ HTTP/1.1" 200 47084 "-" "WP Rocket/Preload Mozilla/5.0 (iPhone; CPU iPhone OS 9_1 like Mac OS X) AppleWebKit/601.1.46 (KHTML, like Gecko) Version/9.0 Mobile/13B143 Safari/601.1" PHP-Handler:plesk-php84-fpm Remoteport(vom Nginx):62378
162.158.86.124 - - [09/Aug/2026:06:15:53 +0200] "GET /s/schamottsteine/ HTTP/1.1" 200 52394 "-" "WP Rocket/Preload" PHP-Handler:plesk-php84-fpm Remoteport(vom Nginx):62700
162.158.122.195 - - [09/Aug/2026:06:15:50 +0200] "GET /s/oranier-polar-aqua-v-5-tuerdichtung/?orderby=rating HTTP/1.1" 200 33060 "-" "Mozilla/5.0 (Windows NT 6.3; WOW64) AppleWebKit/537.36 (KHTML, like Gecko) Chrome/88.0.4324.150 Safari/537.36" PHP-Handler:plesk-php84-fpm Remoteport(vom Nginx):62392
172.71.214.151 - - [09/Aug/2026:06:15:51 +0200] "GET /wp-login.php?redirect_to=https%3A%2F%2Fofenbernd.de%2Fwp-admin%2Findex.php&reauth=1 HTTP/1.1" 200 5802 "http://ofenbernd.de/wp-login.php" "Mozilla/5.0 (Windows NT 10.0; Win64; x64) AppleWebKit/537.36 (KHTML, like Gecko) Chrome/124.0.0.0 Safari/537.36" PHP-Handler:plesk-php84-fpm Remoteport(vom Nginx):62448
172.71.144.144 - - [09/Aug/2026:06:15:41 +0200] "POST /wp-admin/admin-ajax.php?action=as_async_request_queue_runner&nonce=cb05d09946 HTTP/1.1" 200 754 "-" "61ZdrNBHHS79" PHP-Handler:plesk-php84-fpm Remoteport(vom Nginx):35198
172.69.150.177 - - [09/Aug/2026:06:15:54 +0200] "GET /s/schamottsteine/ HTTP/1.1" 200 39250 "-" "WP Rocket/Preload Mozilla/5.0 (iPhone; CPU iPhone OS 9_1 like Mac OS X) AppleWebKit/601.1.46 (KHTML, like Gecko) Version/9.0 Mobile/13B143 Safari/601.1" PHP-Handler:plesk-php84-fpm Remoteport(vom Nginx):62736
172.68.211.196 - - [09/Aug/2026:06:15:55 +0200] "GET /wp-admin/index.php HTTP/1.1" 302 735 "http://ofenbernd.de/wp-login.php" "Mozilla/5.0 (X11; Linux x86_64; rv:122.0) Gecko/20100101 Firefox/122.0" PHP-Handler:plesk-php84-fpm Remoteport(vom Nginx):62788
172.70.240.112 - - [09/Aug/2026:06:15:59 +0200] "POST /wp-cron.php?doing_wp_cron=1786248959.3231499195098876953125 HTTP/1.1" 200 461 "-" "npon7sM1iDEl" PHP-Handler:plesk-php84-fpm Remoteport(vom Nginx):62880
172.71.148.65 - - [09/Aug/2026:06:15:55 +0200] "GET /tag/kernbohrung-ohne-staender/ HTTP/1.1" 200 38189 "-" "WP Rocket/Preload" PHP-Handler:plesk-php84-fpm Remoteport(vom Nginx):62774
172.71.172.142 - - [09/Aug/2026:06:16:00 +0200] "POST /wp-cron.php?doing_wp_cron=1786248960.5828590393066406250000 HTTP/1.1" 200 461 "-" "uJFXhMBIf9y4" PHP-Handler:plesk-php84-fpm Remoteport(vom Nginx):62920
172.71.247.92 - - [09/Aug/2026:06:15:57 +0200] "GET /tag/kernbohrung-ohne-staender/ HTTP/1.1" 200 28098 "-" "WP Rocket/Preload Mozilla/5.0 (iPhone; CPU iPhone OS 9_1 like Mac OS X) AppleWebKit/601.1.46 (KHTML, like Gecko) Version/9.0 Mobile/13B143 Safari/601.1" PHP-Handler:plesk-php84-fpm Remoteport(vom Nginx):62814
172.71.247.92 - - [09/Aug/2026:06:16:01 +0200] "POST /wp-cron.php?doing_wp_cron=1786248961.4584119319915771484375 HTTP/1.1" 200 461 "-" "qMrkfQqkI86Q" PHP-Handler:plesk-php84-fpm Remoteport(vom Nginx):8330
172.71.214.151 - - [09/Aug/2026:06:15:58 +0200] "GET /wp-login.php?redirect_to=https%3A%2F%2Fofenbernd.de%2Fwp-admin%2Findex.php&reauth=1 HTTP/1.1" 200 5802 "http://ofenbernd.de/wp-login.php" "Mozilla/5.0 (X11; Linux x86_64; rv:122.0) Gecko/20100101 Firefox/122.0" PHP-Handler:plesk-php84-fpm Remoteport(vom Nginx):62864
172.71.144.144 - - [09/Aug/2026:06:16:02 +0200] "POST /wp-cron.php?doing_wp_cron=1786248962.8143908977508544921875 HTTP/1.1" 200 461 "-" "F7eFhh0ObjPq" PHP-Handler:plesk-php84-fpm Remoteport(vom Nginx):8388
172.71.144.144 - - [09/Aug/2026:06:15:58 +0200] "GET /s/60-50/ HTTP/1.1" 200 50191 "-" "WP Rocket/Preload" PHP-Handler:plesk-php84-fpm Remoteport(vom Nginx):62874
172.71.148.65 - - [09/Aug/2026:06:16:00 +0200] "GET /s/60-50/ HTTP/1.1" 200 37514 "-" "WP Rocket/Preload Mozilla/5.0 (iPhone; CPU iPhone OS 9_1 like Mac OS X) AppleWebKit/601.1.46 (KHTML, like Gecko) Version/9.0 Mobile/13B143 Safari/601.1" PHP-Handler:plesk-php84-fpm Remoteport(vom Nginx):62916
172.71.164.207 - - [09/Aug/2026:06:16:01 +0200] "GET /s/60-50-mosel-plan-gas-erdgas/ HTTP/1.1" 200 50115 "-" "WP Rocket/Preload" PHP-Handler:plesk-php84-fpm Remoteport(vom Nginx):8350
162.159.104.104 - - [09/Aug/2026:06:16:06 +0200] "GET /p/olsberg-goeteborg-1-2-zugumlenkung-umlenkplatte-umlenkstein-umlenkung/ HTTP/1.1" 200 60318 "-" "Mozilla/5.0 (compatible; Googlebot/2.1; +http://www.google.com/bot.html)" PHP-Handler:plesk-php84-fpm Remoteport(vom Nginx):8472
172.68.211.196 - - [09/Aug/2026:06:16:03 +0200] "GET /wp-admin/index.php HTTP/1.1" 302 735 "http://ofenbernd.de/wp-login.php" "Mozilla/5.0 (Windows NT 10.0; Win64; x64) AppleWebKit/537.36 (KHTML, like Gecko) Chrome/123.0.0.0 Safari/537.36 Edge/123.0.2420.65" PHP-Handler:plesk-php84-fpm Remoteport(vom Nginx):8408
104.22.100.157 - - [09/Aug/2026:06:16:02 +0200] "GET /s/stein/ HTTP/1.1" 200 52537 "-" "Mozilla/5.0 AppleWebKit/537.36 (KHTML, like Gecko; compatible; bingbot/2.0; +http://www.bing.com/bingbot.htm) Chrome/116.0.1938.76 Safari/537.36" PHP-Handler:plesk-php84-fpm Remoteport(vom Nginx):8376
172.71.148.65 - - [09/Aug/2026:06:16:03 +0200] "GET /s/60-50-mosel-plan-gas-erdgas/ HTTP/1.1" 200 37446 "-" "WP Rocket/Preload Mozilla/5.0 (iPhone; CPU iPhone OS 9_1 like Mac OS X) AppleWebKit/601.1.46 (KHTML, like Gecko) Version/9.0 Mobile/13B143 Safari/601.1" PHP-Handler:plesk-php84-fpm Remoteport(vom Nginx):8394
104.23.239.68 - - [09/Aug/2026:06:16:04 +0200] "GET /s/erdgas/ HTTP/1.1" 200 51133 "-" "WP Rocket/Preload" PHP-Handler:plesk-php84-fpm Remoteport(vom Nginx):8422
172.71.172.142 - - [09/Aug/2026:06:16:09 +0200] "POST /wp-cron.php?doing_wp_cron=1786248969.4016959667205810546875 HTTP/1.1" 200 461 "-" "NKbwLBEcGXzx" PHP-Handler:plesk-php84-fpm Remoteport(vom Nginx):8628
172.71.214.151 - - [09/Aug/2026:06:16:06 +0200] "GET /wp-login.php?redirect_to=https%3A%2F%2Fofenbernd.de%2Fwp-admin%2Findex.php&reauth=1 HTTP/1.1" 200 5802 "http://ofenbernd.de/wp-login.php" "Mozilla/5.0 (Windows NT 10.0; Win64; x64) AppleWebKit/537.36 (KHTML, like Gecko) Chrome/123.0.0.0 Safari/537.36 Edge/123.0.2420.65" PHP-Handler:plesk-php84-fpm Remoteport(vom Nginx):8518
172.70.248.78 - - [09/Aug/2026:06:16:06 +0200] "GET /s/erdgas/ HTTP/1.1" 200 37687 "-" "WP Rocket/Preload Mozilla/5.0 (iPhone; CPU iPhone OS 9_1 like Mac OS X) AppleWebKit/601.1.46 (KHTML, like Gecko) Version/9.0 Mobile/13B143 Safari/601.1" PHP-Handler:plesk-php84-fpm Remoteport(vom Nginx):8480
104.23.239.68 - - [09/Aug/2026:06:16:07 +0200] "GET /s/plan/ HTTP/1.1" 200 50190 "-" "WP Rocket/Preload" PHP-Handler:plesk-php84-fpm Remoteport(vom Nginx):8566
172.70.240.112 - - [09/Aug/2026:06:16:09 +0200] "GET /s/plan/ HTTP/1.1" 200 37505 "-" "WP Rocket/Preload Mozilla/5.0 (iPhone; CPU iPhone OS 9_1 like Mac OS X) AppleWebKit/601.1.46 (KHTML, like Gecko) Version/9.0 Mobile/13B143 Safari/601.1" PHP-Handler:plesk-php84-fpm Remoteport(vom Nginx):8620
172.68.211.196 - - [09/Aug/2026:06:16:10 +0200] "GET /wp-admin/index.php HTTP/1.1" 302 735 "http://ofenbernd.de/wp-login.php" "Mozilla/5.0 (Windows NT 10.0; Win64; x64) AppleWebKit/537.36 (KHTML, like Gecko) Chrome/122.0.0.0 Safari/537.36" PHP-Handler:plesk-php84-fpm Remoteport(vom Nginx):8748
172.71.164.207 - - [09/Aug/2026:06:16:10 +0200] "GET /s/60-50-mosel-plan-gas-propangas/ HTTP/1.1" 200 50128 "-" "WP Rocket/Preload" PHP-Handler:plesk-php84-fpm Remoteport(vom Nginx):8742
172.70.248.78 - - [09/Aug/2026:06:16:12 +0200] "GET /s/60-50-mosel-plan-gas-propangas/ HTTP/1.1" 200 37450 "-" "WP Rocket/Preload Mozilla/5.0 (iPhone; CPU iPhone OS 9_1 like Mac OS X) AppleWebKit/601.1.46 (KHTML, like Gecko) Version/9.0 Mobile/13B143 Safari/601.1" PHP-Handler:plesk-php84-fpm Remoteport(vom Nginx):4578
172.71.214.151 - - [09/Aug/2026:06:16:14 +0200] "GET /wp-login.php?redirect_to=https%3A%2F%2Fofenbernd.de%2Fwp-admin%2Findex.php&reauth=1 HTTP/1.1" 200 5802 "http://ofenbernd.de/wp-login.php" "Mozilla/5.0 (Windows NT 10.0; Win64; x64) AppleWebKit/537.36 (KHTML, like Gecko) Chrome/122.0.0.0 Safari/537.36" PHP-Handler:plesk-php84-fpm Remoteport(vom Nginx):4620
172.71.148.65 - - [09/Aug/2026:06:15:50 +0200] "POST /wp-admin/admin-ajax.php?action=as_async_request_queue_runner&nonce=cb05d09946 HTTP/1.1" 200 754 "-" "dOkQBR21w3wC" PHP-Handler:plesk-php84-fpm Remoteport(vom Nginx):62428
172.69.150.177 - - [09/Aug/2026:06:16:21 +0200] "POST /wp-cron.php?doing_wp_cron=1786248981.4707980155944824218750 HTTP/1.1" 200 461 "-" "5lsrrxewzPE5" PHP-Handler:plesk-php84-fpm Remoteport(vom Nginx):5748
172.68.211.196 - - [09/Aug/2026:06:16:19 +0200] "GET /wp-admin/index.php HTTP/1.1" 302 735 "http://ofenbernd.de/wp-login.php" "Mozilla/5.0 (Macintosh; Intel Mac OS X 11_2_3) AppleWebKit/537.36 (KHTML, like Gecko) Chrome/124.0.0.0 Safari/537.36" PHP-Handler:plesk-php84-fpm Remoteport(vom Nginx):4756
172.71.214.151 - - [09/Aug/2026:06:16:22 +0200] "GET /wp-login.php?redirect_to=https%3A%2F%2Fofenbernd.de%2Fwp-admin%2Findex.php&reauth=1 HTTP/1.1" 200 5802 "http://ofenbernd.de/wp-login.php" "Mozilla/5.0 (Macintosh; Intel Mac OS X 11_2_3) AppleWebKit/537.36 (KHTML, like Gecko) Chrome/124.0.0.0 Safari/537.36" PHP-Handler:plesk-php84-fpm Remoteport(vom Nginx):5764
172.71.164.207 - - [09/Aug/2026:06:16:21 +0200] "GET /s/60-51/ HTTP/1.1" 200 50212 "-" "WP Rocket/Preload" PHP-Handler:plesk-php84-fpm Remoteport(vom Nginx):4790
172.70.247.164 - - [09/Aug/2026:06:16:23 +0200] "GET /s/60-51/ HTTP/1.1" 200 37523 "-" "WP Rocket/Preload Mozilla/5.0 (iPhone; CPU iPhone OS 9_1 like Mac OS X) AppleWebKit/601.1.46 (KHTML, like Gecko) Version/9.0 Mobile/13B143 Safari/601.1" PHP-Handler:plesk-php84-fpm Remoteport(vom Nginx):5770
