172.70.248.162 - - [09/Aug/2026:05:04:35 +0200] "GET /wp-content/uploads/2015/03/oranier_kiruna_6_4649-6_eck_ruckwand_ruckwandstein_ruckwandplatte-300x300.jpg.webp HTTP/2.0" 200 2592 "-" "Mozilla/5.0 AppleWebKit/537.36 (KHTML, like Gecko; compatible; bingbot/2.0; +http://www.bing.com/bingbot.htm) Chrome/116.0.1938.76 Safari/537.36"
172.70.242.69 - - [09/Aug/2026:05:04:37 +0200] "POST /wp-cron.php?doing_wp_cron=1786244677.7679989337921142578125 HTTP/1.1" 200 461 "-" "XgA3fXeZfCt1" PHP-Handler:plesk-php84-fpm Remoteport(vom Nginx):53366
172.64.222.234 - - [09/Aug/2026:05:04:33 +0200] "GET /k/ofen-ersatzteile/schmid/schmid-sh/schmid-sh-9-g-hb-10/?orderby=rating HTTP/1.1" 200 35221 "-" "Mozilla/5.0 (Windows NT 10.0; Win64; x64) AppleWebKit/537.36 (KHTML, like Gecko) Chrome/84.0.4137.1 SputnikBrowser/5.6.6280.0 (GOST) Safari/537.36" PHP-Handler:plesk-php84-fpm Remoteport(vom Nginx):53208
172.70.246.108 - - [09/Aug/2026:05:05:26 +0200] "POST /wp-cron.php?doing_wp_cron=1786244726.1686880588531494140625 HTTP/1.1" 200 461 "-" "eOC2ICPxGonX" PHP-Handler:plesk-php84-fpm Remoteport(vom Nginx):63324
104.22.20.119 - - [09/Aug/2026:05:05:21 +0200] "GET /page/17/?orderby=relevance&s=oranier&post_type=product HTTP/1.1" 200 36676 "-" "Mozilla/5.0 (Windows NT 10.0; Win64; x64) AppleWebKit/537.36 (KHTML, like Gecko) Chrome/145.0.0.0 Safari/537.36" PHP-Handler:plesk-php84-fpm Remoteport(vom Nginx):63198
104.22.20.119 - - [09/Aug/2026:05:05:28 +0200] "POST /?wc-ajax=get_refreshed_fragments HTTP/1.1" 200 954 "https://www.ofenbernd.de/page/17/?orderby=relevance&s=oranier&post_type=product" "Mozilla/5.0 (Windows NT 10.0; Win64; x64) AppleWebKit/537.36 (KHTML, like Gecko) Chrome/145.0.0.0 Safari/537.36" PHP-Handler: Remoteport(vom Nginx):63386
172.70.174.218 - - [09/Aug/2026:05:05:27 +0200] "GET /marken/koenigshuette/page/3/?orderby=popularity HTTP/1.1" 200 34745 "-" "Mozilla/5.0 AppleWebKit/537.36 (KHTML, like Gecko; compatible; bingbot/2.0; +http://www.bing.com/bingbot.htm) Chrome/116.0.1938.76 Safari/537.36" PHP-Handler:plesk-php84-fpm Remoteport(vom Nginx):63360
172.71.144.145 - - [09/Aug/2026:05:05:29 +0200] "GET /tag/pelletofen-als-alternative-heizquelle/ HTTP/1.1" 200 38210 "-" "WP Rocket/Preload" PHP-Handler:plesk-php84-fpm Remoteport(vom Nginx):63400
172.70.242.69 - - [09/Aug/2026:05:05:34 +0200] "GET /tag/pelletofen-als-alternative-heizquelle/ HTTP/1.1" 200 28104 "-" "WP Rocket/Preload Mozilla/5.0 (iPhone; CPU iPhone OS 9_1 like Mac OS X) AppleWebKit/601.1.46 (KHTML, like Gecko) Version/9.0 Mobile/13B143 Safari/601.1" PHP-Handler:plesk-php84-fpm Remoteport(vom Nginx):10324
162.159.106.78 - - [09/Aug/2026:05:05:48 +0200] "GET /p/olsberg-creation-11-seitenstein-pos-36j-21-5641-0088/ HTTP/1.1" 200 46960 "-" "Mozilla/5.0 (Linux; Android 6.0.1; Nexus 5X Build/MMB29P) AppleWebKit/537.36 (KHTML, like Gecko) Chrome/150.0.7871.186 Mobile Safari/537.36 (compatible; Googlebot/2.1; +http://www.google.com/bot.html)" PHP-Handler:plesk-php84-fpm Remoteport(vom Nginx):51722
172.71.172.143 - - [09/Aug/2026:05:05:58 +0200] "POST /wp-cron.php?doing_wp_cron=1786244758.4729719161987304687500 HTTP/1.1" 200 461 "-" "A005pDbQPZbj" PHP-Handler:plesk-php84-fpm Remoteport(vom Nginx):63652
162.158.94.146 - - [09/Aug/2026:05:05:55 +0200] "GET /k/ofen-ersatzteile/oranier/arkona-plus-8167-serie-2/600w,/www.ofenbernd.de/wp-content/uploads/2016/02/oranier_arkona_plus_serie_2_ersatzteile_schamotte_feuerraumauskleidung_komplett-150x150.jpg.webp HTTP/1.1" 301 663 "https://www.ofenbernd.de/k/ofen-ersatzteile/oranier/arkona-plus-8167-serie-2/" "Mozilla/5.0 (Macintosh; Intel Mac OS X 10_15_7) AppleWebKit/537.36 (KHTML, like Gecko) Chrome/131.0.0.0 Safari/537.36" PHP-Handler:plesk-php84-fpm Remoteport(vom Nginx):63592
172.71.166.250 - - [09/Aug/2026:05:05:59 +0200] "GET / HTTP/1.1" 200 61837 "https://www.ofenbernd.de/k/ofen-ersatzteile/oranier/arkona-plus-8167-serie-2/" "Mozilla/5.0 (Macintosh; Intel Mac OS X 10_15_7) AppleWebKit/537.36 (KHTML, like Gecko) Chrome/131.0.0.0 Safari/537.36" PHP-Handler: Remoteport(vom Nginx):63690
172.71.247.212 - - [09/Aug/2026:05:06:00 +0200] "GET /k/ofen-ersatzteile/oranier/arkona-plus-8167-serie-2/768w,/www.ofenbernd.de/wp-content/uploads/2017/02/oranier_arkona_plus_serie_2_glasscheibe_ersatzteile.jpg.webp HTTP/1.1" 301 663 "https://www.ofenbernd.de/k/ofen-ersatzteile/oranier/arkona-plus-8167-serie-2/" "Mozilla/5.0 (Macintosh; Intel Mac OS X 10_15_7) AppleWebKit/537.36 (KHTML, like Gecko) Chrome/131.0.0.0 Safari/537.36" PHP-Handler:plesk-php84-fpm Remoteport(vom Nginx):63784
162.158.91.52 - - [09/Aug/2026:05:06:04 +0200] "GET / HTTP/1.1" 200 61837 "https://www.ofenbernd.de/k/ofen-ersatzteile/oranier/arkona-plus-8167-serie-2/" "Mozilla/5.0 (Macintosh; Intel Mac OS X 10_15_7) AppleWebKit/537.36 (KHTML, like Gecko) Chrome/131.0.0.0 Safari/537.36" PHP-Handler: Remoteport(vom Nginx):59758
172.71.247.92 - - [09/Aug/2026:05:06:01 +0200] "GET /s/kanuk/ HTTP/1.1" 200 50133 "-" "WP Rocket/Preload" PHP-Handler:plesk-php84-fpm Remoteport(vom Nginx):63798
172.71.164.206 - - [09/Aug/2026:05:06:02 +0200] "GET /s/kanuk/ HTTP/1.1" 200 37469 "-" "WP Rocket/Preload Mozilla/5.0 (iPhone; CPU iPhone OS 9_1 like Mac OS X) AppleWebKit/601.1.46 (KHTML, like Gecko) Version/9.0 Mobile/13B143 Safari/601.1" PHP-Handler:plesk-php84-fpm Remoteport(vom Nginx):59718
172.71.144.145 - - [09/Aug/2026:05:06:04 +0200] "GET /s/oranier-malmoe-6-rost/ HTTP/1.1" 200 50256 "-" "WP Rocket/Preload" PHP-Handler:plesk-php84-fpm Remoteport(vom Nginx):59750
172.70.240.33 - - [09/Aug/2026:05:06:09 +0200] "GET /wp-content/uploads/2015/03/oranier_arktis_4_serie_1_ersatzteile_schamott_schamotte_schamottsteine_2.jpg.webp HTTP/1.1" 200 610 "-" "Mozilla/5.0 (compatible; crawler)" PHP-Handler: Remoteport(vom Nginx):59902
104.23.239.68 - - [09/Aug/2026:05:06:05 +0200] "GET /s/oranier-malmoe-6-rost/ HTTP/1.1" 200 37610 "-" "WP Rocket/Preload Mozilla/5.0 (iPhone; CPU iPhone OS 9_1 like Mac OS X) AppleWebKit/601.1.46 (KHTML, like Gecko) Version/9.0 Mobile/13B143 Safari/601.1" PHP-Handler:plesk-php84-fpm Remoteport(vom Nginx):59784
162.158.175.118 - - [09/Aug/2026:05:06:09 +0200] "GET /p/schmid-neo-line-5554-rueckwand-oben-pos-5-66-7050-1260/ HTTP/1.1" 200 60625 "-" "Mozilla/5.0 (compatible; Googlebot/2.1; +http://www.google.com/bot.html)" PHP-Handler:plesk-php84-fpm Remoteport(vom Nginx):59966
172.71.144.145 - - [09/Aug/2026:05:06:07 +0200] "GET /p/schmid-sh-11-g-seitenstein-67-2010-1257/ HTTP/1.1" 200 60231 "-" "WP Rocket/Preload" PHP-Handler:plesk-php84-fpm Remoteport(vom Nginx):59826
162.158.94.223 - - [09/Aug/2026:05:06:08 +0200] "GET /p/schmid-sh-11-g-seitenstein-67-2010-1257/ HTTP/1.1" 200 47364 "-" "WP Rocket/Preload Mozilla/5.0 (iPhone; CPU iPhone OS 9_1 like Mac OS X) AppleWebKit/601.1.46 (KHTML, like Gecko) Version/9.0 Mobile/13B143 Safari/601.1" PHP-Handler:plesk-php84-fpm Remoteport(vom Nginx):59890
172.70.240.33 - - [09/Aug/2026:05:06:09 +0200] "GET /wp-content/uploads/2015/03/oranier_arktis_4_serie_1_ersatzteile_schamott_schamotte_schamottsteine_2.jpg.webp HTTP/2.0" 200 5302 "-" "Mozilla/5.0 (compatible; crawler)"
172.70.240.112 - - [09/Aug/2026:05:06:10 +0200] "GET /s/arkona-plus-ii/ HTTP/1.1" 200 50279 "-" "WP Rocket/Preload" PHP-Handler:plesk-php84-fpm Remoteport(vom Nginx):59974
172.71.247.92 - - [09/Aug/2026:05:06:11 +0200] "GET /s/arkona-plus-ii/ HTTP/1.1" 200 37629 "-" "WP Rocket/Preload Mozilla/5.0 (iPhone; CPU iPhone OS 9_1 like Mac OS X) AppleWebKit/601.1.46 (KHTML, like Gecko) Version/9.0 Mobile/13B143 Safari/601.1" PHP-Handler:plesk-php84-fpm Remoteport(vom Nginx):52794
172.71.144.145 - - [09/Aug/2026:05:06:13 +0200] "GET /p/schmid-sd-9e-rueckwandstein-sb2-50-x-310-x-220-74-2000-1255/ HTTP/1.1" 200 60492 "-" "WP Rocket/Preload" PHP-Handler:plesk-php84-fpm Remoteport(vom Nginx):52806
172.70.240.112 - - [09/Aug/2026:05:06:14 +0200] "GET /p/schmid-sd-9e-rueckwandstein-sb2-50-x-310-x-220-74-2000-1255/ HTTP/1.1" 200 47633 "-" "WP Rocket/Preload Mozilla/5.0 (iPhone; CPU iPhone OS 9_1 like Mac OS X) AppleWebKit/601.1.46 (KHTML, like Gecko) Version/9.0 Mobile/13B143 Safari/601.1" PHP-Handler:plesk-php84-fpm Remoteport(vom Nginx):52880
172.71.148.64 - - [09/Aug/2026:05:06:16 +0200] "GET /k/ofen-ersatzteile/spartherm/spartherm-speedy-1v-1vh-51-57/ HTTP/1.1" 200 48756 "-" "WP Rocket/Preload" PHP-Handler:plesk-php84-fpm Remoteport(vom Nginx):52970
172.71.144.145 - - [09/Aug/2026:05:06:17 +0200] "GET /k/ofen-ersatzteile/spartherm/spartherm-speedy-1v-1vh-51-57/ HTTP/1.1" 200 36150 "-" "WP Rocket/Preload Mozilla/5.0 (iPhone; CPU iPhone OS 9_1 like Mac OS X) AppleWebKit/601.1.46 (KHTML, like Gecko) Version/9.0 Mobile/13B143 Safari/601.1" PHP-Handler:plesk-php84-fpm Remoteport(vom Nginx):53008
172.71.148.64 - - [09/Aug/2026:05:06:19 +0200] "GET /tag/wohltuchende-kamine/ HTTP/1.1" 200 38166 "-" "WP Rocket/Preload" PHP-Handler:plesk-php84-fpm Remoteport(vom Nginx):53066
104.23.239.68 - - [09/Aug/2026:05:06:20 +0200] "GET /tag/wohltuchende-kamine/ HTTP/1.1" 200 28048 "-" "WP Rocket/Preload Mozilla/5.0 (iPhone; CPU iPhone OS 9_1 like Mac OS X) AppleWebKit/601.1.46 (KHTML, like Gecko) Version/9.0 Mobile/13B143 Safari/601.1" PHP-Handler:plesk-php84-fpm Remoteport(vom Nginx):53126
172.70.94.193 - - [09/Aug/2026:05:06:24 +0200] "GET /k/ofen-ersatzteile/schmid/schmid-b-ersatzteile/schmid-b1-ersatzteile/ HTTP/1.1" 200 49736 "-" "Mozilla/5.0 (X11; Linux x86_64) AppleWebKit/537.36 (KHTML, like Gecko) Chrome/145.0.0.0 Safari/537.36 (compatible; meta-webindexer/1.1 (+https://developers.facebook.com/docs/sharing/webmasters/crawler))" PHP-Handler:plesk-php84-fpm Remoteport(vom Nginx):64594
162.158.111.224 - - [09/Aug/2026:05:06:25 +0200] "GET /wp-content/cache/background-css/1/www.ofenbernd.de/wp-content/cache/min/1/wp-content/plugins/customer-reviews-woocommerce/css/frontend.css?ver=1786225793&wpr_t=1786240821 HTTP/1.1" 200 661 "https://www.ofenbernd.de/k/ofen-ersatzteile/schmid/schmid-b-ersatzteile/schmid-b1-ersatzteile/" "Mozilla/5.0 (X11; Linux x86_64) AppleWebKit/537.36 (KHTML, like Gecko) Chrome/145.0.0.0 Safari/537.36 (compatible; meta-webindexer/1.1 (+https://developers.facebook.com/docs/sharing/webmasters/crawler))" PHP-Handler: Remoteport(vom Nginx):64650
162.158.111.224 - - [09/Aug/2026:05:06:25 +0200] "GET /wp-content/cache/background-css/1/www.ofenbernd.de/wp-content/cache/min/1/wp-content/plugins/customer-reviews-woocommerce/css/frontend.css?ver=1786225793&wpr_t=1786240821 HTTP/2.0" 200 14305 "https://www.ofenbernd.de/k/ofen-ersatzteile/schmid/schmid-b-ersatzteile/schmid-b1-ersatzteile/" "Mozilla/5.0 (X11; Linux x86_64) AppleWebKit/537.36 (KHTML, like Gecko) Chrome/145.0.0.0 Safari/537.36 (compatible; meta-webindexer/1.1 (+https://developers.facebook.com/docs/sharing/webmasters/crawler))"
172.71.247.148 - - [09/Aug/2026:05:06:26 +0200] "GET /wp-content/cache/background-css/1/www.ofenbernd.de/wp-content/cache/min/1/wp-content/plugins/woocommerce/assets/css/woocommerce.css?ver=1786225793&wpr_t=1786240821 HTTP/2.0" 200 10601 "https://www.ofenbernd.de/k/ofen-ersatzteile/schmid/schmid-b-ersatzteile/schmid-b1-ersatzteile/" "Mozilla/5.0 (X11; Linux x86_64) AppleWebKit/537.36 (KHTML, like Gecko) Chrome/145.0.0.0 Safari/537.36 (compatible; meta-webindexer/1.1 (+https://developers.facebook.com/docs/sharing/webmasters/crawler))"
172.71.172.179 - - [09/Aug/2026:05:06:26 +0200] "GET /wp-content/cache/background-css/1/www.ofenbernd.de/wp-content/cache/min/1/wp-content/plugins/customer-reviews-woocommerce/css/badges.css?ver=1786225793&wpr_t=1786240821 HTTP/2.0" 200 2528 "https://www.ofenbernd.de/k/ofen-ersatzteile/schmid/schmid-b-ersatzteile/schmid-b1-ersatzteile/" "Mozilla/5.0 (X11; Linux x86_64) AppleWebKit/537.36 (KHTML, like Gecko) Chrome/145.0.0.0 Safari/537.36 (compatible; meta-webindexer/1.1 (+https://developers.facebook.com/docs/sharing/webmasters/crawler))"
172.71.247.148 - - [09/Aug/2026:05:06:26 +0200] "GET /wp-content/cache/background-css/1/www.ofenbernd.de/wp-content/cache/min/1/wp-content/plugins/woocommerce/assets/css/woocommerce.css?ver=1786225793&wpr_t=1786240821 HTTP/1.1" 200 654 "https://www.ofenbernd.de/k/ofen-ersatzteile/schmid/schmid-b-ersatzteile/schmid-b1-ersatzteile/" "Mozilla/5.0 (X11; Linux x86_64) AppleWebKit/537.36 (KHTML, like Gecko) Chrome/145.0.0.0 Safari/537.36 (compatible; meta-webindexer/1.1 (+https://developers.facebook.com/docs/sharing/webmasters/crawler))" PHP-Handler: Remoteport(vom Nginx):64684
172.71.172.179 - - [09/Aug/2026:05:06:26 +0200] "GET /wp-content/cache/background-css/1/www.ofenbernd.de/wp-content/cache/min/1/wp-content/plugins/customer-reviews-woocommerce/css/badges.css?ver=1786225793&wpr_t=1786240821 HTTP/1.1" 200 659 "https://www.ofenbernd.de/k/ofen-ersatzteile/schmid/schmid-b-ersatzteile/schmid-b1-ersatzteile/" "Mozilla/5.0 (X11; Linux x86_64) AppleWebKit/537.36 (KHTML, like Gecko) Chrome/145.0.0.0 Safari/537.36 (compatible; meta-webindexer/1.1 (+https://developers.facebook.com/docs/sharing/webmasters/crawler))" PHP-Handler: Remoteport(vom Nginx):64688
172.70.240.112 - - [09/Aug/2026:05:06:32 +0200] "POST /wp-cron.php?doing_wp_cron=1786244792.4725968837738037109375 HTTP/1.1" 200 461 "-" "Zg7hM4jTTY7G" PHP-Handler:plesk-php84-fpm Remoteport(vom Nginx):41886
104.22.56.116 - - [09/Aug/2026:05:06:29 +0200] "POST /?wc-ajax=get_refreshed_fragments HTTP/1.1" 200 954 "https://www.ofenbernd.de/k/ofen-ersatzteile/schmid/schmid-b-ersatzteile/schmid-b1-ersatzteile/" "Mozilla/5.0 (X11; Linux x86_64) AppleWebKit/537.36 (KHTML, like Gecko) Chrome/145.0.0.0 Safari/537.36 (compatible; meta-webindexer/1.1 (+https://developers.facebook.com/docs/sharing/webmasters/crawler))" PHP-Handler: Remoteport(vom Nginx):64730
104.22.1.116 - - [09/Aug/2026:05:06:30 +0200] "POST /wp-admin/admin-ajax.php HTTP/1.1" 200 828 "https://www.ofenbernd.de/k/ofen-ersatzteile/schmid/schmid-b-ersatzteile/schmid-b1-ersatzteile/" "Mozilla/5.0 (X11; Linux x86_64) AppleWebKit/537.36 (KHTML, like Gecko) Chrome/145.0.0.0 Safari/537.36 (compatible; meta-webindexer/1.1 (+https://developers.facebook.com/docs/sharing/webmasters/crawler))" PHP-Handler:plesk-php84-fpm Remoteport(vom Nginx):64766
104.23.245.140 - - [09/Aug/2026:05:06:35 +0200] "POST /wp-admin/admin-ajax.php HTTP/1.1" 200 1020 "https://www.ofenbernd.de/k/ofen-ersatzteile/schmid/schmid-b-ersatzteile/schmid-b1-ersatzteile/" "Mozilla/5.0 (X11; Linux x86_64) AppleWebKit/537.36 (KHTML, like Gecko) Chrome/145.0.0.0 Safari/537.36 (compatible; meta-webindexer/1.1 (+https://developers.facebook.com/docs/sharing/webmasters/crawler))" PHP-Handler:plesk-php84-fpm Remoteport(vom Nginx):41980
172.70.248.79 - - [09/Aug/2026:05:06:36 +0200] "GET /s/hinten/ HTTP/1.1" 200 51326 "-" "WP Rocket/Preload" PHP-Handler:plesk-php84-fpm Remoteport(vom Nginx):41982
172.71.164.206 - - [09/Aug/2026:05:06:40 +0200] "GET /s/hinten/ HTTP/1.1" 200 39389 "-" "WP Rocket/Preload Mozilla/5.0 (iPhone; CPU iPhone OS 9_1 like Mac OS X) AppleWebKit/601.1.46 (KHTML, like Gecko) Version/9.0 Mobile/13B143 Safari/601.1" PHP-Handler:plesk-php84-fpm Remoteport(vom Nginx):42110
172.71.222.164 - - [09/Aug/2026:05:06:45 +0200] "GET /p/oranier-island-aqua-feuerraumauskleidung-komplett-set-serie-1/ HTTP/1.1" 200 59970 "-" "Mozilla/5.0 AppleWebKit/537.36 (KHTML, like Gecko; compatible; bingbot/2.0; +http://www.bing.com/bingbot.htm) Chrome/116.0.1938.76 Safari/537.36" PHP-Handler:plesk-php84-fpm Remoteport(vom Nginx):24092
104.23.239.68 - - [09/Aug/2026:05:06:48 +0200] "POST /wp-cron.php?doing_wp_cron=1786244808.4183249473571777343750 HTTP/1.1" 200 461 "-" "adqADT1NOOzC" PHP-Handler:plesk-php84-fpm Remoteport(vom Nginx):24160
172.71.164.206 - - [09/Aug/2026:05:06:33 +0200] "POST /wp-admin/admin-ajax.php?action=as_async_request_queue_runner&nonce=cb05d09946 HTTP/1.1" 200 754 "-" "THs2wbmLe5cK" PHP-Handler:plesk-php84-fpm Remoteport(vom Nginx):41912
172.71.144.145 - - [09/Aug/2026:05:06:50 +0200] "GET /k/ofen-ersatzteile/wodtke/wodtke-kaminofen-ersatzteile/wodtke-ego-kk-40-2/ HTTP/1.1" 200 50636 "-" "WP Rocket/Preload" PHP-Handler:plesk-php84-fpm Remoteport(vom Nginx):24186
104.22.104.20 - - [09/Aug/2026:05:06:50 +0200] "GET /p/kaminofen-olsberg-palena-plus-compact-5-kw-2/ HTTP/1.1" 200 62580 "-" "Mozilla/5.0 AppleWebKit/537.36 (KHTML, like Gecko; compatible; bingbot/2.0; +http://www.bing.com/bingbot.htm) Chrome/116.0.1938.76 Safari/537.36" PHP-Handler:plesk-php84-fpm Remoteport(vom Nginx):24200
172.71.172.143 - - [09/Aug/2026:05:06:55 +0200] "POST /wp-cron.php?doing_wp_cron=1786244815.6455810070037841796875 HTTP/1.1" 200 461 "-" "SkSM1EPleEhX" PHP-Handler:plesk-php84-fpm Remoteport(vom Nginx):36908
172.70.246.109 - - [09/Aug/2026:05:06:51 +0200] "GET /k/ofen-ersatzteile/wodtke/wodtke-kaminofen-ersatzteile/wodtke-ego-kk-40-2/ HTTP/1.1" 200 37987 "-" "WP Rocket/Preload Mozilla/5.0 (iPhone; CPU iPhone OS 9_1 like Mac OS X) AppleWebKit/601.1.46 (KHTML, like Gecko) Version/9.0 Mobile/13B143 Safari/601.1" PHP-Handler:plesk-php84-fpm Remoteport(vom Nginx):36754
172.70.240.112 - - [09/Aug/2026:05:06:53 +0200] "GET /s/diese/ HTTP/1.1" 200 52192 "-" "WP Rocket/Preload" PHP-Handler:plesk-php84-fpm Remoteport(vom Nginx):36826
172.71.172.143 - - [09/Aug/2026:05:06:58 +0200] "POST /wp-cron.php?doing_wp_cron=1786244818.5443830490112304687500 HTTP/1.1" 200 461 "-" "xI9ReKrV4M5r" PHP-Handler:plesk-php84-fpm Remoteport(vom Nginx):36988
172.71.144.145 - - [09/Aug/2026:05:06:54 +0200] "GET /s/diese/ HTTP/1.1" 200 38876 "-" "WP Rocket/Preload Mozilla/5.0 (iPhone; CPU iPhone OS 9_1 like Mac OS X) AppleWebKit/601.1.46 (KHTML, like Gecko) Version/9.0 Mobile/13B143 Safari/601.1" PHP-Handler:plesk-php84-fpm Remoteport(vom Nginx):36856
172.70.248.79 - - [09/Aug/2026:05:06:56 +0200] "GET /k/ofen-ersatzteile/oranier/groenland-6-4673/ HTTP/1.1" 200 52802 "-" "WP Rocket/Preload" PHP-Handler:plesk-php84-fpm Remoteport(vom Nginx):36912
172.71.164.206 - - [09/Aug/2026:05:06:57 +0200] "GET /k/ofen-ersatzteile/oranier/groenland-6-4673/ HTTP/1.1" 200 39508 "-" "WP Rocket/Preload Mozilla/5.0 (iPhone; CPU iPhone OS 9_1 like Mac OS X) AppleWebKit/601.1.46 (KHTML, like Gecko) Version/9.0 Mobile/13B143 Safari/601.1" PHP-Handler:plesk-php84-fpm Remoteport(vom Nginx):36964
162.158.94.223 - - [09/Aug/2026:05:06:59 +0200] "GET /s/olsberg-golaya-ersatzteile/ HTTP/1.1" 200 49953 "-" "WP Rocket/Preload" PHP-Handler:plesk-php84-fpm Remoteport(vom Nginx):37028
172.71.148.64 - - [09/Aug/2026:05:07:00 +0200] "GET /s/olsberg-golaya-ersatzteile/ HTTP/1.1" 200 38046 "-" "WP Rocket/Preload Mozilla/5.0 (iPhone; CPU iPhone OS 9_1 like Mac OS X) AppleWebKit/601.1.46 (KHTML, like Gecko) Version/9.0 Mobile/13B143 Safari/601.1" PHP-Handler:plesk-php84-fpm Remoteport(vom Nginx):37100
104.23.175.95 - - [09/Aug/2026:05:07:03 +0200] "GET /s/tampere-8/?orderby=price HTTP/1.1" 200 33804 "-" "Mozilla/5.0 (Windows NT 10.0; Win64; x64) AppleWebKit/537.36 (KHTML, like Gecko) Chrome/80.0.3987.132 Safari/537.36" PHP-Handler:plesk-php84-fpm Remoteport(vom Nginx):38904
162.158.111.232 - - [09/Aug/2026:05:07:02 +0200] "GET /s/groenland-6/ HTTP/1.1" 200 52826 "-" "WP Rocket/Preload" PHP-Handler:plesk-php84-fpm Remoteport(vom Nginx):38880
172.71.148.64 - - [09/Aug/2026:05:07:08 +0200] "GET /k/ofen-ersatzteile/oranier/hera-r/hera-r-serie-2/ HTTP/1.1" 200 50750 "-" "WP Rocket/Preload" PHP-Handler:plesk-php84-fpm Remoteport(vom Nginx):39076
172.69.150.176 - - [09/Aug/2026:05:07:03 +0200] "GET /s/groenland-6/ HTTP/1.1" 200 39456 "-" "WP Rocket/Preload Mozilla/5.0 (iPhone; CPU iPhone OS 9_1 like Mac OS X) AppleWebKit/601.1.46 (KHTML, like Gecko) Version/9.0 Mobile/13B143 Safari/601.1" PHP-Handler:plesk-php84-fpm Remoteport(vom Nginx):38916
172.71.144.145 - - [09/Aug/2026:05:07:05 +0200] "GET /p/schmid-sd-11-e-seitenstein-50-x-224-x-551/ HTTP/1.1" 200 60236 "-" "WP Rocket/Preload" PHP-Handler:plesk-php84-fpm Remoteport(vom Nginx):38980
172.71.144.145 - - [09/Aug/2026:05:07:06 +0200] "GET /p/schmid-sd-11-e-seitenstein-50-x-224-x-551/ HTTP/1.1" 200 46684 "-" "WP Rocket/Preload Mozilla/5.0 (iPhone; CPU iPhone OS 9_1 like Mac OS X) AppleWebKit/601.1.46 (KHTML, like Gecko) Version/9.0 Mobile/13B143 Safari/601.1" PHP-Handler:plesk-php84-fpm Remoteport(vom Nginx):39040
104.23.254.145 - - [09/Aug/2026:05:07:08 +0200] "GET /k/ofen-ersatzteile/olsberg/olsberg-fogo/?orderby=date HTTP/1.1" 200 35057 "-" "Mozilla/5.0 (Macintosh; Intel Mac OS X 10_12_6) AppleWebKit/537.36 (KHTML, like Gecko) Chrome/95.0.4638.69 Safari/537.36" PHP-Handler:plesk-php84-fpm Remoteport(vom Nginx):39124
172.71.144.145 - - [09/Aug/2026:05:07:08 +0200] "GET /k/ofen-ersatzteile/oranier/hera-r/hera-r-serie-2/ HTTP/1.1" 200 38246 "-" "WP Rocket/Preload Mozilla/5.0 (iPhone; CPU iPhone OS 9_1 like Mac OS X) AppleWebKit/601.1.46 (KHTML, like Gecko) Version/9.0 Mobile/13B143 Safari/601.1" PHP-Handler:plesk-php84-fpm Remoteport(vom Nginx):39082
172.71.172.143 - - [09/Aug/2026:05:06:47 +0200] "POST /wp-admin/admin-ajax.php?action=as_async_request_queue_runner&nonce=cb05d09946 HTTP/1.1" 200 754 "-" "adqADT1NOOzC" PHP-Handler:plesk-php84-fpm Remoteport(vom Nginx):24154
104.22.100.173 - - [09/Aug/2026:05:07:17 +0200] "GET /s/speichermasse/?orderby=price-desc HTTP/1.1" 200 33108 "-" "Mozilla/5.0 AppleWebKit/537.36 (KHTML, like Gecko; compatible; bingbot/2.0; +http://www.bing.com/bingbot.htm) Chrome/116.0.1938.76 Safari/537.36" PHP-Handler:plesk-php84-fpm Remoteport(vom Nginx):64860
172.70.240.112 - - [09/Aug/2026:05:07:18 +0200] "GET /p/oranier-malmoe-6-schamottstein-gelocht-pos-3-9-2899529000/ HTTP/1.1" 200 60285 "-" "WP Rocket/Preload" PHP-Handler:plesk-php84-fpm Remoteport(vom Nginx):64878
162.158.94.223 - - [09/Aug/2026:05:07:19 +0200] "GET /p/oranier-malmoe-6-schamottstein-gelocht-pos-3-9-2899529000/ HTTP/1.1" 200 47554 "-" "WP Rocket/Preload Mozilla/5.0 (iPhone; CPU iPhone OS 9_1 like Mac OS X) AppleWebKit/601.1.46 (KHTML, like Gecko) Version/9.0 Mobile/13B143 Safari/601.1" PHP-Handler:plesk-php84-fpm Remoteport(vom Nginx):64916
172.70.240.112 - - [09/Aug/2026:05:07:21 +0200] "GET /s/olsberg-format-11-stehrost/ HTTP/1.1" 200 49433 "-" "WP Rocket/Preload" PHP-Handler:plesk-php84-fpm Remoteport(vom Nginx):64978
172.69.150.176 - - [09/Aug/2026:05:07:22 +0200] "GET /s/olsberg-format-11-stehrost/ HTTP/1.1" 200 37580 "-" "WP Rocket/Preload Mozilla/5.0 (iPhone; CPU iPhone OS 9_1 like Mac OS X) AppleWebKit/601.1.46 (KHTML, like Gecko) Version/9.0 Mobile/13B143 Safari/601.1" PHP-Handler:plesk-php84-fpm Remoteport(vom Nginx):16418
162.158.94.223 - - [09/Aug/2026:05:07:28 +0200] "GET /p/schmid-sh-9-g-glutbett-seitenstein-sbc/ HTTP/1.1" 200 46751 "-" "WP Rocket/Preload Mozilla/5.0 (iPhone; CPU iPhone OS 9_1 like Mac OS X) AppleWebKit/601.1.46 (KHTML, like Gecko) Version/9.0 Mobile/13B143 Safari/601.1" PHP-Handler:plesk-php84-fpm Remoteport(vom Nginx):16844
162.158.94.223 - - [09/Aug/2026:05:07:24 +0200] "GET /p/schmid-sh-9-g-torsionsfeder-bauart-a1-feder/ HTTP/1.1" 200 60165 "-" "WP Rocket/Preload" PHP-Handler:plesk-php84-fpm Remoteport(vom Nginx):16494
172.71.172.143 - - [09/Aug/2026:05:07:25 +0200] "GET /p/schmid-sh-9-g-torsionsfeder-bauart-a1-feder/ HTTP/1.1" 200 47338 "-" "WP Rocket/Preload Mozilla/5.0 (iPhone; CPU iPhone OS 9_1 like Mac OS X) AppleWebKit/601.1.46 (KHTML, like Gecko) Version/9.0 Mobile/13B143 Safari/601.1" PHP-Handler:plesk-php84-fpm Remoteport(vom Nginx):16598
172.64.222.234 - - [09/Aug/2026:05:07:26 +0200] "GET /k/ofen-ersatzteile/schmid/schmid-sd-ersatzteile/?orderby=price-desc HTTP/1.1" 200 35586 "-" "Mozilla/5.0 (Windows NT 6.1) AppleWebKit/537.36 (KHTML, like Gecko) Chrome/69.0.3497.100 Safari/537.36" PHP-Handler:plesk-php84-fpm Remoteport(vom Nginx):16608
172.71.144.145 - - [09/Aug/2026:05:07:27 +0200] "GET /p/schmid-sh-9-g-glutbett-seitenstein-sbc/ HTTP/1.1" 200 60131 "-" "WP Rocket/Preload" PHP-Handler:plesk-php84-fpm Remoteport(vom Nginx):16678
172.71.112.132 - - [09/Aug/2026:05:07:32 +0200] "GET /p/oranier-polar-6-eck-arktis-7-serie-2-scheibendichtung-2m-6mm-2904960000/ HTTP/1.1" 200 61168 "-" "Mozilla/5.0 (Windows NT 6.1; WOW64) AppleWebKit/537.36 (KHTML, like Gecko) Chrome/89.0.4389.116 Safari/537.36" PHP-Handler:plesk-php84-fpm Remoteport(vom Nginx):60214
172.70.242.69 - - [09/Aug/2026:05:07:29 +0200] "GET /s/skagen-7/ HTTP/1.1" 200 50252 "-" "WP Rocket/Preload" PHP-Handler:plesk-php84-fpm Remoteport(vom Nginx):16906
172.71.144.145 - - [09/Aug/2026:05:07:31 +0200] "GET /s/skagen-7/ HTTP/1.1" 200 37605 "-" "WP Rocket/Preload Mozilla/5.0 (iPhone; CPU iPhone OS 9_1 like Mac OS X) AppleWebKit/601.1.46 (KHTML, like Gecko) Version/9.0 Mobile/13B143 Safari/601.1" PHP-Handler:plesk-php84-fpm Remoteport(vom Nginx):17020
172.70.240.112 - - [09/Aug/2026:05:07:32 +0200] "GET /tag/ambiente-oefen/ HTTP/1.1" 200 38153 "-" "WP Rocket/Preload" PHP-Handler:plesk-php84-fpm Remoteport(vom Nginx):60230
172.71.247.92 - - [09/Aug/2026:05:07:34 +0200] "GET /tag/ambiente-oefen/ HTTP/1.1" 200 28049 "-" "WP Rocket/Preload Mozilla/5.0 (iPhone; CPU iPhone OS 9_1 like Mac OS X) AppleWebKit/601.1.46 (KHTML, like Gecko) Version/9.0 Mobile/13B143 Safari/601.1" PHP-Handler:plesk-php84-fpm Remoteport(vom Nginx):60380
172.70.240.112 - - [09/Aug/2026:05:07:35 +0200] "GET /s/fehmann-7/ HTTP/1.1" 200 50279 "-" "WP Rocket/Preload" PHP-Handler:plesk-php84-fpm Remoteport(vom Nginx):60562
104.23.239.68 - - [09/Aug/2026:05:07:37 +0200] "GET /s/fehmann-7/ HTTP/1.1" 200 37625 "-" "WP Rocket/Preload Mozilla/5.0 (iPhone; CPU iPhone OS 9_1 like Mac OS X) AppleWebKit/601.1.46 (KHTML, like Gecko) Version/9.0 Mobile/13B143 Safari/601.1" PHP-Handler:plesk-php84-fpm Remoteport(vom Nginx):60694
172.69.150.176 - - [09/Aug/2026:05:07:15 +0200] "POST /wp-admin/admin-ajax.php?action=as_async_request_queue_runner&nonce=cb05d09946 HTTP/1.1" 200 754 "-" "ROclKOewRcJr" PHP-Handler:plesk-php84-fpm Remoteport(vom Nginx):64790
172.71.172.143 - - [09/Aug/2026:05:07:46 +0200] "GET /s/schmid-sh-8-g-gb-ersatzteile/ HTTP/1.1" 200 50647 "-" "WP Rocket/Preload" PHP-Handler:plesk-php84-fpm Remoteport(vom Nginx):11260
172.71.148.64 - - [09/Aug/2026:05:07:44 +0200] "POST /wp-admin/admin-ajax.php?action=as_async_request_queue_runner&nonce=cb05d09946 HTTP/1.1" 200 754 "-" "HAhPLslXJLpq" PHP-Handler:plesk-php84-fpm Remoteport(vom Nginx):11170
172.71.148.64 - - [09/Aug/2026:05:07:51 +0200] "GET /s/schmid-sh-8-g-gb-ersatzteile/ HTTP/1.1" 200 37975 "-" "WP Rocket/Preload Mozilla/5.0 (iPhone; CPU iPhone OS 9_1 like Mac OS X) AppleWebKit/601.1.46 (KHTML, like Gecko) Version/9.0 Mobile/13B143 Safari/601.1" PHP-Handler:plesk-php84-fpm Remoteport(vom Nginx):11374
172.71.148.64 - - [09/Aug/2026:05:07:58 +0200] "POST /wp-cron.php?doing_wp_cron=1786244878.8090820312500000000000 HTTP/1.1" 200 461 "-" "7kkM3wm0CNx7" PHP-Handler:plesk-php84-fpm Remoteport(vom Nginx):37706
172.69.150.176 - - [09/Aug/2026:05:07:43 +0200] "POST /wp-admin/admin-ajax.php?action=as_async_request_queue_runner&nonce=cb05d09946 HTTP/1.1" 200 754 "-" "HAhPLslXJLpq" PHP-Handler:plesk-php84-fpm Remoteport(vom Nginx):11080
172.70.248.79 - - [09/Aug/2026:05:08:01 +0200] "GET /s/oranier-kiruna-4-6-8-serie-1-tuerdichtung/ HTTP/1.1" 200 50432 "-" "WP Rocket/Preload" PHP-Handler:plesk-php84-fpm Remoteport(vom Nginx):37810
172.69.150.176 - - [09/Aug/2026:05:08:02 +0200] "GET /s/oranier-kiruna-4-6-8-serie-1-tuerdichtung/ HTTP/1.1" 200 37785 "-" "WP Rocket/Preload Mozilla/5.0 (iPhone; CPU iPhone OS 9_1 like Mac OS X) AppleWebKit/601.1.46 (KHTML, like Gecko) Version/9.0 Mobile/13B143 Safari/601.1" PHP-Handler:plesk-php84-fpm Remoteport(vom Nginx):32912
162.158.111.224 - - [09/Aug/2026:05:08:06 +0200] "GET /wp-content/uploads/2015/03/oranier-atrium-7-4679-bodensteine-komplett-600x600.jpg.webp HTTP/1.1" 200 588 "-" "GoogleOther-Image/1.0" PHP-Handler: Remoteport(vom Nginx):33070
172.70.240.112 - - [09/Aug/2026:05:08:04 +0200] "GET /s/bodenstein-vorne/ HTTP/1.1" 200 50253 "-" "WP Rocket/Preload" PHP-Handler:plesk-php84-fpm Remoteport(vom Nginx):33004
162.158.111.224 - - [09/Aug/2026:05:08:06 +0200] "GET /wp-content/uploads/2015/03/oranier-atrium-7-4679-bodensteine-komplett-600x600.jpg.webp HTTP/2.0" 200 13032 "-" "GoogleOther-Image/1.0"
172.71.148.64 - - [09/Aug/2026:05:08:09 +0200] "POST /wp-cron.php?doing_wp_cron=1786244889.7528710365295410156250 HTTP/1.1" 200 461 "-" "jr6OkdeF35yo" PHP-Handler:plesk-php84-fpm Remoteport(vom Nginx):33184
172.71.148.64 - - [09/Aug/2026:05:08:05 +0200] "GET /s/bodenstein-vorne/ HTTP/1.1" 200 38395 "-" "WP Rocket/Preload Mozilla/5.0 (iPhone; CPU iPhone OS 9_1 like Mac OS X) AppleWebKit/601.1.46 (KHTML, like Gecko) Version/9.0 Mobile/13B143 Safari/601.1" PHP-Handler:plesk-php84-fpm Remoteport(vom Nginx):33054
172.71.148.64 - - [09/Aug/2026:05:08:07 +0200] "GET /s/leda-agua/ HTTP/1.1" 200 47822 "-" "WP Rocket/Preload" PHP-Handler:plesk-php84-fpm Remoteport(vom Nginx):33084
172.71.148.64 - - [09/Aug/2026:05:08:08 +0200] "GET /s/leda-agua/ HTTP/1.1" 200 35940 "-" "WP Rocket/Preload Mozilla/5.0 (iPhone; CPU iPhone OS 9_1 like Mac OS X) AppleWebKit/601.1.46 (KHTML, like Gecko) Version/9.0 Mobile/13B143 Safari/601.1" PHP-Handler:plesk-php84-fpm Remoteport(vom Nginx):33144
162.158.94.223 - - [09/Aug/2026:05:08:10 +0200] "GET /s/oranier-polar-6-eck-umlenkung/ HTTP/1.1" 200 50590 "-" "WP Rocket/Preload" PHP-Handler:plesk-php84-fpm Remoteport(vom Nginx):33194
172.70.248.79 - - [09/Aug/2026:05:08:11 +0200] "GET /s/oranier-polar-6-eck-umlenkung/ HTTP/1.1" 200 37887 "-" "WP Rocket/Preload Mozilla/5.0 (iPhone; CPU iPhone OS 9_1 like Mac OS X) AppleWebKit/601.1.46 (KHTML, like Gecko) Version/9.0 Mobile/13B143 Safari/601.1" PHP-Handler:plesk-php84-fpm Remoteport(vom Nginx):33798
172.71.148.64 - - [09/Aug/2026:05:08:13 +0200] "GET /p/oranier-troll-rost-ofenrost-kaminrost-feuerrost-5570941000/ HTTP/1.1" 200 60255 "-" "WP Rocket/Preload" PHP-Handler:plesk-php84-fpm Remoteport(vom Nginx):33860
172.71.164.206 - - [09/Aug/2026:05:08:14 +0200] "GET /p/oranier-troll-rost-ofenrost-kaminrost-feuerrost-5570941000/ HTTP/1.1" 200 47358 "-" "WP Rocket/Preload Mozilla/5.0 (iPhone; CPU iPhone OS 9_1 like Mac OS X) AppleWebKit/601.1.46 (KHTML, like Gecko) Version/9.0 Mobile/13B143 Safari/601.1" PHP-Handler:plesk-php84-fpm Remoteport(vom Nginx):33902
172.71.164.206 - - [09/Aug/2026:05:08:16 +0200] "GET /s/weso-wkk-rost-rundrost-ascherost-20-cm/ HTTP/1.1" 200 50204 "-" "WP Rocket/Preload" PHP-Handler:plesk-php84-fpm Remoteport(vom Nginx):33968
172.71.172.143 - - [09/Aug/2026:05:08:21 +0200] "POST /wp-cron.php?doing_wp_cron=1786244901.7032649517059326171875 HTTP/1.1" 200 461 "-" "drdEAtlbJtJN" PHP-Handler:plesk-php84-fpm Remoteport(vom Nginx):62740
172.71.144.145 - - [09/Aug/2026:05:08:17 +0200] "GET /s/weso-wkk-rost-rundrost-ascherost-20-cm/ HTTP/1.1" 200 37562 "-" "WP Rocket/Preload Mozilla/5.0 (iPhone; CPU iPhone OS 9_1 like Mac OS X) AppleWebKit/601.1.46 (KHTML, like Gecko) Version/9.0 Mobile/13B143 Safari/601.1" PHP-Handler:plesk-php84-fpm Remoteport(vom Nginx):34002
172.71.172.143 - - [09/Aug/2026:05:07:57 +0200] "POST /wp-admin/admin-ajax.php?action=as_async_request_queue_runner&nonce=cb05d09946 HTTP/1.1" 200 754 "-" "7kkM3wm0CNx7" PHP-Handler:plesk-php84-fpm Remoteport(vom Nginx):37672
172.71.247.92 - - [09/Aug/2026:05:08:27 +0200] "GET /s/levana-aqua/ HTTP/1.1" 200 48636 "-" "WP Rocket/Preload" PHP-Handler:plesk-php84-fpm Remoteport(vom Nginx):63042
172.70.240.112 - - [09/Aug/2026:05:08:28 +0200] "GET /s/levana-aqua/ HTTP/1.1" 200 35951 "-" "WP Rocket/Preload Mozilla/5.0 (iPhone; CPU iPhone OS 9_1 like Mac OS X) AppleWebKit/601.1.46 (KHTML, like Gecko) Version/9.0 Mobile/13B143 Safari/601.1" PHP-Handler:plesk-php84-fpm Remoteport(vom Nginx):63086
172.71.164.206 - - [09/Aug/2026:05:08:34 +0200] "POST /wp-cron.php?doing_wp_cron=1786244914.0678780078887939453125 HTTP/1.1" 200 461 "-" "qwuPz5Yyywdr" PHP-Handler:plesk-php84-fpm Remoteport(vom Nginx):14616
104.23.239.68 - - [09/Aug/2026:05:08:30 +0200] "GET /s/ofenkleber/ HTTP/1.1" 200 49856 "-" "WP Rocket/Preload" PHP-Handler:plesk-php84-fpm Remoteport(vom Nginx):63132
172.70.240.112 - - [09/Aug/2026:05:08:31 +0200] "GET /s/ofenkleber/ HTTP/1.1" 200 37950 "-" "WP Rocket/Preload Mozilla/5.0 (iPhone; CPU iPhone OS 9_1 like Mac OS X) AppleWebKit/601.1.46 (KHTML, like Gecko) Version/9.0 Mobile/13B143 Safari/601.1" PHP-Handler:plesk-php84-fpm Remoteport(vom Nginx):14574
172.71.172.143 - - [09/Aug/2026:05:08:37 +0200] "POST /wp-cron.php?doing_wp_cron=1786244916.9318459033966064453125 HTTP/1.1" 200 461 "-" "MLdiV41x6Fwd" PHP-Handler:plesk-php84-fpm Remoteport(vom Nginx):14704
172.71.144.145 - - [09/Aug/2026:05:08:33 +0200] "GET /s/fireplace-durango-kaminofen-stahl-gussgrau/ HTTP/1.1" 200 48825 "-" "WP Rocket/Preload" PHP-Handler:plesk-php84-fpm Remoteport(vom Nginx):14610
172.70.246.109 - - [09/Aug/2026:05:08:34 +0200] "GET /s/fireplace-durango-kaminofen-stahl-gussgrau/ HTTP/1.1" 200 36137 "-" "WP Rocket/Preload Mozilla/5.0 (iPhone; CPU iPhone OS 9_1 like Mac OS X) AppleWebKit/601.1.46 (KHTML, like Gecko) Version/9.0 Mobile/13B143 Safari/601.1" PHP-Handler:plesk-php84-fpm Remoteport(vom Nginx):14628
172.69.76.182 - - [09/Aug/2026:05:08:34 +0200] "GET /s/spartherm-varia/?orderby=price-desc HTTP/1.1" 200 33145 "-" "Mozilla/5.0 (Windows NT 6.3; WOW64) AppleWebKit/537.36 (KHTML, like Gecko) Chrome/81.0.4044.129 Safari/537.36" PHP-Handler:plesk-php84-fpm Remoteport(vom Nginx):14640
172.71.164.206 - - [09/Aug/2026:05:08:36 +0200] "GET /s/schmid-sh-9-m-sekundaerbelueftung-gross-gussrueckwand/ HTTP/1.1" 200 50416 "-" "WP Rocket/Preload" PHP-Handler:plesk-php84-fpm Remoteport(vom Nginx):14656
162.158.123.126 - - [09/Aug/2026:05:08:37 +0200] "GET /s/tolima/ HTTP/1.1" 200 51108 "-" "Mozilla/5.0 (Windows NT 10.0; Win64; x64) AppleWebKit/537.36 (KHTML, like Gecko) Chrome/89.0.4389.128 Safari/537.36" PHP-Handler:plesk-php84-fpm Remoteport(vom Nginx):14712
172.71.148.64 - - [09/Aug/2026:05:08:37 +0200] "GET /s/schmid-sh-9-m-sekundaerbelueftung-gross-gussrueckwand/ HTTP/1.1" 200 37749 "-" "WP Rocket/Preload Mozilla/5.0 (iPhone; CPU iPhone OS 9_1 like Mac OS X) AppleWebKit/601.1.46 (KHTML, like Gecko) Version/9.0 Mobile/13B143 Safari/601.1" PHP-Handler:plesk-php84-fpm Remoteport(vom Nginx):14728
172.70.246.109 - - [09/Aug/2026:05:08:42 +0200] "GET /p/olsberg-fayal-rueckwandstein-rueckwand-r-l-pos-35b/ HTTP/1.1" 200 60766 "-" "WP Rocket/Preload" PHP-Handler:plesk-php84-fpm Remoteport(vom Nginx):22212
172.71.144.145 - - [09/Aug/2026:05:08:39 +0200] "GET /p/olsberg-concept-9-rueckwandstein-pos-35-21-5531-0082/ HTTP/1.1" 200 60127 "-" "WP Rocket/Preload" PHP-Handler:plesk-php84-fpm Remoteport(vom Nginx):14740
172.71.247.92 - - [09/Aug/2026:05:08:40 +0200] "GET /p/olsberg-concept-9-rueckwandstein-pos-35-21-5531-0082/ HTTP/1.1" 200 47219 "-" "WP Rocket/Preload Mozilla/5.0 (iPhone; CPU iPhone OS 9_1 like Mac OS X) AppleWebKit/601.1.46 (KHTML, like Gecko) Version/9.0 Mobile/13B143 Safari/601.1" PHP-Handler:plesk-php84-fpm Remoteport(vom Nginx):14764
172.71.148.64 - - [09/Aug/2026:05:08:42 +0200] "GET /p/olsberg-fayal-rueckwandstein-rueckwand-r-l-pos-35b/ HTTP/1.1" 200 47366 "-" "WP Rocket/Preload Mozilla/5.0 (iPhone; CPU iPhone OS 9_1 like Mac OS X) AppleWebKit/601.1.46 (KHTML, like Gecko) Version/9.0 Mobile/13B143 Safari/601.1" PHP-Handler:plesk-php84-fpm Remoteport(vom Nginx):22214
172.69.150.176 - - [09/Aug/2026:05:08:44 +0200] "GET /p/olsberg-fogo-umlenkstein-pos-37-23-4661-1255/ HTTP/1.1" 200 60232 "-" "WP Rocket/Preload" PHP-Handler:plesk-php84-fpm Remoteport(vom Nginx):22238
172.70.240.112 - - [09/Aug/2026:05:08:45 +0200] "GET /p/olsberg-fogo-umlenkstein-pos-37-23-4661-1255/ HTTP/1.1" 200 47400 "-" "WP Rocket/Preload Mozilla/5.0 (iPhone; CPU iPhone OS 9_1 like Mac OS X) AppleWebKit/601.1.46 (KHTML, like Gecko) Version/9.0 Mobile/13B143 Safari/601.1" PHP-Handler:plesk-php84-fpm Remoteport(vom Nginx):22272
172.71.164.206 - - [09/Aug/2026:05:08:24 +0200] "POST /wp-admin/admin-ajax.php?action=as_async_request_queue_runner&nonce=cb05d09946 HTTP/1.1" 200 754 "-" "WAV3JaSbuJK0" PHP-Handler:plesk-php84-fpm Remoteport(vom Nginx):62826
172.69.150.176 - - [09/Aug/2026:05:08:55 +0200] "GET /s/wodtke-bo-kk-80-1/ HTTP/1.1" 200 50199 "-" "WP Rocket/Preload" PHP-Handler:plesk-php84-fpm Remoteport(vom Nginx):41244
172.71.144.145 - - [09/Aug/2026:05:08:53 +0200] "POST /wp-admin/admin-ajax.php?action=as_async_request_queue_runner&nonce=cb05d09946 HTTP/1.1" 200 754 "-" "P5iqPkTINZcX" PHP-Handler:plesk-php84-fpm Remoteport(vom Nginx):41202
172.70.240.112 - - [09/Aug/2026:05:09:00 +0200] "GET /s/wodtke-bo-kk-80-1/ HTTP/1.1" 200 37538 "-" "WP Rocket/Preload Mozilla/5.0 (iPhone; CPU iPhone OS 9_1 like Mac OS X) AppleWebKit/601.1.46 (KHTML, like Gecko) Version/9.0 Mobile/13B143 Safari/601.1" PHP-Handler:plesk-php84-fpm Remoteport(vom Nginx):41340
104.23.239.68 - - [09/Aug/2026:05:08:52 +0200] "POST /wp-admin/admin-ajax.php?action=as_async_request_queue_runner&nonce=cb05d09946 HTTP/1.1" 200 754 "-" "P5iqPkTINZcX" PHP-Handler:plesk-php84-fpm Remoteport(vom Nginx):41180
172.71.148.64 - - [09/Aug/2026:05:09:09 +0200] "GET /p/olsberg-palena-compact-rost-kaminrost-pos-31c-23-4081-1202/ HTTP/1.1" 200 60309 "-" "WP Rocket/Preload" PHP-Handler:plesk-php84-fpm Remoteport(vom Nginx):20090
172.70.240.112 - - [09/Aug/2026:05:09:10 +0200] "GET /p/olsberg-palena-compact-rost-kaminrost-pos-31c-23-4081-1202/ HTTP/1.1" 200 47660 "-" "WP Rocket/Preload Mozilla/5.0 (iPhone; CPU iPhone OS 9_1 like Mac OS X) AppleWebKit/601.1.46 (KHTML, like Gecko) Version/9.0 Mobile/13B143 Safari/601.1" PHP-Handler:plesk-php84-fpm Remoteport(vom Nginx):20146
104.23.239.68 - - [09/Aug/2026:05:09:12 +0200] "GET /s/oranier-kiruna-8-serie-2-umlenkstein/ HTTP/1.1" 200 50372 "-" "WP Rocket/Preload" PHP-Handler:plesk-php84-fpm Remoteport(vom Nginx):23660
172.70.242.69 - - [09/Aug/2026:05:09:14 +0200] "GET /s/oranier-kiruna-8-serie-2-umlenkstein/ HTTP/1.1" 200 37712 "-" "WP Rocket/Preload Mozilla/5.0 (iPhone; CPU iPhone OS 9_1 like Mac OS X) AppleWebKit/601.1.46 (KHTML, like Gecko) Version/9.0 Mobile/13B143 Safari/601.1" PHP-Handler:plesk-php84-fpm Remoteport(vom Nginx):23806
162.158.91.51 - - [09/Aug/2026:05:09:12 +0200] "GET /shop/page/117/ HTTP/1.1" 200 55397 "-" "Mozilla/5.0 (Windows NT 10.0; WOW64) AppleWebKit/537.36 (KHTML, like Gecko) Chrome/48.0.2564.116 Safari/537.36" PHP-Handler:plesk-php84-fpm Remoteport(vom Nginx):23698
172.70.248.79 - - [09/Aug/2026:05:09:15 +0200] "GET /s/justus-8/ HTTP/1.1" 200 50273 "-" "WP Rocket/Preload" PHP-Handler:plesk-php84-fpm Remoteport(vom Nginx):23834
172.71.164.206 - - [09/Aug/2026:05:09:16 +0200] "GET /s/justus-8/ HTTP/1.1" 200 37617 "-" "WP Rocket/Preload Mozilla/5.0 (iPhone; CPU iPhone OS 9_1 like Mac OS X) AppleWebKit/601.1.46 (KHTML, like Gecko) Version/9.0 Mobile/13B143 Safari/601.1" PHP-Handler:plesk-php84-fpm Remoteport(vom Nginx):23866
172.71.144.145 - - [09/Aug/2026:05:09:18 +0200] "GET /s/oranier-pori-5-bauart-2-seitenstein/ HTTP/1.1" 200 50341 "-" "WP Rocket/Preload" PHP-Handler:plesk-php84-fpm Remoteport(vom Nginx):23886
162.158.94.223 - - [09/Aug/2026:05:09:20 +0200] "GET /s/oranier-pori-5-bauart-2-seitenstein/ HTTP/1.1" 200 37686 "-" "WP Rocket/Preload Mozilla/5.0 (iPhone; CPU iPhone OS 9_1 like Mac OS X) AppleWebKit/601.1.46 (KHTML, like Gecko) Version/9.0 Mobile/13B143 Safari/601.1" PHP-Handler:plesk-php84-fpm Remoteport(vom Nginx):23916
172.71.164.206 - - [09/Aug/2026:05:09:21 +0200] "GET /s/seitenstein/ HTTP/1.1" 200 54014 "-" "WP Rocket/Preload" PHP-Handler:plesk-php84-fpm Remoteport(vom Nginx):26850
172.71.148.64 - - [09/Aug/2026:05:09:23 +0200] "GET /s/seitenstein/ HTTP/1.1" 200 40767 "-" "WP Rocket/Preload Mozilla/5.0 (iPhone; CPU iPhone OS 9_1 like Mac OS X) AppleWebKit/601.1.46 (KHTML, like Gecko) Version/9.0 Mobile/13B143 Safari/601.1" PHP-Handler:plesk-php84-fpm Remoteport(vom Nginx):26908
172.71.164.206 - - [09/Aug/2026:05:09:24 +0200] "GET /p/oranier-hera-d-rost-feuerrost-ofenrost-serie-2/ HTTP/1.1" 200 60341 "-" "WP Rocket/Preload" PHP-Handler:plesk-php84-fpm Remoteport(vom Nginx):26962
172.70.248.79 - - [09/Aug/2026:05:09:26 +0200] "GET /p/oranier-hera-d-rost-feuerrost-ofenrost-serie-2/ HTTP/1.1" 200 47445 "-" "WP Rocket/Preload Mozilla/5.0 (iPhone; CPU iPhone OS 9_1 like Mac OS X) AppleWebKit/601.1.46 (KHTML, like Gecko) Version/9.0 Mobile/13B143 Safari/601.1" PHP-Handler:plesk-php84-fpm Remoteport(vom Nginx):26980
104.23.239.93 - - [09/Aug/2026:05:09:33 +0200] "GET /wp-content/cache/background-css/1/www.ofenbernd.de/wp-content/cache/min/1/wp-content/plugins/customer-reviews-woocommerce/css/frontend.css?ver=1786225793&wpr_t=1786252158 HTTP/1.1" 200 661 "https://www.ofenbernd.de/shop/page/117/" "Mozilla/5.0 (Windows NT 10.0; Win64; x64) AppleWebKit/537.36 (KHTML, like Gecko) Chrome/99.0.4844.51 Safari/537.36" PHP-Handler: Remoteport(vom Nginx):63698
172.70.240.117 - - [09/Aug/2026:05:09:33 +0200] "GET /wp-content/cache/background-css/1/www.ofenbernd.de/wp-content/cache/min/1/wp-content/plugins/customer-reviews-woocommerce/css/badges.css?ver=1786225793&wpr_t=1786252158 HTTP/1.1" 200 659 "https://www.ofenbernd.de/shop/page/117/" "Mozilla/5.0 (Windows NT 10.0; Win64; x64) AppleWebKit/537.36 (KHTML, like Gecko) Chrome/99.0.4844.51 Safari/537.36" PHP-Handler: Remoteport(vom Nginx):63688
172.71.247.92 - - [09/Aug/2026:05:09:06 +0200] "POST /wp-admin/admin-ajax.php?action=as_async_request_queue_runner&nonce=cb05d09946 HTTP/1.1" 200 754 "-" "KuZUUc7t7ha2" PHP-Handler:plesk-php84-fpm Remoteport(vom Nginx):20014
172.71.148.137 - - [09/Aug/2026:05:09:33 +0200] "GET /wp-content/cache/background-css/1/www.ofenbernd.de/wp-content/cache/min/1/wp-content/plugins/woocommerce/assets/css/woocommerce.css?ver=1786225793&wpr_t=1786252158 HTTP/1.1" 200 654 "https://www.ofenbernd.de/shop/page/117/" "Mozilla/5.0 (Windows NT 10.0; Win64; x64) AppleWebKit/537.36 (KHTML, like Gecko) Chrome/99.0.4844.51 Safari/537.36" PHP-Handler: Remoteport(vom Nginx):63706
172.70.240.117 - - [09/Aug/2026:05:09:33 +0200] "GET /wp-content/cache/background-css/1/www.ofenbernd.de/wp-content/cache/min/1/wp-content/plugins/customer-reviews-woocommerce/css/badges.css?ver=1786225793&wpr_t=1786252158 HTTP/2.0" 200 2528 "https://www.ofenbernd.de/shop/page/117/" "Mozilla/5.0 (Windows NT 10.0; Win64; x64) AppleWebKit/537.36 (KHTML, like Gecko) Chrome/99.0.4844.51 Safari/537.36"
104.23.239.93 - - [09/Aug/2026:05:09:33 +0200] "GET /wp-content/cache/background-css/1/www.ofenbernd.de/wp-content/cache/min/1/wp-content/plugins/customer-reviews-woocommerce/css/frontend.css?ver=1786225793&wpr_t=1786252158 HTTP/2.0" 200 14305 "https://www.ofenbernd.de/shop/page/117/" "Mozilla/5.0 (Windows NT 10.0; Win64; x64) AppleWebKit/537.36 (KHTML, like Gecko) Chrome/99.0.4844.51 Safari/537.36"
172.71.148.137 - - [09/Aug/2026:05:09:33 +0200] "GET /wp-content/cache/background-css/1/www.ofenbernd.de/wp-content/cache/min/1/wp-content/plugins/woocommerce/assets/css/woocommerce.css?ver=1786225793&wpr_t=1786252158 HTTP/2.0" 200 10601 "https://www.ofenbernd.de/shop/page/117/" "Mozilla/5.0 (Windows NT 10.0; Win64; x64) AppleWebKit/537.36 (KHTML, like Gecko) Chrome/99.0.4844.51 Safari/537.36"
172.71.172.174 - - [09/Aug/2026:05:09:34 +0200] "GET /wp-content/uploads/2017/01/wodtke_ego_kk_40_scheibendichtung_tuerdichtung_set_ersatzteile-400x400.jpg.webp HTTP/2.0" 200 9042 "-" "Mozilla/5.0 AppleWebKit/537.36 (KHTML, like Gecko; compatible; bingbot/2.0; +http://www.bing.com/bingbot.htm) Chrome/116.0.1938.76 Safari/537.36"
172.71.172.174 - - [09/Aug/2026:05:09:34 +0200] "GET /wp-content/uploads/2017/01/wodtke_ego_kk_40_scheibendichtung_tuerdichtung_set_ersatzteile-400x400.jpg.webp HTTP/1.1" 200 608 "-" "Mozilla/5.0 AppleWebKit/537.36 (KHTML, like Gecko; compatible; bingbot/2.0; +http://www.bing.com/bingbot.htm) Chrome/116.0.1938.76 Safari/537.36" PHP-Handler: Remoteport(vom Nginx):63738
172.71.11.43 - - [09/Aug/2026:05:09:35 +0200] "GET /p/oranier-tetral-7-4675-glasscheibe-446x326x4-4678-7-quadro-2910316000/ HTTP/1.1" 200 60806 "-" "Mozilla/5.0 (Windows NT 6.3) AppleWebKit/537.36 (KHTML, like Gecko) Chrome/88.0.4324.190 Safari/537.36" PHP-Handler:plesk-php84-fpm Remoteport(vom Nginx):63846
104.23.239.68 - - [09/Aug/2026:05:09:38 +0200] "GET /s/schmid-sh-11-g-seitenstein-hinten/ HTTP/1.1" 200 50111 "-" "WP Rocket/Preload" PHP-Handler:plesk-php84-fpm Remoteport(vom Nginx):63970
104.23.239.68 - - [09/Aug/2026:05:09:39 +0200] "POST /wp-cron.php?doing_wp_cron=1786244979.2458989620208740234375 HTTP/1.1" 200 461 "-" "8b1oTnlmm8m4" PHP-Handler:plesk-php84-fpm Remoteport(vom Nginx):64010
172.70.248.79 - - [09/Aug/2026:05:09:35 +0200] "GET /s/oranier-kiruna-8-serie-1-feuerrost/ HTTP/1.1" 200 50315 "-" "WP Rocket/Preload" PHP-Handler:plesk-php84-fpm Remoteport(vom Nginx):63794
172.70.242.16 - - [09/Aug/2026:05:09:40 +0200] "GET /wp-content/uploads/2015/03/oranier_polar_4_4654_serie_3_ersatzteile_seitenstein_2905411000_1-400x400.jpg.webp HTTP/1.1" 200 611 "https://www.ofenbernd.de/shop/page/117/" "Mozilla/5.0 (Windows NT 10.0; Win64; x64) AppleWebKit/537.36 (KHTML, like Gecko) Chrome/99.0.4844.51 Safari/537.36" PHP-Handler: Remoteport(vom Nginx):64046
162.158.110.45 - - [09/Aug/2026:05:09:40 +0200] "GET /wp-content/uploads/2015/03/olsberg_tacora_compact_ersatzteile_wirbelbrennkammer_glasscheibe_glas_235961.2000-400x400.jpg.webp HTTP/1.1" 200 627 "https://www.ofenbernd.de/shop/page/117/" "Mozilla/5.0 (Windows NT 10.0; Win64; x64) AppleWebKit/537.36 (KHTML, like Gecko) Chrome/99.0.4844.51 Safari/537.36" PHP-Handler: Remoteport(vom Nginx):64058
172.69.150.14 - - [09/Aug/2026:05:09:40 +0200] "GET /wp-content/uploads/2015/03/oranier_kiruna_4_6_8_serie_1_2_feuerfester_kleber_fur_kamin_turdichtung_17_ml.jpg HTTP/1.1" 200 618 "-" "Googlebot-Image/1.0" PHP-Handler: Remoteport(vom Nginx):64072
172.71.164.229 - - [09/Aug/2026:05:09:40 +0200] "GET /wp-content/uploads/2015/03/oranier_polar_4_4654_serie_3_ersatzteile_seitenstein_2905409000_1-400x400.jpg.webp HTTP/1.1" 200 611 "https://www.ofenbernd.de/shop/page/117/" "Mozilla/5.0 (Windows NT 10.0; Win64; x64) AppleWebKit/537.36 (KHTML, like Gecko) Chrome/99.0.4844.51 Safari/537.36" PHP-Handler: Remoteport(vom Nginx):64080
172.71.144.180 - - [09/Aug/2026:05:09:40 +0200] "GET /wp-content/uploads/2015/03/olsberg_tacora_compact_ersatzteile_rostlagerrahmen_235961.1201-400x400.jpg.webp HTTP/1.1" 200 608 "https://www.ofenbernd.de/shop/page/117/" "Mozilla/5.0 (Windows NT 10.0; Win64; x64) AppleWebKit/537.36 (KHTML, like Gecko) Chrome/99.0.4844.51 Safari/537.36" PHP-Handler: Remoteport(vom Nginx):64096
162.158.95.29 - - [09/Aug/2026:05:09:40 +0200] "GET /wp-content/uploads/2015/03/olsberg_tacora_compact_ersatzteile_rost_kaminrost_234081.1202-400x400.jpg.webp HTTP/1.1" 200 607 "https://www.ofenbernd.de/shop/page/117/" "Mozilla/5.0 (Windows NT 10.0; Win64; x64) AppleWebKit/537.36 (KHTML, like Gecko) Chrome/99.0.4844.51 Safari/537.36" PHP-Handler: Remoteport(vom Nginx):64112
162.158.86.125 - - [09/Aug/2026:05:09:40 +0200] "POST /wp-cron.php?doing_wp_cron=1786244980.7970199584960937500000 HTTP/1.1" 200 461 "-" "FM7TexuqDrIj" PHP-Handler:plesk-php84-fpm Remoteport(vom Nginx):64134
172.71.148.64 - - [09/Aug/2026:05:09:36 +0200] "GET /s/oranier-kiruna-8-serie-1-feuerrost/ HTTP/1.1" 200 37664 "-" "WP Rocket/Preload Mozilla/5.0 (iPhone; CPU iPhone OS 9_1 like Mac OS X) AppleWebKit/601.1.46 (KHTML, like Gecko) Version/9.0 Mobile/13B143 Safari/601.1" PHP-Handler:plesk-php84-fpm Remoteport(vom Nginx):63880
162.158.91.51 - - [09/Aug/2026:05:09:40 +0200] "POST /?wc-ajax=get_refreshed_fragments HTTP/1.1" 200 954 "https://www.ofenbernd.de/shop/page/117/" "Mozilla/5.0 (Windows NT 10.0; Win64; x64) AppleWebKit/537.36 (KHTML, like Gecko) Chrome/99.0.4844.51 Safari/537.36" PHP-Handler: Remoteport(vom Nginx):64090
172.70.242.16 - - [09/Aug/2026:05:09:40 +0200] "GET /wp-content/uploads/2015/03/oranier_polar_4_4654_serie_3_ersatzteile_seitenstein_2905411000_1-400x400.jpg.webp HTTP/2.0" 200 13814 "https://www.ofenbernd.de/shop/page/117/" "Mozilla/5.0 (Windows NT 10.0; Win64; x64) AppleWebKit/537.36 (KHTML, like Gecko) Chrome/99.0.4844.51 Safari/537.36"
162.158.110.45 - - [09/Aug/2026:05:09:40 +0200] "GET /wp-content/uploads/2015/03/olsberg_tacora_compact_ersatzteile_wirbelbrennkammer_glasscheibe_glas_235961.2000-400x400.jpg.webp HTTP/2.0" 200 12498 "https://www.ofenbernd.de/shop/page/117/" "Mozilla/5.0 (Windows NT 10.0; Win64; x64) AppleWebKit/537.36 (KHTML, like Gecko) Chrome/99.0.4844.51 Safari/537.36"
172.69.150.14 - - [09/Aug/2026:05:09:40 +0200] "GET /wp-content/uploads/2015/03/oranier_kiruna_4_6_8_serie_1_2_feuerfester_kleber_fur_kamin_turdichtung_17_ml.jpg HTTP/2.0" 200 8137 "-" "Googlebot-Image/1.0"
172.71.164.229 - - [09/Aug/2026:05:09:40 +0200] "GET /wp-content/uploads/2015/03/oranier_polar_4_4654_serie_3_ersatzteile_seitenstein_2905409000_1-400x400.jpg.webp HTTP/2.0" 200 13814 "https://www.ofenbernd.de/shop/page/117/" "Mozilla/5.0 (Windows NT 10.0; Win64; x64) AppleWebKit/537.36 (KHTML, like Gecko) Chrome/99.0.4844.51 Safari/537.36"
172.71.144.180 - - [09/Aug/2026:05:09:40 +0200] "GET /wp-content/uploads/2015/03/olsberg_tacora_compact_ersatzteile_rostlagerrahmen_235961.1201-400x400.jpg.webp HTTP/2.0" 200 12498 "https://www.ofenbernd.de/shop/page/117/" "Mozilla/5.0 (Windows NT 10.0; Win64; x64) AppleWebKit/537.36 (KHTML, like Gecko) Chrome/99.0.4844.51 Safari/537.36"
162.158.95.29 - - [09/Aug/2026:05:09:40 +0200] "GET /wp-content/uploads/2015/03/olsberg_tacora_compact_ersatzteile_rost_kaminrost_234081.1202-400x400.jpg.webp HTTP/2.0" 200 12498 "https://www.ofenbernd.de/shop/page/117/" "Mozilla/5.0 (Windows NT 10.0; Win64; x64) AppleWebKit/537.36 (KHTML, like Gecko) Chrome/99.0.4844.51 Safari/537.36"
104.23.239.68 - - [09/Aug/2026:05:09:43 +0200] "POST /wp-cron.php?doing_wp_cron=1786244983.2030329704284667968750 HTTP/1.1" 200 461 "-" "iVOy1rG5hV2B" PHP-Handler:plesk-php84-fpm Remoteport(vom Nginx):45180
172.71.172.143 - - [09/Aug/2026:05:09:39 +0200] "GET /s/schmid-sh-11-g-seitenstein-hinten/ HTTP/1.1" 200 37613 "-" "WP Rocket/Preload Mozilla/5.0 (iPhone; CPU iPhone OS 9_1 like Mac OS X) AppleWebKit/601.1.46 (KHTML, like Gecko) Version/9.0 Mobile/13B143 Safari/601.1" PHP-Handler:plesk-php84-fpm Remoteport(vom Nginx):64000
