172.71.144.144 - - [09/Aug/2026:04:40:29 +0200] "GET /s/leda-lava-w-seitenstein/ HTTP/1.1" 200 35993 "-" "WP Rocket/Preload Mozilla/5.0 (iPhone; CPU iPhone OS 9_1 like Mac OS X) AppleWebKit/601.1.46 (KHTML, like Gecko) Version/9.0 Mobile/13B143 Safari/601.1" PHP-Handler:plesk-php84-fpm Remoteport(vom Nginx):29586
172.69.150.176 - - [09/Aug/2026:04:40:31 +0200] "GET /p/olsberg-creation-9-umlenkstein-umlenkung-umlenkplatte-oben/ HTTP/1.1" 200 60330 "-" "WP Rocket/Preload" PHP-Handler:plesk-php84-fpm Remoteport(vom Nginx):29592
172.70.240.113 - - [09/Aug/2026:04:40:35 +0200] "GET /p/oranier-kiruna-4-serie-1-seitenstein-vermeculite-links-pos-3-2-2917414000/ HTTP/1.1" 200 47061 "-" "WP Rocket/Preload Mozilla/5.0 (iPhone; CPU iPhone OS 9_1 like Mac OS X) AppleWebKit/601.1.46 (KHTML, like Gecko) Version/9.0 Mobile/13B143 Safari/601.1" PHP-Handler:plesk-php84-fpm Remoteport(vom Nginx):31188
172.70.248.78 - - [09/Aug/2026:04:40:36 +0200] "POST /wp-cron.php?doing_wp_cron=1786243236.4101068973541259765625 HTTP/1.1" 200 461 "-" "FSLzfycLEqh3" PHP-Handler:plesk-php84-fpm Remoteport(vom Nginx):31254
172.71.172.80 - - [09/Aug/2026:04:40:32 +0200] "GET /p/olsberg-creation-9-umlenkstein-umlenkung-umlenkplatte-oben/ HTTP/1.1" 200 47620 "-" "WP Rocket/Preload Mozilla/5.0 (iPhone; CPU iPhone OS 9_1 like Mac OS X) AppleWebKit/601.1.46 (KHTML, like Gecko) Version/9.0 Mobile/13B143 Safari/601.1" PHP-Handler:plesk-php84-fpm Remoteport(vom Nginx):31074
104.23.239.69 - - [09/Aug/2026:04:40:34 +0200] "GET /p/oranier-kiruna-4-serie-1-seitenstein-vermeculite-links-pos-3-2-2917414000/ HTTP/1.1" 200 60352 "-" "WP Rocket/Preload" PHP-Handler:plesk-php84-fpm Remoteport(vom Nginx):31126
172.71.172.80 - - [09/Aug/2026:04:40:36 +0200] "GET /p/oranier-island-5-4672-glasscheibe-405x315x4-2908981000/ HTTP/1.1" 200 60130 "-" "WP Rocket/Preload" PHP-Handler:plesk-php84-fpm Remoteport(vom Nginx):31222
172.70.248.78 - - [09/Aug/2026:04:40:37 +0200] "GET /p/oranier-island-5-4672-glasscheibe-405x315x4-2908981000/ HTTP/1.1" 200 47473 "-" "WP Rocket/Preload Mozilla/5.0 (iPhone; CPU iPhone OS 9_1 like Mac OS X) AppleWebKit/601.1.46 (KHTML, like Gecko) Version/9.0 Mobile/13B143 Safari/601.1" PHP-Handler:plesk-php84-fpm Remoteport(vom Nginx):31298
172.71.172.80 - - [09/Aug/2026:04:40:39 +0200] "GET /p/spartherm-ambiente-a9-ascherost/ HTTP/1.1" 200 60182 "-" "WP Rocket/Preload" PHP-Handler:plesk-php84-fpm Remoteport(vom Nginx):31334
172.70.248.78 - - [09/Aug/2026:04:40:40 +0200] "GET /p/spartherm-ambiente-a9-ascherost/ HTTP/1.1" 200 47040 "-" "WP Rocket/Preload Mozilla/5.0 (iPhone; CPU iPhone OS 9_1 like Mac OS X) AppleWebKit/601.1.46 (KHTML, like Gecko) Version/9.0 Mobile/13B143 Safari/601.1" PHP-Handler:plesk-php84-fpm Remoteport(vom Nginx):31400
172.70.206.11 - - [09/Aug/2026:04:40:42 +0200] "POST /?wc-ajax=get_refreshed_fragments HTTP/1.1" 200 954 "https://www.ofenbernd.de/s/oranier-pori-aqua-7711-ruettelrost/?orderby=date" "Mozilla/5.0 (Windows NT 10.0; Win64; x64) AppleWebKit/537.36 (KHTML, like Gecko) Chrome/99.0.4844.51 Safari/537.36" PHP-Handler: Remoteport(vom Nginx):2718
172.69.150.176 - - [09/Aug/2026:04:40:42 +0200] "GET /p/schmid-sd-9-e-torsionsfeder-bauart-a1-feder-72-4391-0824/ HTTP/1.1" 200 60213 "-" "WP Rocket/Preload" PHP-Handler:plesk-php84-fpm Remoteport(vom Nginx):2664
162.158.111.232 - - [09/Aug/2026:04:40:43 +0200] "GET /p/schmid-sd-9-e-torsionsfeder-bauart-a1-feder-72-4391-0824/ HTTP/1.1" 200 47745 "-" "WP Rocket/Preload Mozilla/5.0 (iPhone; CPU iPhone OS 9_1 like Mac OS X) AppleWebKit/601.1.46 (KHTML, like Gecko) Version/9.0 Mobile/13B143 Safari/601.1" PHP-Handler:plesk-php84-fpm Remoteport(vom Nginx):2756
172.69.150.176 - - [09/Aug/2026:04:40:22 +0200] "POST /wp-admin/admin-ajax.php?action=as_async_request_queue_runner&nonce=cb05d09946 HTTP/1.1" 200 754 "-" "eDfWSnSRUSIf" PHP-Handler:plesk-php84-fpm Remoteport(vom Nginx):29418
172.71.252.138 - - [09/Aug/2026:04:40:50 +0200] "GET /s/passo-s-m-l-rlu/?orderby=date HTTP/1.1" 200 32926 "-" "Mozilla/5.0 (Macintosh; Intel Mac OS X 10_15_7) AppleWebKit/537.36 (KHTML, like Gecko) Chrome/104.0.0.0 Safari/537.36" PHP-Handler:plesk-php84-fpm Remoteport(vom Nginx):3184
172.71.247.92 - - [09/Aug/2026:04:40:53 +0200] "GET /s/weso-oranier-ke-702-705-umlenkplatte/ HTTP/1.1" 200 48755 "-" "WP Rocket/Preload" PHP-Handler:plesk-php84-fpm Remoteport(vom Nginx):11594
172.70.240.113 - - [09/Aug/2026:04:40:57 +0200] "GET /s/weso-oranier-ke-702-705-umlenkplatte/ HTTP/1.1" 200 36060 "-" "WP Rocket/Preload Mozilla/5.0 (iPhone; CPU iPhone OS 9_1 like Mac OS X) AppleWebKit/601.1.46 (KHTML, like Gecko) Version/9.0 Mobile/13B143 Safari/601.1" PHP-Handler:plesk-php84-fpm Remoteport(vom Nginx):11706
172.71.144.144 - - [09/Aug/2026:04:40:50 +0200] "POST /wp-admin/admin-ajax.php?action=as_async_request_queue_runner&nonce=cb05d09946 HTTP/1.1" 200 754 "-" "Yl4X9TglwPbN" PHP-Handler:plesk-php84-fpm Remoteport(vom Nginx):3186
172.71.172.80 - - [09/Aug/2026:04:41:07 +0200] "GET /tag/bimschv-neue-bestimmungen/ HTTP/1.1" 200 38188 "-" "WP Rocket/Preload" PHP-Handler:plesk-php84-fpm Remoteport(vom Nginx):2694
172.71.247.92 - - [09/Aug/2026:04:41:08 +0200] "GET /tag/bimschv-neue-bestimmungen/ HTTP/1.1" 200 28077 "-" "WP Rocket/Preload Mozilla/5.0 (iPhone; CPU iPhone OS 9_1 like Mac OS X) AppleWebKit/601.1.46 (KHTML, like Gecko) Version/9.0 Mobile/13B143 Safari/601.1" PHP-Handler:plesk-php84-fpm Remoteport(vom Nginx):2746
172.71.164.207 - - [09/Aug/2026:04:41:05 +0200] "POST /wp-admin/admin-ajax.php?action=as_async_request_queue_runner&nonce=cb05d09946 HTTP/1.1" 200 754 "-" "L0QP0jUOTzC9" PHP-Handler:plesk-php84-fpm Remoteport(vom Nginx):2668
162.158.94.225 - - [09/Aug/2026:04:41:10 +0200] "GET /s/gussplatte/ HTTP/1.1" 200 50223 "-" "WP Rocket/Preload" PHP-Handler:plesk-php84-fpm Remoteport(vom Nginx):2774
172.69.11.157 - - [09/Aug/2026:04:41:11 +0200] "GET /s/kaminkleber/ HTTP/1.1" 200 49865 "-" "Mozilla/5.0 (Windows NT 6.1) AppleWebKit/537.36 (KHTML, like Gecko) Chrome/79.0.3945.117 Safari/537.36" PHP-Handler:plesk-php84-fpm Remoteport(vom Nginx):2802
172.71.164.207 - - [09/Aug/2026:04:41:11 +0200] "GET /s/gussplatte/ HTTP/1.1" 200 37603 "-" "WP Rocket/Preload Mozilla/5.0 (iPhone; CPU iPhone OS 9_1 like Mac OS X) AppleWebKit/601.1.46 (KHTML, like Gecko) Version/9.0 Mobile/13B143 Safari/601.1" PHP-Handler:plesk-php84-fpm Remoteport(vom Nginx):2166
172.71.144.144 - - [09/Aug/2026:04:41:13 +0200] "GET /p/oranier-polar-6-eck-scheibendichtung-serie-1-2/ HTTP/1.1" 200 60411 "-" "WP Rocket/Preload" PHP-Handler:plesk-php84-fpm Remoteport(vom Nginx):2514
172.71.144.39 - - [09/Aug/2026:04:41:17 +0200] "GET /wp-content/uploads/2015/03/oranier_logo_shop_6.jpg.webp HTTP/1.1" 200 557 "https://www.ofenbernd.de/" "Mozilla/5.0 (Windows NT 10.0; Win64; x64) AppleWebKit/537.36 (KHTML, like Gecko) Chrome/131.0.0.0 Safari/537.36" PHP-Handler: Remoteport(vom Nginx):2682
172.70.248.78 - - [09/Aug/2026:04:41:14 +0200] "GET /p/oranier-polar-6-eck-scheibendichtung-serie-1-2/ HTTP/1.1" 200 47415 "-" "WP Rocket/Preload Mozilla/5.0 (iPhone; CPU iPhone OS 9_1 like Mac OS X) AppleWebKit/601.1.46 (KHTML, like Gecko) Version/9.0 Mobile/13B143 Safari/601.1" PHP-Handler:plesk-php84-fpm Remoteport(vom Nginx):2578
172.70.248.78 - - [09/Aug/2026:04:41:16 +0200] "GET /s/dovre-2000-s/ HTTP/1.1" 200 48633 "-" "WP Rocket/Preload" PHP-Handler:plesk-php84-fpm Remoteport(vom Nginx):2628
172.71.148.65 - - [09/Aug/2026:04:41:17 +0200] "GET /s/dovre-2000-s/ HTTP/1.1" 200 35945 "-" "WP Rocket/Preload Mozilla/5.0 (iPhone; CPU iPhone OS 9_1 like Mac OS X) AppleWebKit/601.1.46 (KHTML, like Gecko) Version/9.0 Mobile/13B143 Safari/601.1" PHP-Handler:plesk-php84-fpm Remoteport(vom Nginx):2700
172.71.144.39 - - [09/Aug/2026:04:41:17 +0200] "GET /wp-content/uploads/2015/03/oranier_logo_shop_6.jpg.webp HTTP/2.0" 200 4758 "https://www.ofenbernd.de/" "Mozilla/5.0 (Windows NT 10.0; Win64; x64) AppleWebKit/537.36 (KHTML, like Gecko) Chrome/131.0.0.0 Safari/537.36"
172.70.242.69 - - [09/Aug/2026:04:41:19 +0200] "GET /s/fuora-r/ HTTP/1.1" 200 48626 "-" "WP Rocket/Preload" PHP-Handler:plesk-php84-fpm Remoteport(vom Nginx):2740
172.70.247.163 - - [09/Aug/2026:04:41:20 +0200] "GET /s/fuora-r/ HTTP/1.1" 200 35927 "-" "WP Rocket/Preload Mozilla/5.0 (iPhone; CPU iPhone OS 9_1 like Mac OS X) AppleWebKit/601.1.46 (KHTML, like Gecko) Version/9.0 Mobile/13B143 Safari/601.1" PHP-Handler:plesk-php84-fpm Remoteport(vom Nginx):2762
172.71.148.65 - - [09/Aug/2026:04:41:22 +0200] "GET /s/oranier-polar-8-serie-2-umlenkung/ HTTP/1.1" 200 50358 "-" "WP Rocket/Preload" PHP-Handler:plesk-php84-fpm Remoteport(vom Nginx):10632
172.71.172.80 - - [09/Aug/2026:04:41:23 +0200] "GET /s/oranier-polar-8-serie-2-umlenkung/ HTTP/1.1" 200 37714 "-" "WP Rocket/Preload Mozilla/5.0 (iPhone; CPU iPhone OS 9_1 like Mac OS X) AppleWebKit/601.1.46 (KHTML, like Gecko) Version/9.0 Mobile/13B143 Safari/601.1" PHP-Handler:plesk-php84-fpm Remoteport(vom Nginx):10692
172.69.150.176 - - [09/Aug/2026:04:41:25 +0200] "GET /s/wodtke-hk-01-rostkorb/ HTTP/1.1" 200 47864 "-" "WP Rocket/Preload" PHP-Handler:plesk-php84-fpm Remoteport(vom Nginx):10698
172.64.222.234 - - [09/Aug/2026:04:41:26 +0200] "GET /s/10-kw/?orderby=popularity HTTP/1.1" 200 33087 "-" "Mozilla/5.0 (Windows NT 6.2; Win64; x64) AppleWebKit/537.36 (KHTML, like Gecko) Chrome/101.0.4951.64 Safari/537.36" PHP-Handler:plesk-php84-fpm Remoteport(vom Nginx):10714
172.71.172.80 - - [09/Aug/2026:04:41:26 +0200] "GET /s/wodtke-hk-01-rostkorb/ HTTP/1.1" 200 35987 "-" "WP Rocket/Preload Mozilla/5.0 (iPhone; CPU iPhone OS 9_1 like Mac OS X) AppleWebKit/601.1.46 (KHTML, like Gecko) Version/9.0 Mobile/13B143 Safari/601.1" PHP-Handler:plesk-php84-fpm Remoteport(vom Nginx):10758
172.70.248.3 - - [09/Aug/2026:04:41:33 +0200] "GET /wp-content/cache/background-css/1/www.ofenbernd.de/wp-content/cache/min/1/wp-content/plugins/customer-reviews-woocommerce/css/frontend.css?ver=1786225793&wpr_t=1786250126 HTTP/1.1" 200 661 "https://www.ofenbernd.de/k/kaminbausatze/oranier-kaminbausaetze/" "Mozilla/5.0 (Macintosh; Intel Mac OS X 10_15_7) AppleWebKit/605.1.15 (KHTML, like Gecko) Version/17.4 Safari/605.1.15 (Applebot/0.1; +http://www.apple.com/go/applebot)" PHP-Handler: Remoteport(vom Nginx):42034
172.69.151.135 - - [09/Aug/2026:04:41:33 +0200] "GET /wp-content/cache/background-css/1/www.ofenbernd.de/wp-content/cache/min/1/wp-content/plugins/customer-reviews-woocommerce/css/badges.css?ver=1786225793&wpr_t=1786250126 HTTP/1.1" 200 659 "https://www.ofenbernd.de/k/kaminbausatze/oranier-kaminbausaetze/" "Mozilla/5.0 (Macintosh; Intel Mac OS X 10_15_7) AppleWebKit/605.1.15 (KHTML, like Gecko) Version/17.4 Safari/605.1.15 (Applebot/0.1; +http://www.apple.com/go/applebot)" PHP-Handler: Remoteport(vom Nginx):42054
172.70.242.69 - - [09/Aug/2026:04:41:04 +0200] "POST /wp-admin/admin-ajax.php?action=as_async_request_queue_runner&nonce=cb05d09946 HTTP/1.1" 200 754 "-" "L0QP0jUOTzC9" PHP-Handler:plesk-php84-fpm Remoteport(vom Nginx):2632
172.70.248.3 - - [09/Aug/2026:04:41:33 +0200] "GET /wp-content/cache/background-css/1/www.ofenbernd.de/wp-content/cache/min/1/wp-content/plugins/customer-reviews-woocommerce/css/frontend.css?ver=1786225793&wpr_t=1786250126 HTTP/2.0" 200 14305 "https://www.ofenbernd.de/k/kaminbausatze/oranier-kaminbausaetze/" "Mozilla/5.0 (Macintosh; Intel Mac OS X 10_15_7) AppleWebKit/605.1.15 (KHTML, like Gecko) Version/17.4 Safari/605.1.15 (Applebot/0.1; +http://www.apple.com/go/applebot)"
172.69.151.135 - - [09/Aug/2026:04:41:33 +0200] "GET /wp-content/cache/background-css/1/www.ofenbernd.de/wp-content/cache/min/1/wp-content/plugins/customer-reviews-woocommerce/css/badges.css?ver=1786225793&wpr_t=1786250126 HTTP/2.0" 200 2528 "https://www.ofenbernd.de/k/kaminbausatze/oranier-kaminbausaetze/" "Mozilla/5.0 (Macintosh; Intel Mac OS X 10_15_7) AppleWebKit/605.1.15 (KHTML, like Gecko) Version/17.4 Safari/605.1.15 (Applebot/0.1; +http://www.apple.com/go/applebot)"
162.158.86.185 - - [09/Aug/2026:04:41:36 +0200] "GET /wp-content/cache/background-css/1/www.ofenbernd.de/wp-content/cache/min/1/wp-content/plugins/woocommerce/assets/css/woocommerce.css?ver=1786225793&wpr_t=1786250126 HTTP/2.0" 200 10601 "https://www.ofenbernd.de/k/kaminbausatze/oranier-kaminbausaetze/" "Mozilla/5.0 (Macintosh; Intel Mac OS X 10_15_7) AppleWebKit/605.1.15 (KHTML, like Gecko) Version/17.4 Safari/605.1.15 (Applebot/0.1; +http://www.apple.com/go/applebot)"
162.158.86.185 - - [09/Aug/2026:04:41:36 +0200] "GET /wp-content/cache/background-css/1/www.ofenbernd.de/wp-content/cache/min/1/wp-content/plugins/woocommerce/assets/css/woocommerce.css?ver=1786225793&wpr_t=1786250126 HTTP/1.1" 200 654 "https://www.ofenbernd.de/k/kaminbausatze/oranier-kaminbausaetze/" "Mozilla/5.0 (Macintosh; Intel Mac OS X 10_15_7) AppleWebKit/605.1.15 (KHTML, like Gecko) Version/17.4 Safari/605.1.15 (Applebot/0.1; +http://www.apple.com/go/applebot)" PHP-Handler: Remoteport(vom Nginx):42112
172.70.242.69 - - [09/Aug/2026:04:41:34 +0200] "GET /s/leda-aruba-ersatzteile HTTP/1.1" 301 643 "-" "Mozilla/5.0 (compatible; Qwantbot/1.0_5000155; +https://help.qwant.com/bot/)" PHP-Handler:plesk-php84-fpm Remoteport(vom Nginx):42086
172.70.240.113 - - [09/Aug/2026:04:41:39 +0200] "POST /wp-cron.php?doing_wp_cron=1786243299.7486670017242431640625 HTTP/1.1" 200 461 "-" "AkFRCcV3yEfX" PHP-Handler:plesk-php84-fpm Remoteport(vom Nginx):42264
172.70.242.69 - - [09/Aug/2026:04:41:36 +0200] "GET /s/leda-aruba-ersatzteile/ HTTP/1.1" 200 48671 "https://www.ofenbernd.de/s/leda-aruba-ersatzteile" "Mozilla/5.0 (compatible; Qwantbot/1.0_5000155; +https://help.qwant.com/bot/)" PHP-Handler:plesk-php84-fpm Remoteport(vom Nginx):42136
172.70.247.163 - - [09/Aug/2026:04:41:40 +0200] "POST /wp-cron.php?doing_wp_cron=1786243300.0065190792083740234375 HTTP/1.1" 200 461 "-" "kOzBsUGY6BiH" PHP-Handler:plesk-php84-fpm Remoteport(vom Nginx):42294
172.71.148.65 - - [09/Aug/2026:04:41:36 +0200] "GET /p/olsberg-format-11-12-rostlager-ersatzteile/ HTTP/1.1" 200 60301 "-" "WP Rocket/Preload" PHP-Handler:plesk-php84-fpm Remoteport(vom Nginx):42122
162.158.94.225 - - [09/Aug/2026:04:41:42 +0200] "POST /wp-cron.php?doing_wp_cron=1786243302.1075110435485839843750 HTTP/1.1" 200 461 "-" "XOLA82PAhyIS" PHP-Handler:plesk-php84-fpm Remoteport(vom Nginx):48582
172.71.144.144 - - [09/Aug/2026:04:41:37 +0200] "GET /p/olsberg-format-11-12-rostlager-ersatzteile/ HTTP/1.1" 200 47341 "-" "WP Rocket/Preload Mozilla/5.0 (iPhone; CPU iPhone OS 9_1 like Mac OS X) AppleWebKit/601.1.46 (KHTML, like Gecko) Version/9.0 Mobile/13B143 Safari/601.1" PHP-Handler:plesk-php84-fpm Remoteport(vom Nginx):42204
172.71.172.80 - - [09/Aug/2026:04:41:43 +0200] "POST /wp-cron.php?doing_wp_cron=1786243303.1543540954589843750000 HTTP/1.1" 200 461 "-" "mRH39n6t22fg" PHP-Handler:plesk-php84-fpm Remoteport(vom Nginx):48660
172.71.172.80 - - [09/Aug/2026:04:41:39 +0200] "GET /k/ofen-ersatzteile/spartherm/spartherm-varia-1v-1vh-51-57/ HTTP/1.1" 200 50290 "-" "WP Rocket/Preload" PHP-Handler:plesk-php84-fpm Remoteport(vom Nginx):42248
172.69.150.176 - - [09/Aug/2026:04:41:40 +0200] "GET /k/ofen-ersatzteile/spartherm/spartherm-varia-1v-1vh-51-57/ HTTP/1.1" 200 37693 "-" "WP Rocket/Preload Mozilla/5.0 (iPhone; CPU iPhone OS 9_1 like Mac OS X) AppleWebKit/601.1.46 (KHTML, like Gecko) Version/9.0 Mobile/13B143 Safari/601.1" PHP-Handler:plesk-php84-fpm Remoteport(vom Nginx):42318
162.158.86.124 - - [09/Aug/2026:04:41:42 +0200] "GET /p/spartherm-ambiente-a1-bodensteine-komplett-bis-2014-1016193/ HTTP/1.1" 200 60466 "-" "WP Rocket/Preload" PHP-Handler:plesk-php84-fpm Remoteport(vom Nginx):48612
172.70.240.113 - - [09/Aug/2026:04:41:43 +0200] "GET /p/spartherm-ambiente-a1-bodensteine-komplett-bis-2014-1016193/ HTTP/1.1" 200 48762 "-" "WP Rocket/Preload Mozilla/5.0 (iPhone; CPU iPhone OS 9_1 like Mac OS X) AppleWebKit/601.1.46 (KHTML, like Gecko) Version/9.0 Mobile/13B143 Safari/601.1" PHP-Handler:plesk-php84-fpm Remoteport(vom Nginx):48674
172.71.148.65 - - [09/Aug/2026:04:41:45 +0200] "GET /p/oranier-polar-4-serie-3-bodensteine-komplett-2919356000/ HTTP/1.1" 200 60294 "-" "WP Rocket/Preload" PHP-Handler:plesk-php84-fpm Remoteport(vom Nginx):48704
172.71.164.207 - - [09/Aug/2026:04:41:49 +0200] "GET /p/olsberg-golaya-glasscheibe-glas-23-4961-2000/ HTTP/1.1" 200 46956 "-" "WP Rocket/Preload Mozilla/5.0 (iPhone; CPU iPhone OS 9_1 like Mac OS X) AppleWebKit/601.1.46 (KHTML, like Gecko) Version/9.0 Mobile/13B143 Safari/601.1" PHP-Handler:plesk-php84-fpm Remoteport(vom Nginx):48842
172.71.223.141 - - [09/Aug/2026:04:41:49 +0200] "POST /wp-login.php/xmlrpc.php HTTP/2.0" 403 129 "-" "Mozilla/5.0 (Windows NT 10.0; Win64; x64) AppleWebKit/537.36 (KHTML, like Gecko) Chrome/133.0.0.0 Safari/537.36"
172.70.240.113 - - [09/Aug/2026:04:41:50 +0200] "POST /wp-cron.php?doing_wp_cron=1786243310.6743469238281250000000 HTTP/1.1" 200 461 "-" "IVhtIOMw3gJX" PHP-Handler:plesk-php84-fpm Remoteport(vom Nginx):48920
172.70.248.78 - - [09/Aug/2026:04:41:46 +0200] "GET /p/oranier-polar-4-serie-3-bodensteine-komplett-2919356000/ HTTP/1.1" 200 47334 "-" "WP Rocket/Preload Mozilla/5.0 (iPhone; CPU iPhone OS 9_1 like Mac OS X) AppleWebKit/601.1.46 (KHTML, like Gecko) Version/9.0 Mobile/13B143 Safari/601.1" PHP-Handler:plesk-php84-fpm Remoteport(vom Nginx):48786
172.71.148.65 - - [09/Aug/2026:04:41:48 +0200] "GET /p/olsberg-golaya-glasscheibe-glas-23-4961-2000/ HTTP/1.1" 200 59924 "-" "WP Rocket/Preload" PHP-Handler:plesk-php84-fpm Remoteport(vom Nginx):48812
172.71.190.205 - - [09/Aug/2026:04:41:50 +0200] "GET /wp-login.php HTTP/1.1" 200 3727 "-" "Mozilla/5.0 (Windows NT 10.0; Win64; x64) AppleWebKit/537.36 (KHTML, like Gecko) Chrome/133.0.0.0 Safari/537.36" PHP-Handler:plesk-php84-fpm Remoteport(vom Nginx):48874
172.71.172.80 - - [09/Aug/2026:04:41:54 +0200] "POST /wp-cron.php?doing_wp_cron=1786243314.6196920871734619140625 HTTP/1.1" 200 461 "-" "G7TEcJGwgZsv" PHP-Handler:plesk-php84-fpm Remoteport(vom Nginx):38814
172.71.164.207 - - [09/Aug/2026:04:41:50 +0200] "GET /p/oranier-arktis-4-serie-1-2-rost-kaminrost-5570941000/ HTTP/1.1" 200 60321 "-" "WP Rocket/Preload" PHP-Handler:plesk-php84-fpm Remoteport(vom Nginx):48908
172.71.164.207 - - [09/Aug/2026:04:41:51 +0200] "GET /p/oranier-arktis-4-serie-1-2-rost-kaminrost-5570941000/ HTTP/1.1" 200 47348 "-" "WP Rocket/Preload Mozilla/5.0 (iPhone; CPU iPhone OS 9_1 like Mac OS X) AppleWebKit/601.1.46 (KHTML, like Gecko) Version/9.0 Mobile/13B143 Safari/601.1" PHP-Handler:plesk-php84-fpm Remoteport(vom Nginx):38734
162.158.94.225 - - [09/Aug/2026:04:41:57 +0200] "POST /wp-cron.php?doing_wp_cron=1786243317.5004038810729980468750 HTTP/1.1" 200 461 "-" "YbhSjj7nXjdO" PHP-Handler:plesk-php84-fpm Remoteport(vom Nginx):38896
172.71.148.65 - - [09/Aug/2026:04:41:53 +0200] "GET /k/ofen-ersatzteile/olsberg/olsberg-kamineinsatz/olsberg-spartherm-piccolo/piccolo-465x450-19-286-ersatzteile/ HTTP/1.1" 200 50932 "-" "WP Rocket/Preload" PHP-Handler:plesk-php84-fpm Remoteport(vom Nginx):38798
172.71.164.207 - - [09/Aug/2026:04:41:55 +0200] "GET /k/ofen-ersatzteile/olsberg/olsberg-kamineinsatz/olsberg-spartherm-piccolo/piccolo-465x450-19-286-ersatzteile/ HTTP/1.1" 200 38960 "-" "WP Rocket/Preload Mozilla/5.0 (iPhone; CPU iPhone OS 9_1 like Mac OS X) AppleWebKit/601.1.46 (KHTML, like Gecko) Version/9.0 Mobile/13B143 Safari/601.1" PHP-Handler:plesk-php84-fpm Remoteport(vom Nginx):38842
172.71.247.92 - - [09/Aug/2026:04:41:33 +0200] "POST /wp-admin/admin-ajax.php?action=as_async_request_queue_runner&nonce=cb05d09946 HTTP/1.1" 200 754 "-" "R467XA6oDSzL" PHP-Handler:plesk-php84-fpm Remoteport(vom Nginx):42038
172.71.164.207 - - [09/Aug/2026:04:42:05 +0200] "GET /p/oranier-helsinki-4645-6-rost-feuerrost-kaminrost-5570941000/ HTTP/1.1" 200 61268 "-" "WP Rocket/Preload" PHP-Handler:plesk-php84-fpm Remoteport(vom Nginx):28146
172.70.240.113 - - [09/Aug/2026:04:42:09 +0200] "GET /p/oranier-helsinki-4645-6-rost-feuerrost-kaminrost-5570941000/ HTTP/1.1" 200 47141 "-" "WP Rocket/Preload Mozilla/5.0 (iPhone; CPU iPhone OS 9_1 like Mac OS X) AppleWebKit/601.1.46 (KHTML, like Gecko) Version/9.0 Mobile/13B143 Safari/601.1" PHP-Handler:plesk-php84-fpm Remoteport(vom Nginx):28304
172.71.144.144 - - [09/Aug/2026:04:42:01 +0200] "POST /wp-admin/admin-ajax.php?action=as_async_request_queue_runner&nonce=cb05d09946 HTTP/1.1" 200 754 "-" "M4d4yw7QgT2B" PHP-Handler:plesk-php84-fpm Remoteport(vom Nginx):28104
172.71.148.65 - - [09/Aug/2026:04:42:18 +0200] "GET /k/ofen-ersatzteile/wodtke/wodtke-kaminofen-ersatzteile/wodtke-dance-kk-99/ HTTP/1.1" 200 49601 "-" "WP Rocket/Preload" PHP-Handler:plesk-php84-fpm Remoteport(vom Nginx):19652
172.71.148.65 - - [09/Aug/2026:04:42:20 +0200] "GET /k/ofen-ersatzteile/wodtke/wodtke-kaminofen-ersatzteile/wodtke-dance-kk-99/ HTTP/1.1" 200 37784 "-" "WP Rocket/Preload Mozilla/5.0 (iPhone; CPU iPhone OS 9_1 like Mac OS X) AppleWebKit/601.1.46 (KHTML, like Gecko) Version/9.0 Mobile/13B143 Safari/601.1" PHP-Handler:plesk-php84-fpm Remoteport(vom Nginx):19696
172.71.247.92 - - [09/Aug/2026:04:42:16 +0200] "POST /wp-admin/admin-ajax.php?action=as_async_request_queue_runner&nonce=cb05d09946 HTTP/1.1" 200 754 "-" "c7pm8QT1T1y8" PHP-Handler:plesk-php84-fpm Remoteport(vom Nginx):19554
172.71.151.65 - - [09/Aug/2026:04:42:22 +0200] "POST /?wc-ajax=get_refreshed_fragments HTTP/1.1" 200 954 "https://www.ofenbernd.de/k/kaminbausatze/oranier-kaminbausaetze/" "Mozilla/5.0 (Macintosh; Intel Mac OS X 10_15_7) AppleWebKit/605.1.15 (KHTML, like Gecko) Version/17.4 Safari/605.1.15 (Applebot/0.1; +http://www.apple.com/go/applebot)" PHP-Handler: Remoteport(vom Nginx):54310
172.71.148.65 - - [09/Aug/2026:04:42:21 +0200] "GET /s/oranier-stella-eck-glasscheibe/ HTTP/1.1" 200 50237 "-" "WP Rocket/Preload" PHP-Handler:plesk-php84-fpm Remoteport(vom Nginx):54298
162.158.41.118 - - [09/Aug/2026:04:42:24 +0200] "POST /wp-admin/admin-ajax.php HTTP/1.1" 200 1107 "https://www.ofenbernd.de/k/kaminbausatze/oranier-kaminbausaetze/" "Mozilla/5.0 (Macintosh; Intel Mac OS X 10_15_7) AppleWebKit/605.1.15 (KHTML, like Gecko) Version/17.4 Safari/605.1.15 (Applebot/0.1; +http://www.apple.com/go/applebot)" PHP-Handler:plesk-php84-fpm Remoteport(vom Nginx):54378
172.70.242.69 - - [09/Aug/2026:04:42:23 +0200] "GET /s/oranier-stella-eck-glasscheibe/ HTTP/1.1" 200 37571 "-" "WP Rocket/Preload Mozilla/5.0 (iPhone; CPU iPhone OS 9_1 like Mac OS X) AppleWebKit/601.1.46 (KHTML, like Gecko) Version/9.0 Mobile/13B143 Safari/601.1" PHP-Handler:plesk-php84-fpm Remoteport(vom Nginx):54360
172.71.172.80 - - [09/Aug/2026:04:42:24 +0200] "GET /s/profi-k/ HTTP/1.1" 200 51452 "-" "WP Rocket/Preload" PHP-Handler:plesk-php84-fpm Remoteport(vom Nginx):54420
172.71.172.80 - - [09/Aug/2026:04:42:26 +0200] "GET /s/profi-k/ HTTP/1.1" 200 39466 "-" "WP Rocket/Preload Mozilla/5.0 (iPhone; CPU iPhone OS 9_1 like Mac OS X) AppleWebKit/601.1.46 (KHTML, like Gecko) Version/9.0 Mobile/13B143 Safari/601.1" PHP-Handler:plesk-php84-fpm Remoteport(vom Nginx):54470
172.70.248.78 - - [09/Aug/2026:04:42:27 +0200] "GET /p/olsberg-format-11-12-duesenstein-guss-hinten-21-4101-0016/ HTTP/1.1" 200 60507 "-" "WP Rocket/Preload" PHP-Handler:plesk-php84-fpm Remoteport(vom Nginx):54522
172.71.172.80 - - [09/Aug/2026:04:42:29 +0200] "GET /p/olsberg-format-11-12-duesenstein-guss-hinten-21-4101-0016/ HTTP/1.1" 200 48232 "-" "WP Rocket/Preload Mozilla/5.0 (iPhone; CPU iPhone OS 9_1 like Mac OS X) AppleWebKit/601.1.46 (KHTML, like Gecko) Version/9.0 Mobile/13B143 Safari/601.1" PHP-Handler:plesk-php84-fpm Remoteport(vom Nginx):54592
172.70.94.193 - - [09/Aug/2026:04:42:33 +0200] "GET /k/ofen-ersatzteile/olsberg/format/olsberg-format-11-ersatzteile/ HTTP/1.1" 200 52839 "-" "Mozilla/5.0 (Windows NT 10.0; Win64; x64) AppleWebKit/537.36 (KHTML, like Gecko) Chrome/145.0.0.0 Safari/537.36 (compatible; meta-webindexer/1.1 (+https://developers.facebook.com/docs/sharing/webmasters/crawler))" PHP-Handler:plesk-php84-fpm Remoteport(vom Nginx):54772
172.69.150.176 - - [09/Aug/2026:04:42:33 +0200] "GET /p/oranier-kiruna-6-4649-eck-4669-bodenstein-pos-3-8-2899507000/ HTTP/1.1" 200 60796 "-" "WP Rocket/Preload" PHP-Handler:plesk-php84-fpm Remoteport(vom Nginx):54792
104.23.239.116 - - [09/Aug/2026:04:42:34 +0200] "GET /wp-content/cache/background-css/1/www.ofenbernd.de/wp-content/cache/min/1/wp-content/plugins/customer-reviews-woocommerce/css/badges.css?ver=1786225793&wpr_t=1786241549 HTTP/1.1" 200 659 "https://www.ofenbernd.de/k/ofen-ersatzteile/olsberg/format/olsberg-format-11-ersatzteile/" "Mozilla/5.0 (Windows NT 10.0; Win64; x64) AppleWebKit/537.36 (KHTML, like Gecko) Chrome/145.0.0.0 Safari/537.36 (compatible; meta-webindexer/1.1 (+https://developers.facebook.com/docs/sharing/webmasters/crawler))" PHP-Handler: Remoteport(vom Nginx):54816
172.70.250.251 - - [09/Aug/2026:04:42:34 +0200] "GET /wp-content/uploads/2015/03/olsberg_alid_seitenstein_234961.1257.jpg HTTP/1.1" 200 577 "-" "Photon/1.0" PHP-Handler: Remoteport(vom Nginx):54852
172.71.144.103 - - [09/Aug/2026:04:42:34 +0200] "GET /wp-content/cache/background-css/1/www.ofenbernd.de/wp-content/cache/min/1/wp-content/plugins/woocommerce/assets/css/woocommerce.css?ver=1786225793&wpr_t=1786241549 HTTP/1.1" 200 654 "https://www.ofenbernd.de/k/ofen-ersatzteile/olsberg/format/olsberg-format-11-ersatzteile/" "Mozilla/5.0 (Windows NT 10.0; Win64; x64) AppleWebKit/537.36 (KHTML, like Gecko) Chrome/145.0.0.0 Safari/537.36 (compatible; meta-webindexer/1.1 (+https://developers.facebook.com/docs/sharing/webmasters/crawler))" PHP-Handler: Remoteport(vom Nginx):54854
172.71.148.65 - - [09/Aug/2026:04:42:30 +0200] "GET /p/oranier-amos-120-150-w-rueckwand-hinten-links/ HTTP/1.1" 200 60329 "-" "WP Rocket/Preload" PHP-Handler:plesk-php84-fpm Remoteport(vom Nginx):54640
104.23.239.116 - - [09/Aug/2026:04:42:34 +0200] "GET /wp-content/cache/background-css/1/www.ofenbernd.de/wp-content/cache/min/1/wp-content/plugins/customer-reviews-woocommerce/css/badges.css?ver=1786225793&wpr_t=1786241549 HTTP/2.0" 200 2528 "https://www.ofenbernd.de/k/ofen-ersatzteile/olsberg/format/olsberg-format-11-ersatzteile/" "Mozilla/5.0 (Windows NT 10.0; Win64; x64) AppleWebKit/537.36 (KHTML, like Gecko) Chrome/145.0.0.0 Safari/537.36 (compatible; meta-webindexer/1.1 (+https://developers.facebook.com/docs/sharing/webmasters/crawler))"
172.70.250.251 - - [09/Aug/2026:04:42:34 +0200] "GET /wp-content/uploads/2015/03/olsberg_alid_seitenstein_234961.1257.jpg HTTP/2.0" 200 19735 "-" "Photon/1.0"
172.71.144.103 - - [09/Aug/2026:04:42:34 +0200] "GET /wp-content/cache/background-css/1/www.ofenbernd.de/wp-content/cache/min/1/wp-content/plugins/woocommerce/assets/css/woocommerce.css?ver=1786225793&wpr_t=1786241549 HTTP/2.0" 200 10601 "https://www.ofenbernd.de/k/ofen-ersatzteile/olsberg/format/olsberg-format-11-ersatzteile/" "Mozilla/5.0 (Windows NT 10.0; Win64; x64) AppleWebKit/537.36 (KHTML, like Gecko) Chrome/145.0.0.0 Safari/537.36 (compatible; meta-webindexer/1.1 (+https://developers.facebook.com/docs/sharing/webmasters/crawler))"
172.70.240.140 - - [09/Aug/2026:04:42:35 +0200] "GET /wp-content/uploads/2015/03/olsber_format_11_12_ju13_ju13k_wu13_schamottesatz_214111.9200-400x400.jpg.webp HTTP/2.0" 200 6340 "https://www.ofenbernd.de/k/ofen-ersatzteile/olsberg/format/olsberg-format-11-ersatzteile/" "Mozilla/5.0 (Windows NT 10.0; Win64; x64) AppleWebKit/537.36 (KHTML, like Gecko) Chrome/145.0.0.0 Safari/537.36 (compatible; meta-webindexer/1.1 (+https://developers.facebook.com/docs/sharing/webmasters/crawler))"
172.71.164.114 - - [09/Aug/2026:04:42:35 +0200] "GET /wp-content/cache/background-css/1/www.ofenbernd.de/wp-content/cache/min/1/wp-content/plugins/customer-reviews-woocommerce/css/frontend.css?ver=1786225793&wpr_t=1786241549 HTTP/2.0" 200 14305 "https://www.ofenbernd.de/k/ofen-ersatzteile/olsberg/format/olsberg-format-11-ersatzteile/" "Mozilla/5.0 (Windows NT 10.0; Win64; x64) AppleWebKit/537.36 (KHTML, like Gecko) Chrome/145.0.0.0 Safari/537.36 (compatible; meta-webindexer/1.1 (+https://developers.facebook.com/docs/sharing/webmasters/crawler))"
172.70.240.140 - - [09/Aug/2026:04:42:35 +0200] "GET /wp-content/uploads/2015/03/olsber_format_11_12_ju13_ju13k_wu13_schamottesatz_214111.9200-400x400.jpg.webp HTTP/1.1" 200 607 "https://www.ofenbernd.de/k/ofen-ersatzteile/olsberg/format/olsberg-format-11-ersatzteile/" "Mozilla/5.0 (Windows NT 10.0; Win64; x64) AppleWebKit/537.36 (KHTML, like Gecko) Chrome/145.0.0.0 Safari/537.36 (compatible; meta-webindexer/1.1 (+https://developers.facebook.com/docs/sharing/webmasters/crawler))" PHP-Handler: Remoteport(vom Nginx):54870
172.71.164.114 - - [09/Aug/2026:04:42:35 +0200] "GET /wp-content/cache/background-css/1/www.ofenbernd.de/wp-content/cache/min/1/wp-content/plugins/customer-reviews-woocommerce/css/frontend.css?ver=1786225793&wpr_t=1786241549 HTTP/1.1" 200 661 "https://www.ofenbernd.de/k/ofen-ersatzteile/olsberg/format/olsberg-format-11-ersatzteile/" "Mozilla/5.0 (Windows NT 10.0; Win64; x64) AppleWebKit/537.36 (KHTML, like Gecko) Chrome/145.0.0.0 Safari/537.36 (compatible; meta-webindexer/1.1 (+https://developers.facebook.com/docs/sharing/webmasters/crawler))" PHP-Handler: Remoteport(vom Nginx):54904
172.70.240.119 - - [09/Aug/2026:04:42:36 +0200] "GET /wp-content/uploads/2015/03/olsberg_format_11_dichtungsrahmen_21_3012-0038-400x400.jpg.webp HTTP/1.1" 200 592 "https://www.ofenbernd.de/k/ofen-ersatzteile/olsberg/format/olsberg-format-11-ersatzteile/" "Mozilla/5.0 (Windows NT 10.0; Win64; x64) AppleWebKit/537.36 (KHTML, like Gecko) Chrome/145.0.0.0 Safari/537.36 (compatible; meta-webindexer/1.1 (+https://developers.facebook.com/docs/sharing/webmasters/crawler))" PHP-Handler: Remoteport(vom Nginx):54956
172.71.172.80 - - [09/Aug/2026:04:42:32 +0200] "GET /p/oranier-amos-120-150-w-rueckwand-hinten-links/ HTTP/1.1" 200 47602 "-" "WP Rocket/Preload Mozilla/5.0 (iPhone; CPU iPhone OS 9_1 like Mac OS X) AppleWebKit/601.1.46 (KHTML, like Gecko) Version/9.0 Mobile/13B143 Safari/601.1" PHP-Handler:plesk-php84-fpm Remoteport(vom Nginx):54740
172.71.148.150 - - [09/Aug/2026:04:42:36 +0200] "GET /wp-content/uploads/2015/03/olsberg_format_11_dusenstein_rechts_guss_21_4104-0115-400x400.jpg.webp HTTP/1.1" 200 599 "https://www.ofenbernd.de/k/ofen-ersatzteile/olsberg/format/olsberg-format-11-ersatzteile/" "Mozilla/5.0 (Windows NT 10.0; Win64; x64) AppleWebKit/537.36 (KHTML, like Gecko) Chrome/145.0.0.0 Safari/537.36 (compatible; meta-webindexer/1.1 (+https://developers.facebook.com/docs/sharing/webmasters/crawler))" PHP-Handler: Remoteport(vom Nginx):54996
162.159.120.177 - - [09/Aug/2026:04:42:34 +0200] "POST /?wc-ajax=get_refreshed_fragments HTTP/1.1" 200 954 "https://ofenbernd.de/k/gartenkamine-terassenkamine" "Mozilla/5.0 AppleWebKit/537.36 (KHTML, like Gecko; compatible; bingbot/2.0; +http://www.bing.com/bingbot.htm) Chrome/136.0.0.0 Safari/537.36" PHP-Handler: Remoteport(vom Nginx):54842
172.69.150.176 - - [09/Aug/2026:04:42:34 +0200] "GET /p/oranier-kiruna-6-4649-eck-4669-bodenstein-pos-3-8-2899507000/ HTTP/1.1" 200 46760 "-" "WP Rocket/Preload Mozilla/5.0 (iPhone; CPU iPhone OS 9_1 like Mac OS X) AppleWebKit/601.1.46 (KHTML, like Gecko) Version/9.0 Mobile/13B143 Safari/601.1" PHP-Handler:plesk-php84-fpm Remoteport(vom Nginx):54834
172.71.148.65 - - [09/Aug/2026:04:42:36 +0200] "GET /s/schmid-neo-line-4049-seitenstein-rechts/ HTTP/1.1" 200 50265 "-" "WP Rocket/Preload" PHP-Handler:plesk-php84-fpm Remoteport(vom Nginx):54928
172.70.240.119 - - [09/Aug/2026:04:42:36 +0200] "GET /wp-content/uploads/2015/03/olsberg_format_11_dichtungsrahmen_21_3012-0038-400x400.jpg.webp HTTP/2.0" 200 15288 "https://www.ofenbernd.de/k/ofen-ersatzteile/olsberg/format/olsberg-format-11-ersatzteile/" "Mozilla/5.0 (Windows NT 10.0; Win64; x64) AppleWebKit/537.36 (KHTML, like Gecko) Chrome/145.0.0.0 Safari/537.36 (compatible; meta-webindexer/1.1 (+https://developers.facebook.com/docs/sharing/webmasters/crawler))"
172.71.148.150 - - [09/Aug/2026:04:42:36 +0200] "GET /wp-content/uploads/2015/03/olsberg_format_11_dusenstein_rechts_guss_21_4104-0115-400x400.jpg.webp HTTP/2.0" 200 15288 "https://www.ofenbernd.de/k/ofen-ersatzteile/olsberg/format/olsberg-format-11-ersatzteile/" "Mozilla/5.0 (Windows NT 10.0; Win64; x64) AppleWebKit/537.36 (KHTML, like Gecko) Chrome/145.0.0.0 Safari/537.36 (compatible; meta-webindexer/1.1 (+https://developers.facebook.com/docs/sharing/webmasters/crawler))"
108.162.238.131 - - [09/Aug/2026:04:42:37 +0200] "POST /?wc-ajax=get_refreshed_fragments HTTP/1.1" 200 954 "https://www.ofenbernd.de/k/ofen-ersatzteile/olsberg/format/olsberg-format-11-ersatzteile/" "Mozilla/5.0 (Windows NT 10.0; Win64; x64) AppleWebKit/537.36 (KHTML, like Gecko) Chrome/145.0.0.0 Safari/537.36 (compatible; meta-webindexer/1.1 (+https://developers.facebook.com/docs/sharing/webmasters/crawler))" PHP-Handler: Remoteport(vom Nginx):55026
172.69.71.193 - - [09/Aug/2026:04:42:37 +0200] "POST /wp-admin/admin-ajax.php HTTP/1.1" 200 828 "https://www.ofenbernd.de/k/ofen-ersatzteile/olsberg/format/olsberg-format-11-ersatzteile/" "Mozilla/5.0 (Windows NT 10.0; Win64; x64) AppleWebKit/537.36 (KHTML, like Gecko) Chrome/145.0.0.0 Safari/537.36 (compatible; meta-webindexer/1.1 (+https://developers.facebook.com/docs/sharing/webmasters/crawler))" PHP-Handler:plesk-php84-fpm Remoteport(vom Nginx):55058
104.23.239.69 - - [09/Aug/2026:04:42:37 +0200] "GET /s/schmid-neo-line-4049-seitenstein-rechts/ HTTP/1.1" 200 37607 "-" "WP Rocket/Preload Mozilla/5.0 (iPhone; CPU iPhone OS 9_1 like Mac OS X) AppleWebKit/601.1.46 (KHTML, like Gecko) Version/9.0 Mobile/13B143 Safari/601.1" PHP-Handler:plesk-php84-fpm Remoteport(vom Nginx):55042
104.22.56.116 - - [09/Aug/2026:04:42:41 +0200] "POST /wp-admin/admin-ajax.php HTTP/1.1" 200 1023 "https://www.ofenbernd.de/k/ofen-ersatzteile/olsberg/format/olsberg-format-11-ersatzteile/" "Mozilla/5.0 (Windows NT 10.0; Win64; x64) AppleWebKit/537.36 (KHTML, like Gecko) Chrome/145.0.0.0 Safari/537.36 (compatible; meta-webindexer/1.1 (+https://developers.facebook.com/docs/sharing/webmasters/crawler))" PHP-Handler:plesk-php84-fpm Remoteport(vom Nginx):55270
172.70.240.113 - - [09/Aug/2026:04:42:15 +0200] "POST /wp-admin/admin-ajax.php?action=as_async_request_queue_runner&nonce=cb05d09946 HTTP/1.1" 200 754 "-" "c7pm8QT1T1y8" PHP-Handler:plesk-php84-fpm Remoteport(vom Nginx):19516
172.71.166.250 - - [09/Aug/2026:04:42:43 +0200] "GET /s/olsberg-tecapa-ii/feed/ HTTP/1.1" 200 1509 "-" "Mozilla/5.0 (Linux; Android 6.0.1; Nexus 5X Build/MMB29P) AppleWebKit/537.36 (KHTML, like Gecko) Chrome/150.0.7871.186 Mobile Safari/537.36 (compatible; Googlebot/2.1; +http://www.google.com/bot.html)" PHP-Handler:plesk-php84-fpm Remoteport(vom Nginx):34344
172.71.164.207 - - [09/Aug/2026:04:42:47 +0200] "GET /s/olsberg-palena-compact-ofenrost/ HTTP/1.1" 200 50321 "-" "WP Rocket/Preload" PHP-Handler:plesk-php84-fpm Remoteport(vom Nginx):34534
172.71.144.144 - - [09/Aug/2026:04:42:48 +0200] "GET /s/olsberg-palena-compact-ofenrost/ HTTP/1.1" 200 37674 "-" "WP Rocket/Preload Mozilla/5.0 (iPhone; CPU iPhone OS 9_1 like Mac OS X) AppleWebKit/601.1.46 (KHTML, like Gecko) Version/9.0 Mobile/13B143 Safari/601.1" PHP-Handler:plesk-php84-fpm Remoteport(vom Nginx):34616
172.70.246.233 - - [09/Aug/2026:04:42:50 +0200] "GET /p/olsberg-format-9-griff-komplett-21-3010-0066/ HTTP/1.1" 200 60215 "-" "WP Rocket/Preload" PHP-Handler:plesk-php84-fpm Remoteport(vom Nginx):34652
172.71.144.144 - - [09/Aug/2026:04:42:54 +0200] "GET /p/schmid-sh-11-t-seitenstein-verlaengerung-pos-14-67-2010-1254/ HTTP/1.1" 200 47142 "-" "WP Rocket/Preload Mozilla/5.0 (iPhone; CPU iPhone OS 9_1 like Mac OS X) AppleWebKit/601.1.46 (KHTML, like Gecko) Version/9.0 Mobile/13B143 Safari/601.1" PHP-Handler:plesk-php84-fpm Remoteport(vom Nginx):21970
172.71.164.207 - - [09/Aug/2026:04:42:51 +0200] "GET /p/olsberg-format-9-griff-komplett-21-3010-0066/ HTTP/1.1" 200 47470 "-" "WP Rocket/Preload Mozilla/5.0 (iPhone; CPU iPhone OS 9_1 like Mac OS X) AppleWebKit/601.1.46 (KHTML, like Gecko) Version/9.0 Mobile/13B143 Safari/601.1" PHP-Handler:plesk-php84-fpm Remoteport(vom Nginx):21828
172.70.242.69 - - [09/Aug/2026:04:42:57 +0200] "POST /wp-cron.php?doing_wp_cron=1786243377.5201420783996582031250 HTTP/1.1" 200 461 "-" "QGBGabGxejh7" PHP-Handler:plesk-php84-fpm Remoteport(vom Nginx):22054
172.70.248.78 - - [09/Aug/2026:04:42:53 +0200] "GET /p/schmid-sh-11-t-seitenstein-verlaengerung-pos-14-67-2010-1254/ HTTP/1.1" 200 60310 "-" "WP Rocket/Preload" PHP-Handler:plesk-php84-fpm Remoteport(vom Nginx):21912
172.69.150.176 - - [09/Aug/2026:04:42:59 +0200] "POST /wp-cron.php?doing_wp_cron=1786243379.5713200569152832031250 HTTP/1.1" 200 461 "-" "9nSYJPAwLfHn" PHP-Handler:plesk-php84-fpm Remoteport(vom Nginx):22154
172.70.248.78 - - [09/Aug/2026:04:42:55 +0200] "GET /p/olsberg-antuco-rueckwandstein-pos-35-23-5461-1255/ HTTP/1.1" 200 60254 "-" "WP Rocket/Preload" PHP-Handler:plesk-php84-fpm Remoteport(vom Nginx):21980
172.68.245.147 - - [09/Aug/2026:04:42:58 +0200] "GET /feed/ HTTP/1.1" 301 682 "-" "Mozilla/5.0 (Windows NT 6.3; WOW64; rv:33.0) Gecko/20100101 Firefox/33.0" PHP-Handler:plesk-php84-fpm Remoteport(vom Nginx):22110
104.23.239.69 - - [09/Aug/2026:04:43:00 +0200] "POST /wp-cron.php?doing_wp_cron=1786243380.7042179107666015625000 HTTP/1.1" 200 461 "-" "EGZZAwezFm9r" PHP-Handler:plesk-php84-fpm Remoteport(vom Nginx):22194
162.158.94.225 - - [09/Aug/2026:04:42:56 +0200] "GET /p/olsberg-antuco-rueckwandstein-pos-35-23-5461-1255/ HTTP/1.1" 200 47500 "-" "WP Rocket/Preload Mozilla/5.0 (iPhone; CPU iPhone OS 9_1 like Mac OS X) AppleWebKit/601.1.46 (KHTML, like Gecko) Version/9.0 Mobile/13B143 Safari/601.1" PHP-Handler:plesk-php84-fpm Remoteport(vom Nginx):22016
172.71.144.144 - - [09/Aug/2026:04:42:58 +0200] "GET /k/ofen-ersatzteile/oranier/oranier-atrium-7-4679/ HTTP/1.1" 200 50580 "-" "WP Rocket/Preload" PHP-Handler:plesk-php84-fpm Remoteport(vom Nginx):22132
172.71.164.207 - - [09/Aug/2026:04:42:59 +0200] "GET /k/ofen-ersatzteile/oranier/oranier-atrium-7-4679/ HTTP/1.1" 200 38611 "-" "WP Rocket/Preload Mozilla/5.0 (iPhone; CPU iPhone OS 9_1 like Mac OS X) AppleWebKit/601.1.46 (KHTML, like Gecko) Version/9.0 Mobile/13B143 Safari/601.1" PHP-Handler:plesk-php84-fpm Remoteport(vom Nginx):22168
198.41.227.32 - - [09/Aug/2026:04:43:05 +0200] "GET /p/schmid-sd-11-e-rundrost-o-195/ HTTP/1.1" 200 47140 "-" "Mozilla/5.0 (Linux; Android 6.0.1; Nexus 5X Build/MMB29P) AppleWebKit/537.36 (KHTML, like Gecko) Chrome/150.0.7871.186 Mobile Safari/537.36 (compatible; Googlebot/2.1; +http://www.google.com/bot.html)" PHP-Handler:plesk-php84-fpm Remoteport(vom Nginx):56676
172.71.164.207 - - [09/Aug/2026:04:43:01 +0200] "GET /s/olsberg-telica-compact-feuerrost/ HTTP/1.1" 200 50260 "-" "WP Rocket/Preload" PHP-Handler:plesk-php84-fpm Remoteport(vom Nginx):22224
172.71.148.65 - - [09/Aug/2026:04:43:02 +0200] "GET /s/olsberg-telica-compact-feuerrost/ HTTP/1.1" 200 37608 "-" "WP Rocket/Preload Mozilla/5.0 (iPhone; CPU iPhone OS 9_1 like Mac OS X) AppleWebKit/601.1.46 (KHTML, like Gecko) Version/9.0 Mobile/13B143 Safari/601.1" PHP-Handler:plesk-php84-fpm Remoteport(vom Nginx):56606
172.70.248.78 - - [09/Aug/2026:04:43:04 +0200] "GET /s/justus-faro-plus-ersatzteile/ HTTP/1.1" 200 48682 "-" "WP Rocket/Preload" PHP-Handler:plesk-php84-fpm Remoteport(vom Nginx):56666
172.71.172.80 - - [09/Aug/2026:04:43:09 +0200] "POST /wp-cron.php?doing_wp_cron=1786243389.1787109375000000000000 HTTP/1.1" 200 461 "-" "WZvVCvURgH9c" PHP-Handler:plesk-php84-fpm Remoteport(vom Nginx):56732
172.71.164.207 - - [09/Aug/2026:04:43:05 +0200] "GET /s/justus-faro-plus-ersatzteile/ HTTP/1.1" 200 35994 "-" "WP Rocket/Preload Mozilla/5.0 (iPhone; CPU iPhone OS 9_1 like Mac OS X) AppleWebKit/601.1.46 (KHTML, like Gecko) Version/9.0 Mobile/13B143 Safari/601.1" PHP-Handler:plesk-php84-fpm Remoteport(vom Nginx):56684
172.71.144.144 - - [09/Aug/2026:04:42:44 +0200] "POST /wp-admin/admin-ajax.php?action=as_async_request_queue_runner&nonce=cb05d09946 HTTP/1.1" 200 754 "-" "mIWQXyHRNbEA" PHP-Handler:plesk-php84-fpm Remoteport(vom Nginx):34412
172.71.172.80 - - [09/Aug/2026:04:43:15 +0200] "GET /s/olsberg-tolima-aqua-compact-umlenkstein/ HTTP/1.1" 200 50250 "-" "WP Rocket/Preload" PHP-Handler:plesk-php84-fpm Remoteport(vom Nginx):51460
172.71.148.65 - - [09/Aug/2026:04:43:22 +0200] "POST /wp-cron.php?doing_wp_cron=1786243402.6682269573211669921875 HTTP/1.1" 200 461 "-" "i1fxkxk9iv9S" PHP-Handler:plesk-php84-fpm Remoteport(vom Nginx):28104
172.71.166.250 - - [09/Aug/2026:04:43:18 +0200] "GET /p/schmid-sd-9e-sekundaerbelueftung-gross-gussrueckwand-260-x-450-67-2010-1203/ HTTP/1.1" 200 47796 "-" "Mozilla/5.0 (Linux; Android 6.0.1; Nexus 5X Build/MMB29P) AppleWebKit/537.36 (KHTML, like Gecko) Chrome/150.0.7871.186 Mobile Safari/537.36 (compatible; Googlebot/2.1; +http://www.google.com/bot.html)" PHP-Handler:plesk-php84-fpm Remoteport(vom Nginx):51768
172.71.172.80 - - [09/Aug/2026:04:43:20 +0200] "GET /s/olsberg-tolima-aqua-compact-umlenkstein/ HTTP/1.1" 200 37607 "-" "WP Rocket/Preload Mozilla/5.0 (iPhone; CPU iPhone OS 9_1 like Mac OS X) AppleWebKit/601.1.46 (KHTML, like Gecko) Version/9.0 Mobile/13B143 Safari/601.1" PHP-Handler:plesk-php84-fpm Remoteport(vom Nginx):51820
172.71.166.250 - - [09/Aug/2026:04:43:26 +0200] "GET /p/oranier-boras-4643-8-brennraum-feuerraum-auskleidung-komplett/ HTTP/1.1" 200 47207 "-" "Mozilla/5.0 (Linux; Android 6.0.1; Nexus 5X Build/MMB29P) AppleWebKit/537.36 (KHTML, like Gecko) Chrome/150.0.7871.186 Mobile Safari/537.36 (compatible; Googlebot/2.1; +http://www.google.com/bot.html)" PHP-Handler:plesk-php84-fpm Remoteport(vom Nginx):28150
172.70.242.69 - - [09/Aug/2026:04:43:12 +0200] "POST /wp-admin/admin-ajax.php?action=as_async_request_queue_runner&nonce=cb05d09946 HTTP/1.1" 200 754 "-" "CeMWSe4sps5i" PHP-Handler:plesk-php84-fpm Remoteport(vom Nginx):51400
198.41.227.32 - - [09/Aug/2026:04:43:28 +0200] "POST /?wc-ajax=get_refreshed_fragments HTTP/1.1" 200 954 "https://www.ofenbernd.de/p/schmid-sd-9e-sekundaerbelueftung-gross-gussrueckwand-260-x-450-67-2010-1203/" "Mozilla/5.0 (Linux; Android 6.0.1; Nexus 5X Build/MMB29P) AppleWebKit/537.36 (KHTML, like Gecko) Chrome/150.0.7871.186 Mobile Safari/537.36 (compatible; Googlebot/2.1; +http://www.google.com/bot.html)" PHP-Handler: Remoteport(vom Nginx):28270
172.71.172.80 - - [09/Aug/2026:04:43:32 +0200] "POST /wp-cron.php?doing_wp_cron=1786243412.4214529991149902343750 HTTP/1.1" 200 461 "-" "tsiCMAxYJM66" PHP-Handler:plesk-php84-fpm Remoteport(vom Nginx):51694
172.70.240.113 - - [09/Aug/2026:04:43:32 +0200] "GET /s/schmid-sd-6-f/ HTTP/1.1" 200 52918 "-" "WP Rocket/Preload" PHP-Handler:plesk-php84-fpm Remoteport(vom Nginx):51710
172.68.163.144 - - [09/Aug/2026:04:43:28 +0200] "GET /s/schmid-lina-tv-45/?orderby=price-desc HTTP/1.1" 200 32898 "-" "Mozilla/5.0 (Macintosh; Intel Mac OS X 10_7_3) AppleWebKit/537.36 (KHTML, like Gecko, Mediapartners-Google) Chrome/77.0.3865.99 Safari/537.36" PHP-Handler:plesk-php84-fpm Remoteport(vom Nginx):28252
172.71.172.80 - - [09/Aug/2026:04:43:29 +0200] "GET /s/elba/ HTTP/1.1" 200 49648 "-" "WP Rocket/Preload" PHP-Handler:plesk-php84-fpm Remoteport(vom Nginx):28298
172.71.144.6 - - [09/Aug/2026:04:43:34 +0200] "GET /wp-content/cache/background-css/1/www.ofenbernd.de/wp-content/plugins/woocommerce/assets/css/photoswipe/photoswipe.min.css?ver=11.0.0&wpr_t=1785888000 HTTP/1.1" 200 645 "https://www.ofenbernd.de/p/oranier-boras-4643-8-brennraum-feuerraum-auskleidung-komplett/" "Mozilla/5.0 (Linux; Android 6.0.1; Nexus 5X Build/MMB29P) AppleWebKit/537.36 (KHTML, like Gecko) Chrome/150.0.7871.186 Mobile Safari/537.36 (compatible; Googlebot/2.1; +http://www.google.com/bot.html)" PHP-Handler: Remoteport(vom Nginx):51784
172.71.144.6 - - [09/Aug/2026:04:43:34 +0200] "GET /wp-content/cache/background-css/1/www.ofenbernd.de/wp-content/plugins/woocommerce/assets/css/photoswipe/photoswipe.min.css?ver=11.0.0&wpr_t=1785888000 HTTP/2.0" 200 872 "https://www.ofenbernd.de/p/oranier-boras-4643-8-brennraum-feuerraum-auskleidung-komplett/" "Mozilla/5.0 (Linux; Android 6.0.1; Nexus 5X Build/MMB29P) AppleWebKit/537.36 (KHTML, like Gecko) Chrome/150.0.7871.186 Mobile Safari/537.36 (compatible; Googlebot/2.1; +http://www.google.com/bot.html)"
172.71.164.207 - - [09/Aug/2026:04:43:35 +0200] "POST /wp-cron.php?doing_wp_cron=1786243415.0382978916168212890625 HTTP/1.1" 200 461 "-" "el9L2kS2XHiO" PHP-Handler:plesk-php84-fpm Remoteport(vom Nginx):51800
104.23.239.69 - - [09/Aug/2026:04:43:31 +0200] "GET /s/elba/ HTTP/1.1" 200 37784 "-" "WP Rocket/Preload Mozilla/5.0 (iPhone; CPU iPhone OS 9_1 like Mac OS X) AppleWebKit/601.1.46 (KHTML, like Gecko) Version/9.0 Mobile/13B143 Safari/601.1" PHP-Handler:plesk-php84-fpm Remoteport(vom Nginx):28340
172.71.144.144 - - [09/Aug/2026:04:43:27 +0200] "POST /wp-admin/admin-ajax.php?action=as_async_request_queue_runner&nonce=cb05d09946 HTTP/1.1" 200 754 "-" "rkOaaSbXpnjb" PHP-Handler:plesk-php84-fpm Remoteport(vom Nginx):28208
172.70.240.174 - - [09/Aug/2026:04:43:37 +0200] "GET /wp-content/cache/min/1/wp-content/plugins/woocommerce-germanized/build/static/layout-styles.css?ver=1785888000 HTTP/1.1" 200 618 "https://www.ofenbernd.de/p/oranier-boras-4643-8-brennraum-feuerraum-auskleidung-komplett/" "Mozilla/5.0 (Linux; Android 6.0.1; Nexus 5X Build/MMB29P) AppleWebKit/537.36 (KHTML, like Gecko) Chrome/150.0.7871.186 Mobile Safari/537.36 (compatible; Googlebot/2.1; +http://www.google.com/bot.html)" PHP-Handler: Remoteport(vom Nginx):51868
172.70.240.113 - - [09/Aug/2026:04:43:33 +0200] "GET /s/schmid-sd-6-f/ HTTP/1.1" 200 39647 "-" "WP Rocket/Preload Mozilla/5.0 (iPhone; CPU iPhone OS 9_1 like Mac OS X) AppleWebKit/601.1.46 (KHTML, like Gecko) Version/9.0 Mobile/13B143 Safari/601.1" PHP-Handler:plesk-php84-fpm Remoteport(vom Nginx):51724
172.70.240.113 - - [09/Aug/2026:04:43:37 +0200] "GET /s/oranier-kiruna-8-serie-3-schamottstein/ HTTP/1.1" 200 50175 "-" "WP Rocket/Preload" PHP-Handler:plesk-php84-fpm Remoteport(vom Nginx):51900
172.71.247.92 - - [09/Aug/2026:04:43:34 +0200] "GET /s/olsberg-format-9-schamottesatz/ HTTP/1.1" 200 49517 "-" "WP Rocket/Preload" PHP-Handler:plesk-php84-fpm Remoteport(vom Nginx):51776
172.71.172.80 - - [09/Aug/2026:04:43:36 +0200] "GET /s/olsberg-format-9-schamottesatz/ HTTP/1.1" 200 37652 "-" "WP Rocket/Preload Mozilla/5.0 (iPhone; CPU iPhone OS 9_1 like Mac OS X) AppleWebKit/601.1.46 (KHTML, like Gecko) Version/9.0 Mobile/13B143 Safari/601.1" PHP-Handler:plesk-php84-fpm Remoteport(vom Nginx):51826
172.69.23.98 - - [09/Aug/2026:04:43:35 +0200] "GET /k/ofen-ersatzteile/schmid/page/17/?orderby=price-desc HTTP/1.1" 200 35960 "-" "Mozilla/5.0 (Windows NT 10.0; Win64; x64) AppleWebKit/537.36 (KHTML, like Gecko) Chrome/146.0.0.0 Safari/537.36" PHP-Handler:plesk-php84-fpm Remoteport(vom Nginx):51802
172.70.240.174 - - [09/Aug/2026:04:43:37 +0200] "GET /wp-content/cache/min/1/wp-content/plugins/woocommerce-germanized/build/static/layout-styles.css?ver=1785888000 HTTP/2.0" 200 1774 "https://www.ofenbernd.de/p/oranier-boras-4643-8-brennraum-feuerraum-auskleidung-komplett/" "Mozilla/5.0 (Linux; Android 6.0.1; Nexus 5X Build/MMB29P) AppleWebKit/537.36 (KHTML, like Gecko) Chrome/150.0.7871.186 Mobile Safari/537.36 (compatible; Googlebot/2.1; +http://www.google.com/bot.html)"
172.70.246.142 - - [09/Aug/2026:04:43:41 +0200] "GET /wp-content/plugins/customer-reviews-woocommerce/css/badges.css?ver=5.116.0 HTTP/2.0" 200 2493 "https://www.ofenbernd.de/k/ofen-ersatzteile/schmid/page/17/?orderby=price-desc" "Mozilla/5.0 (Windows NT 10.0; Win64; x64) AppleWebKit/537.36 (KHTML, like Gecko) Chrome/146.0.0.0 Safari/537.36"
172.70.246.142 - - [09/Aug/2026:04:43:41 +0200] "GET /wp-content/plugins/customer-reviews-woocommerce/css/badges.css?ver=5.116.0 HTTP/1.1" 200 585 "https://www.ofenbernd.de/k/ofen-ersatzteile/schmid/page/17/?orderby=price-desc" "Mozilla/5.0 (Windows NT 10.0; Win64; x64) AppleWebKit/537.36 (KHTML, like Gecko) Chrome/146.0.0.0 Safari/537.36" PHP-Handler: Remoteport(vom Nginx):52090
198.41.227.32 - - [09/Aug/2026:04:43:39 +0200] "POST /?wc-ajax=get_refreshed_fragments HTTP/1.1" 200 954 "https://www.ofenbernd.de/p/oranier-boras-4643-8-brennraum-feuerraum-auskleidung-komplett/" "Mozilla/5.0 (Linux; Android 6.0.1; Nexus 5X Build/MMB29P) AppleWebKit/537.36 (KHTML, like Gecko) Chrome/150.0.7871.186 Mobile Safari/537.36 (compatible; Googlebot/2.1; +http://www.google.com/bot.html)" PHP-Handler: Remoteport(vom Nginx):51988
172.70.251.13 - - [09/Aug/2026:04:43:38 +0200] "GET /s/oranier-kiruna-8-serie-3-schamottstein/ HTTP/1.1" 200 37692 "-" "WP Rocket/Preload Mozilla/5.0 (iPhone; CPU iPhone OS 9_1 like Mac OS X) AppleWebKit/601.1.46 (KHTML, like Gecko) Version/9.0 Mobile/13B143 Safari/601.1" PHP-Handler:plesk-php84-fpm Remoteport(vom Nginx):51948
172.70.246.233 - - [09/Aug/2026:04:43:39 +0200] "GET /s/brennraum-feuerraum-auskleidung/ HTTP/1.1" 200 50387 "-" "WP Rocket/Preload" PHP-Handler:plesk-php84-fpm Remoteport(vom Nginx):52024
104.23.239.69 - - [09/Aug/2026:04:43:41 +0200] "GET /s/brennraum-feuerraum-auskleidung/ HTTP/1.1" 200 37710 "-" "WP Rocket/Preload Mozilla/5.0 (iPhone; CPU iPhone OS 9_1 like Mac OS X) AppleWebKit/601.1.46 (KHTML, like Gecko) Version/9.0 Mobile/13B143 Safari/601.1" PHP-Handler:plesk-php84-fpm Remoteport(vom Nginx):52112
172.69.23.98 - - [09/Aug/2026:04:43:43 +0200] "POST /?wc-ajax=get_refreshed_fragments HTTP/1.1" 200 954 "https://www.ofenbernd.de/k/ofen-ersatzteile/schmid/page/17/?orderby=price-desc" "Mozilla/5.0 (Windows NT 10.0; Win64; x64) AppleWebKit/537.36 (KHTML, like Gecko) Chrome/146.0.0.0 Safari/537.36" PHP-Handler: Remoteport(vom Nginx):13464
172.71.148.65 - - [09/Aug/2026:04:43:42 +0200] "GET /s/braun/ HTTP/1.1" 200 48608 "-" "WP Rocket/Preload" PHP-Handler:plesk-php84-fpm Remoteport(vom Nginx):13446
104.23.239.69 - - [09/Aug/2026:04:43:44 +0200] "GET /s/braun/ HTTP/1.1" 200 35906 "-" "WP Rocket/Preload Mozilla/5.0 (iPhone; CPU iPhone OS 9_1 like Mac OS X) AppleWebKit/601.1.46 (KHTML, like Gecko) Version/9.0 Mobile/13B143 Safari/601.1" PHP-Handler:plesk-php84-fpm Remoteport(vom Nginx):13500
