172.68.211.196 - - [09/Aug/2026:06:10:55 +0200] "GET /wp-admin/index.php HTTP/1.1" 302 735 "http://ofenbernd.de/wp-login.php" "Mozilla/5.0 (Windows NT 10.0; Win64; x64) AppleWebKit/537.36 (KHTML, like Gecko) Chrome/122.0.0.0 Safari/537.36 Edge/122.0.2365.92" PHP-Handler:plesk-php84-fpm Remoteport(vom Nginx):21134
172.71.164.207 - - [09/Aug/2026:06:10:55 +0200] "GET /s/olsberg-format-9-tuerdichtung/ HTTP/1.1" 200 37604 "-" "WP Rocket/Preload Mozilla/5.0 (iPhone; CPU iPhone OS 9_1 like Mac OS X) AppleWebKit/601.1.46 (KHTML, like Gecko) Version/9.0 Mobile/13B143 Safari/601.1" PHP-Handler:plesk-php84-fpm Remoteport(vom Nginx):21126
172.70.240.112 - - [09/Aug/2026:06:10:56 +0200] "GET /s/passo-rlu/ HTTP/1.1" 200 50249 "-" "WP Rocket/Preload" PHP-Handler:plesk-php84-fpm Remoteport(vom Nginx):21194
172.71.214.151 - - [09/Aug/2026:06:10:58 +0200] "GET /wp-login.php?redirect_to=https%3A%2F%2Fofenbernd.de%2Fwp-admin%2Findex.php&reauth=1 HTTP/1.1" 200 5802 "http://ofenbernd.de/wp-login.php" "Mozilla/5.0 (Windows NT 10.0; Win64; x64) AppleWebKit/537.36 (KHTML, like Gecko) Chrome/122.0.0.0 Safari/537.36 Edge/122.0.2365.92" PHP-Handler:plesk-php84-fpm Remoteport(vom Nginx):21300
172.70.247.163 - - [09/Aug/2026:06:10:58 +0200] "GET /s/passo-rlu/ HTTP/1.1" 200 37643 "-" "WP Rocket/Preload Mozilla/5.0 (iPhone; CPU iPhone OS 9_1 like Mac OS X) AppleWebKit/601.1.46 (KHTML, like Gecko) Version/9.0 Mobile/13B143 Safari/601.1" PHP-Handler:plesk-php84-fpm Remoteport(vom Nginx):21276
172.68.211.196 - - [09/Aug/2026:06:11:02 +0200] "GET /wp-admin/index.php HTTP/1.1" 302 735 "http://ofenbernd.de/wp-login.php" "Mozilla/5.0 (Macintosh; Intel Mac OS X 10_15_7) AppleWebKit/537.36 (KHTML, like Gecko) Chrome/125.0.0.0 Safari/537.36" PHP-Handler:plesk-php84-fpm Remoteport(vom Nginx):62234
172.71.144.144 - - [09/Aug/2026:06:10:37 +0200] "POST /wp-admin/admin-ajax.php?action=as_async_request_queue_runner&nonce=cb05d09946 HTTP/1.1" 200 754 "-" "6EqrLJXNscFG" PHP-Handler:plesk-php84-fpm Remoteport(vom Nginx):62236
172.69.65.231 - - [09/Aug/2026:06:11:03 +0200] "GET /p/kaminofen-olsberg-muna-stahl-schwarz-stangengriff-schwarz-2-wahl/ HTTP/1.1" 200 61199 "-" "Mozilla/5.0 (compatible; Googlebot/2.1; +http://www.google.com/bot.html)" PHP-Handler:plesk-php84-fpm Remoteport(vom Nginx):62240
172.71.214.151 - - [09/Aug/2026:06:11:06 +0200] "GET /wp-login.php?redirect_to=https%3A%2F%2Fofenbernd.de%2Fwp-admin%2Findex.php&reauth=1 HTTP/1.1" 200 5802 "http://ofenbernd.de/wp-login.php" "Mozilla/5.0 (Macintosh; Intel Mac OS X 10_15_7) AppleWebKit/537.36 (KHTML, like Gecko) Chrome/125.0.0.0 Safari/537.36" PHP-Handler:plesk-php84-fpm Remoteport(vom Nginx):62414
172.70.248.201 - - [09/Aug/2026:06:11:11 +0200] "GET /wp-content/uploads/2016/04/justus-genius-gasgrill-3-1.jpg HTTP/1.1" 200 567 "-" "Photon/1.0" PHP-Handler: Remoteport(vom Nginx):36166
172.71.172.142 - - [09/Aug/2026:06:11:08 +0200] "GET /s/schmid-neo-line-6554-bodenstein-rechts/ HTTP/1.1" 200 50263 "-" "WP Rocket/Preload" PHP-Handler:plesk-php84-fpm Remoteport(vom Nginx):62502
172.68.211.196 - - [09/Aug/2026:06:11:11 +0200] "GET /wp-admin/index.php HTTP/1.1" 302 735 "http://ofenbernd.de/wp-login.php" "Mozilla/5.0 (Windows NT 10.0; Win64; x64) AppleWebKit/537.36 (KHTML, like Gecko) Chrome/125.0.0.0 Safari/537.36" PHP-Handler:plesk-php84-fpm Remoteport(vom Nginx):62568
172.70.248.201 - - [09/Aug/2026:06:11:11 +0200] "GET /wp-content/uploads/2016/04/justus-genius-gasgrill-3-1.jpg HTTP/2.0" 200 63863 "-" "Photon/1.0"
172.71.214.151 - - [09/Aug/2026:06:11:14 +0200] "GET /wp-login.php?redirect_to=https%3A%2F%2Fofenbernd.de%2Fwp-admin%2Findex.php&reauth=1 HTTP/1.1" 200 5802 "http://ofenbernd.de/wp-login.php" "Mozilla/5.0 (Windows NT 10.0; Win64; x64) AppleWebKit/537.36 (KHTML, like Gecko) Chrome/125.0.0.0 Safari/537.36" PHP-Handler:plesk-php84-fpm Remoteport(vom Nginx):36226
162.158.94.224 - - [09/Aug/2026:06:11:13 +0200] "GET /s/schmid-neo-line-6554-bodenstein-rechts/ HTTP/1.1" 200 37608 "-" "WP Rocket/Preload Mozilla/5.0 (iPhone; CPU iPhone OS 9_1 like Mac OS X) AppleWebKit/601.1.46 (KHTML, like Gecko) Version/9.0 Mobile/13B143 Safari/601.1" PHP-Handler:plesk-php84-fpm Remoteport(vom Nginx):36218
172.68.211.196 - - [09/Aug/2026:06:11:18 +0200] "GET /wp-admin/index.php HTTP/1.1" 302 735 "http://ofenbernd.de/wp-login.php" "Mozilla/5.0 (Windows NT 10.0; Win64; x64; rv:122.0) Gecko/20100101 Firefox/122.0" PHP-Handler:plesk-php84-fpm Remoteport(vom Nginx):36316
172.71.247.92 - - [09/Aug/2026:06:11:04 +0200] "POST /wp-admin/admin-ajax.php?action=as_async_request_queue_runner&nonce=cb05d09946 HTTP/1.1" 200 754 "-" "MFK8mBrx2mxH" PHP-Handler:plesk-php84-fpm Remoteport(vom Nginx):62320
172.71.214.151 - - [09/Aug/2026:06:11:21 +0200] "GET /wp-login.php?redirect_to=https%3A%2F%2Fofenbernd.de%2Fwp-admin%2Findex.php&reauth=1 HTTP/1.1" 200 5802 "http://ofenbernd.de/wp-login.php" "Mozilla/5.0 (Windows NT 10.0; Win64; x64; rv:122.0) Gecko/20100101 Firefox/122.0" PHP-Handler:plesk-php84-fpm Remoteport(vom Nginx):12980
172.71.144.144 - - [09/Aug/2026:06:11:22 +0200] "GET /s/olsberg-pago-compact-rostlager/ HTTP/1.1" 200 50243 "-" "WP Rocket/Preload" PHP-Handler:plesk-php84-fpm Remoteport(vom Nginx):12994
172.71.148.65 - - [09/Aug/2026:06:11:24 +0200] "GET /s/olsberg-pago-compact-rostlager/ HTTP/1.1" 200 37598 "-" "WP Rocket/Preload Mozilla/5.0 (iPhone; CPU iPhone OS 9_1 like Mac OS X) AppleWebKit/601.1.46 (KHTML, like Gecko) Version/9.0 Mobile/13B143 Safari/601.1" PHP-Handler:plesk-php84-fpm Remoteport(vom Nginx):13062
172.68.211.196 - - [09/Aug/2026:06:11:25 +0200] "GET /wp-admin/index.php HTTP/1.1" 302 735 "http://ofenbernd.de/wp-login.php" "Mozilla/5.0 (Macintosh; Intel Mac OS X 11_2_3; rv:123.0) Gecko/20100101 Firefox/123.0" PHP-Handler:plesk-php84-fpm Remoteport(vom Nginx):13134
162.158.94.224 - - [09/Aug/2026:06:11:20 +0200] "POST /wp-admin/admin-ajax.php?action=as_async_request_queue_runner&nonce=cb05d09946 HTTP/1.1" 200 754 "-" "8WoX26ZT8v3g" PHP-Handler:plesk-php84-fpm Remoteport(vom Nginx):36346
162.158.94.224 - - [09/Aug/2026:06:11:25 +0200] "GET /s/oranier-reno-d/ HTTP/1.1" 200 50596 "-" "WP Rocket/Preload" PHP-Handler:plesk-php84-fpm Remoteport(vom Nginx):13126
172.70.251.13 - - [09/Aug/2026:06:11:27 +0200] "GET /s/oranier-reno-d/ HTTP/1.1" 200 37879 "-" "WP Rocket/Preload Mozilla/5.0 (iPhone; CPU iPhone OS 9_1 like Mac OS X) AppleWebKit/601.1.46 (KHTML, like Gecko) Version/9.0 Mobile/13B143 Safari/601.1" PHP-Handler:plesk-php84-fpm Remoteport(vom Nginx):13210
172.71.214.151 - - [09/Aug/2026:06:11:28 +0200] "GET /wp-login.php?redirect_to=https%3A%2F%2Fofenbernd.de%2Fwp-admin%2Findex.php&reauth=1 HTTP/1.1" 200 5802 "http://ofenbernd.de/wp-login.php" "Mozilla/5.0 (Macintosh; Intel Mac OS X 11_2_3; rv:123.0) Gecko/20100101 Firefox/123.0" PHP-Handler:plesk-php84-fpm Remoteport(vom Nginx):13266
172.71.164.207 - - [09/Aug/2026:06:11:28 +0200] "GET /s/oranier-bavaria-4634-7-umlenkung/ HTTP/1.1" 200 48724 "-" "WP Rocket/Preload" PHP-Handler:plesk-php84-fpm Remoteport(vom Nginx):13236
172.71.164.207 - - [09/Aug/2026:06:11:30 +0200] "GET /s/oranier-bavaria-4634-7-umlenkung/ HTTP/1.1" 200 36019 "-" "WP Rocket/Preload Mozilla/5.0 (iPhone; CPU iPhone OS 9_1 like Mac OS X) AppleWebKit/601.1.46 (KHTML, like Gecko) Version/9.0 Mobile/13B143 Safari/601.1" PHP-Handler:plesk-php84-fpm Remoteport(vom Nginx):13298
172.68.211.196 - - [09/Aug/2026:06:11:32 +0200] "GET /wp-admin/index.php HTTP/1.1" 302 735 "http://ofenbernd.de/wp-login.php" "Mozilla/5.0 (X11; Linux x86_64; rv:123.0) Gecko/20100101 Firefox/123.0" PHP-Handler:plesk-php84-fpm Remoteport(vom Nginx):18456
162.158.111.35 - - [09/Aug/2026:06:11:31 +0200] "GET /s/escala/ HTTP/1.1" 200 49738 "-" "WP Rocket/Preload" PHP-Handler:plesk-php84-fpm Remoteport(vom Nginx):18436
172.70.247.163 - - [09/Aug/2026:06:11:33 +0200] "GET /s/escala/ HTTP/1.1" 200 37848 "-" "WP Rocket/Preload Mozilla/5.0 (iPhone; CPU iPhone OS 9_1 like Mac OS X) AppleWebKit/601.1.46 (KHTML, like Gecko) Version/9.0 Mobile/13B143 Safari/601.1" PHP-Handler:plesk-php84-fpm Remoteport(vom Nginx):18488
172.71.214.151 - - [09/Aug/2026:06:11:35 +0200] "GET /wp-login.php?redirect_to=https%3A%2F%2Fofenbernd.de%2Fwp-admin%2Findex.php&reauth=1 HTTP/1.1" 200 5802 "http://ofenbernd.de/wp-login.php" "Mozilla/5.0 (X11; Linux x86_64; rv:123.0) Gecko/20100101 Firefox/123.0" PHP-Handler:plesk-php84-fpm Remoteport(vom Nginx):18626
172.71.144.144 - - [09/Aug/2026:06:11:34 +0200] "GET /tag/dw-va-schornstein/ HTTP/1.1" 200 38158 "-" "WP Rocket/Preload" PHP-Handler:plesk-php84-fpm Remoteport(vom Nginx):18558
172.70.248.78 - - [09/Aug/2026:06:11:36 +0200] "GET /tag/dw-va-schornstein/ HTTP/1.1" 200 28051 "-" "WP Rocket/Preload Mozilla/5.0 (iPhone; CPU iPhone OS 9_1 like Mac OS X) AppleWebKit/601.1.46 (KHTML, like Gecko) Version/9.0 Mobile/13B143 Safari/601.1" PHP-Handler:plesk-php84-fpm Remoteport(vom Nginx):18696
172.71.164.207 - - [09/Aug/2026:06:11:37 +0200] "GET /s/oranier-amos-120-150-w-ersatzteile/ HTTP/1.1" 200 50308 "-" "WP Rocket/Preload" PHP-Handler:plesk-php84-fpm Remoteport(vom Nginx):18832
172.68.211.196 - - [09/Aug/2026:06:11:39 +0200] "GET /wp-admin/index.php HTTP/1.1" 302 735 "http://ofenbernd.de/wp-login.php" "Mozilla/5.0 (Macintosh; Intel Mac OS X 10_15_7) AppleWebKit/537.36 (KHTML, like Gecko) Chrome/125.0.0.0 Safari/537.36" PHP-Handler:plesk-php84-fpm Remoteport(vom Nginx):18968
172.70.240.112 - - [09/Aug/2026:06:11:39 +0200] "GET /s/oranier-amos-120-150-w-ersatzteile/ HTTP/1.1" 200 37647 "-" "WP Rocket/Preload Mozilla/5.0 (iPhone; CPU iPhone OS 9_1 like Mac OS X) AppleWebKit/601.1.46 (KHTML, like Gecko) Version/9.0 Mobile/13B143 Safari/601.1" PHP-Handler:plesk-php84-fpm Remoteport(vom Nginx):18928
172.71.144.144 - - [09/Aug/2026:06:11:40 +0200] "GET /s/oranier-4671-ersatzteile/ HTTP/1.1" 200 50317 "-" "WP Rocket/Preload" PHP-Handler:plesk-php84-fpm Remoteport(vom Nginx):19004
162.158.94.224 - - [09/Aug/2026:06:11:42 +0200] "GET /s/oranier-4671-ersatzteile/ HTTP/1.1" 200 37661 "-" "WP Rocket/Preload Mozilla/5.0 (iPhone; CPU iPhone OS 9_1 like Mac OS X) AppleWebKit/601.1.46 (KHTML, like Gecko) Version/9.0 Mobile/13B143 Safari/601.1" PHP-Handler:plesk-php84-fpm Remoteport(vom Nginx):7870
172.71.214.151 - - [09/Aug/2026:06:11:43 +0200] "GET /wp-login.php?redirect_to=https%3A%2F%2Fofenbernd.de%2Fwp-admin%2Findex.php&reauth=1 HTTP/1.1" 200 5802 "http://ofenbernd.de/wp-login.php" "Mozilla/5.0 (Macintosh; Intel Mac OS X 10_15_7) AppleWebKit/537.36 (KHTML, like Gecko) Chrome/125.0.0.0 Safari/537.36" PHP-Handler:plesk-php84-fpm Remoteport(vom Nginx):7890
162.158.111.35 - - [09/Aug/2026:06:11:19 +0200] "POST /wp-admin/admin-ajax.php?action=as_async_request_queue_runner&nonce=cb05d09946 HTTP/1.1" 200 754 "-" "8WoX26ZT8v3g" PHP-Handler:plesk-php84-fpm Remoteport(vom Nginx):36336
172.68.211.196 - - [09/Aug/2026:06:11:47 +0200] "GET /wp-admin/index.php HTTP/1.1" 302 735 "http://ofenbernd.de/wp-login.php" "Mozilla/5.0 (iPhone; CPU iPhone OS 16_4 like Mac OS X) AppleWebKit/537.36 (KHTML, like Gecko) Chrome/125.0.0.0 Safari/537.36" PHP-Handler:plesk-php84-fpm Remoteport(vom Nginx):8030
172.70.247.163 - - [09/Aug/2026:06:11:53 +0200] "POST /wp-cron.php?doing_wp_cron=1786248713.8976500034332275390625 HTTP/1.1" 200 461 "-" "6LahQoAuN7pp" PHP-Handler:plesk-php84-fpm Remoteport(vom Nginx):53446
172.71.214.151 - - [09/Aug/2026:06:11:51 +0200] "GET /wp-login.php?redirect_to=https%3A%2F%2Fofenbernd.de%2Fwp-admin%2Findex.php&reauth=1 HTTP/1.1" 200 5802 "http://ofenbernd.de/wp-login.php" "Mozilla/5.0 (iPhone; CPU iPhone OS 16_4 like Mac OS X) AppleWebKit/537.36 (KHTML, like Gecko) Chrome/125.0.0.0 Safari/537.36" PHP-Handler:plesk-php84-fpm Remoteport(vom Nginx):8172
172.70.248.78 - - [09/Aug/2026:06:11:54 +0200] "POST /wp-cron.php?doing_wp_cron=1786248714.8575661182403564453125 HTTP/1.1" 200 461 "-" "bfg8E6j7ZksV" PHP-Handler:plesk-php84-fpm Remoteport(vom Nginx):53502
172.71.144.144 - - [09/Aug/2026:06:11:51 +0200] "GET /s/leda-antigua-l-tuergriff/ HTTP/1.1" 200 48713 "-" "WP Rocket/Preload" PHP-Handler:plesk-php84-fpm Remoteport(vom Nginx):8162
162.158.94.224 - - [09/Aug/2026:06:11:56 +0200] "POST /wp-cron.php?doing_wp_cron=1786248716.3027250766754150390625 HTTP/1.1" 200 461 "-" "ZBsxy0Sab3A2" PHP-Handler:plesk-php84-fpm Remoteport(vom Nginx):53556
172.71.148.65 - - [09/Aug/2026:06:11:52 +0200] "GET /s/leda-antigua-l-tuergriff/ HTTP/1.1" 200 36017 "-" "WP Rocket/Preload Mozilla/5.0 (iPhone; CPU iPhone OS 9_1 like Mac OS X) AppleWebKit/601.1.46 (KHTML, like Gecko) Version/9.0 Mobile/13B143 Safari/601.1" PHP-Handler:plesk-php84-fpm Remoteport(vom Nginx):53400
172.68.211.196 - - [09/Aug/2026:06:11:55 +0200] "GET /wp-admin/index.php HTTP/1.1" 302 735 "http://ofenbernd.de/wp-login.php" "Mozilla/5.0 (Macintosh; Intel Mac OS X 11_2_3) AppleWebKit/537.36 (KHTML, like Gecko) Chrome/123.0.0.0 Safari/537.36" PHP-Handler:plesk-php84-fpm Remoteport(vom Nginx):53518
172.69.150.177 - - [09/Aug/2026:06:11:54 +0200] "GET /p/weso-hsk-glasdichtung-125c-225c-245c-325c-425c-1m-pos-26-9067969/ HTTP/1.1" 200 60295 "-" "WP Rocket/Preload" PHP-Handler:plesk-php84-fpm Remoteport(vom Nginx):53488
172.71.148.65 - - [09/Aug/2026:06:11:55 +0200] "GET /p/weso-hsk-glasdichtung-125c-225c-245c-325c-425c-1m-pos-26-9067969/ HTTP/1.1" 200 47452 "-" "WP Rocket/Preload Mozilla/5.0 (iPhone; CPU iPhone OS 9_1 like Mac OS X) AppleWebKit/601.1.46 (KHTML, like Gecko) Version/9.0 Mobile/13B143 Safari/601.1" PHP-Handler:plesk-php84-fpm Remoteport(vom Nginx):53550
172.71.214.151 - - [09/Aug/2026:06:11:57 +0200] "GET /wp-login.php?redirect_to=https%3A%2F%2Fofenbernd.de%2Fwp-admin%2Findex.php&reauth=1 HTTP/1.1" 200 5802 "http://ofenbernd.de/wp-login.php" "Mozilla/5.0 (Macintosh; Intel Mac OS X 11_2_3) AppleWebKit/537.36 (KHTML, like Gecko) Chrome/123.0.0.0 Safari/537.36" PHP-Handler:plesk-php84-fpm Remoteport(vom Nginx):53612
172.71.164.207 - - [09/Aug/2026:06:11:57 +0200] "GET /s/oranier-clio-5-rueckwandstein/ HTTP/1.1" 200 50284 "-" "WP Rocket/Preload" PHP-Handler:plesk-php84-fpm Remoteport(vom Nginx):53606
172.70.240.112 - - [09/Aug/2026:06:11:58 +0200] "GET /s/oranier-clio-5-rueckwandstein/ HTTP/1.1" 200 37630 "-" "WP Rocket/Preload Mozilla/5.0 (iPhone; CPU iPhone OS 9_1 like Mac OS X) AppleWebKit/601.1.46 (KHTML, like Gecko) Version/9.0 Mobile/13B143 Safari/601.1" PHP-Handler:plesk-php84-fpm Remoteport(vom Nginx):53658
172.71.148.65 - - [09/Aug/2026:06:12:00 +0200] "GET /p/wodtke-ceo-kk-51-tuerglas-glasscheibe-glas-091751/ HTTP/1.1" 200 60211 "-" "WP Rocket/Preload" PHP-Handler:plesk-php84-fpm Remoteport(vom Nginx):53702
172.68.211.196 - - [09/Aug/2026:06:12:02 +0200] "GET /wp-admin/index.php HTTP/1.1" 302 735 "http://ofenbernd.de/wp-login.php" "Mozilla/5.0 (Macintosh; Intel Mac OS X 10_15_7) AppleWebKit/537.36 (KHTML, like Gecko) Chrome/124.0.0.0 Safari/537.36" PHP-Handler:plesk-php84-fpm Remoteport(vom Nginx):24008
104.23.239.68 - - [09/Aug/2026:06:12:02 +0200] "GET /p/wodtke-ceo-kk-51-tuerglas-glasscheibe-glas-091751/ HTTP/1.1" 200 47591 "-" "WP Rocket/Preload Mozilla/5.0 (iPhone; CPU iPhone OS 9_1 like Mac OS X) AppleWebKit/601.1.46 (KHTML, like Gecko) Version/9.0 Mobile/13B143 Safari/601.1" PHP-Handler:plesk-php84-fpm Remoteport(vom Nginx):23938
172.70.240.112 - - [09/Aug/2026:06:12:03 +0200] "GET /s/feuerraumauskleidung/ HTTP/1.1" 200 52745 "-" "WP Rocket/Preload" PHP-Handler:plesk-php84-fpm Remoteport(vom Nginx):24014
104.23.239.68 - - [09/Aug/2026:06:12:09 +0200] "POST /wp-cron.php?doing_wp_cron=1786248729.4366741180419921875000 HTTP/1.1" 200 461 "-" "Vg7Mnrw2x5zo" PHP-Handler:plesk-php84-fpm Remoteport(vom Nginx):24214
172.71.214.151 - - [09/Aug/2026:06:12:06 +0200] "GET /wp-login.php?redirect_to=https%3A%2F%2Fofenbernd.de%2Fwp-admin%2Findex.php&reauth=1 HTTP/1.1" 200 5802 "http://ofenbernd.de/wp-login.php" "Mozilla/5.0 (Macintosh; Intel Mac OS X 10_15_7) AppleWebKit/537.36 (KHTML, like Gecko) Chrome/124.0.0.0 Safari/537.36" PHP-Handler:plesk-php84-fpm Remoteport(vom Nginx):24104
172.71.164.207 - - [09/Aug/2026:06:12:04 +0200] "GET /s/feuerraumauskleidung/ HTTP/1.1" 200 39423 "-" "WP Rocket/Preload Mozilla/5.0 (iPhone; CPU iPhone OS 9_1 like Mac OS X) AppleWebKit/601.1.46 (KHTML, like Gecko) Version/9.0 Mobile/13B143 Safari/601.1" PHP-Handler:plesk-php84-fpm Remoteport(vom Nginx):24058
172.71.144.144 - - [09/Aug/2026:06:12:06 +0200] "GET /s/oranier-island-aqua-schamotte/ HTTP/1.1" 200 49609 "-" "WP Rocket/Preload" PHP-Handler:plesk-php84-fpm Remoteport(vom Nginx):24090
172.71.172.142 - - [09/Aug/2026:06:12:07 +0200] "GET /s/oranier-island-aqua-schamotte/ HTTP/1.1" 200 37686 "-" "WP Rocket/Preload Mozilla/5.0 (iPhone; CPU iPhone OS 9_1 like Mac OS X) AppleWebKit/601.1.46 (KHTML, like Gecko) Version/9.0 Mobile/13B143 Safari/601.1" PHP-Handler:plesk-php84-fpm Remoteport(vom Nginx):24144
172.68.211.196 - - [09/Aug/2026:06:12:11 +0200] "GET /wp-admin/index.php HTTP/1.1" 302 735 "http://ofenbernd.de/wp-login.php" "Mozilla/5.0 (Macintosh; Intel Mac OS X 10_15_7) AppleWebKit/605.1.15 (KHTML, like Gecko) Version/17.2 Safari/605.1.15" PHP-Handler:plesk-php84-fpm Remoteport(vom Nginx):24288
172.70.248.78 - - [09/Aug/2026:06:11:48 +0200] "POST /wp-admin/admin-ajax.php?action=as_async_request_queue_runner&nonce=cb05d09946 HTTP/1.1" 200 754 "-" "14iYGkXD7a5P" PHP-Handler:plesk-php84-fpm Remoteport(vom Nginx):8088
172.71.214.151 - - [09/Aug/2026:06:12:14 +0200] "GET /wp-login.php?redirect_to=https%3A%2F%2Fofenbernd.de%2Fwp-admin%2Findex.php&reauth=1 HTTP/1.1" 200 5802 "http://ofenbernd.de/wp-login.php" "Mozilla/5.0 (Macintosh; Intel Mac OS X 10_15_7) AppleWebKit/605.1.15 (KHTML, like Gecko) Version/17.2 Safari/605.1.15" PHP-Handler:plesk-php84-fpm Remoteport(vom Nginx):30562
162.159.106.79 - - [09/Aug/2026:06:12:17 +0200] "GET /p/schmid-lina-67-rost-ascherost-gussrost/ HTTP/1.1" 200 47381 "-" "Mozilla/5.0 (Linux; Android 6.0.1; Nexus 5X Build/MMB29P) AppleWebKit/537.36 (KHTML, like Gecko) Chrome/150.0.7871.186 Mobile Safari/537.36 (compatible; Googlebot/2.1; +http://www.google.com/bot.html)" PHP-Handler:plesk-php84-fpm Remoteport(vom Nginx):30628
198.41.230.48 - - [09/Aug/2026:06:12:19 +0200] "GET /k/ofen-ersatzteile/oranier/hera-d-serie-2/ HTTP/1.1" 200 50835 "-" "Mozilla/5.0 (Windows NT 10.0; Win64; x64) AppleWebKit/537.36 (KHTML, like Gecko) Chrome/72.0.3626.121 Safari/537.36" PHP-Handler:plesk-php84-fpm Remoteport(vom Nginx):30708
104.23.239.68 - - [09/Aug/2026:06:12:20 +0200] "POST /wp-cron.php?doing_wp_cron=1786248740.7197830677032470703125 HTTP/1.1" 200 461 "-" "rRGqGLFSx5qa" PHP-Handler:plesk-php84-fpm Remoteport(vom Nginx):30732
172.71.172.142 - - [09/Aug/2026:06:12:17 +0200] "GET /s/rueckwand-unten/ HTTP/1.1" 200 50027 "-" "WP Rocket/Preload" PHP-Handler:plesk-php84-fpm Remoteport(vom Nginx):30614
172.68.211.196 - - [09/Aug/2026:06:12:18 +0200] "GET /wp-admin/index.php HTTP/1.1" 302 735 "http://ofenbernd.de/wp-login.php" "Mozilla/5.0 (Windows NT 10.0; Win64; x64; rv:123.0) Gecko/20100101 Firefox/123.0" PHP-Handler:plesk-php84-fpm Remoteport(vom Nginx):30654
172.71.214.151 - - [09/Aug/2026:06:12:21 +0200] "GET /wp-login.php?redirect_to=https%3A%2F%2Fofenbernd.de%2Fwp-admin%2Findex.php&reauth=1 HTTP/1.1" 200 5802 "http://ofenbernd.de/wp-login.php" "Mozilla/5.0 (Windows NT 10.0; Win64; x64; rv:123.0) Gecko/20100101 Firefox/123.0" PHP-Handler:plesk-php84-fpm Remoteport(vom Nginx):30742
162.158.94.224 - - [09/Aug/2026:06:12:22 +0200] "GET /s/rueckwand-unten/ HTTP/1.1" 200 38138 "-" "WP Rocket/Preload Mozilla/5.0 (iPhone; CPU iPhone OS 9_1 like Mac OS X) AppleWebKit/601.1.46 (KHTML, like Gecko) Version/9.0 Mobile/13B143 Safari/601.1" PHP-Handler:plesk-php84-fpm Remoteport(vom Nginx):34874
172.71.166.251 - - [09/Aug/2026:06:12:23 +0200] "POST /?wc-ajax=get_refreshed_fragments HTTP/1.1" 200 954 "https://www.ofenbernd.de/p/schmid-lina-67-rost-ascherost-gussrost/" "Mozilla/5.0 (Linux; Android 6.0.1; Nexus 5X Build/MMB29P) AppleWebKit/537.36 (KHTML, like Gecko) Chrome/150.0.7871.186 Mobile Safari/537.36 (compatible; Googlebot/2.1; +http://www.google.com/bot.html)" PHP-Handler: Remoteport(vom Nginx):34894
172.70.135.79 - - [09/Aug/2026:06:12:25 +0200] "GET /feed/ HTTP/1.1" 200 1117 "-" "Mozilla/5.0 (Windows NT 6.3; WOW64; rv:33.0) Gecko/20100101 Firefox/33.0" PHP-Handler:plesk-php84-fpm Remoteport(vom Nginx):34930
172.68.211.196 - - [09/Aug/2026:06:12:24 +0200] "GET /wp-admin/index.php HTTP/1.1" 302 735 "http://ofenbernd.de/wp-login.php" "Mozilla/5.0 (Windows NT 10.0; Win64; x64; rv:121.0) Gecko/20100101 Firefox/121.0" PHP-Handler:plesk-php84-fpm Remoteport(vom Nginx):34912
172.71.172.142 - - [09/Aug/2026:06:12:14 +0200] "POST /wp-admin/admin-ajax.php?action=as_async_request_queue_runner&nonce=cb05d09946 HTTP/1.1" 200 754 "-" "dS8UPCfLyB4y" PHP-Handler:plesk-php84-fpm Remoteport(vom Nginx):30554
172.71.214.151 - - [09/Aug/2026:06:12:28 +0200] "GET /wp-login.php?redirect_to=https%3A%2F%2Fofenbernd.de%2Fwp-admin%2Findex.php&reauth=1 HTTP/1.1" 200 5802 "http://ofenbernd.de/wp-login.php" "Mozilla/5.0 (Windows NT 10.0; Win64; x64; rv:121.0) Gecko/20100101 Firefox/121.0" PHP-Handler:plesk-php84-fpm Remoteport(vom Nginx):35018
162.158.86.124 - - [09/Aug/2026:06:12:33 +0200] "POST /wp-cron.php?doing_wp_cron=1786248753.1349890232086181640625 HTTP/1.1" 200 461 "-" "1n04xyhNCwhK" PHP-Handler:plesk-php84-fpm Remoteport(vom Nginx):46028
172.71.172.142 - - [09/Aug/2026:06:12:29 +0200] "GET /s/wodtke-hk-02-glasdichtung/ HTTP/1.1" 200 47860 "-" "WP Rocket/Preload" PHP-Handler:plesk-php84-fpm Remoteport(vom Nginx):35052
172.68.211.196 - - [09/Aug/2026:06:12:32 +0200] "GET /wp-admin/index.php HTTP/1.1" 302 735 "http://ofenbernd.de/wp-login.php" "Mozilla/5.0 (Windows NT 10.0; Win64; x64; rv:121.0) Gecko/20100101 Firefox/121.0" PHP-Handler:plesk-php84-fpm Remoteport(vom Nginx):46014
172.71.172.142 - - [09/Aug/2026:06:12:31 +0200] "GET /s/wodtke-hk-02-glasdichtung/ HTTP/1.1" 200 36007 "-" "WP Rocket/Preload Mozilla/5.0 (iPhone; CPU iPhone OS 9_1 like Mac OS X) AppleWebKit/601.1.46 (KHTML, like Gecko) Version/9.0 Mobile/13B143 Safari/601.1" PHP-Handler:plesk-php84-fpm Remoteport(vom Nginx):35068
162.158.86.124 - - [09/Aug/2026:06:12:36 +0200] "POST /wp-cron.php?doing_wp_cron=1786248756.1939609050750732421875 HTTP/1.1" 200 461 "-" "2Duz0zzk6p1n" PHP-Handler:plesk-php84-fpm Remoteport(vom Nginx):46072
172.71.148.65 - - [09/Aug/2026:06:12:28 +0200] "POST /wp-admin/admin-ajax.php?action=as_async_request_queue_runner&nonce=cb05d09946 HTTP/1.1" 200 754 "-" "kTYV4brNGVZn" PHP-Handler:plesk-php84-fpm Remoteport(vom Nginx):35024
104.23.239.68 - - [09/Aug/2026:06:12:32 +0200] "GET /s/dovre-2000-rost/ HTTP/1.1" 200 48659 "-" "WP Rocket/Preload" PHP-Handler:plesk-php84-fpm Remoteport(vom Nginx):46020
162.158.86.124 - - [09/Aug/2026:06:12:34 +0200] "GET /s/dovre-2000-rost/ HTTP/1.1" 200 35969 "-" "WP Rocket/Preload Mozilla/5.0 (iPhone; CPU iPhone OS 9_1 like Mac OS X) AppleWebKit/601.1.46 (KHTML, like Gecko) Version/9.0 Mobile/13B143 Safari/601.1" PHP-Handler:plesk-php84-fpm Remoteport(vom Nginx):46034
172.71.214.151 - - [09/Aug/2026:06:12:35 +0200] "GET /wp-login.php?redirect_to=https%3A%2F%2Fofenbernd.de%2Fwp-admin%2Findex.php&reauth=1 HTTP/1.1" 200 5802 "http://ofenbernd.de/wp-login.php" "Mozilla/5.0 (Windows NT 10.0; Win64; x64; rv:121.0) Gecko/20100101 Firefox/121.0" PHP-Handler:plesk-php84-fpm Remoteport(vom Nginx):46046
172.71.148.65 - - [09/Aug/2026:06:12:35 +0200] "GET /s/kaminscheibe/ HTTP/1.1" 200 51234 "-" "WP Rocket/Preload" PHP-Handler:plesk-php84-fpm Remoteport(vom Nginx):46058
172.71.164.207 - - [09/Aug/2026:06:12:37 +0200] "GET /s/kaminscheibe/ HTTP/1.1" 200 38528 "-" "WP Rocket/Preload Mozilla/5.0 (iPhone; CPU iPhone OS 9_1 like Mac OS X) AppleWebKit/601.1.46 (KHTML, like Gecko) Version/9.0 Mobile/13B143 Safari/601.1" PHP-Handler:plesk-php84-fpm Remoteport(vom Nginx):46084
172.68.211.196 - - [09/Aug/2026:06:12:38 +0200] "GET /wp-admin/index.php HTTP/1.1" 302 735 "http://ofenbernd.de/wp-login.php" "Mozilla/5.0 (iPhone; CPU iPhone OS 16_4 like Mac OS X) AppleWebKit/537.36 (KHTML, like Gecko) Chrome/122.0.0.0 Safari/537.36" PHP-Handler:plesk-php84-fpm Remoteport(vom Nginx):46112
172.69.150.177 - - [09/Aug/2026:06:12:38 +0200] "GET /s/weso-hsk/ HTTP/1.1" 200 50185 "-" "WP Rocket/Preload" PHP-Handler:plesk-php84-fpm Remoteport(vom Nginx):46128
162.158.86.124 - - [09/Aug/2026:06:12:40 +0200] "GET /s/weso-hsk/ HTTP/1.1" 200 37547 "-" "WP Rocket/Preload Mozilla/5.0 (iPhone; CPU iPhone OS 9_1 like Mac OS X) AppleWebKit/601.1.46 (KHTML, like Gecko) Version/9.0 Mobile/13B143 Safari/601.1" PHP-Handler:plesk-php84-fpm Remoteport(vom Nginx):46170
172.71.214.151 - - [09/Aug/2026:06:12:41 +0200] "GET /wp-login.php?redirect_to=https%3A%2F%2Fofenbernd.de%2Fwp-admin%2Findex.php&reauth=1 HTTP/1.1" 200 5802 "http://ofenbernd.de/wp-login.php" "Mozilla/5.0 (iPhone; CPU iPhone OS 16_4 like Mac OS X) AppleWebKit/537.36 (KHTML, like Gecko) Chrome/122.0.0.0 Safari/537.36" PHP-Handler:plesk-php84-fpm Remoteport(vom Nginx):47696
172.71.148.65 - - [09/Aug/2026:06:12:41 +0200] "GET /s/olsberg-antuco-seitenstein/ HTTP/1.1" 200 49952 "-" "WP Rocket/Preload" PHP-Handler:plesk-php84-fpm Remoteport(vom Nginx):47712
172.70.247.163 - - [09/Aug/2026:06:12:43 +0200] "GET /s/olsberg-antuco-seitenstein/ HTTP/1.1" 200 38044 "-" "WP Rocket/Preload Mozilla/5.0 (iPhone; CPU iPhone OS 9_1 like Mac OS X) AppleWebKit/601.1.46 (KHTML, like Gecko) Version/9.0 Mobile/13B143 Safari/601.1" PHP-Handler:plesk-php84-fpm Remoteport(vom Nginx):47784
172.70.248.78 - - [09/Aug/2026:06:12:44 +0200] "GET /s/justus-faro-plus-4693-ersatzteile/ HTTP/1.1" 200 48695 "-" "WP Rocket/Preload" PHP-Handler:plesk-php84-fpm Remoteport(vom Nginx):47882
172.68.211.196 - - [09/Aug/2026:06:12:45 +0200] "GET /wp-admin/index.php HTTP/1.1" 302 735 "http://ofenbernd.de/wp-login.php" "Mozilla/5.0 (Macintosh; Intel Mac OS X 11_2_3) AppleWebKit/605.1.15 (KHTML, like Gecko) Version/17.3 Safari/605.1.15" PHP-Handler:plesk-php84-fpm Remoteport(vom Nginx):47958
172.71.172.142 - - [09/Aug/2026:06:12:46 +0200] "GET /s/justus-faro-plus-4693-ersatzteile/ HTTP/1.1" 200 36013 "-" "WP Rocket/Preload Mozilla/5.0 (iPhone; CPU iPhone OS 9_1 like Mac OS X) AppleWebKit/601.1.46 (KHTML, like Gecko) Version/9.0 Mobile/13B143 Safari/601.1" PHP-Handler:plesk-php84-fpm Remoteport(vom Nginx):47962
162.158.111.218 - - [09/Aug/2026:06:12:50 +0200] "GET /wp-content/uploads/2016/05/oranier_clio_5_scheibendichtung.jpg HTTP/1.1" 200 572 "-" "Photon/1.0" PHP-Handler: Remoteport(vom Nginx):48118
172.70.247.163 - - [09/Aug/2026:06:12:47 +0200] "GET /s/justus-faro-plus-4693-rueckwand/ HTTP/1.1" 200 48734 "-" "WP Rocket/Preload" PHP-Handler:plesk-php84-fpm Remoteport(vom Nginx):47996
172.71.214.151 - - [09/Aug/2026:06:12:49 +0200] "GET /wp-login.php?redirect_to=https%3A%2F%2Fofenbernd.de%2Fwp-admin%2Findex.php&reauth=1 HTTP/1.1" 200 5802 "http://ofenbernd.de/wp-login.php" "Mozilla/5.0 (Macintosh; Intel Mac OS X 11_2_3) AppleWebKit/605.1.15 (KHTML, like Gecko) Version/17.3 Safari/605.1.15" PHP-Handler:plesk-php84-fpm Remoteport(vom Nginx):48046
172.70.248.78 - - [09/Aug/2026:06:12:49 +0200] "GET /s/justus-faro-plus-4693-rueckwand/ HTTP/1.1" 200 36040 "-" "WP Rocket/Preload Mozilla/5.0 (iPhone; CPU iPhone OS 9_1 like Mac OS X) AppleWebKit/601.1.46 (KHTML, like Gecko) Version/9.0 Mobile/13B143 Safari/601.1" PHP-Handler:plesk-php84-fpm Remoteport(vom Nginx):48054
162.158.111.218 - - [09/Aug/2026:06:12:50 +0200] "GET /wp-content/uploads/2016/05/oranier_clio_5_scheibendichtung.jpg HTTP/2.0" 200 26378 "-" "Photon/1.0"
172.68.26.121 - - [09/Aug/2026:06:12:54 +0200] "GET /k/ofen-ersatzteile/olsberg/caldera/ HTTP/1.1" 200 52144 "-" "Mozilla/5.0 (Windows NT 10.0; Win64; x64) AppleWebKit/537.36 (KHTML, like Gecko) Chrome/145.0.0.0 Safari/537.36 (compatible; meta-webindexer/1.1 (+https://developers.facebook.com/docs/sharing/webmasters/crawler))" PHP-Handler:plesk-php84-fpm Remoteport(vom Nginx):57444
172.70.248.9 - - [09/Aug/2026:06:12:55 +0200] "GET /wp-content/cache/background-css/1/www.ofenbernd.de/wp-content/cache/min/1/wp-content/plugins/woocommerce/assets/css/woocommerce.css?ver=1786225793&wpr_t=1786241827 HTTP/1.1" 200 654 "https://www.ofenbernd.de/k/ofen-ersatzteile/olsberg/caldera/" "Mozilla/5.0 (Windows NT 10.0; Win64; x64) AppleWebKit/537.36 (KHTML, like Gecko) Chrome/145.0.0.0 Safari/537.36 (compatible; meta-webindexer/1.1 (+https://developers.facebook.com/docs/sharing/webmasters/crawler))" PHP-Handler: Remoteport(vom Nginx):57460
172.68.211.196 - - [09/Aug/2026:06:12:52 +0200] "GET /wp-admin/index.php HTTP/1.1" 302 735 "http://ofenbernd.de/wp-login.php" "Mozilla/5.0 (Windows NT 10.0; Win64; x64) AppleWebKit/537.36 (KHTML, like Gecko) Chrome/124.0.0.0 Safari/537.36" PHP-Handler:plesk-php84-fpm Remoteport(vom Nginx):57374
162.158.110.218 - - [09/Aug/2026:06:12:55 +0200] "GET /wp-content/uploads/2015/03/olsberg_caldera_compact_ruckwandstein_ruckwand-400x400.jpg.webp HTTP/1.1" 200 592 "https://www.ofenbernd.de/k/ofen-ersatzteile/olsberg/caldera/" "Mozilla/5.0 (Windows NT 10.0; Win64; x64) AppleWebKit/537.36 (KHTML, like Gecko) Chrome/145.0.0.0 Safari/537.36 (compatible; meta-webindexer/1.1 (+https://developers.facebook.com/docs/sharing/webmasters/crawler))" PHP-Handler: Remoteport(vom Nginx):57470
172.70.248.9 - - [09/Aug/2026:06:12:55 +0200] "GET /wp-content/cache/background-css/1/www.ofenbernd.de/wp-content/cache/min/1/wp-content/plugins/woocommerce/assets/css/woocommerce.css?ver=1786225793&wpr_t=1786241827 HTTP/2.0" 200 10601 "https://www.ofenbernd.de/k/ofen-ersatzteile/olsberg/caldera/" "Mozilla/5.0 (Windows NT 10.0; Win64; x64) AppleWebKit/537.36 (KHTML, like Gecko) Chrome/145.0.0.0 Safari/537.36 (compatible; meta-webindexer/1.1 (+https://developers.facebook.com/docs/sharing/webmasters/crawler))"
162.158.110.218 - - [09/Aug/2026:06:12:55 +0200] "GET /wp-content/uploads/2015/03/olsberg_caldera_compact_ruckwandstein_ruckwand-400x400.jpg.webp HTTP/2.0" 200 15124 "https://www.ofenbernd.de/k/ofen-ersatzteile/olsberg/caldera/" "Mozilla/5.0 (Windows NT 10.0; Win64; x64) AppleWebKit/537.36 (KHTML, like Gecko) Chrome/145.0.0.0 Safari/537.36 (compatible; meta-webindexer/1.1 (+https://developers.facebook.com/docs/sharing/webmasters/crawler))"
162.158.95.49 - - [09/Aug/2026:06:12:56 +0200] "GET /wp-content/cache/background-css/1/www.ofenbernd.de/wp-content/cache/min/1/wp-content/plugins/customer-reviews-woocommerce/css/badges.css?ver=1786225793&wpr_t=1786241827 HTTP/2.0" 200 2528 "https://www.ofenbernd.de/k/ofen-ersatzteile/olsberg/caldera/" "Mozilla/5.0 (Windows NT 10.0; Win64; x64) AppleWebKit/537.36 (KHTML, like Gecko) Chrome/145.0.0.0 Safari/537.36 (compatible; meta-webindexer/1.1 (+https://developers.facebook.com/docs/sharing/webmasters/crawler))"
172.71.144.7 - - [09/Aug/2026:06:12:56 +0200] "GET /wp-content/cache/background-css/1/www.ofenbernd.de/wp-content/cache/min/1/wp-content/plugins/customer-reviews-woocommerce/css/frontend.css?ver=1786225793&wpr_t=1786241827 HTTP/2.0" 200 14305 "https://www.ofenbernd.de/k/ofen-ersatzteile/olsberg/caldera/" "Mozilla/5.0 (Windows NT 10.0; Win64; x64) AppleWebKit/537.36 (KHTML, like Gecko) Chrome/145.0.0.0 Safari/537.36 (compatible; meta-webindexer/1.1 (+https://developers.facebook.com/docs/sharing/webmasters/crawler))"
162.158.95.49 - - [09/Aug/2026:06:12:56 +0200] "GET /wp-content/cache/background-css/1/www.ofenbernd.de/wp-content/cache/min/1/wp-content/plugins/customer-reviews-woocommerce/css/badges.css?ver=1786225793&wpr_t=1786241827 HTTP/1.1" 200 659 "https://www.ofenbernd.de/k/ofen-ersatzteile/olsberg/caldera/" "Mozilla/5.0 (Windows NT 10.0; Win64; x64) AppleWebKit/537.36 (KHTML, like Gecko) Chrome/145.0.0.0 Safari/537.36 (compatible; meta-webindexer/1.1 (+https://developers.facebook.com/docs/sharing/webmasters/crawler))" PHP-Handler: Remoteport(vom Nginx):57502
172.71.144.7 - - [09/Aug/2026:06:12:56 +0200] "GET /wp-content/cache/background-css/1/www.ofenbernd.de/wp-content/cache/min/1/wp-content/plugins/customer-reviews-woocommerce/css/frontend.css?ver=1786225793&wpr_t=1786241827 HTTP/1.1" 200 661 "https://www.ofenbernd.de/k/ofen-ersatzteile/olsberg/caldera/" "Mozilla/5.0 (Windows NT 10.0; Win64; x64) AppleWebKit/537.36 (KHTML, like Gecko) Chrome/145.0.0.0 Safari/537.36 (compatible; meta-webindexer/1.1 (+https://developers.facebook.com/docs/sharing/webmasters/crawler))" PHP-Handler: Remoteport(vom Nginx):57520
172.71.164.207 - - [09/Aug/2026:06:12:27 +0200] "POST /wp-admin/admin-ajax.php?action=as_async_request_queue_runner&nonce=cb05d09946 HTTP/1.1" 200 754 "-" "fMGn56YCPbLq" PHP-Handler:plesk-php84-fpm Remoteport(vom Nginx):34968
172.69.151.93 - - [09/Aug/2026:06:12:57 +0200] "GET /wp-content/uploads/2015/03/olsberg_caldera_compact_ruckwandstein_ruckwand_links_glatt_234084.1253-400x400.jpg.webp HTTP/1.1" 200 616 "https://www.ofenbernd.de/k/ofen-ersatzteile/olsberg/caldera/" "Mozilla/5.0 (Windows NT 10.0; Win64; x64) AppleWebKit/537.36 (KHTML, like Gecko) Chrome/145.0.0.0 Safari/537.36 (compatible; meta-webindexer/1.1 (+https://developers.facebook.com/docs/sharing/webmasters/crawler))" PHP-Handler: Remoteport(vom Nginx):57536
172.71.172.73 - - [09/Aug/2026:06:12:57 +0200] "GET /wp-content/uploads/2015/03/olsberg_caldera_compact_glasscheibe_glas_235261.2000-400x400.jpg.webp HTTP/1.1" 200 598 "https://www.ofenbernd.de/k/ofen-ersatzteile/olsberg/caldera/" "Mozilla/5.0 (Windows NT 10.0; Win64; x64) AppleWebKit/537.36 (KHTML, like Gecko) Chrome/145.0.0.0 Safari/537.36 (compatible; meta-webindexer/1.1 (+https://developers.facebook.com/docs/sharing/webmasters/crawler))" PHP-Handler: Remoteport(vom Nginx):57564
172.71.214.151 - - [09/Aug/2026:06:12:55 +0200] "GET /wp-login.php?redirect_to=https%3A%2F%2Fofenbernd.de%2Fwp-admin%2Findex.php&reauth=1 HTTP/1.1" 200 5802 "http://ofenbernd.de/wp-login.php" "Mozilla/5.0 (Windows NT 10.0; Win64; x64) AppleWebKit/537.36 (KHTML, like Gecko) Chrome/124.0.0.0 Safari/537.36" PHP-Handler:plesk-php84-fpm Remoteport(vom Nginx):57466
172.69.151.93 - - [09/Aug/2026:06:12:57 +0200] "GET /wp-content/uploads/2015/03/olsberg_caldera_compact_ruckwandstein_ruckwand_links_glatt_234084.1253-400x400.jpg.webp HTTP/2.0" 200 15124 "https://www.ofenbernd.de/k/ofen-ersatzteile/olsberg/caldera/" "Mozilla/5.0 (Windows NT 10.0; Win64; x64) AppleWebKit/537.36 (KHTML, like Gecko) Chrome/145.0.0.0 Safari/537.36 (compatible; meta-webindexer/1.1 (+https://developers.facebook.com/docs/sharing/webmasters/crawler))"
172.71.172.73 - - [09/Aug/2026:06:12:57 +0200] "GET /wp-content/uploads/2015/03/olsberg_caldera_compact_glasscheibe_glas_235261.2000-400x400.jpg.webp HTTP/2.0" 200 15124 "https://www.ofenbernd.de/k/ofen-ersatzteile/olsberg/caldera/" "Mozilla/5.0 (Windows NT 10.0; Win64; x64) AppleWebKit/537.36 (KHTML, like Gecko) Chrome/145.0.0.0 Safari/537.36 (compatible; meta-webindexer/1.1 (+https://developers.facebook.com/docs/sharing/webmasters/crawler))"
162.158.86.20 - - [09/Aug/2026:06:12:59 +0200] "GET /wp-content/uploads/2015/03/olsberg_caldera_compact_ruckwandstein_ruckwand_rechts_glatt_234084.1254-100x100.jpg.webp HTTP/2.0" 200 1730 "https://www.ofenbernd.de/k/ofen-ersatzteile/olsberg/caldera/" "Mozilla/5.0 (Windows NT 10.0; Win64; x64) AppleWebKit/537.36 (KHTML, like Gecko) Chrome/145.0.0.0 Safari/537.36 (compatible; meta-webindexer/1.1 (+https://developers.facebook.com/docs/sharing/webmasters/crawler))"
104.23.239.119 - - [09/Aug/2026:06:12:59 +0200] "GET /wp-content/uploads/23_7461-05-100x100.png.webp HTTP/2.0" 200 1770 "https://www.ofenbernd.de/k/ofen-ersatzteile/olsberg/caldera/" "Mozilla/5.0 (Windows NT 10.0; Win64; x64) AppleWebKit/537.36 (KHTML, like Gecko) Chrome/145.0.0.0 Safari/537.36 (compatible; meta-webindexer/1.1 (+https://developers.facebook.com/docs/sharing/webmasters/crawler))"
162.158.86.20 - - [09/Aug/2026:06:12:59 +0200] "GET /wp-content/uploads/2015/03/olsberg_caldera_compact_ruckwandstein_ruckwand_rechts_glatt_234084.1254-100x100.jpg.webp HTTP/1.1" 200 617 "https://www.ofenbernd.de/k/ofen-ersatzteile/olsberg/caldera/" "Mozilla/5.0 (Windows NT 10.0; Win64; x64) AppleWebKit/537.36 (KHTML, like Gecko) Chrome/145.0.0.0 Safari/537.36 (compatible; meta-webindexer/1.1 (+https://developers.facebook.com/docs/sharing/webmasters/crawler))" PHP-Handler: Remoteport(vom Nginx):57606
104.23.239.119 - - [09/Aug/2026:06:12:59 +0200] "GET /wp-content/uploads/23_7461-05-100x100.png.webp HTTP/1.1" 200 548 "https://www.ofenbernd.de/k/ofen-ersatzteile/olsberg/caldera/" "Mozilla/5.0 (Windows NT 10.0; Win64; x64) AppleWebKit/537.36 (KHTML, like Gecko) Chrome/145.0.0.0 Safari/537.36 (compatible; meta-webindexer/1.1 (+https://developers.facebook.com/docs/sharing/webmasters/crawler))" PHP-Handler: Remoteport(vom Nginx):57622
172.70.247.100 - - [09/Aug/2026:06:13:00 +0200] "GET /wp-content/uploads/2015/03/olsberg_caldera_compact_umlenkstein_umlenkplatte-100x100.jpg.webp HTTP/1.1" 200 594 "https://www.ofenbernd.de/k/ofen-ersatzteile/olsberg/caldera/" "Mozilla/5.0 (Windows NT 10.0; Win64; x64) AppleWebKit/537.36 (KHTML, like Gecko) Chrome/145.0.0.0 Safari/537.36 (compatible; meta-webindexer/1.1 (+https://developers.facebook.com/docs/sharing/webmasters/crawler))" PHP-Handler: Remoteport(vom Nginx):57648
172.71.22.214 - - [09/Aug/2026:06:12:58 +0200] "POST /?wc-ajax=get_refreshed_fragments HTTP/1.1" 200 954 "https://www.ofenbernd.de/k/ofen-ersatzteile/olsberg/caldera/" "Mozilla/5.0 (Windows NT 10.0; Win64; x64) AppleWebKit/537.36 (KHTML, like Gecko) Chrome/145.0.0.0 Safari/537.36 (compatible; meta-webindexer/1.1 (+https://developers.facebook.com/docs/sharing/webmasters/crawler))" PHP-Handler: Remoteport(vom Nginx):57578
104.23.245.141 - - [09/Aug/2026:06:12:58 +0200] "POST /wp-admin/admin-ajax.php HTTP/1.1" 200 828 "https://www.ofenbernd.de/k/ofen-ersatzteile/olsberg/caldera/" "Mozilla/5.0 (Windows NT 10.0; Win64; x64) AppleWebKit/537.36 (KHTML, like Gecko) Chrome/145.0.0.0 Safari/537.36 (compatible; meta-webindexer/1.1 (+https://developers.facebook.com/docs/sharing/webmasters/crawler))" PHP-Handler:plesk-php84-fpm Remoteport(vom Nginx):57598
172.70.243.5 - - [09/Aug/2026:06:12:58 +0200] "GET /s/oranier-alto-6910-aschekasten/ HTTP/1.1" 200 50238 "-" "WP Rocket/Preload" PHP-Handler:plesk-php84-fpm Remoteport(vom Nginx):57584
172.68.211.196 - - [09/Aug/2026:06:12:59 +0200] "GET /wp-admin/index.php HTTP/1.1" 302 735 "http://ofenbernd.de/wp-login.php" "Mozilla/5.0 (Windows NT 10.0; Win64; x64; rv:122.0) Gecko/20100101 Firefox/122.0" PHP-Handler:plesk-php84-fpm Remoteport(vom Nginx):57610
172.71.164.207 - - [09/Aug/2026:06:13:00 +0200] "GET /s/oranier-alto-6910-aschekasten/ HTTP/1.1" 200 37591 "-" "WP Rocket/Preload Mozilla/5.0 (iPhone; CPU iPhone OS 9_1 like Mac OS X) AppleWebKit/601.1.46 (KHTML, like Gecko) Version/9.0 Mobile/13B143 Safari/601.1" PHP-Handler:plesk-php84-fpm Remoteport(vom Nginx):57638
172.70.247.100 - - [09/Aug/2026:06:13:00 +0200] "GET /wp-content/uploads/2015/03/olsberg_caldera_compact_umlenkstein_umlenkplatte-100x100.jpg.webp HTTP/2.0" 200 1730 "https://www.ofenbernd.de/k/ofen-ersatzteile/olsberg/caldera/" "Mozilla/5.0 (Windows NT 10.0; Win64; x64) AppleWebKit/537.36 (KHTML, like Gecko) Chrome/145.0.0.0 Safari/537.36 (compatible; meta-webindexer/1.1 (+https://developers.facebook.com/docs/sharing/webmasters/crawler))"
172.71.166.251 - - [09/Aug/2026:06:13:05 +0200] "GET /p/oranier-kiruna-8-feuerrost-serie-2-kaminrost-ersatzteile/ HTTP/1.1" 200 61606 "-" "Mozilla/5.0 (compatible; Googlebot/2.1; +http://www.google.com/bot.html)" PHP-Handler:plesk-php84-fpm Remoteport(vom Nginx):14008
172.71.11.44 - - [09/Aug/2026:06:13:00 +0200] "GET /s/schmid-b1-b10-b20-b30-halbrost/?orderby=price-desc HTTP/1.1" 200 32724 "-" "Mozilla/5.0 (Macintosh; Intel Mac OS X 10_14_6) AppleWebKit/537.36 (KHTML, like Gecko) Chrome/93.0.4577.82 Safari/537.36" PHP-Handler:plesk-php84-fpm Remoteport(vom Nginx):57656
172.70.240.112 - - [09/Aug/2026:06:13:01 +0200] "GET /s/gussrueckwand/ HTTP/1.1" 200 50265 "-" "WP Rocket/Preload" PHP-Handler:plesk-php84-fpm Remoteport(vom Nginx):13818
104.22.56.116 - - [09/Aug/2026:06:13:02 +0200] "POST /wp-admin/admin-ajax.php HTTP/1.1" 200 1014 "https://www.ofenbernd.de/k/ofen-ersatzteile/olsberg/caldera/" "Mozilla/5.0 (Windows NT 10.0; Win64; x64) AppleWebKit/537.36 (KHTML, like Gecko) Chrome/145.0.0.0 Safari/537.36 (compatible; meta-webindexer/1.1 (+https://developers.facebook.com/docs/sharing/webmasters/crawler))" PHP-Handler:plesk-php84-fpm Remoteport(vom Nginx):13876
172.71.214.151 - - [09/Aug/2026:06:13:03 +0200] "GET /wp-login.php?redirect_to=https%3A%2F%2Fofenbernd.de%2Fwp-admin%2Findex.php&reauth=1 HTTP/1.1" 200 5802 "http://ofenbernd.de/wp-login.php" "Mozilla/5.0 (Windows NT 10.0; Win64; x64; rv:122.0) Gecko/20100101 Firefox/122.0" PHP-Handler:plesk-php84-fpm Remoteport(vom Nginx):13934
172.71.172.142 - - [09/Aug/2026:06:13:03 +0200] "GET /s/gussrueckwand/ HTTP/1.1" 200 37632 "-" "WP Rocket/Preload Mozilla/5.0 (iPhone; CPU iPhone OS 9_1 like Mac OS X) AppleWebKit/601.1.46 (KHTML, like Gecko) Version/9.0 Mobile/13B143 Safari/601.1" PHP-Handler:plesk-php84-fpm Remoteport(vom Nginx):13910
162.158.94.224 - - [09/Aug/2026:06:13:04 +0200] "GET /k/kaminzubehor/dovre-kaminzubehor/ HTTP/1.1" 200 48671 "-" "WP Rocket/Preload" PHP-Handler:plesk-php84-fpm Remoteport(vom Nginx):13970
172.70.243.5 - - [09/Aug/2026:06:13:06 +0200] "GET /k/kaminzubehor/dovre-kaminzubehor/ HTTP/1.1" 200 36100 "-" "WP Rocket/Preload Mozilla/5.0 (iPhone; CPU iPhone OS 9_1 like Mac OS X) AppleWebKit/601.1.46 (KHTML, like Gecko) Version/9.0 Mobile/13B143 Safari/601.1" PHP-Handler:plesk-php84-fpm Remoteport(vom Nginx):14066
172.71.144.144 - - [09/Aug/2026:06:13:07 +0200] "GET /s/dovre-ersatzteile/ HTTP/1.1" 200 48629 "-" "WP Rocket/Preload" PHP-Handler:plesk-php84-fpm Remoteport(vom Nginx):14138
172.68.211.196 - - [09/Aug/2026:06:13:08 +0200] "GET /wp-admin/index.php HTTP/1.1" 302 735 "http://ofenbernd.de/wp-login.php" "Mozilla/5.0 (Macintosh; Intel Mac OS X 10_15_7) AppleWebKit/537.36 (KHTML, like Gecko) Chrome/123.0.0.0 Safari/537.36 Edge/123.0.2420.65" PHP-Handler:plesk-php84-fpm Remoteport(vom Nginx):14168
172.71.247.92 - - [09/Aug/2026:06:13:09 +0200] "GET /s/dovre-ersatzteile/ HTTP/1.1" 200 35948 "-" "WP Rocket/Preload Mozilla/5.0 (iPhone; CPU iPhone OS 9_1 like Mac OS X) AppleWebKit/601.1.46 (KHTML, like Gecko) Version/9.0 Mobile/13B143 Safari/601.1" PHP-Handler:plesk-php84-fpm Remoteport(vom Nginx):14186
172.71.164.207 - - [09/Aug/2026:06:13:10 +0200] "GET /s/schwarze-tuergriffe-dovre-t-2000-m8/ HTTP/1.1" 200 48766 "-" "WP Rocket/Preload" PHP-Handler:plesk-php84-fpm Remoteport(vom Nginx):14228
172.71.214.151 - - [09/Aug/2026:06:13:11 +0200] "GET /wp-login.php?redirect_to=https%3A%2F%2Fofenbernd.de%2Fwp-admin%2Findex.php&reauth=1 HTTP/1.1" 200 5802 "http://ofenbernd.de/wp-login.php" "Mozilla/5.0 (Macintosh; Intel Mac OS X 10_15_7) AppleWebKit/537.36 (KHTML, like Gecko) Chrome/123.0.0.0 Safari/537.36 Edge/123.0.2420.65" PHP-Handler:plesk-php84-fpm Remoteport(vom Nginx):49044
172.70.248.78 - - [09/Aug/2026:06:13:12 +0200] "GET /s/schwarze-tuergriffe-dovre-t-2000-m8/ HTTP/1.1" 200 36064 "-" "WP Rocket/Preload Mozilla/5.0 (iPhone; CPU iPhone OS 9_1 like Mac OS X) AppleWebKit/601.1.46 (KHTML, like Gecko) Version/9.0 Mobile/13B143 Safari/601.1" PHP-Handler:plesk-php84-fpm Remoteport(vom Nginx):49080
162.158.94.224 - - [09/Aug/2026:06:13:13 +0200] "GET /s/caffe-latte/ HTTP/1.1" 200 48645 "-" "WP Rocket/Preload" PHP-Handler:plesk-php84-fpm Remoteport(vom Nginx):49118
172.68.211.196 - - [09/Aug/2026:06:13:15 +0200] "GET /wp-admin/index.php HTTP/1.1" 302 735 "http://ofenbernd.de/wp-login.php" "Mozilla/5.0 (Macintosh; Intel Mac OS X 10_15_7) AppleWebKit/537.36 (KHTML, like Gecko) Chrome/122.0.0.0 Safari/537.36 Edge/122.0.2365.92" PHP-Handler:plesk-php84-fpm Remoteport(vom Nginx):49146
162.158.94.224 - - [09/Aug/2026:06:13:15 +0200] "GET /s/caffe-latte/ HTTP/1.1" 200 35944 "-" "WP Rocket/Preload Mozilla/5.0 (iPhone; CPU iPhone OS 9_1 like Mac OS X) AppleWebKit/601.1.46 (KHTML, like Gecko) Version/9.0 Mobile/13B143 Safari/601.1" PHP-Handler:plesk-php84-fpm Remoteport(vom Nginx):49140
172.71.172.142 - - [09/Aug/2026:06:13:16 +0200] "GET /s/leda-lava-w-rueckwand/ HTTP/1.1" 200 48703 "-" "WP Rocket/Preload" PHP-Handler:plesk-php84-fpm Remoteport(vom Nginx):49166
172.69.65.231 - - [09/Aug/2026:06:13:20 +0200] "GET /p/olsberg-golaya-seitenstein-hi-re-pos-36d-23-5591-1253/ HTTP/1.1" 200 60737 "-" "Mozilla/5.0 (compatible; Googlebot/2.1; +http://www.google.com/bot.html)" PHP-Handler:plesk-php84-fpm Remoteport(vom Nginx):49262
172.71.214.151 - - [09/Aug/2026:06:13:18 +0200] "GET /wp-login.php?redirect_to=https%3A%2F%2Fofenbernd.de%2Fwp-admin%2Findex.php&reauth=1 HTTP/1.1" 200 5802 "http://ofenbernd.de/wp-login.php" "Mozilla/5.0 (Macintosh; Intel Mac OS X 10_15_7) AppleWebKit/537.36 (KHTML, like Gecko) Chrome/122.0.0.0 Safari/537.36 Edge/122.0.2365.92" PHP-Handler:plesk-php84-fpm Remoteport(vom Nginx):49222
172.71.247.92 - - [09/Aug/2026:06:13:18 +0200] "GET /s/leda-lava-w-rueckwand/ HTTP/1.1" 200 36003 "-" "WP Rocket/Preload Mozilla/5.0 (iPhone; CPU iPhone OS 9_1 like Mac OS X) AppleWebKit/601.1.46 (KHTML, like Gecko) Version/9.0 Mobile/13B143 Safari/601.1" PHP-Handler:plesk-php84-fpm Remoteport(vom Nginx):49216
172.68.211.196 - - [09/Aug/2026:06:13:21 +0200] "GET /wp-admin/index.php HTTP/1.1" 302 735 "http://ofenbernd.de/wp-login.php" "Mozilla/5.0 (iPhone; CPU iPhone OS 16_4 like Mac OS X) AppleWebKit/537.36 (KHTML, like Gecko) Chrome/124.0.0.0 Safari/537.36" PHP-Handler:plesk-php84-fpm Remoteport(vom Nginx):50126
172.71.172.142 - - [09/Aug/2026:06:12:56 +0200] "POST /wp-admin/admin-ajax.php?action=as_async_request_queue_runner&nonce=cb05d09946 HTTP/1.1" 200 754 "-" "oqIBG9OMB8Fz" PHP-Handler:plesk-php84-fpm Remoteport(vom Nginx):57478
172.69.150.177 - - [09/Aug/2026:06:13:27 +0200] "GET /s/der/ HTTP/1.1" 200 49628 "-" "WP Rocket/Preload" PHP-Handler:plesk-php84-fpm Remoteport(vom Nginx):50236
172.71.214.151 - - [09/Aug/2026:06:13:24 +0200] "GET /wp-login.php?redirect_to=https%3A%2F%2Fofenbernd.de%2Fwp-admin%2Findex.php&reauth=1 HTTP/1.1" 200 5802 "http://ofenbernd.de/wp-login.php" "Mozilla/5.0 (iPhone; CPU iPhone OS 16_4 like Mac OS X) AppleWebKit/537.36 (KHTML, like Gecko) Chrome/124.0.0.0 Safari/537.36" PHP-Handler:plesk-php84-fpm Remoteport(vom Nginx):50184
172.70.247.163 - - [09/Aug/2026:06:13:27 +0200] "GET /s/der/ HTTP/1.1" 200 37873 "-" "WP Rocket/Preload Mozilla/5.0 (iPhone; CPU iPhone OS 9_1 like Mac OS X) AppleWebKit/601.1.46 (KHTML, like Gecko) Version/9.0 Mobile/13B143 Safari/601.1" PHP-Handler:plesk-php84-fpm Remoteport(vom Nginx):50250
172.64.217.76 - - [09/Aug/2026:06:13:31 +0200] "GET /p/koenigshuette-draco-verschlusslasche-kpl-140x60x26-28-8951-1576/ HTTP/1.1" 200 59555 "-" "Mozilla/5.0 (Windows NT 10.0; WOW64) AppleWebKit/537.36 (KHTML, like Gecko) Chrome/48.0.2564.116 Safari/537.36" PHP-Handler:plesk-php84-fpm Remoteport(vom Nginx):50344
172.68.211.196 - - [09/Aug/2026:06:13:28 +0200] "GET /wp-admin/index.php HTTP/1.1" 302 735 "http://ofenbernd.de/wp-login.php" "Mozilla/5.0 (X11; Linux x86_64) AppleWebKit/537.36 (KHTML, like Gecko) Chrome/123.0.0.0 Safari/537.36" PHP-Handler:plesk-php84-fpm Remoteport(vom Nginx):50292
172.71.148.65 - - [09/Aug/2026:06:13:29 +0200] "GET /s/ersatzteile/ HTTP/1.1" 200 54129 "-" "WP Rocket/Preload" PHP-Handler:plesk-php84-fpm Remoteport(vom Nginx):50310
104.23.239.68 - - [09/Aug/2026:06:13:30 +0200] "GET /s/ersatzteile/ HTTP/1.1" 200 40911 "-" "WP Rocket/Preload Mozilla/5.0 (iPhone; CPU iPhone OS 9_1 like Mac OS X) AppleWebKit/601.1.46 (KHTML, like Gecko) Version/9.0 Mobile/13B143 Safari/601.1" PHP-Handler:plesk-php84-fpm Remoteport(vom Nginx):50336
172.71.214.151 - - [09/Aug/2026:06:13:32 +0200] "GET /wp-login.php?redirect_to=https%3A%2F%2Fofenbernd.de%2Fwp-admin%2Findex.php&reauth=1 HTTP/1.1" 200 5802 "http://ofenbernd.de/wp-login.php" "Mozilla/5.0 (X11; Linux x86_64) AppleWebKit/537.36 (KHTML, like Gecko) Chrome/123.0.0.0 Safari/537.36" PHP-Handler:plesk-php84-fpm Remoteport(vom Nginx):64330
172.71.164.207 - - [09/Aug/2026:06:13:32 +0200] "GET /s/schmid-sh-8-g-gb/ HTTP/1.1" 200 50311 "-" "WP Rocket/Preload" PHP-Handler:plesk-php84-fpm Remoteport(vom Nginx):64288
172.71.164.207 - - [09/Aug/2026:06:13:37 +0200] "POST /wp-cron.php?doing_wp_cron=1786248816.9965400695800781250000 HTTP/1.1" 200 461 "-" "6lHRFVcTT3KF" PHP-Handler:plesk-php84-fpm Remoteport(vom Nginx):64476
172.69.150.177 - - [09/Aug/2026:06:13:33 +0200] "GET /s/schmid-sh-8-g-gb/ HTTP/1.1" 200 37679 "-" "WP Rocket/Preload Mozilla/5.0 (iPhone; CPU iPhone OS 9_1 like Mac OS X) AppleWebKit/601.1.46 (KHTML, like Gecko) Version/9.0 Mobile/13B143 Safari/601.1" PHP-Handler:plesk-php84-fpm Remoteport(vom Nginx):64364
172.71.164.207 - - [09/Aug/2026:06:13:39 +0200] "POST /wp-cron.php?doing_wp_cron=1786248819.1253468990325927734375 HTTP/1.1" 200 461 "-" "uihQFxUWqCPk" PHP-Handler:plesk-php84-fpm Remoteport(vom Nginx):64534
172.70.243.5 - - [09/Aug/2026:06:13:39 +0200] "POST /wp-cron.php?doing_wp_cron=1786248819.3209691047668457031250 HTTP/1.1" 200 461 "-" "Zc6u2UDUmZAX" PHP-Handler:plesk-php84-fpm Remoteport(vom Nginx):64554
172.71.148.65 - - [09/Aug/2026:06:13:35 +0200] "GET /p/schmid-sh-11-g-seitensteine-paket-4-x-67-2010-2257/ HTTP/1.1" 200 60297 "-" "WP Rocket/Preload" PHP-Handler:plesk-php84-fpm Remoteport(vom Nginx):64400
172.68.211.196 - - [09/Aug/2026:06:13:36 +0200] "GET /wp-admin/index.php HTTP/1.1" 302 735 "http://ofenbernd.de/wp-login.php" "Mozilla/5.0 (Windows NT 10.0; Win64; x64) AppleWebKit/537.36 (KHTML, like Gecko) Chrome/123.0.0.0 Safari/537.36 Edge/123.0.2420.65" PHP-Handler:plesk-php84-fpm Remoteport(vom Nginx):64462
172.71.148.65 - - [09/Aug/2026:06:13:41 +0200] "POST /wp-cron.php?doing_wp_cron=1786248821.0101840496063232421875 HTTP/1.1" 200 461 "-" "XI4whBTghxUp" PHP-Handler:plesk-php84-fpm Remoteport(vom Nginx):64584
