172.68.229.145 - - [09/Aug/2026:06:04:28 +0200] "GET /wp-login.php?redirect_to=https%3A%2F%2Fwww.ofenbernd.de%2Fwp-admin%2F&reauth=1 HTTP/1.1" 200 5794 "https://www.ofenbernd.de/wp-admin/" "Mozilla/5.0 (Windows NT 10.0; Win64; x64) AppleWebKit/537.36 (KHTML, like Gecko) Chrome/151.0.0.0 Safari/537.36" PHP-Handler:plesk-php84-fpm Remoteport(vom Nginx):9816
172.64.222.234 - - [09/Aug/2026:06:04:28 +0200] "GET /s/glutbett-seitenstein/?orderby=price HTTP/1.1" 200 33213 "-" "Mozilla/5.0 (Windows NT 6.2; WOW64) AppleWebKit/537.36 (KHTML, like Gecko) Chrome/30.0.1599.17 Safari/537.36" PHP-Handler:plesk-php84-fpm Remoteport(vom Nginx):9832
172.70.240.113 - - [09/Aug/2026:06:04:28 +0200] "GET /tag/stahl-bodenplatte-unter-ofen/ HTTP/1.1" 200 38202 "-" "WP Rocket/Preload" PHP-Handler:plesk-php84-fpm Remoteport(vom Nginx):9854
172.68.229.145 - - [09/Aug/2026:06:04:29 +0200] "GET /wp-login.php?redirect_to=https%3A%2F%2Fwww.ofenbernd.de%2Fwp-admin%2F&reauth=1 HTTP/1.1" 200 5794 "https://www.ofenbernd.de/wp-admin/" "Mozilla/5.0 (Windows NT 10.0; Win64; x64) AppleWebKit/537.36 (KHTML, like Gecko) Chrome/151.0.0.0 Safari/537.36" PHP-Handler:plesk-php84-fpm Remoteport(vom Nginx):9882
172.71.214.151 - - [09/Aug/2026:06:04:30 +0200] "GET /wp-login.php?redirect_to=https%3A%2F%2Fofenbernd.de%2Fwp-admin%2Findex.php&reauth=1 HTTP/1.1" 200 5802 "http://ofenbernd.de/wp-login.php" "Mozilla/5.0 (Macintosh; Intel Mac OS X 11_2_3; rv:121.0) Gecko/20100101 Firefox/121.0" PHP-Handler:plesk-php84-fpm Remoteport(vom Nginx):9928
172.71.172.142 - - [09/Aug/2026:06:04:30 +0200] "GET /tag/stahl-bodenplatte-unter-ofen/ HTTP/1.1" 200 28083 "-" "WP Rocket/Preload Mozilla/5.0 (iPhone; CPU iPhone OS 9_1 like Mac OS X) AppleWebKit/601.1.46 (KHTML, like Gecko) Version/9.0 Mobile/13B143 Safari/601.1" PHP-Handler:plesk-php84-fpm Remoteport(vom Nginx):9896
172.71.172.109 - - [09/Aug/2026:06:04:34 +0200] "GET /wp-content/uploads/2015/03/olsberg_format_6_scheibendichtung_rahmen.jpg HTTP/1.1" 200 581 "-" "Photon/1.0" PHP-Handler: Remoteport(vom Nginx):52586
172.71.144.144 - - [09/Aug/2026:06:04:31 +0200] "GET /p/oranier-arktis-7-ii-5747-auskleidung-komplett-2904479000/ HTTP/1.1" 200 60308 "-" "WP Rocket/Preload" PHP-Handler:plesk-php84-fpm Remoteport(vom Nginx):52484
162.158.217.60 - - [09/Aug/2026:06:04:33 +0200] "GET /p/oranier-arktis-7-ii-5747-auskleidung-komplett-2904479000/ HTTP/1.1" 200 47661 "-" "WP Rocket/Preload Mozilla/5.0 (iPhone; CPU iPhone OS 9_1 like Mac OS X) AppleWebKit/601.1.46 (KHTML, like Gecko) Version/9.0 Mobile/13B143 Safari/601.1" PHP-Handler:plesk-php84-fpm Remoteport(vom Nginx):52526
172.71.172.109 - - [09/Aug/2026:06:04:34 +0200] "GET /wp-content/uploads/2015/03/olsberg_format_6_scheibendichtung_rahmen.jpg HTTP/2.0" 200 17088 "-" "Photon/1.0"
172.68.211.196 - - [09/Aug/2026:06:04:35 +0200] "GET /wp-admin/index.php HTTP/1.1" 302 735 "http://ofenbernd.de/wp-login.php" "Mozilla/5.0 (X11; Linux x86_64) AppleWebKit/537.36 (KHTML, like Gecko) Chrome/125.0.0.0 Safari/537.36" PHP-Handler:plesk-php84-fpm Remoteport(vom Nginx):52660
172.70.243.5 - - [09/Aug/2026:06:04:34 +0200] "GET /s/olsberg-pantoja-glasscheibe/ HTTP/1.1" 200 47887 "-" "WP Rocket/Preload" PHP-Handler:plesk-php84-fpm Remoteport(vom Nginx):52612
172.71.172.142 - - [09/Aug/2026:06:04:36 +0200] "GET /s/olsberg-pantoja-glasscheibe/ HTTP/1.1" 200 36011 "-" "WP Rocket/Preload Mozilla/5.0 (iPhone; CPU iPhone OS 9_1 like Mac OS X) AppleWebKit/601.1.46 (KHTML, like Gecko) Version/9.0 Mobile/13B143 Safari/601.1" PHP-Handler:plesk-php84-fpm Remoteport(vom Nginx):52696
162.158.217.60 - - [09/Aug/2026:06:04:37 +0200] "GET /s/olsberg-creation-6-seitenstein-rechts/ HTTP/1.1" 200 50244 "-" "WP Rocket/Preload" PHP-Handler:plesk-php84-fpm Remoteport(vom Nginx):52724
172.71.214.151 - - [09/Aug/2026:06:04:38 +0200] "GET /wp-login.php?redirect_to=https%3A%2F%2Fofenbernd.de%2Fwp-admin%2Findex.php&reauth=1 HTTP/1.1" 200 5802 "http://ofenbernd.de/wp-login.php" "Mozilla/5.0 (X11; Linux x86_64) AppleWebKit/537.36 (KHTML, like Gecko) Chrome/125.0.0.0 Safari/537.36" PHP-Handler:plesk-php84-fpm Remoteport(vom Nginx):52756
172.71.164.207 - - [09/Aug/2026:06:04:39 +0200] "GET /s/olsberg-creation-6-seitenstein-rechts/ HTTP/1.1" 200 37594 "-" "WP Rocket/Preload Mozilla/5.0 (iPhone; CPU iPhone OS 9_1 like Mac OS X) AppleWebKit/601.1.46 (KHTML, like Gecko) Version/9.0 Mobile/13B143 Safari/601.1" PHP-Handler:plesk-php84-fpm Remoteport(vom Nginx):52758
172.71.164.207 - - [09/Aug/2026:06:04:43 +0200] "GET /p/oranier-arktis-8-serie-1-bodenstein-pos-3-7-2897204000/ HTTP/1.1" 200 61010 "-" "WP Rocket/Preload" PHP-Handler:plesk-php84-fpm Remoteport(vom Nginx):15712
172.71.247.92 - - [09/Aug/2026:06:04:40 +0200] "GET /s/buderus-logastyle-versura-braun/ HTTP/1.1" 200 48713 "-" "WP Rocket/Preload" PHP-Handler:plesk-php84-fpm Remoteport(vom Nginx):52866
172.71.154.119 - - [09/Aug/2026:06:04:39 +0200] "GET /?dir=desc&order=position HTTP/1.1" 200 31235 "-" "Mozilla/5.0 (Windows NT 10.0; Win64; x64) AppleWebKit/537.36 (KHTML, like Gecko) Chrome/149.0.0.0 Safari/537.36" PHP-Handler: Remoteport(vom Nginx):52808
172.71.172.142 - - [09/Aug/2026:06:04:42 +0200] "GET /s/buderus-logastyle-versura-braun/ HTTP/1.1" 200 36031 "-" "WP Rocket/Preload Mozilla/5.0 (iPhone; CPU iPhone OS 9_1 like Mac OS X) AppleWebKit/601.1.46 (KHTML, like Gecko) Version/9.0 Mobile/13B143 Safari/601.1" PHP-Handler:plesk-php84-fpm Remoteport(vom Nginx):15628
172.68.211.196 - - [09/Aug/2026:06:04:43 +0200] "GET /wp-admin/index.php HTTP/1.1" 302 735 "http://ofenbernd.de/wp-login.php" "Mozilla/5.0 (Macintosh; Intel Mac OS X 10_15_7; rv:122.0) Gecko/20100101 Firefox/122.0" PHP-Handler:plesk-php84-fpm Remoteport(vom Nginx):15700
172.69.150.176 - - [09/Aug/2026:06:04:44 +0200] "GET /p/oranier-arktis-8-serie-1-bodenstein-pos-3-7-2897204000/ HTTP/1.1" 200 47618 "-" "WP Rocket/Preload Mozilla/5.0 (iPhone; CPU iPhone OS 9_1 like Mac OS X) AppleWebKit/601.1.46 (KHTML, like Gecko) Version/9.0 Mobile/13B143 Safari/601.1" PHP-Handler:plesk-php84-fpm Remoteport(vom Nginx):15764
172.70.251.14 - - [09/Aug/2026:06:04:45 +0200] "GET /s/befestigungssatz-abdeckhaube/ HTTP/1.1" 200 49443 "-" "WP Rocket/Preload" PHP-Handler:plesk-php84-fpm Remoteport(vom Nginx):15848
172.71.214.151 - - [09/Aug/2026:06:04:47 +0200] "GET /wp-login.php?redirect_to=https%3A%2F%2Fofenbernd.de%2Fwp-admin%2Findex.php&reauth=1 HTTP/1.1" 200 5802 "http://ofenbernd.de/wp-login.php" "Mozilla/5.0 (Macintosh; Intel Mac OS X 10_15_7; rv:122.0) Gecko/20100101 Firefox/122.0" PHP-Handler:plesk-php84-fpm Remoteport(vom Nginx):15884
172.71.154.119 - - [09/Aug/2026:06:04:47 +0200] "POST /?wc-ajax=get_refreshed_fragments HTTP/1.1" 200 954 "https://www.ofenbernd.de/?dir=desc&order=position" "Mozilla/5.0 (Windows NT 10.0; Win64; x64) AppleWebKit/537.36 (KHTML, like Gecko) Chrome/149.0.0.0 Safari/537.36" PHP-Handler: Remoteport(vom Nginx):15912
172.71.164.207 - - [09/Aug/2026:06:04:47 +0200] "GET /s/befestigungssatz-abdeckhaube/ HTTP/1.1" 200 37574 "-" "WP Rocket/Preload Mozilla/5.0 (iPhone; CPU iPhone OS 9_1 like Mac OS X) AppleWebKit/601.1.46 (KHTML, like Gecko) Version/9.0 Mobile/13B143 Safari/601.1" PHP-Handler:plesk-php84-fpm Remoteport(vom Nginx):15900
162.158.48.240 - - [09/Aug/2026:06:04:48 +0200] "GET /k/ofen-ersatzteile/olsberg/page/6/ HTTP/1.1" 200 54290 "-" "Mozilla/5.0 (Macintosh; Intel Mac OS X 10_7_3) AppleWebKit/537.36 (KHTML, like Gecko, Mediapartners-Google) Chrome/84.0.4147.108 Safari/537.36" PHP-Handler:plesk-php84-fpm Remoteport(vom Nginx):15956
172.68.211.196 - - [09/Aug/2026:06:04:51 +0200] "GET /wp-admin/index.php HTTP/1.1" 302 735 "http://ofenbernd.de/wp-login.php" "Mozilla/5.0 (Macintosh; Intel Mac OS X 11_2_3) AppleWebKit/605.1.15 (KHTML, like Gecko) Version/17.2 Safari/605.1.15" PHP-Handler:plesk-php84-fpm Remoteport(vom Nginx):16074
162.158.94.225 - - [09/Aug/2026:06:04:25 +0200] "POST /wp-admin/admin-ajax.php?action=as_async_request_queue_runner&nonce=cb05d09946 HTTP/1.1" 200 754 "-" "e44K7CTexiAG" PHP-Handler:plesk-php84-fpm Remoteport(vom Nginx):9622
162.158.175.117 - - [09/Aug/2026:06:04:51 +0200] "GET /k/ofen-ersatzteile/schmid/schmid-sh/page/2/?orderby=rating&add_to_wishlist=15912 HTTP/1.1" 200 25261 "-" "Mozilla/5.0 (Linux; Android 6.0.1; Nexus 5X Build/MMB29P) AppleWebKit/537.36 (KHTML, like Gecko) Chrome/150.0.7871.186 Mobile Safari/537.36 (compatible; Googlebot/2.1; +http://www.google.com/bot.html)" PHP-Handler:plesk-php84-fpm Remoteport(vom Nginx):16096
172.71.214.151 - - [09/Aug/2026:06:04:54 +0200] "GET /wp-login.php?redirect_to=https%3A%2F%2Fofenbernd.de%2Fwp-admin%2Findex.php&reauth=1 HTTP/1.1" 200 5802 "http://ofenbernd.de/wp-login.php" "Mozilla/5.0 (Macintosh; Intel Mac OS X 11_2_3) AppleWebKit/605.1.15 (KHTML, like Gecko) Version/17.2 Safari/605.1.15" PHP-Handler:plesk-php84-fpm Remoteport(vom Nginx):12726
104.23.239.69 - - [09/Aug/2026:06:04:56 +0200] "GET /s/jeher/ HTTP/1.1" 200 51651 "-" "WP Rocket/Preload" PHP-Handler:plesk-php84-fpm Remoteport(vom Nginx):12790
172.68.211.196 - - [09/Aug/2026:06:04:58 +0200] "GET /wp-admin/index.php HTTP/1.1" 302 735 "http://ofenbernd.de/wp-login.php" "Mozilla/5.0 (Macintosh; Intel Mac OS X 11_2_3; rv:123.0) Gecko/20100101 Firefox/123.0" PHP-Handler:plesk-php84-fpm Remoteport(vom Nginx):12836
162.159.104.105 - - [09/Aug/2026:06:04:58 +0200] "POST /?wc-ajax=get_refreshed_fragments HTTP/1.1" 200 954 "https://www.ofenbernd.de/k/ofen-ersatzteile/schmid/schmid-sh/page/2/?orderby=rating&add_to_wishlist=15912" "Mozilla/5.0 (Linux; Android 6.0.1; Nexus 5X Build/MMB29P) AppleWebKit/537.36 (KHTML, like Gecko) Chrome/150.0.7871.186 Mobile Safari/537.36 (compatible; Googlebot/2.1; +http://www.google.com/bot.html)" PHP-Handler: Remoteport(vom Nginx):12850
172.71.214.151 - - [09/Aug/2026:06:05:01 +0200] "GET /wp-login.php?redirect_to=https%3A%2F%2Fofenbernd.de%2Fwp-admin%2Findex.php&reauth=1 HTTP/1.1" 200 5802 "http://ofenbernd.de/wp-login.php" "Mozilla/5.0 (Macintosh; Intel Mac OS X 11_2_3; rv:123.0) Gecko/20100101 Firefox/123.0" PHP-Handler:plesk-php84-fpm Remoteport(vom Nginx):12950
172.70.243.5 - - [09/Aug/2026:06:05:01 +0200] "GET /s/jeher/ HTTP/1.1" 200 38886 "-" "WP Rocket/Preload Mozilla/5.0 (iPhone; CPU iPhone OS 9_1 like Mac OS X) AppleWebKit/601.1.46 (KHTML, like Gecko) Version/9.0 Mobile/13B143 Safari/601.1" PHP-Handler:plesk-php84-fpm Remoteport(vom Nginx):44200
162.159.104.105 - - [09/Aug/2026:06:05:07 +0200] "GET /p/olsberg-tellus-43-1291-brennschale-pos-31b-43-1291-1201/ HTTP/1.1" 200 46358 "-" "Mozilla/5.0 (Linux; Android 6.0.1; Nexus 5X Build/MMB29P) AppleWebKit/537.36 (KHTML, like Gecko) Chrome/150.0.7871.186 Mobile Safari/537.36 (compatible; Googlebot/2.1; +http://www.google.com/bot.html)" PHP-Handler:plesk-php84-fpm Remoteport(vom Nginx):44362
104.23.239.69 - - [09/Aug/2026:06:04:53 +0200] "POST /wp-admin/admin-ajax.php?action=as_async_request_queue_runner&nonce=cb05d09946 HTTP/1.1" 200 754 "-" "PzYNbd7UfYdu" PHP-Handler:plesk-php84-fpm Remoteport(vom Nginx):12708
172.68.211.196 - - [09/Aug/2026:06:05:07 +0200] "GET /wp-admin/index.php HTTP/1.1" 302 735 "http://ofenbernd.de/wp-login.php" "Mozilla/5.0 (X11; Linux x86_64; rv:122.0) Gecko/20100101 Firefox/122.0" PHP-Handler:plesk-php84-fpm Remoteport(vom Nginx):44356
162.158.95.181 - - [09/Aug/2026:06:05:10 +0200] "GET /wp-content/uploads/2015/03/oranier_tampere_8_4647-8_serie_1_umlenkstein_5567421000-530x530.jpg.webp HTTP/1.1" 200 601 "-" "Mozilla/5.0 AppleWebKit/537.36 (KHTML, like Gecko; compatible; Amazonbot/0.1; +https://developer.amazon.com/support/amazonbot) Chrome/119.0.6045.214 Safari/537.36" PHP-Handler: Remoteport(vom Nginx):44494
162.158.95.181 - - [09/Aug/2026:06:05:10 +0200] "GET /wp-content/uploads/2015/03/oranier_tampere_8_4647-8_serie_1_umlenkstein_5567421000-530x530.jpg.webp HTTP/2.0" 200 4576 "-" "Mozilla/5.0 AppleWebKit/537.36 (KHTML, like Gecko; compatible; Amazonbot/0.1; +https://developer.amazon.com/support/amazonbot) Chrome/119.0.6045.214 Safari/537.36"
172.69.15.166 - - [09/Aug/2026:06:05:12 +0200] "GET /k/ofen-ersatzteile/olsberg/page/6/ HTTP/1.1" 200 53596 "-" "Mozilla/5.0 (Windows NT 10.0) AppleWebKit/537.36 (KHTML, like Gecko) Chrome/80.0.3987.132 Safari/537.36" PHP-Handler:plesk-php84-fpm Remoteport(vom Nginx):5570
172.70.248.78 - - [09/Aug/2026:06:05:12 +0200] "POST /wp-cron.php?doing_wp_cron=1786248312.7708330154418945312500 HTTP/1.1" 200 461 "-" "xOpqUJhL0X3j" PHP-Handler:plesk-php84-fpm Remoteport(vom Nginx):5574
172.71.214.151 - - [09/Aug/2026:06:05:10 +0200] "GET /wp-login.php?redirect_to=https%3A%2F%2Fofenbernd.de%2Fwp-admin%2Findex.php&reauth=1 HTTP/1.1" 200 5802 "http://ofenbernd.de/wp-login.php" "Mozilla/5.0 (X11; Linux x86_64; rv:122.0) Gecko/20100101 Firefox/122.0" PHP-Handler:plesk-php84-fpm Remoteport(vom Nginx):44484
104.23.239.69 - - [09/Aug/2026:06:05:14 +0200] "POST /wp-cron.php?doing_wp_cron=1786248314.4286119937896728515625 HTTP/1.1" 200 461 "-" "MS9lFcqjMMtS" PHP-Handler:plesk-php84-fpm Remoteport(vom Nginx):5640
172.70.243.5 - - [09/Aug/2026:06:05:10 +0200] "GET /s/kaminbausatz-strassburg-ii/ HTTP/1.1" 200 47900 "-" "WP Rocket/Preload" PHP-Handler:plesk-php84-fpm Remoteport(vom Nginx):44536
104.23.239.69 - - [09/Aug/2026:06:05:15 +0200] "POST /wp-cron.php?doing_wp_cron=1786248315.3480479717254638671875 HTTP/1.1" 200 461 "-" "slSxAk4Nv8jF" PHP-Handler:plesk-php84-fpm Remoteport(vom Nginx):5670
162.158.210.62 - - [09/Aug/2026:06:05:11 +0200] "GET /s/piko-s/?orderby=rating HTTP/1.1" 200 34733 "-" "Mozilla/5.0 (Macintosh; Intel Mac OS X 10_11_6) AppleWebKit/537.36 (KHTML, like Gecko) Chrome/71.0.3578.98 Safari/537.36" PHP-Handler:plesk-php84-fpm Remoteport(vom Nginx):5548
172.71.172.142 - - [09/Aug/2026:06:05:15 +0200] "POST /wp-cron.php?doing_wp_cron=1786248315.6838240623474121093750 HTTP/1.1" 200 461 "-" "hlPR3vTKeqKY" PHP-Handler:plesk-php84-fpm Remoteport(vom Nginx):5702
172.71.172.142 - - [09/Aug/2026:06:05:12 +0200] "GET /s/kaminbausatz-strassburg-ii/ HTTP/1.1" 200 36017 "-" "WP Rocket/Preload Mozilla/5.0 (iPhone; CPU iPhone OS 9_1 like Mac OS X) AppleWebKit/601.1.46 (KHTML, like Gecko) Version/9.0 Mobile/13B143 Safari/601.1" PHP-Handler:plesk-php84-fpm Remoteport(vom Nginx):5554
172.68.211.196 - - [09/Aug/2026:06:05:13 +0200] "GET /wp-admin/index.php HTTP/1.1" 302 735 "http://ofenbernd.de/wp-login.php" "Mozilla/5.0 (iPhone; CPU iPhone OS 16_4 like Mac OS X) AppleWebKit/537.36 (KHTML, like Gecko) Chrome/124.0.0.0 Safari/537.36" PHP-Handler:plesk-php84-fpm Remoteport(vom Nginx):5608
162.158.94.225 - - [09/Aug/2026:06:05:13 +0200] "GET /p/oranier-polar-8-arktis-8-scheibendichtung/ HTTP/1.1" 200 60133 "-" "WP Rocket/Preload" PHP-Handler:plesk-php84-fpm Remoteport(vom Nginx):5610
162.158.217.60 - - [09/Aug/2026:06:05:15 +0200] "GET /p/oranier-polar-8-arktis-8-scheibendichtung/ HTTP/1.1" 200 46656 "-" "WP Rocket/Preload Mozilla/5.0 (iPhone; CPU iPhone OS 9_1 like Mac OS X) AppleWebKit/601.1.46 (KHTML, like Gecko) Version/9.0 Mobile/13B143 Safari/601.1" PHP-Handler:plesk-php84-fpm Remoteport(vom Nginx):5682
172.71.214.151 - - [09/Aug/2026:06:05:17 +0200] "GET /wp-login.php?redirect_to=https%3A%2F%2Fofenbernd.de%2Fwp-admin%2Findex.php&reauth=1 HTTP/1.1" 200 5802 "http://ofenbernd.de/wp-login.php" "Mozilla/5.0 (iPhone; CPU iPhone OS 16_4 like Mac OS X) AppleWebKit/537.36 (KHTML, like Gecko) Chrome/124.0.0.0 Safari/537.36" PHP-Handler:plesk-php84-fpm Remoteport(vom Nginx):5768
172.70.248.78 - - [09/Aug/2026:06:05:16 +0200] "GET /s/brennraumauskleidung/ HTTP/1.1" 200 52314 "-" "WP Rocket/Preload" PHP-Handler:plesk-php84-fpm Remoteport(vom Nginx):5756
172.70.248.78 - - [09/Aug/2026:06:05:22 +0200] "POST /wp-cron.php?doing_wp_cron=1786248322.0897319316864013671875 HTTP/1.1" 200 461 "-" "HdrFUDkVGHDa" PHP-Handler:plesk-php84-fpm Remoteport(vom Nginx):55124
172.70.240.113 - - [09/Aug/2026:06:05:18 +0200] "GET /s/brennraumauskleidung/ HTTP/1.1" 200 39000 "-" "WP Rocket/Preload Mozilla/5.0 (iPhone; CPU iPhone OS 9_1 like Mac OS X) AppleWebKit/601.1.46 (KHTML, like Gecko) Version/9.0 Mobile/13B143 Safari/601.1" PHP-Handler:plesk-php84-fpm Remoteport(vom Nginx):5778
172.68.211.196 - - [09/Aug/2026:06:05:20 +0200] "GET /wp-admin/index.php HTTP/1.1" 302 735 "http://ofenbernd.de/wp-login.php" "Mozilla/5.0 (Macintosh; Intel Mac OS X 11_2_3) AppleWebKit/537.36 (KHTML, like Gecko) Chrome/124.0.0.0 Safari/537.36" PHP-Handler:plesk-php84-fpm Remoteport(vom Nginx):5916
172.71.144.144 - - [09/Aug/2026:06:05:20 +0200] "GET /p/oranier-kiruna-4-4649-4-glasscheibe-2901404000/ HTTP/1.1" 200 60342 "-" "WP Rocket/Preload" PHP-Handler:plesk-php84-fpm Remoteport(vom Nginx):5848
172.69.150.176 - - [09/Aug/2026:06:05:25 +0200] "POST /wp-cron.php?doing_wp_cron=1786248325.6810860633850097656250 HTTP/1.1" 200 461 "-" "6loYLKdLhOwj" PHP-Handler:plesk-php84-fpm Remoteport(vom Nginx):55240
172.70.240.113 - - [09/Aug/2026:06:05:21 +0200] "GET /p/oranier-kiruna-4-4649-4-glasscheibe-2901404000/ HTTP/1.1" 200 47382 "-" "WP Rocket/Preload Mozilla/5.0 (iPhone; CPU iPhone OS 9_1 like Mac OS X) AppleWebKit/601.1.46 (KHTML, like Gecko) Version/9.0 Mobile/13B143 Safari/601.1" PHP-Handler:plesk-php84-fpm Remoteport(vom Nginx):55118
172.70.243.5 - - [09/Aug/2026:06:05:26 +0200] "GET /s/schmid-creation-6-ersatzteile/ HTTP/1.1" 200 50132 "-" "WP Rocket/Preload" PHP-Handler:plesk-php84-fpm Remoteport(vom Nginx):55248
104.22.105.49 - - [09/Aug/2026:06:05:22 +0200] "GET /s/olsberg-kone-umlenkung/?orderby=price HTTP/1.1" 200 32909 "-" "Mozilla/5.0 AppleWebKit/537.36 (KHTML, like Gecko; compatible; Amazonbot/0.1; +https://developer.amazon.com/support/amazonbot) Chrome/119.0.6045.214 Safari/537.36" PHP-Handler:plesk-php84-fpm Remoteport(vom Nginx):55130
172.71.214.151 - - [09/Aug/2026:06:05:24 +0200] "GET /wp-login.php?redirect_to=https%3A%2F%2Fofenbernd.de%2Fwp-admin%2Findex.php&reauth=1 HTTP/1.1" 200 5802 "http://ofenbernd.de/wp-login.php" "Mozilla/5.0 (Macintosh; Intel Mac OS X 11_2_3) AppleWebKit/537.36 (KHTML, like Gecko) Chrome/124.0.0.0 Safari/537.36" PHP-Handler:plesk-php84-fpm Remoteport(vom Nginx):55208
172.71.172.142 - - [09/Aug/2026:06:05:23 +0200] "GET /s/oranier-atrium-7/ HTTP/1.1" 200 50735 "-" "WP Rocket/Preload" PHP-Handler:plesk-php84-fpm Remoteport(vom Nginx):55172
172.71.144.144 - - [09/Aug/2026:06:05:24 +0200] "GET /s/oranier-atrium-7/ HTTP/1.1" 200 38006 "-" "WP Rocket/Preload Mozilla/5.0 (iPhone; CPU iPhone OS 9_1 like Mac OS X) AppleWebKit/601.1.46 (KHTML, like Gecko) Version/9.0 Mobile/13B143 Safari/601.1" PHP-Handler:plesk-php84-fpm Remoteport(vom Nginx):55220
172.70.248.78 - - [09/Aug/2026:06:05:26 +0200] "GET /s/schmid-creation-6-ersatzteile/ HTTP/1.1" 200 37650 "-" "WP Rocket/Preload Mozilla/5.0 (iPhone; CPU iPhone OS 9_1 like Mac OS X) AppleWebKit/601.1.46 (KHTML, like Gecko) Version/9.0 Mobile/13B143 Safari/601.1" PHP-Handler:plesk-php84-fpm Remoteport(vom Nginx):55272
172.68.211.196 - - [09/Aug/2026:06:05:28 +0200] "GET /wp-admin/index.php HTTP/1.1" 302 735 "http://ofenbernd.de/wp-login.php" "Mozilla/5.0 (Windows NT 10.0; Win64; x64) AppleWebKit/537.36 (KHTML, like Gecko) Chrome/123.0.0.0 Safari/537.36 Edge/123.0.2420.65" PHP-Handler:plesk-php84-fpm Remoteport(vom Nginx):55320
172.70.248.78 - - [09/Aug/2026:06:05:28 +0200] "GET /s/haassohn-carina-191-15-rost/ HTTP/1.1" 200 48707 "-" "WP Rocket/Preload" PHP-Handler:plesk-php84-fpm Remoteport(vom Nginx):55302
162.158.86.125 - - [09/Aug/2026:06:05:29 +0200] "GET /s/haassohn-carina-191-15-rost/ HTTP/1.1" 200 36033 "-" "WP Rocket/Preload Mozilla/5.0 (iPhone; CPU iPhone OS 9_1 like Mac OS X) AppleWebKit/601.1.46 (KHTML, like Gecko) Version/9.0 Mobile/13B143 Safari/601.1" PHP-Handler:plesk-php84-fpm Remoteport(vom Nginx):55342
172.71.214.151 - - [09/Aug/2026:06:05:31 +0200] "GET /wp-login.php?redirect_to=https%3A%2F%2Fofenbernd.de%2Fwp-admin%2Findex.php&reauth=1 HTTP/1.1" 200 5802 "http://ofenbernd.de/wp-login.php" "Mozilla/5.0 (Windows NT 10.0; Win64; x64) AppleWebKit/537.36 (KHTML, like Gecko) Chrome/123.0.0.0 Safari/537.36 Edge/123.0.2420.65" PHP-Handler:plesk-php84-fpm Remoteport(vom Nginx):55430
162.158.94.225 - - [09/Aug/2026:06:05:08 +0200] "POST /wp-admin/admin-ajax.php?action=as_async_request_queue_runner&nonce=cb05d09946 HTTP/1.1" 200 754 "-" "IaxzxRuBNv4z" PHP-Handler:plesk-php84-fpm Remoteport(vom Nginx):44418
172.68.211.196 - - [09/Aug/2026:06:05:35 +0200] "GET /wp-admin/index.php HTTP/1.1" 302 735 "http://ofenbernd.de/wp-login.php" "Mozilla/5.0 (Macintosh; Intel Mac OS X 11_2_3) AppleWebKit/605.1.15 (KHTML, like Gecko) Version/17.1 Safari/605.1.15" PHP-Handler:plesk-php84-fpm Remoteport(vom Nginx):25798
172.71.214.151 - - [09/Aug/2026:06:05:38 +0200] "GET /wp-login.php?redirect_to=https%3A%2F%2Fofenbernd.de%2Fwp-admin%2Findex.php&reauth=1 HTTP/1.1" 200 5802 "http://ofenbernd.de/wp-login.php" "Mozilla/5.0 (Macintosh; Intel Mac OS X 11_2_3) AppleWebKit/605.1.15 (KHTML, like Gecko) Version/17.1 Safari/605.1.15" PHP-Handler:plesk-php84-fpm Remoteport(vom Nginx):25942
172.71.164.207 - - [09/Aug/2026:06:05:39 +0200] "GET /s/koenigshuette-taurus-aqua/ HTTP/1.1" 200 50490 "-" "WP Rocket/Preload" PHP-Handler:plesk-php84-fpm Remoteport(vom Nginx):25980
172.70.240.113 - - [09/Aug/2026:06:05:40 +0200] "GET /s/koenigshuette-taurus-aqua/ HTTP/1.1" 200 38591 "-" "WP Rocket/Preload Mozilla/5.0 (iPhone; CPU iPhone OS 9_1 like Mac OS X) AppleWebKit/601.1.46 (KHTML, like Gecko) Version/9.0 Mobile/13B143 Safari/601.1" PHP-Handler:plesk-php84-fpm Remoteport(vom Nginx):26008
162.159.104.105 - - [09/Aug/2026:06:05:45 +0200] "GET /p/schmid-sh-9-m-umruestrahmen-klein-258-x-405/ HTTP/1.1" 200 46969 "-" "Mozilla/5.0 (Linux; Android 6.0.1; Nexus 5X Build/MMB29P) AppleWebKit/537.36 (KHTML, like Gecko) Chrome/150.0.7871.186 Mobile Safari/537.36 (compatible; Googlebot/2.1; +http://www.google.com/bot.html)" PHP-Handler:plesk-php84-fpm Remoteport(vom Nginx):61670
162.158.94.225 - - [09/Aug/2026:06:05:42 +0200] "GET /s/anthrazit/ HTTP/1.1" 200 47933 "-" "WP Rocket/Preload" PHP-Handler:plesk-php84-fpm Remoteport(vom Nginx):61450
172.68.211.196 - - [09/Aug/2026:06:05:43 +0200] "GET /wp-admin/index.php HTTP/1.1" 302 735 "http://ofenbernd.de/wp-login.php" "Mozilla/5.0 (Macintosh; Intel Mac OS X 11_2_3) AppleWebKit/537.36 (KHTML, like Gecko) Chrome/123.0.0.0 Safari/537.36" PHP-Handler:plesk-php84-fpm Remoteport(vom Nginx):61566
172.69.150.176 - - [09/Aug/2026:06:05:43 +0200] "GET /s/anthrazit/ HTTP/1.1" 200 35927 "-" "WP Rocket/Preload Mozilla/5.0 (iPhone; CPU iPhone OS 9_1 like Mac OS X) AppleWebKit/601.1.46 (KHTML, like Gecko) Version/9.0 Mobile/13B143 Safari/601.1" PHP-Handler:plesk-php84-fpm Remoteport(vom Nginx):61538
172.70.240.113 - - [09/Aug/2026:06:05:45 +0200] "GET /s/olsberg-kamin-tolima-aqua-compact-stahl/ HTTP/1.1" 200 48726 "-" "WP Rocket/Preload" PHP-Handler:plesk-php84-fpm Remoteport(vom Nginx):61666
172.71.214.151 - - [09/Aug/2026:06:05:46 +0200] "GET /wp-login.php?redirect_to=https%3A%2F%2Fofenbernd.de%2Fwp-admin%2Findex.php&reauth=1 HTTP/1.1" 200 5802 "http://ofenbernd.de/wp-login.php" "Mozilla/5.0 (Macintosh; Intel Mac OS X 11_2_3) AppleWebKit/537.36 (KHTML, like Gecko) Chrome/123.0.0.0 Safari/537.36" PHP-Handler:plesk-php84-fpm Remoteport(vom Nginx):61706
172.71.144.144 - - [09/Aug/2026:06:05:46 +0200] "GET /s/olsberg-kamin-tolima-aqua-compact-stahl/ HTTP/1.1" 200 36062 "-" "WP Rocket/Preload Mozilla/5.0 (iPhone; CPU iPhone OS 9_1 like Mac OS X) AppleWebKit/601.1.46 (KHTML, like Gecko) Version/9.0 Mobile/13B143 Safari/601.1" PHP-Handler:plesk-php84-fpm Remoteport(vom Nginx):61696
172.70.247.163 - - [09/Aug/2026:06:05:48 +0200] "GET /s/spartherm-ambiente-a9-perle/ HTTP/1.1" 200 48675 "-" "WP Rocket/Preload" PHP-Handler:plesk-php84-fpm Remoteport(vom Nginx):61782
172.68.211.196 - - [09/Aug/2026:06:05:50 +0200] "GET /wp-admin/index.php HTTP/1.1" 302 735 "http://ofenbernd.de/wp-login.php" "Mozilla/5.0 (Windows NT 10.0; Win64; x64) AppleWebKit/537.36 (KHTML, like Gecko) Chrome/122.0.0.0 Safari/537.36 Edge/122.0.2365.92" PHP-Handler:plesk-php84-fpm Remoteport(vom Nginx):62004
172.70.240.113 - - [09/Aug/2026:06:05:49 +0200] "GET /s/spartherm-ambiente-a9-perle/ HTTP/1.1" 200 35996 "-" "WP Rocket/Preload Mozilla/5.0 (iPhone; CPU iPhone OS 9_1 like Mac OS X) AppleWebKit/601.1.46 (KHTML, like Gecko) Version/9.0 Mobile/13B143 Safari/601.1" PHP-Handler:plesk-php84-fpm Remoteport(vom Nginx):61980
172.70.243.5 - - [09/Aug/2026:06:05:51 +0200] "GET /s/bohemia-7/ HTTP/1.1" 200 49491 "-" "WP Rocket/Preload" PHP-Handler:plesk-php84-fpm Remoteport(vom Nginx):62068
172.69.150.176 - - [09/Aug/2026:06:05:52 +0200] "GET /s/bohemia-7/ HTTP/1.1" 200 37582 "-" "WP Rocket/Preload Mozilla/5.0 (iPhone; CPU iPhone OS 9_1 like Mac OS X) AppleWebKit/601.1.46 (KHTML, like Gecko) Version/9.0 Mobile/13B143 Safari/601.1" PHP-Handler:plesk-php84-fpm Remoteport(vom Nginx):16464
162.159.98.87 - - [09/Aug/2026:06:05:52 +0200] "GET /shop/page/26/?orderby=popularity&s=olsberg&post_type=product HTTP/1.1" 200 35524 "-" "Mozilla/5.0 (Windows NT 10.0; Win64; x64) AppleWebKit/537.36 (KHTML, like Gecko) Chrome/145.0.0.0 Safari/537.36" PHP-Handler:plesk-php84-fpm Remoteport(vom Nginx):16448
172.71.214.151 - - [09/Aug/2026:06:05:54 +0200] "GET /wp-login.php?redirect_to=https%3A%2F%2Fofenbernd.de%2Fwp-admin%2Findex.php&reauth=1 HTTP/1.1" 200 5802 "http://ofenbernd.de/wp-login.php" "Mozilla/5.0 (Windows NT 10.0; Win64; x64) AppleWebKit/537.36 (KHTML, like Gecko) Chrome/122.0.0.0 Safari/537.36 Edge/122.0.2365.92" PHP-Handler:plesk-php84-fpm Remoteport(vom Nginx):16490
104.22.20.119 - - [09/Aug/2026:06:05:52 +0200] "GET /shop/page/10/?orderby=price&s=oranier&post_type=product HTTP/1.1" 200 36555 "-" "Mozilla/5.0 (Macintosh; Intel Mac OS X 10_15_7) AppleWebKit/537.36 (KHTML, like Gecko) Chrome/146.0.0.0 Safari/537.36" PHP-Handler:plesk-php84-fpm Remoteport(vom Nginx):16450
172.71.172.142 - - [09/Aug/2026:06:05:54 +0200] "GET /p/oranier-kiruna-8-serie-3-schamottstein-pos-3-1-2901784000/ HTTP/1.1" 200 60298 "-" "WP Rocket/Preload" PHP-Handler:plesk-php84-fpm Remoteport(vom Nginx):16492
162.159.104.105 - - [09/Aug/2026:06:05:59 +0200] "GET /p/oranier-tampere-8-seitenstein-4647-hinten-links-rechts/ HTTP/1.1" 200 60899 "-" "Mozilla/5.0 (compatible; Googlebot/2.1; +http://www.google.com/bot.html)" PHP-Handler:plesk-php84-fpm Remoteport(vom Nginx):16698
162.158.86.125 - - [09/Aug/2026:06:05:55 +0200] "GET /p/oranier-kiruna-8-serie-3-schamottstein-pos-3-1-2901784000/ HTTP/1.1" 200 47530 "-" "WP Rocket/Preload Mozilla/5.0 (iPhone; CPU iPhone OS 9_1 like Mac OS X) AppleWebKit/601.1.46 (KHTML, like Gecko) Version/9.0 Mobile/13B143 Safari/601.1" PHP-Handler:plesk-php84-fpm Remoteport(vom Nginx):16534
172.68.211.196 - - [09/Aug/2026:06:05:58 +0200] "GET /wp-admin/index.php HTTP/1.1" 302 735 "http://ofenbernd.de/wp-login.php" "Mozilla/5.0 (Macintosh; Intel Mac OS X 11_2_3) AppleWebKit/537.36 (KHTML, like Gecko) Chrome/123.0.0.0 Safari/537.36" PHP-Handler:plesk-php84-fpm Remoteport(vom Nginx):16628
162.159.98.87 - - [09/Aug/2026:06:05:58 +0200] "POST /?wc-ajax=get_refreshed_fragments HTTP/1.1" 200 954 "https://www.ofenbernd.de/shop/page/26/?orderby=popularity&s=olsberg&post_type=product" "Mozilla/5.0 (Windows NT 10.0; Win64; x64) AppleWebKit/537.36 (KHTML, like Gecko) Chrome/145.0.0.0 Safari/537.36" PHP-Handler: Remoteport(vom Nginx):16638
172.70.247.163 - - [09/Aug/2026:06:05:57 +0200] "GET /s/seitenplatte/ HTTP/1.1" 200 52483 "-" "WP Rocket/Preload" PHP-Handler:plesk-php84-fpm Remoteport(vom Nginx):16568
172.71.144.144 - - [09/Aug/2026:06:05:58 +0200] "GET /s/seitenplatte/ HTTP/1.1" 200 39149 "-" "WP Rocket/Preload Mozilla/5.0 (iPhone; CPU iPhone OS 9_1 like Mac OS X) AppleWebKit/601.1.46 (KHTML, like Gecko) Version/9.0 Mobile/13B143 Safari/601.1" PHP-Handler:plesk-php84-fpm Remoteport(vom Nginx):16652
104.22.20.119 - - [09/Aug/2026:06:06:00 +0200] "POST /?wc-ajax=get_refreshed_fragments HTTP/1.1" 200 954 "https://www.ofenbernd.de/shop/page/10/?orderby=price&s=oranier&post_type=product" "Mozilla/5.0 (Macintosh; Intel Mac OS X 10_15_7) AppleWebKit/537.36 (KHTML, like Gecko) Chrome/146.0.0.0 Safari/537.36" PHP-Handler: Remoteport(vom Nginx):16744
172.71.214.151 - - [09/Aug/2026:06:06:01 +0200] "GET /wp-login.php?redirect_to=https%3A%2F%2Fofenbernd.de%2Fwp-admin%2Findex.php&reauth=1 HTTP/1.1" 200 5802 "http://ofenbernd.de/wp-login.php" "Mozilla/5.0 (Macintosh; Intel Mac OS X 11_2_3) AppleWebKit/537.36 (KHTML, like Gecko) Chrome/123.0.0.0 Safari/537.36" PHP-Handler:plesk-php84-fpm Remoteport(vom Nginx):16788
172.71.247.92 - - [09/Aug/2026:06:05:36 +0200] "POST /wp-admin/admin-ajax.php?action=as_async_request_queue_runner&nonce=cb05d09946 HTTP/1.1" 200 754 "-" "EdhpEb0GBOSN" PHP-Handler:plesk-php84-fpm Remoteport(vom Nginx):25812
172.68.211.196 - - [09/Aug/2026:06:06:05 +0200] "GET /wp-admin/index.php HTTP/1.1" 302 735 "http://ofenbernd.de/wp-login.php" "Mozilla/5.0 (Windows NT 10.0; Win64; x64) AppleWebKit/537.36 (KHTML, like Gecko) Chrome/123.0.0.0 Safari/537.36" PHP-Handler:plesk-php84-fpm Remoteport(vom Nginx):3344
172.71.214.151 - - [09/Aug/2026:06:06:08 +0200] "GET /wp-login.php?redirect_to=https%3A%2F%2Fofenbernd.de%2Fwp-admin%2Findex.php&reauth=1 HTTP/1.1" 200 5802 "http://ofenbernd.de/wp-login.php" "Mozilla/5.0 (Windows NT 10.0; Win64; x64) AppleWebKit/537.36 (KHTML, like Gecko) Chrome/123.0.0.0 Safari/537.36" PHP-Handler:plesk-php84-fpm Remoteport(vom Nginx):3424
162.158.94.225 - - [09/Aug/2026:06:06:07 +0200] "GET /k/ofen-ersatzteile/oranier/polar/polar-aqua-iv-9-7601-9/ HTTP/1.1" 200 50987 "-" "WP Rocket/Preload" PHP-Handler:plesk-php84-fpm Remoteport(vom Nginx):3390
172.70.248.78 - - [09/Aug/2026:06:06:12 +0200] "GET /p/justus-genius-gasgrill-3-1-brenner-rot-schwarz/ HTTP/1.1" 200 59604 "-" "Mozilla/5.0 (Windows NT 10.0; Win64; x64) AppleWebKit/537.36 (KHTML, like Gecko) Chrome/145.0.0.0 Safari/537.36" PHP-Handler:plesk-php84-fpm Remoteport(vom Nginx):14816
172.70.243.5 - - [09/Aug/2026:06:06:06 +0200] "POST /wp-admin/admin-ajax.php?action=as_async_request_queue_runner&nonce=cb05d09946 HTTP/1.1" 200 754 "-" "JSTebhKHvcp6" PHP-Handler:plesk-php84-fpm Remoteport(vom Nginx):3348
172.68.26.121 - - [09/Aug/2026:06:06:15 +0200] "GET /p/olsberg-fogo-rueckwandstein-seite-pos-35b-23-4661-1254/ HTTP/1.1" 200 47149 "-" "Mozilla/5.0 (Linux; Android 6.0.1; Nexus 5X Build/MMB29P) AppleWebKit/537.36 (KHTML, like Gecko) Chrome/150.0.7871.186 Mobile Safari/537.36 (compatible; Googlebot/2.1; +http://www.google.com/bot.html)" PHP-Handler:plesk-php84-fpm Remoteport(vom Nginx):14946
172.68.211.196 - - [09/Aug/2026:06:06:12 +0200] "GET /wp-admin/index.php HTTP/1.1" 302 735 "http://ofenbernd.de/wp-login.php" "Mozilla/5.0 (Macintosh; Intel Mac OS X 10_15_7) AppleWebKit/537.36 (KHTML, like Gecko) Chrome/124.0.0.0 Safari/537.36" PHP-Handler:plesk-php84-fpm Remoteport(vom Nginx):14838
172.71.172.142 - - [09/Aug/2026:06:06:12 +0200] "GET /k/ofen-ersatzteile/oranier/polar/polar-aqua-iv-9-7601-9/ HTTP/1.1" 200 38413 "-" "WP Rocket/Preload Mozilla/5.0 (iPhone; CPU iPhone OS 9_1 like Mac OS X) AppleWebKit/601.1.46 (KHTML, like Gecko) Version/9.0 Mobile/13B143 Safari/601.1" PHP-Handler:plesk-php84-fpm Remoteport(vom Nginx):14808
172.68.164.143 - - [09/Aug/2026:06:06:12 +0200] "GET /shop/page/119/?orderby=popularity HTTP/1.1" 200 37641 "-" "Mozilla/5.0 (Macintosh; Intel Mac OS X 10_15_7) AppleWebKit/537.36 (KHTML, like Gecko) Chrome/149.0.0.0 Safari/537.36" PHP-Handler:plesk-php84-fpm Remoteport(vom Nginx):14822
172.71.214.151 - - [09/Aug/2026:06:06:16 +0200] "GET /wp-login.php?redirect_to=https%3A%2F%2Fofenbernd.de%2Fwp-admin%2Findex.php&reauth=1 HTTP/1.1" 200 5802 "http://ofenbernd.de/wp-login.php" "Mozilla/5.0 (Macintosh; Intel Mac OS X 10_15_7) AppleWebKit/537.36 (KHTML, like Gecko) Chrome/124.0.0.0 Safari/537.36" PHP-Handler:plesk-php84-fpm Remoteport(vom Nginx):14960
172.71.247.92 - - [09/Aug/2026:06:06:05 +0200] "POST /wp-admin/admin-ajax.php?action=as_async_request_queue_runner&nonce=cb05d09946 HTTP/1.1" 200 754 "-" "JSTebhKHvcp6" PHP-Handler:plesk-php84-fpm Remoteport(vom Nginx):3332
172.70.243.5 - - [09/Aug/2026:06:06:17 +0200] "GET /p/oranier-polar-4-serie-1-auskleidung-komplett-schamottesatz/ HTTP/1.1" 200 60327 "-" "WP Rocket/Preload" PHP-Handler:plesk-php84-fpm Remoteport(vom Nginx):14964
172.71.247.92 - - [09/Aug/2026:06:06:18 +0200] "GET /p/oranier-polar-4-serie-1-auskleidung-komplett-schamottesatz/ HTTP/1.1" 200 47753 "-" "WP Rocket/Preload Mozilla/5.0 (iPhone; CPU iPhone OS 9_1 like Mac OS X) AppleWebKit/601.1.46 (KHTML, like Gecko) Version/9.0 Mobile/13B143 Safari/601.1" PHP-Handler:plesk-php84-fpm Remoteport(vom Nginx):14982
172.68.164.143 - - [09/Aug/2026:06:06:20 +0200] "POST /?wc-ajax=get_refreshed_fragments HTTP/1.1" 200 954 "https://www.ofenbernd.de/shop/page/119/?orderby=popularity" "Mozilla/5.0 (Macintosh; Intel Mac OS X 10_15_7) AppleWebKit/537.36 (KHTML, like Gecko) Chrome/149.0.0.0 Safari/537.36" PHP-Handler: Remoteport(vom Nginx):15036
172.71.247.92 - - [09/Aug/2026:06:06:20 +0200] "GET /tag/unterlegplatte-unter-ofen/ HTTP/1.1" 200 38180 "-" "WP Rocket/Preload" PHP-Handler:plesk-php84-fpm Remoteport(vom Nginx):15026
172.68.211.196 - - [09/Aug/2026:06:06:21 +0200] "GET /wp-admin/index.php HTTP/1.1" 302 735 "http://ofenbernd.de/wp-login.php" "Mozilla/5.0 (Macintosh; Intel Mac OS X 10_15_7; rv:121.0) Gecko/20100101 Firefox/121.0" PHP-Handler:plesk-php84-fpm Remoteport(vom Nginx):18708
172.71.144.144 - - [09/Aug/2026:06:06:21 +0200] "GET /tag/unterlegplatte-unter-ofen/ HTTP/1.1" 200 28072 "-" "WP Rocket/Preload Mozilla/5.0 (iPhone; CPU iPhone OS 9_1 like Mac OS X) AppleWebKit/601.1.46 (KHTML, like Gecko) Version/9.0 Mobile/13B143 Safari/601.1" PHP-Handler:plesk-php84-fpm Remoteport(vom Nginx):18712
172.71.144.144 - - [09/Aug/2026:06:06:26 +0200] "POST /wp-cron.php?doing_wp_cron=1786248386.9076490402221679687500 HTTP/1.1" 200 461 "-" "8DrxW7VxD6QV" PHP-Handler:plesk-php84-fpm Remoteport(vom Nginx):18884
172.71.164.207 - - [09/Aug/2026:06:06:23 +0200] "GET /p/oranier-polar-4-serie-3-kaminscheibe-glasscheibe-2910381000/ HTTP/1.1" 200 60211 "-" "WP Rocket/Preload" PHP-Handler:plesk-php84-fpm Remoteport(vom Nginx):18744
172.70.247.163 - - [09/Aug/2026:06:06:27 +0200] "POST /wp-cron.php?doing_wp_cron=1786248387.1907479763031005859375 HTTP/1.1" 200 461 "-" "MLovfpYsqF7j" PHP-Handler:plesk-php84-fpm Remoteport(vom Nginx):18892
172.70.248.78 - - [09/Aug/2026:06:06:27 +0200] "POST /wp-cron.php?doing_wp_cron=1786248387.3355209827423095703125 HTTP/1.1" 200 461 "-" "1OgCA9DFlSmI" PHP-Handler:plesk-php84-fpm Remoteport(vom Nginx):18908
162.158.175.118 - - [09/Aug/2026:06:06:25 +0200] "POST /?wc-ajax=get_refreshed_fragments HTTP/1.1" 200 954 "https://www.ofenbernd.de/p/olsberg-fogo-rueckwandstein-seite-pos-35b-23-4661-1254/" "Mozilla/5.0 (Linux; Android 6.0.1; Nexus 5X Build/MMB29P) AppleWebKit/537.36 (KHTML, like Gecko) Chrome/150.0.7871.186 Mobile Safari/537.36 (compatible; Googlebot/2.1; +http://www.google.com/bot.html)" PHP-Handler: Remoteport(vom Nginx):18798
172.71.214.151 - - [09/Aug/2026:06:06:24 +0200] "GET /wp-login.php?redirect_to=https%3A%2F%2Fofenbernd.de%2Fwp-admin%2Findex.php&reauth=1 HTTP/1.1" 200 5802 "http://ofenbernd.de/wp-login.php" "Mozilla/5.0 (Macintosh; Intel Mac OS X 10_15_7; rv:121.0) Gecko/20100101 Firefox/121.0" PHP-Handler:plesk-php84-fpm Remoteport(vom Nginx):18768
172.71.172.142 - - [09/Aug/2026:06:06:28 +0200] "POST /wp-cron.php?doing_wp_cron=1786248388.2003080844879150390625 HTTP/1.1" 200 461 "-" "agHm0k7ogaNu" PHP-Handler:plesk-php84-fpm Remoteport(vom Nginx):18944
172.71.144.144 - - [09/Aug/2026:06:06:24 +0200] "GET /p/oranier-polar-4-serie-3-kaminscheibe-glasscheibe-2910381000/ HTTP/1.1" 200 47671 "-" "WP Rocket/Preload Mozilla/5.0 (iPhone; CPU iPhone OS 9_1 like Mac OS X) AppleWebKit/601.1.46 (KHTML, like Gecko) Version/9.0 Mobile/13B143 Safari/601.1" PHP-Handler:plesk-php84-fpm Remoteport(vom Nginx):18774
172.71.166.251 - - [09/Aug/2026:06:06:27 +0200] "GET /p/austroflamm-ursus-pardus-keramottboden-3/feed/ HTTP/1.1" 200 1414 "-" "Mozilla/5.0 (Linux; Android 6.0.1; Nexus 5X Build/MMB29P) AppleWebKit/537.36 (KHTML, like Gecko) Chrome/150.0.7871.186 Mobile Safari/537.36 (compatible; GoogleOther)" PHP-Handler:plesk-php84-fpm Remoteport(vom Nginx):18930
172.71.164.207 - - [09/Aug/2026:06:06:30 +0200] "POST /wp-cron.php?doing_wp_cron=1786248390.7019751071929931640625 HTTP/1.1" 200 461 "-" "riTMF4Zz7ND5" PHP-Handler:plesk-php84-fpm Remoteport(vom Nginx):19028
172.69.150.176 - - [09/Aug/2026:06:06:26 +0200] "GET /p/oranier-polar-4-serie-3-rost-kaminrost-gussrost-5570941000/ HTTP/1.1" 200 60324 "-" "WP Rocket/Preload" PHP-Handler:plesk-php84-fpm Remoteport(vom Nginx):18840
172.68.211.196 - - [09/Aug/2026:06:06:28 +0200] "GET /wp-admin/index.php HTTP/1.1" 302 735 "http://ofenbernd.de/wp-login.php" "Mozilla/5.0 (Windows NT 10.0; Win64; x64) AppleWebKit/537.36 (KHTML, like Gecko) Chrome/123.0.0.0 Safari/537.36" PHP-Handler:plesk-php84-fpm Remoteport(vom Nginx):18964
172.69.150.176 - - [09/Aug/2026:06:06:27 +0200] "GET /p/oranier-polar-4-serie-3-rost-kaminrost-gussrost-5570941000/ HTTP/1.1" 200 47399 "-" "WP Rocket/Preload Mozilla/5.0 (iPhone; CPU iPhone OS 9_1 like Mac OS X) AppleWebKit/601.1.46 (KHTML, like Gecko) Version/9.0 Mobile/13B143 Safari/601.1" PHP-Handler:plesk-php84-fpm Remoteport(vom Nginx):18924
172.71.164.207 - - [09/Aug/2026:06:06:29 +0200] "GET /s/warmluftofen/ HTTP/1.1" 200 49336 "-" "WP Rocket/Preload" PHP-Handler:plesk-php84-fpm Remoteport(vom Nginx):18980
162.158.111.29 - - [09/Aug/2026:06:06:34 +0200] "GET /wp-content/uploads/2020/03/spartherm-ambiente-a1-ersatzteile-1024x1024.jpg.webp HTTP/1.1" 200 581 "-" "Mozilla/5.0 AppleWebKit/537.36 (KHTML, like Gecko; compatible; Amazonbot/0.1; +https://developer.amazon.com/support/amazonbot) Chrome/119.0.6045.214 Safari/537.36" PHP-Handler: Remoteport(vom Nginx):14264
162.158.217.60 - - [09/Aug/2026:06:06:30 +0200] "GET /s/warmluftofen/ HTTP/1.1" 200 37465 "-" "WP Rocket/Preload Mozilla/5.0 (iPhone; CPU iPhone OS 9_1 like Mac OS X) AppleWebKit/601.1.46 (KHTML, like Gecko) Version/9.0 Mobile/13B143 Safari/601.1" PHP-Handler:plesk-php84-fpm Remoteport(vom Nginx):19018
172.71.214.151 - - [09/Aug/2026:06:06:31 +0200] "GET /wp-login.php?redirect_to=https%3A%2F%2Fofenbernd.de%2Fwp-admin%2Findex.php&reauth=1 HTTP/1.1" 200 5802 "http://ofenbernd.de/wp-login.php" "Mozilla/5.0 (Windows NT 10.0; Win64; x64) AppleWebKit/537.36 (KHTML, like Gecko) Chrome/123.0.0.0 Safari/537.36" PHP-Handler:plesk-php84-fpm Remoteport(vom Nginx):14196
104.23.239.69 - - [09/Aug/2026:06:06:32 +0200] "GET /s/olsberg-tolima-aqua-compact-rostlager/ HTTP/1.1" 200 50228 "-" "WP Rocket/Preload" PHP-Handler:plesk-php84-fpm Remoteport(vom Nginx):14230
104.23.239.69 - - [09/Aug/2026:06:06:33 +0200] "GET /s/olsberg-tolima-aqua-compact-rostlager/ HTTP/1.1" 200 37612 "-" "WP Rocket/Preload Mozilla/5.0 (iPhone; CPU iPhone OS 9_1 like Mac OS X) AppleWebKit/601.1.46 (KHTML, like Gecko) Version/9.0 Mobile/13B143 Safari/601.1" PHP-Handler:plesk-php84-fpm Remoteport(vom Nginx):14254
162.158.111.29 - - [09/Aug/2026:06:06:34 +0200] "GET /wp-content/uploads/2020/03/spartherm-ambiente-a1-ersatzteile-1024x1024.jpg.webp HTTP/2.0" 200 45886 "-" "Mozilla/5.0 AppleWebKit/537.36 (KHTML, like Gecko; compatible; Amazonbot/0.1; +https://developer.amazon.com/support/amazonbot) Chrome/119.0.6045.214 Safari/537.36"
172.68.211.196 - - [09/Aug/2026:06:06:36 +0200] "GET /wp-admin/index.php HTTP/1.1" 302 735 "http://ofenbernd.de/wp-login.php" "Mozilla/5.0 (Windows NT 10.0; Win64; x64) AppleWebKit/537.36 (KHTML, like Gecko) Chrome/123.0.0.0 Safari/537.36" PHP-Handler:plesk-php84-fpm Remoteport(vom Nginx):14308
162.158.217.60 - - [09/Aug/2026:06:06:14 +0200] "POST /wp-admin/admin-ajax.php?action=as_async_request_queue_runner&nonce=cb05d09946 HTTP/1.1" 200 754 "-" "KCO4MLdSorSk" PHP-Handler:plesk-php84-fpm Remoteport(vom Nginx):14892
172.68.205.86 - - [09/Aug/2026:06:06:38 +0200] "GET /s/sh-9-d-sd-hb-9f/?orderby=price HTTP/1.1" 200 33063 "-" "Mozilla/5.0 (Macintosh; Intel Mac OS X 10_14_6) AppleWebKit/537.36 (KHTML, like Gecko) Chrome/88.0.4324.152 Safari/537.36" PHP-Handler:plesk-php84-fpm Remoteport(vom Nginx):14348
172.71.214.151 - - [09/Aug/2026:06:06:39 +0200] "GET /wp-login.php?redirect_to=https%3A%2F%2Fofenbernd.de%2Fwp-admin%2Findex.php&reauth=1 HTTP/1.1" 200 5802 "http://ofenbernd.de/wp-login.php" "Mozilla/5.0 (Windows NT 10.0; Win64; x64) AppleWebKit/537.36 (KHTML, like Gecko) Chrome/123.0.0.0 Safari/537.36" PHP-Handler:plesk-php84-fpm Remoteport(vom Nginx):14388
172.68.211.196 - - [09/Aug/2026:06:06:43 +0200] "GET /wp-admin/index.php HTTP/1.1" 302 735 "http://ofenbernd.de/wp-login.php" "Mozilla/5.0 (Windows NT 10.0; Win64; x64) AppleWebKit/537.36 (KHTML, like Gecko) Chrome/123.0.0.0 Safari/537.36 Edge/123.0.2420.65" PHP-Handler:plesk-php84-fpm Remoteport(vom Nginx):3954
172.70.247.163 - - [09/Aug/2026:06:06:47 +0200] "POST /wp-cron.php?doing_wp_cron=1786248407.2164270877838134765625 HTTP/1.1" 200 461 "-" "TXcOfoJ6XKTH" PHP-Handler:plesk-php84-fpm Remoteport(vom Nginx):4024
162.158.217.60 - - [09/Aug/2026:06:06:43 +0200] "GET /s/schmid-sd-11-e/ HTTP/1.1" 200 53031 "-" "WP Rocket/Preload" PHP-Handler:plesk-php84-fpm Remoteport(vom Nginx):3938
172.71.172.142 - - [09/Aug/2026:06:06:44 +0200] "GET /s/schmid-sd-11-e/ HTTP/1.1" 200 39634 "-" "WP Rocket/Preload Mozilla/5.0 (iPhone; CPU iPhone OS 9_1 like Mac OS X) AppleWebKit/601.1.46 (KHTML, like Gecko) Version/9.0 Mobile/13B143 Safari/601.1" PHP-Handler:plesk-php84-fpm Remoteport(vom Nginx):3980
172.71.214.151 - - [09/Aug/2026:06:06:46 +0200] "GET /wp-login.php?redirect_to=https%3A%2F%2Fofenbernd.de%2Fwp-admin%2Findex.php&reauth=1 HTTP/1.1" 200 5802 "http://ofenbernd.de/wp-login.php" "Mozilla/5.0 (Windows NT 10.0; Win64; x64) AppleWebKit/537.36 (KHTML, like Gecko) Chrome/123.0.0.0 Safari/537.36 Edge/123.0.2420.65" PHP-Handler:plesk-php84-fpm Remoteport(vom Nginx):3996
172.71.247.92 - - [09/Aug/2026:06:06:50 +0200] "POST /wp-cron.php?doing_wp_cron=1786248410.4602088928222656250000 HTTP/1.1" 200 461 "-" "DOvSMRyQpJNY" PHP-Handler:plesk-php84-fpm Remoteport(vom Nginx):4208
172.70.247.163 - - [09/Aug/2026:06:06:46 +0200] "GET /p/oranier-polar-8-bodenstein-serie-2/ HTTP/1.1" 200 60329 "-" "WP Rocket/Preload" PHP-Handler:plesk-php84-fpm Remoteport(vom Nginx):3988
172.69.150.176 - - [09/Aug/2026:06:06:47 +0200] "GET /p/oranier-polar-8-bodenstein-serie-2/ HTTP/1.1" 200 47431 "-" "WP Rocket/Preload Mozilla/5.0 (iPhone; CPU iPhone OS 9_1 like Mac OS X) AppleWebKit/601.1.46 (KHTML, like Gecko) Version/9.0 Mobile/13B143 Safari/601.1" PHP-Handler:plesk-php84-fpm Remoteport(vom Nginx):4058
162.158.216.68 - - [09/Aug/2026:06:06:50 +0200] "GET / HTTP/1.1" 301 618 "-" "Mozilla/5.0 (Windows NT 10.0; Win64; x64) AppleWebKit/537.36 (KHTML, like Gecko) Chrome/151.0.0.0 Safari/537.36" PHP-Handler: Remoteport(vom Nginx):4160
172.70.248.78 - - [09/Aug/2026:06:06:49 +0200] "GET /s/haassohn-lyon-2/ HTTP/1.1" 200 48668 "-" "WP Rocket/Preload" PHP-Handler:plesk-php84-fpm Remoteport(vom Nginx):4096
172.64.192.76 - - [09/Aug/2026:06:06:53 +0200] "GET / HTTP/1.1" 200 61837 "https://ofenbernd.de" "Mozilla/5.0 (Windows NT 10.0; Win64; x64) AppleWebKit/537.36 (KHTML, like Gecko) Chrome/151.0.0.0 Safari/537.36" PHP-Handler: Remoteport(vom Nginx):44572
172.68.211.196 - - [09/Aug/2026:06:06:50 +0200] "GET /wp-admin/index.php HTTP/1.1" 302 735 "http://ofenbernd.de/wp-login.php" "Mozilla/5.0 (Windows NT 10.0; Win64; x64) AppleWebKit/537.36 (KHTML, like Gecko) Chrome/124.0.0.0 Safari/537.36" PHP-Handler:plesk-php84-fpm Remoteport(vom Nginx):4222
162.158.216.68 - - [09/Aug/2026:06:06:53 +0200] "GET /.git/config HTTP/2.0" 444 0 "-" "meta-externalagent/1.1 (+https://developers.facebook.com/docs/sharing/webmasters/crawler)"
162.158.216.68 - - [09/Aug/2026:06:06:53 +0200] "GET /.aws/credentials HTTP/2.0" 444 0 "-" "meta-externalagent/1.1 (+https://developers.facebook.com/docs/sharing/webmasters/crawler)"
162.158.216.68 - - [09/Aug/2026:06:06:53 +0200] "GET /rclone.conf HTTP/2.0" 444 0 "-" "meta-externalagent/1.1 (+https://developers.facebook.com/docs/sharing/webmasters/crawler)"
162.158.216.68 - - [09/Aug/2026:06:06:53 +0200] "GET /.aws/config HTTP/2.0" 444 0 "-" "meta-externalagent/1.1 (+https://developers.facebook.com/docs/sharing/webmasters/crawler)"
162.158.216.68 - - [09/Aug/2026:06:06:53 +0200] "GET /z9x8c7v6b5-debug-trigger-ofenbernd.de HTTP/2.0" 444 0 "-" "meta-externalagent/1.1 (+https://developers.facebook.com/docs/sharing/webmasters/crawler)"
162.158.216.68 - - [09/Aug/2026:06:06:53 +0200] "GET /.git/HEAD HTTP/2.0" 444 0 "-" "meta-externalagent/1.1 (+https://developers.facebook.com/docs/sharing/webmasters/crawler)"
162.158.216.68 - - [09/Aug/2026:06:06:53 +0200] "GET /.gitconfig HTTP/2.0" 444 0 "-" "meta-externalagent/1.1 (+https://developers.facebook.com/docs/sharing/webmasters/crawler)"
162.158.216.68 - - [09/Aug/2026:06:06:53 +0200] "GET /.env.example HTTP/2.0" 444 0 "-" "meta-externalagent/1.1 (+https://developers.facebook.com/docs/sharing/webmasters/crawler)"
162.158.216.69 - - [09/Aug/2026:06:06:53 +0200] "GET /.env HTTP/2.0" 444 0 "-" "meta-externalagent/1.1 (+https://developers.facebook.com/docs/sharing/webmasters/crawler)"
162.158.216.68 - - [09/Aug/2026:06:06:53 +0200] "GET /.git-credentials HTTP/2.0" 444 0 "-" "meta-externalagent/1.1 (+https://developers.facebook.com/docs/sharing/webmasters/crawler)"
162.158.216.68 - - [09/Aug/2026:06:06:53 +0200] "GET /.gitlab-ci.yml HTTP/2.0" 444 0 "-" "meta-externalagent/1.1 (+https://developers.facebook.com/docs/sharing/webmasters/crawler)"
162.158.216.68 - - [09/Aug/2026:06:06:53 +0200] "GET /.github/workflows/deploy.yml HTTP/2.0" 444 0 "-" "meta-externalagent/1.1 (+https://developers.facebook.com/docs/sharing/webmasters/crawler)"
162.158.216.69 - - [09/Aug/2026:06:06:53 +0200] "GET /.env.local HTTP/2.0" 444 0 "-" "meta-externalagent/1.1 (+https://developers.facebook.com/docs/sharing/webmasters/crawler)"
162.158.216.68 - - [09/Aug/2026:06:06:53 +0200] "GET /.env.production HTTP/2.0" 444 0 "-" "meta-externalagent/1.1 (+https://developers.facebook.com/docs/sharing/webmasters/crawler)"
162.158.216.68 - - [09/Aug/2026:06:06:53 +0200] "GET /.env.bak HTTP/2.0" 444 0 "-" "meta-externalagent/1.1 (+https://developers.facebook.com/docs/sharing/webmasters/crawler)"
162.158.216.69 - - [09/Aug/2026:06:06:53 +0200] "GET /api/.env HTTP/2.0" 444 0 "-" "meta-externalagent/1.1 (+https://developers.facebook.com/docs/sharing/webmasters/crawler)"
162.158.216.69 - - [09/Aug/2026:06:06:53 +0200] "GET /.env.old HTTP/2.0" 444 0 "-" "meta-externalagent/1.1 (+https://developers.facebook.com/docs/sharing/webmasters/crawler)"
162.158.216.68 - - [09/Aug/2026:06:06:53 +0200] "GET /.env.backup HTTP/2.0" 444 0 "-" "meta-externalagent/1.1 (+https://developers.facebook.com/docs/sharing/webmasters/crawler)"
162.158.216.69 - - [09/Aug/2026:06:06:53 +0200] "GET /backend/.env HTTP/2.0" 444 0 "-" "meta-externalagent/1.1 (+https://developers.facebook.com/docs/sharing/webmasters/crawler)"
162.158.216.68 - - [09/Aug/2026:06:06:53 +0200] "GET /admin/.env HTTP/2.0" 444 0 "-" "meta-externalagent/1.1 (+https://developers.facebook.com/docs/sharing/webmasters/crawler)"
162.158.216.69 - - [09/Aug/2026:06:06:53 +0200] "GET /secrets.json HTTP/2.0" 444 0 "-" "meta-externalagent/1.1 (+https://developers.facebook.com/docs/sharing/webmasters/crawler)"
162.158.216.68 - - [09/Aug/2026:06:06:53 +0200] "GET /secrets.yml HTTP/2.0" 444 0 "-" "meta-externalagent/1.1 (+https://developers.facebook.com/docs/sharing/webmasters/crawler)"
162.158.216.68 - - [09/Aug/2026:06:06:53 +0200] "GET /config/.env HTTP/2.0" 444 0 "-" "meta-externalagent/1.1 (+https://developers.facebook.com/docs/sharing/webmasters/crawler)"
162.158.216.69 - - [09/Aug/2026:06:06:53 +0200] "GET /service-account.json HTTP/2.0" 444 0 "-" "meta-externalagent/1.1 (+https://developers.facebook.com/docs/sharing/webmasters/crawler)"
162.158.216.68 - - [09/Aug/2026:06:06:54 +0200] "GET /credentials.json HTTP/2.0" 444 0 "-" "meta-externalagent/1.1 (+https://developers.facebook.com/docs/sharing/webmasters/crawler)"
162.158.216.69 - - [09/Aug/2026:06:06:54 +0200] "GET /serviceAccountKey.json HTTP/2.0" 444 0 "-" "meta-externalagent/1.1 (+https://developers.facebook.com/docs/sharing/webmasters/crawler)"
162.158.216.68 - - [09/Aug/2026:06:06:54 +0200] "GET /firebase-adminsdk.json HTTP/2.0" 444 0 "-" "meta-externalagent/1.1 (+https://developers.facebook.com/docs/sharing/webmasters/crawler)"
162.158.216.69 - - [09/Aug/2026:06:06:54 +0200] "GET /key.json HTTP/2.0" 444 0 "-" "meta-externalagent/1.1 (+https://developers.facebook.com/docs/sharing/webmasters/crawler)"
162.158.216.68 - - [09/Aug/2026:06:06:54 +0200] "GET /Dockerfile HTTP/2.0" 444 0 "-" "meta-externalagent/1.1 (+https://developers.facebook.com/docs/sharing/webmasters/crawler)"
162.158.216.69 - - [09/Aug/2026:06:06:54 +0200] "GET /service_account.json HTTP/2.0" 444 0 "-" "meta-externalagent/1.1 (+https://developers.facebook.com/docs/sharing/webmasters/crawler)"
162.158.216.69 - - [09/Aug/2026:06:06:54 +0200] "GET /.npmrc HTTP/2.0" 444 0 "-" "meta-externalagent/1.1 (+https://developers.facebook.com/docs/sharing/webmasters/crawler)"
162.158.216.68 - - [09/Aug/2026:06:06:54 +0200] "GET /.github/.env HTTP/2.0" 444 0 "-" "meta-externalagent/1.1 (+https://developers.facebook.com/docs/sharing/webmasters/crawler)"
162.158.216.69 - - [09/Aug/2026:06:06:54 +0200] "GET /firebase-service-account.json HTTP/2.0" 444 0 "-" "meta-externalagent/1.1 (+https://developers.facebook.com/docs/sharing/webmasters/crawler)"
162.158.216.69 - - [09/Aug/2026:06:06:54 +0200] "GET /.docker/config.json HTTP/2.0" 444 0 "-" "meta-externalagent/1.1 (+https://developers.facebook.com/docs/sharing/webmasters/crawler)"
162.158.216.68 - - [09/Aug/2026:06:06:54 +0200] "GET /.boto HTTP/2.0" 444 0 "-" "meta-externalagent/1.1 (+https://developers.facebook.com/docs/sharing/webmasters/crawler)"
162.158.216.69 - - [09/Aug/2026:06:06:54 +0200] "GET /.s3cfg HTTP/2.0" 444 0 "-" "meta-externalagent/1.1 (+https://developers.facebook.com/docs/sharing/webmasters/crawler)"
