172.69.194.121 - - [09/Aug/2026:05:54:53 +0200] "GET /s/olsberg-creation-6-seitenstein-rechts/?orderby=date HTTP/1.1" 200 32911 "-" "Mozilla/5.0 (Windows NT 10.0; WOW64) AppleWebKit/537.36 (KHTML, like Gecko) Chrome/69.2.0.1713 Safari/537.36" PHP-Handler:plesk-php84-fpm Remoteport(vom Nginx):10694
172.70.248.79 - - [09/Aug/2026:05:54:54 +0200] "GET /p/oranier-polar-4-serie-3-seitenstein-vl-pos-40-3-2905411000/ HTTP/1.1" 200 47507 "-" "WP Rocket/Preload Mozilla/5.0 (iPhone; CPU iPhone OS 9_1 like Mac OS X) AppleWebKit/601.1.46 (KHTML, like Gecko) Version/9.0 Mobile/13B143 Safari/601.1" PHP-Handler:plesk-php84-fpm Remoteport(vom Nginx):10714
172.71.214.150 - - [09/Aug/2026:05:54:54 +0200] "GET /?author=8 HTTP/1.1" 200 31591 "-" "Mozilla/5.0 (Macintosh; Intel Mac OS X 10_15_7) AppleWebKit/537.36 (KHTML, like Gecko) Chrome/123.0.0.0 Safari/537.36 Edge/123.0.2420.65" PHP-Handler: Remoteport(vom Nginx):10768
172.71.148.64 - - [09/Aug/2026:05:54:55 +0200] "GET /s/olsberg-format-9-ersatzteile/ HTTP/1.1" 200 51631 "-" "WP Rocket/Preload" PHP-Handler:plesk-php84-fpm Remoteport(vom Nginx):10782
172.68.211.197 - - [09/Aug/2026:05:54:58 +0200] "GET /?author=9 HTTP/1.1" 301 627 "https://duckduckgo.com/" "Mozilla/5.0 (Windows NT 10.0; Win64; x64) AppleWebKit/537.36 (KHTML, like Gecko) Chrome/123.0.0.0 Safari/537.36 Edge/123.0.2420.65" PHP-Handler: Remoteport(vom Nginx):10858
104.23.239.68 - - [09/Aug/2026:05:54:57 +0200] "GET /s/olsberg-format-9-ersatzteile/ HTTP/1.1" 200 38855 "-" "WP Rocket/Preload Mozilla/5.0 (iPhone; CPU iPhone OS 9_1 like Mac OS X) AppleWebKit/601.1.46 (KHTML, like Gecko) Version/9.0 Mobile/13B143 Safari/601.1" PHP-Handler:plesk-php84-fpm Remoteport(vom Nginx):10852
172.70.240.113 - - [09/Aug/2026:05:54:58 +0200] "GET /s/3-seiten/ HTTP/1.1" 200 48611 "-" "WP Rocket/Preload" PHP-Handler:plesk-php84-fpm Remoteport(vom Nginx):10888
104.23.239.68 - - [09/Aug/2026:05:55:00 +0200] "GET /s/3-seiten/ HTTP/1.1" 200 35924 "-" "WP Rocket/Preload Mozilla/5.0 (iPhone; CPU iPhone OS 9_1 like Mac OS X) AppleWebKit/601.1.46 (KHTML, like Gecko) Version/9.0 Mobile/13B143 Safari/601.1" PHP-Handler:plesk-php84-fpm Remoteport(vom Nginx):10932
172.71.214.150 - - [09/Aug/2026:05:55:02 +0200] "GET /?author=9 HTTP/1.1" 200 31598 "https://duckduckgo.com/" "Mozilla/5.0 (Windows NT 10.0; Win64; x64) AppleWebKit/537.36 (KHTML, like Gecko) Chrome/123.0.0.0 Safari/537.36 Edge/123.0.2420.65" PHP-Handler: Remoteport(vom Nginx):10146
172.70.248.79 - - [09/Aug/2026:05:55:01 +0200] "GET /s/gusseisen/ HTTP/1.1" 200 47814 "-" "WP Rocket/Preload" PHP-Handler:plesk-php84-fpm Remoteport(vom Nginx):10128
172.70.247.164 - - [09/Aug/2026:05:55:03 +0200] "GET /s/gusseisen/ HTTP/1.1" 200 35930 "-" "WP Rocket/Preload Mozilla/5.0 (iPhone; CPU iPhone OS 9_1 like Mac OS X) AppleWebKit/601.1.46 (KHTML, like Gecko) Version/9.0 Mobile/13B143 Safari/601.1" PHP-Handler:plesk-php84-fpm Remoteport(vom Nginx):10174
104.23.208.149 - - [09/Aug/2026:05:55:05 +0200] "GET /s/schmid-sh-9-m/page/1/?orderby=popularity HTTP/1.1" 301 653 "-" "Mozilla/5.0 (Windows NT 10.0; WOW64) AppleWebKit/537.36 (KHTML, like Gecko) Chrome/63.0.3239.132 AOL/11.0 AOLBUILD/11.0.1839 Safari/537.36" PHP-Handler:plesk-php84-fpm Remoteport(vom Nginx):10246
172.71.148.64 - - [09/Aug/2026:05:55:04 +0200] "GET /s/ausmauerung-komplett/ HTTP/1.1" 200 50894 "-" "WP Rocket/Preload" PHP-Handler:plesk-php84-fpm Remoteport(vom Nginx):10236
172.69.150.177 - - [09/Aug/2026:05:55:06 +0200] "GET /s/ausmauerung-komplett/ HTTP/1.1" 200 38143 "-" "WP Rocket/Preload Mozilla/5.0 (iPhone; CPU iPhone OS 9_1 like Mac OS X) AppleWebKit/601.1.46 (KHTML, like Gecko) Version/9.0 Mobile/13B143 Safari/601.1" PHP-Handler:plesk-php84-fpm Remoteport(vom Nginx):10286
172.68.211.197 - - [09/Aug/2026:05:55:06 +0200] "POST /wp-login.php?action=lostpassword HTTP/1.1" 302 852 "https://www.youtube.com/" "Mozilla/5.0 (Macintosh; Intel Mac OS X 11_2_3) AppleWebKit/537.36 (KHTML, like Gecko) Chrome/123.0.0.0 Safari/537.36" PHP-Handler:plesk-php84-fpm Remoteport(vom Nginx):10306
172.70.240.113 - - [09/Aug/2026:05:55:07 +0200] "GET /s/dovre-450-500-flammleitplatte/ HTTP/1.1" 200 48729 "-" "WP Rocket/Preload" PHP-Handler:plesk-php84-fpm Remoteport(vom Nginx):10384
104.23.208.149 - - [09/Aug/2026:05:55:08 +0200] "GET /s/schmid-sh-9-m/?orderby=popularity HTTP/1.1" 200 35041 "-" "Mozilla/5.0 (Windows NT 10.0; WOW64) AppleWebKit/537.36 (KHTML, like Gecko) Chrome/63.0.3239.132 AOL/11.0 AOLBUILD/11.0.1839 Safari/537.36" PHP-Handler:plesk-php84-fpm Remoteport(vom Nginx):10402
172.71.172.142 - - [09/Aug/2026:05:55:09 +0200] "GET /s/dovre-450-500-flammleitplatte/ HTTP/1.1" 200 36026 "-" "WP Rocket/Preload Mozilla/5.0 (iPhone; CPU iPhone OS 9_1 like Mac OS X) AppleWebKit/601.1.46 (KHTML, like Gecko) Version/9.0 Mobile/13B143 Safari/601.1" PHP-Handler:plesk-php84-fpm Remoteport(vom Nginx):10410
172.71.172.142 - - [09/Aug/2026:05:55:13 +0200] "POST /wp-cron.php?doing_wp_cron=1786247713.7699680328369140625000 HTTP/1.1" 200 461 "-" "XrFcqkmNFXb3" PHP-Handler:plesk-php84-fpm Remoteport(vom Nginx):31608
172.68.211.197 - - [09/Aug/2026:05:55:11 +0200] "GET /wp-login.php?checkemail=confirm HTTP/1.1" 200 1862 "https://www.youtube.com/" "Mozilla/5.0 (Macintosh; Intel Mac OS X 11_2_3) AppleWebKit/537.36 (KHTML, like Gecko) Chrome/123.0.0.0 Safari/537.36" PHP-Handler:plesk-php84-fpm Remoteport(vom Nginx):10462
172.68.211.197 - - [09/Aug/2026:05:55:14 +0200] "POST /wp-login.php?action=lostpassword HTTP/1.1" 200 2270 "https://wordpress.org/" "Mozilla/5.0 (Windows NT 10.0; Win64; x64) AppleWebKit/537.36 (KHTML, like Gecko) Chrome/123.0.0.0 Safari/537.36" PHP-Handler:plesk-php84-fpm Remoteport(vom Nginx):31654
172.69.132.186 - - [09/Aug/2026:05:55:14 +0200] "GET /s/glasdichtung/?orderby=popularity HTTP/1.1" 200 33085 "-" "Mozilla/5.0 (Windows NT 10.0; Win64; x64) AppleWebKit/537.36 (KHTML, like Gecko) Brave Chrome/89.0.4389.72 Safari/537.36" PHP-Handler:plesk-php84-fpm Remoteport(vom Nginx):31686
172.68.211.197 - - [09/Aug/2026:05:55:17 +0200] "POST /wp-login.php?action=lostpassword HTTP/1.1" 200 2263 "https://duckduckgo.com/" "Mozilla/5.0 (Macintosh; Intel Mac OS X 11_2_3) AppleWebKit/605.1.15 (KHTML, like Gecko) Version/17.2 Safari/605.1.15" PHP-Handler:plesk-php84-fpm Remoteport(vom Nginx):31726
162.158.94.224 - - [09/Aug/2026:05:55:23 +0200] "POST /wp-cron.php?doing_wp_cron=1786247722.9266960620880126953125 HTTP/1.1" 200 461 "-" "NMvzjhN05Tzp" PHP-Handler:plesk-php84-fpm Remoteport(vom Nginx):38870
172.68.211.197 - - [09/Aug/2026:05:55:20 +0200] "POST /wp-login.php?action=lostpassword HTTP/1.1" 200 2266 "https://t.co/" "Mozilla/5.0 (Macintosh; Intel Mac OS X 11_2_3; rv:123.0) Gecko/20100101 Firefox/123.0" PHP-Handler:plesk-php84-fpm Remoteport(vom Nginx):31916
162.158.193.45 - - [09/Aug/2026:05:55:21 +0200] "GET /k/ofen-ersatzteile/olsberg/format/format-6-7-ersatzteile/page/1/?orderby=rating HTTP/1.1" 301 690 "-" "Mozilla/5.0 (Macintosh; Intel Mac OS X 10_15_7) AppleWebKit/537.36 (KHTML, like Gecko) Chrome/96.0.4664.93 Safari/537.36" PHP-Handler:plesk-php84-fpm Remoteport(vom Nginx):31952
172.68.211.197 - - [09/Aug/2026:05:55:23 +0200] "POST /wp-login.php?action=lostpassword HTTP/1.1" 200 2264 "https://www.google.com/" "Mozilla/5.0 (X11; Linux x86_64) AppleWebKit/537.36 (KHTML, like Gecko) Chrome/124.0.0.0 Safari/537.36" PHP-Handler:plesk-php84-fpm Remoteport(vom Nginx):38888
162.158.193.105 - - [09/Aug/2026:05:55:24 +0200] "GET /k/ofen-ersatzteile/olsberg/format/format-6-7-ersatzteile/?orderby=rating HTTP/1.1" 200 35906 "-" "Mozilla/5.0 (Macintosh; Intel Mac OS X 10_15_7) AppleWebKit/537.36 (KHTML, like Gecko) Chrome/96.0.4664.93 Safari/537.36" PHP-Handler:plesk-php84-fpm Remoteport(vom Nginx):38902
172.68.211.197 - - [09/Aug/2026:05:55:26 +0200] "POST /wp-login.php?action=lostpassword HTTP/1.1" 200 2269 "-" "Mozilla/5.0 (X11; Linux x86_64) AppleWebKit/537.36 (KHTML, like Gecko) Chrome/122.0.0.0 Safari/537.36" PHP-Handler:plesk-php84-fpm Remoteport(vom Nginx):38964
172.71.247.92 - - [09/Aug/2026:05:55:35 +0200] "POST /wp-cron.php?doing_wp_cron=1786247735.2892529964447021484375 HTTP/1.1" 200 461 "-" "ct7lRtuBIh4E" PHP-Handler:plesk-php84-fpm Remoteport(vom Nginx):62886
172.68.211.197 - - [09/Aug/2026:05:55:32 +0200] "GET /wp-admin/index.php HTTP/1.1" 302 735 "http://ofenbernd.de/wp-login.php" "Mozilla/5.0 (Macintosh; Intel Mac OS X 10_15_7) AppleWebKit/537.36 (KHTML, like Gecko) Chrome/124.0.0.0 Safari/537.36" PHP-Handler:plesk-php84-fpm Remoteport(vom Nginx):62734
172.71.148.54 - - [09/Aug/2026:05:55:36 +0200] "GET /wp-content/uploads/2015/03/olsberg_fayal_rost_kaminrost_bodenrost.jpg HTTP/1.1" 200 579 "-" "Photon/1.0" PHP-Handler: Remoteport(vom Nginx):62968
172.71.214.150 - - [09/Aug/2026:05:55:35 +0200] "GET /wp-login.php?redirect_to=https%3A%2F%2Fofenbernd.de%2Fwp-admin%2Findex.php&reauth=1 HTTP/1.1" 200 5802 "http://ofenbernd.de/wp-login.php" "Mozilla/5.0 (Macintosh; Intel Mac OS X 10_15_7) AppleWebKit/537.36 (KHTML, like Gecko) Chrome/124.0.0.0 Safari/537.36" PHP-Handler:plesk-php84-fpm Remoteport(vom Nginx):62908
172.70.240.113 - - [09/Aug/2026:05:55:36 +0200] "GET /p/schmid-rost-kaminrost-feuerrost-ascherost-174-x-232-x-15-mm-66-0000-1210/ HTTP/1.1" 200 60867 "-" "WP Rocket/Preload" PHP-Handler:plesk-php84-fpm Remoteport(vom Nginx):62958
172.71.148.54 - - [09/Aug/2026:05:55:36 +0200] "GET /wp-content/uploads/2015/03/olsberg_fayal_rost_kaminrost_bodenrost.jpg HTTP/2.0" 200 22413 "-" "Photon/1.0"
172.68.211.197 - - [09/Aug/2026:05:55:38 +0200] "GET /wp-admin/index.php HTTP/1.1" 302 735 "http://ofenbernd.de/wp-login.php" "Mozilla/5.0 (Windows NT 10.0; Win64; x64) AppleWebKit/537.36 (KHTML, like Gecko) Chrome/123.0.0.0 Safari/537.36 Edge/123.0.2420.65" PHP-Handler:plesk-php84-fpm Remoteport(vom Nginx):63416
172.71.166.250 - - [09/Aug/2026:05:55:44 +0200] "GET /p/schmid-sh-9-m-umruestrahmen-klein-258-x-405/ HTTP/1.1" 200 60587 "-" "Mozilla/5.0 (compatible; Googlebot/2.1; +http://www.google.com/bot.html)" PHP-Handler:plesk-php84-fpm Remoteport(vom Nginx):60848
172.71.214.150 - - [09/Aug/2026:05:55:41 +0200] "GET /wp-login.php?redirect_to=https%3A%2F%2Fofenbernd.de%2Fwp-admin%2Findex.php&reauth=1 HTTP/1.1" 200 5802 "http://ofenbernd.de/wp-login.php" "Mozilla/5.0 (Windows NT 10.0; Win64; x64) AppleWebKit/537.36 (KHTML, like Gecko) Chrome/123.0.0.0 Safari/537.36 Edge/123.0.2420.65" PHP-Handler:plesk-php84-fpm Remoteport(vom Nginx):60776
172.71.148.64 - - [09/Aug/2026:05:55:41 +0200] "GET /p/schmid-rost-kaminrost-feuerrost-ascherost-174-x-232-x-15-mm-66-0000-1210/ HTTP/1.1" 200 47041 "-" "WP Rocket/Preload Mozilla/5.0 (iPhone; CPU iPhone OS 9_1 like Mac OS X) AppleWebKit/601.1.46 (KHTML, like Gecko) Version/9.0 Mobile/13B143 Safari/601.1" PHP-Handler:plesk-php84-fpm Remoteport(vom Nginx):60764
162.158.111.35 - - [09/Aug/2026:05:55:48 +0200] "POST /wp-cron.php?doing_wp_cron=1786247748.1282470226287841796875 HTTP/1.1" 200 461 "-" "1uBQL5b86lgb" PHP-Handler:plesk-php84-fpm Remoteport(vom Nginx):60970
172.68.211.197 - - [09/Aug/2026:05:55:45 +0200] "GET /wp-admin/index.php HTTP/1.1" 302 735 "http://ofenbernd.de/wp-login.php" "Mozilla/5.0 (X11; Linux x86_64) AppleWebKit/537.36 (KHTML, like Gecko) Chrome/125.0.0.0 Safari/537.36" PHP-Handler:plesk-php84-fpm Remoteport(vom Nginx):60896
172.71.148.64 - - [09/Aug/2026:05:55:34 +0200] "POST /wp-admin/admin-ajax.php?action=as_async_request_queue_runner&nonce=cb05d09946 HTTP/1.1" 200 754 "-" "ct7lRtuBIh4E" PHP-Handler:plesk-php84-fpm Remoteport(vom Nginx):62812
172.71.214.150 - - [09/Aug/2026:05:55:49 +0200] "GET /wp-login.php?redirect_to=https%3A%2F%2Fofenbernd.de%2Fwp-admin%2Findex.php&reauth=1 HTTP/1.1" 200 5802 "http://ofenbernd.de/wp-login.php" "Mozilla/5.0 (X11; Linux x86_64) AppleWebKit/537.36 (KHTML, like Gecko) Chrome/125.0.0.0 Safari/537.36" PHP-Handler:plesk-php84-fpm Remoteport(vom Nginx):61002
172.70.247.164 - - [09/Aug/2026:05:55:50 +0200] "GET /s/holzofen/ HTTP/1.1" 200 53502 "-" "WP Rocket/Preload" PHP-Handler:plesk-php84-fpm Remoteport(vom Nginx):61028
172.68.211.197 - - [09/Aug/2026:05:55:52 +0200] "GET /wp-admin/index.php HTTP/1.1" 302 735 "http://ofenbernd.de/wp-login.php" "Mozilla/5.0 (Macintosh; Intel Mac OS X 10_15_7) AppleWebKit/537.36 (KHTML, like Gecko) Chrome/123.0.0.0 Safari/537.36 Edge/123.0.2420.65" PHP-Handler:plesk-php84-fpm Remoteport(vom Nginx):17452
172.71.172.142 - - [09/Aug/2026:05:55:48 +0200] "POST /wp-admin/admin-ajax.php?action=as_async_request_queue_runner&nonce=cb05d09946 HTTP/1.1" 200 754 "-" "IMlzm43FHnaG" PHP-Handler:plesk-php84-fpm Remoteport(vom Nginx):60968
172.69.150.177 - - [09/Aug/2026:05:55:51 +0200] "GET /s/holzofen/ HTTP/1.1" 200 40083 "-" "WP Rocket/Preload Mozilla/5.0 (iPhone; CPU iPhone OS 9_1 like Mac OS X) AppleWebKit/601.1.46 (KHTML, like Gecko) Version/9.0 Mobile/13B143 Safari/601.1" PHP-Handler:plesk-php84-fpm Remoteport(vom Nginx):17426
172.71.144.144 - - [09/Aug/2026:05:55:53 +0200] "GET /s/oranier-hera-d-serie-2-ersatzteile/ HTTP/1.1" 200 50409 "-" "WP Rocket/Preload" PHP-Handler:plesk-php84-fpm Remoteport(vom Nginx):17454
172.70.240.113 - - [09/Aug/2026:05:55:54 +0200] "GET /s/oranier-hera-d-serie-2-ersatzteile/ HTTP/1.1" 200 37762 "-" "WP Rocket/Preload Mozilla/5.0 (iPhone; CPU iPhone OS 9_1 like Mac OS X) AppleWebKit/601.1.46 (KHTML, like Gecko) Version/9.0 Mobile/13B143 Safari/601.1" PHP-Handler:plesk-php84-fpm Remoteport(vom Nginx):17546
172.71.214.150 - - [09/Aug/2026:05:55:55 +0200] "GET /wp-login.php?redirect_to=https%3A%2F%2Fofenbernd.de%2Fwp-admin%2Findex.php&reauth=1 HTTP/1.1" 200 5802 "http://ofenbernd.de/wp-login.php" "Mozilla/5.0 (Macintosh; Intel Mac OS X 10_15_7) AppleWebKit/537.36 (KHTML, like Gecko) Chrome/123.0.0.0 Safari/537.36 Edge/123.0.2420.65" PHP-Handler:plesk-php84-fpm Remoteport(vom Nginx):17580
162.158.94.224 - - [09/Aug/2026:05:55:56 +0200] "GET /s/feuerraumplatte-zuschnitt-25-x-30-x-3-cm/ HTTP/1.1" 200 48771 "-" "WP Rocket/Preload" PHP-Handler:plesk-php84-fpm Remoteport(vom Nginx):17612
104.23.239.68 - - [09/Aug/2026:05:55:57 +0200] "GET /s/feuerraumplatte-zuschnitt-25-x-30-x-3-cm/ HTTP/1.1" 200 36065 "-" "WP Rocket/Preload Mozilla/5.0 (iPhone; CPU iPhone OS 9_1 like Mac OS X) AppleWebKit/601.1.46 (KHTML, like Gecko) Version/9.0 Mobile/13B143 Safari/601.1" PHP-Handler:plesk-php84-fpm Remoteport(vom Nginx):17638
172.68.211.197 - - [09/Aug/2026:05:55:59 +0200] "GET /wp-admin/index.php HTTP/1.1" 302 735 "http://ofenbernd.de/wp-login.php" "Mozilla/5.0 (Macintosh; Intel Mac OS X 11_2_3) AppleWebKit/537.36 (KHTML, like Gecko) Chrome/124.0.0.0 Safari/537.36" PHP-Handler:plesk-php84-fpm Remoteport(vom Nginx):17706
172.70.243.5 - - [09/Aug/2026:05:56:02 +0200] "GET /p/olsberg-fantale-glasscheibe-glas-23-4381-2000/ HTTP/1.1" 200 60864 "-" "WP Rocket/Preload" PHP-Handler:plesk-php84-fpm Remoteport(vom Nginx):63574
172.70.240.113 - - [09/Aug/2026:05:55:59 +0200] "GET /p/spartherm-linear-mini-m1-seitensteine-seitenwand-steine-pos-3-4/ HTTP/1.1" 200 60333 "-" "WP Rocket/Preload" PHP-Handler:plesk-php84-fpm Remoteport(vom Nginx):17680
172.70.243.5 - - [09/Aug/2026:05:56:00 +0200] "GET /p/spartherm-linear-mini-m1-seitensteine-seitenwand-steine-pos-3-4/ HTTP/1.1" 200 47352 "-" "WP Rocket/Preload Mozilla/5.0 (iPhone; CPU iPhone OS 9_1 like Mac OS X) AppleWebKit/601.1.46 (KHTML, like Gecko) Version/9.0 Mobile/13B143 Safari/601.1" PHP-Handler:plesk-php84-fpm Remoteport(vom Nginx):17746
172.71.214.150 - - [09/Aug/2026:05:56:02 +0200] "GET /wp-login.php?redirect_to=https%3A%2F%2Fofenbernd.de%2Fwp-admin%2Findex.php&reauth=1 HTTP/1.1" 200 5802 "http://ofenbernd.de/wp-login.php" "Mozilla/5.0 (Macintosh; Intel Mac OS X 11_2_3) AppleWebKit/537.36 (KHTML, like Gecko) Chrome/124.0.0.0 Safari/537.36" PHP-Handler:plesk-php84-fpm Remoteport(vom Nginx):63584
172.68.26.121 - - [09/Aug/2026:05:56:06 +0200] "GET /p/oranier-baltrum-4797-schamott-komplett-schamottsteine-auskleidung-komplett-2921929000/ HTTP/1.1" 200 60848 "-" "Mozilla/5.0 (compatible; Googlebot/2.1; +http://www.google.com/bot.html)" PHP-Handler:plesk-php84-fpm Remoteport(vom Nginx):63736
172.71.172.142 - - [09/Aug/2026:05:56:03 +0200] "GET /p/olsberg-fantale-glasscheibe-glas-23-4381-2000/ HTTP/1.1" 200 47448 "-" "WP Rocket/Preload Mozilla/5.0 (iPhone; CPU iPhone OS 9_1 like Mac OS X) AppleWebKit/601.1.46 (KHTML, like Gecko) Version/9.0 Mobile/13B143 Safari/601.1" PHP-Handler:plesk-php84-fpm Remoteport(vom Nginx):63590
172.71.148.64 - - [09/Aug/2026:05:56:04 +0200] "GET /tag/kaminofen-feuerraumplatten/ HTTP/1.1" 200 38174 "-" "WP Rocket/Preload" PHP-Handler:plesk-php84-fpm Remoteport(vom Nginx):63630
172.68.211.197 - - [09/Aug/2026:05:56:06 +0200] "GET /wp-admin/index.php HTTP/1.1" 302 735 "http://ofenbernd.de/wp-login.php" "Mozilla/5.0 (X11; Linux x86_64; rv:122.0) Gecko/20100101 Firefox/122.0" PHP-Handler:plesk-php84-fpm Remoteport(vom Nginx):63712
172.71.164.206 - - [09/Aug/2026:05:56:06 +0200] "GET /tag/kaminofen-feuerraumplatten/ HTTP/1.1" 200 28071 "-" "WP Rocket/Preload Mozilla/5.0 (iPhone; CPU iPhone OS 9_1 like Mac OS X) AppleWebKit/601.1.46 (KHTML, like Gecko) Version/9.0 Mobile/13B143 Safari/601.1" PHP-Handler:plesk-php84-fpm Remoteport(vom Nginx):63704
172.71.144.144 - - [09/Aug/2026:05:56:07 +0200] "GET /p/spartherm-ambiente-a3-schamottesatz-wand-elfenbein/ HTTP/1.1" 200 60182 "-" "WP Rocket/Preload" PHP-Handler:plesk-php84-fpm Remoteport(vom Nginx):63844
172.71.214.150 - - [09/Aug/2026:05:56:09 +0200] "GET /wp-login.php?redirect_to=https%3A%2F%2Fofenbernd.de%2Fwp-admin%2Findex.php&reauth=1 HTTP/1.1" 200 5802 "http://ofenbernd.de/wp-login.php" "Mozilla/5.0 (X11; Linux x86_64; rv:122.0) Gecko/20100101 Firefox/122.0" PHP-Handler:plesk-php84-fpm Remoteport(vom Nginx):63918
172.70.243.5 - - [09/Aug/2026:05:56:09 +0200] "GET /p/spartherm-ambiente-a3-schamottesatz-wand-elfenbein/ HTTP/1.1" 200 46897 "-" "WP Rocket/Preload Mozilla/5.0 (iPhone; CPU iPhone OS 9_1 like Mac OS X) AppleWebKit/601.1.46 (KHTML, like Gecko) Version/9.0 Mobile/13B143 Safari/601.1" PHP-Handler:plesk-php84-fpm Remoteport(vom Nginx):63888
172.70.240.113 - - [09/Aug/2026:05:56:15 +0200] "POST /wp-cron.php?doing_wp_cron=1786247775.8236589431762695312500 HTTP/1.1" 200 461 "-" "FJaE5TVghIks" PHP-Handler:plesk-php84-fpm Remoteport(vom Nginx):47952
104.23.251.140 - - [09/Aug/2026:05:56:15 +0200] "GET /p/oranier-polar-5-2-0-kaminofen-stahl-schwarz-speckstein/ HTTP/1.1" 200 46992 "-" "Mozilla/5.0 (Linux; Android 6.0; Nexus 5 Build/MRA58N) AppleWebKit/537.36 (KHTML, like Gecko) Chrome/42.0.1830.1710 Mobile Safari/537.36" PHP-Handler:plesk-php84-fpm Remoteport(vom Nginx):47964
172.68.211.197 - - [09/Aug/2026:05:56:13 +0200] "GET /wp-admin/index.php HTTP/1.1" 302 735 "http://ofenbernd.de/wp-login.php" "Mozilla/5.0 (Macintosh; Intel Mac OS X 10_15_7) AppleWebKit/537.36 (KHTML, like Gecko) Chrome/122.0.0.0 Safari/537.36 Edge/122.0.2365.92" PHP-Handler:plesk-php84-fpm Remoteport(vom Nginx):47816
172.69.230.133 - - [09/Aug/2026:05:56:12 +0200] "GET /k/ofen-ersatzteile/schmid/schmid-sd-ersatzteile/?orderby=popularity HTTP/1.1" 200 35958 "-" "Mozilla/5.0 (Macintosh; Intel Mac OS X 10_13_6) AppleWebKit/537.36 (KHTML, like Gecko) Chrome/99.0.3538.77 Safari/537.36" PHP-Handler:plesk-php84-fpm Remoteport(vom Nginx):47752
172.70.94.192 - - [09/Aug/2026:05:56:17 +0200] "GET /s/schmid-sh-9-m-glutbett-rueckwand-bodenstein/ HTTP/1.1" 200 37484 "-" "Mozilla/5.0 (Linux; Android 6.0.1; Nexus 5X Build/MMB29P) AppleWebKit/537.36 (KHTML, like Gecko) Chrome/150.0.7871.186 Mobile Safari/537.36 (compatible; GoogleOther)" PHP-Handler:plesk-php84-fpm Remoteport(vom Nginx):48062
172.71.164.206 - - [09/Aug/2026:05:56:21 +0200] "POST /wp-cron.php?doing_wp_cron=1786247781.6758658885955810546875 HTTP/1.1" 200 461 "-" "7XHUJCtj8Nfx" PHP-Handler:plesk-php84-fpm Remoteport(vom Nginx):12264
104.23.251.140 - - [09/Aug/2026:05:56:19 +0200] "POST /?wc-ajax=get_refreshed_fragments HTTP/1.1" 200 954 "https://www.ofenbernd.de/p/oranier-polar-5-2-0-kaminofen-stahl-schwarz-speckstein/" "Mozilla/5.0 (Linux; Android 6.0; Nexus 5 Build/MRA58N) AppleWebKit/537.36 (KHTML, like Gecko) Chrome/42.0.1830.1710 Mobile Safari/537.36" PHP-Handler: Remoteport(vom Nginx):48138
104.23.251.140 - - [09/Aug/2026:05:56:19 +0200] "POST /wp-admin/admin-ajax.php HTTP/1.1" 200 921 "https://www.ofenbernd.de/p/oranier-polar-5-2-0-kaminofen-stahl-schwarz-speckstein/" "Mozilla/5.0 (Linux; Android 6.0; Nexus 5 Build/MRA58N) AppleWebKit/537.36 (KHTML, like Gecko) Chrome/42.0.1830.1710 Mobile Safari/537.36" PHP-Handler:plesk-php84-fpm Remoteport(vom Nginx):48140
172.69.65.231 - - [09/Aug/2026:05:56:22 +0200] "POST /?wc-ajax=get_refreshed_fragments HTTP/1.1" 200 954 "https://www.ofenbernd.de/s/schmid-sh-9-m-glutbett-rueckwand-bodenstein/" "Mozilla/5.0 (Linux; Android 6.0.1; Nexus 5X Build/MMB29P) AppleWebKit/537.36 (KHTML, like Gecko) Chrome/150.0.7871.186 Mobile Safari/537.36 (compatible; GoogleOther)" PHP-Handler: Remoteport(vom Nginx):12324
162.158.210.62 - - [09/Aug/2026:05:56:25 +0200] "GET /s/kaminofen-naturstein-serpentin/?orderby=price HTTP/1.1" 200 33561 "-" "Mozilla/5.0 (Windows NT 6.1) AppleWebKit/537.36 (KHTML, like Gecko) Chrome/100.0.4896.127 Safari/537.36" PHP-Handler:plesk-php84-fpm Remoteport(vom Nginx):12438
172.68.234.147 - - [09/Aug/2026:05:57:01 +0200] "GET /s/vermiculite-platte-seitl-hinten-rechts/ HTTP/1.1" 200 50508 "-" "Mozilla/5.0 (Windows NT 6.1; Win64; x64) AppleWebKit/537.36 (KHTML, like Gecko) Chrome/86.0.4240.75 Safari/537.36" PHP-Handler:plesk-php84-fpm Remoteport(vom Nginx):51972
162.159.104.105 - - [09/Aug/2026:05:57:05 +0200] "GET / HTTP/1.1" 200 61837 "-" "Mozilla/5.0 (Windows NT 10.0; Win64; x64) AppleWebKit/537.36 (KHTML, like Gecko) Chrome/120.0.0.0 Safari/537.36" PHP-Handler: Remoteport(vom Nginx):56966
172.71.166.250 - - [09/Aug/2026:05:57:09 +0200] "GET /p/schmid-sd-6-f-deckenstein-95-x-225-x-290/ HTTP/1.1" 200 47009 "-" "Mozilla/5.0 (Linux; Android 6.0.1; Nexus 5X Build/MMB29P) AppleWebKit/537.36 (KHTML, like Gecko) Chrome/150.0.7871.186 Mobile Safari/537.36 (compatible; Googlebot/2.1; +http://www.google.com/bot.html)" PHP-Handler:plesk-php84-fpm Remoteport(vom Nginx):57154
172.69.151.16 - - [09/Aug/2026:05:57:29 +0200] "GET /wp-content/uploads/2015/03/olsberg_antuco_seitenstein_235461.1253.jpg.webp HTTP/1.1" 200 576 "-" "Mozilla/5.0 AppleWebKit/537.36 (KHTML, like Gecko; compatible; bingbot/2.0; +http://www.bing.com/bingbot.htm) Chrome/116.0.1938.76 Safari/537.36" PHP-Handler: Remoteport(vom Nginx):32156
172.71.247.87 - - [09/Aug/2026:05:57:30 +0200] "GET /wp-content/uploads/2016/05/oranier_clio_5_seitenstein_hinten_links_ersatzteile-241x241.jpg HTTP/1.1" 200 600 "-" "Mozilla/5.0 (X11; Ubuntu; Linux x86_64; rv:72.0) Gecko/20100101 Firefox/72.0" PHP-Handler: Remoteport(vom Nginx):32184
172.69.151.16 - - [09/Aug/2026:05:57:30 +0200] "GET /wp-content/uploads/2015/03/olsberg_antuco_seitenstein_235461.1253.jpg.webp HTTP/2.0" 200 18070 "-" "Mozilla/5.0 AppleWebKit/537.36 (KHTML, like Gecko; compatible; bingbot/2.0; +http://www.bing.com/bingbot.htm) Chrome/116.0.1938.76 Safari/537.36"
172.71.247.87 - - [09/Aug/2026:05:57:30 +0200] "GET /wp-content/uploads/2016/05/oranier_clio_5_seitenstein_hinten_links_ersatzteile-241x241.jpg HTTP/2.0" 200 16932 "-" "Mozilla/5.0 (X11; Ubuntu; Linux x86_64; rv:72.0) Gecko/20100101 Firefox/72.0"
172.68.159.76 - - [09/Aug/2026:05:57:34 +0200] "GET /k/steine/page/8/?orderby=price-desc HTTP/1.1" 200 35839 "-" "Mozilla/5.0 (Windows NT 6.3) AppleWebKit/537.36 (KHTML, like Gecko) Chrome/88.0.4324.190 Safari/537.36" PHP-Handler:plesk-php84-fpm Remoteport(vom Nginx):53536
172.68.26.120 - - [09/Aug/2026:05:57:43 +0200] "GET /p/usedom-5-w-set-vermiculite-platte-seitlich-hinten-links-und-rechts/ HTTP/1.1" 200 46516 "-" "Mozilla/5.0 (Linux; Android 6.0.1; Nexus 5X Build/MMB29P) AppleWebKit/537.36 (KHTML, like Gecko) Chrome/150.0.7871.186 Mobile Safari/537.36 (compatible; Googlebot/2.1; +http://www.google.com/bot.html)" PHP-Handler:plesk-php84-fpm Remoteport(vom Nginx):8360
198.41.227.33 - - [09/Aug/2026:05:57:47 +0200] "GET /p/olsberg-format-9-aschekasten-ersatzteile/ HTTP/1.1" 200 60900 "-" "Mozilla/5.0 (compatible; Googlebot/2.1; +http://www.google.com/bot.html)" PHP-Handler:plesk-php84-fpm Remoteport(vom Nginx):8500
172.70.193.184 - - [09/Aug/2026:05:57:57 +0200] "GET /k/ofen-ersatzteile/page/115/?orderby=price HTTP/1.1" 200 36014 "-" "Mozilla/5.0 (Macintosh; Intel Mac OS X 10_13_3) AppleWebKit/537.36 (KHTML, like Gecko) Chrome/67.0.3396.2 Safari/537.36" PHP-Handler:plesk-php84-fpm Remoteport(vom Nginx):7370
162.158.195.163 - - [09/Aug/2026:05:58:06 +0200] "GET /k/ofen-ersatzteile/olsberg/ju9-ju11-ju13-ju13k-wu13/?orderby=rating HTTP/1.1" 200 34679 "-" "Mozilla/5.0 (Windows NT 6.1; Win64; x64) AppleWebKit/537.36 (KHTML, like Gecko) Chrome/79.0.3945.117 Safari/537.36" PHP-Handler:plesk-php84-fpm Remoteport(vom Nginx):17298
172.71.214.151 - - [09/Aug/2026:05:58:33 +0200] "GET /wp-login.php?redirect_to=https%3A%2F%2Fofenbernd.de%2Fwp-admin%2Findex.php&reauth=1 HTTP/1.1" 200 5802 "http://ofenbernd.de/wp-login.php" "Mozilla/5.0 (Macintosh; Intel Mac OS X 10_15_7) AppleWebKit/537.36 (KHTML, like Gecko) Chrome/122.0.0.0 Safari/537.36 Edge/122.0.2365.92" PHP-Handler:plesk-php84-fpm Remoteport(vom Nginx):55518
172.68.211.196 - - [09/Aug/2026:05:58:37 +0200] "GET /wp-admin/index.php HTTP/1.1" 302 735 "http://ofenbernd.de/wp-login.php" "Mozilla/5.0 (Macintosh; Intel Mac OS X 11_2_3) AppleWebKit/605.1.15 (KHTML, like Gecko) Version/17.1 Safari/605.1.15" PHP-Handler:plesk-php84-fpm Remoteport(vom Nginx):55634
172.71.214.151 - - [09/Aug/2026:05:58:40 +0200] "GET /wp-login.php?redirect_to=https%3A%2F%2Fofenbernd.de%2Fwp-admin%2Findex.php&reauth=1 HTTP/1.1" 200 5802 "http://ofenbernd.de/wp-login.php" "Mozilla/5.0 (Macintosh; Intel Mac OS X 11_2_3) AppleWebKit/605.1.15 (KHTML, like Gecko) Version/17.1 Safari/605.1.15" PHP-Handler:plesk-php84-fpm Remoteport(vom Nginx):55754
172.71.172.142 - - [09/Aug/2026:05:58:41 +0200] "GET /s/oranier-kiruna-6-4649-serie-12-glasscheibe/ HTTP/1.1" 200 50349 "-" "WP Rocket/Preload" PHP-Handler:plesk-php84-fpm Remoteport(vom Nginx):35778
172.68.211.196 - - [09/Aug/2026:05:58:45 +0200] "GET /wp-admin/index.php HTTP/1.1" 302 735 "http://ofenbernd.de/wp-login.php" "Mozilla/5.0 (Macintosh; Intel Mac OS X 11_2_3) AppleWebKit/605.1.15 (KHTML, like Gecko) Version/17.2 Safari/605.1.15" PHP-Handler:plesk-php84-fpm Remoteport(vom Nginx):35842
172.69.71.194 - - [09/Aug/2026:05:58:46 +0200] "GET /wp-login.php HTTP/1.1" 200 3727 "-" "Mozilla/5.0 (Windows NT 10.0; Win64; x64) AppleWebKit/537.36 (KHTML, like Gecko) Chrome/133.0.0.0 Safari/537.36" PHP-Handler:plesk-php84-fpm Remoteport(vom Nginx):35918
162.158.217.61 - - [09/Aug/2026:05:58:46 +0200] "GET /s/oranier-kiruna-6-4649-serie-12-glasscheibe/ HTTP/1.1" 200 37697 "-" "WP Rocket/Preload Mozilla/5.0 (iPhone; CPU iPhone OS 9_1 like Mac OS X) AppleWebKit/601.1.46 (KHTML, like Gecko) Version/9.0 Mobile/13B143 Safari/601.1" PHP-Handler:plesk-php84-fpm Remoteport(vom Nginx):35902
172.71.214.151 - - [09/Aug/2026:05:58:48 +0200] "GET /wp-login.php?redirect_to=https%3A%2F%2Fofenbernd.de%2Fwp-admin%2Findex.php&reauth=1 HTTP/1.1" 200 5802 "http://ofenbernd.de/wp-login.php" "Mozilla/5.0 (Macintosh; Intel Mac OS X 11_2_3) AppleWebKit/605.1.15 (KHTML, like Gecko) Version/17.2 Safari/605.1.15" PHP-Handler:plesk-php84-fpm Remoteport(vom Nginx):36010
172.69.71.194 - - [09/Aug/2026:05:58:50 +0200] "POST /wp-login.php HTTP/1.1" 200 3879 "https://www.ofenbernd.de/wp-login.php" "Mozilla/5.0 (Windows NT 10.0; Win64; x64) AppleWebKit/537.36 (KHTML, like Gecko) Chrome/133.0.0.0 Safari/537.36" PHP-Handler:plesk-php84-fpm Remoteport(vom Nginx):36146
172.70.240.113 - - [09/Aug/2026:05:58:39 +0200] "POST /wp-admin/admin-ajax.php?action=as_async_request_queue_runner&nonce=cb05d09946 HTTP/1.1" 200 754 "-" "C12QDsKgywNN" PHP-Handler:plesk-php84-fpm Remoteport(vom Nginx):55682
172.68.211.196 - - [09/Aug/2026:05:58:52 +0200] "GET /wp-admin/index.php HTTP/1.1" 302 735 "http://ofenbernd.de/wp-login.php" "Mozilla/5.0 (Macintosh; Intel Mac OS X 11_2_3) AppleWebKit/537.36 (KHTML, like Gecko) Chrome/124.0.0.0 Safari/537.36" PHP-Handler:plesk-php84-fpm Remoteport(vom Nginx):34740
172.71.214.151 - - [09/Aug/2026:05:58:55 +0200] "GET /wp-login.php?redirect_to=https%3A%2F%2Fofenbernd.de%2Fwp-admin%2Findex.php&reauth=1 HTTP/1.1" 200 5802 "http://ofenbernd.de/wp-login.php" "Mozilla/5.0 (Macintosh; Intel Mac OS X 11_2_3) AppleWebKit/537.36 (KHTML, like Gecko) Chrome/124.0.0.0 Safari/537.36" PHP-Handler:plesk-php84-fpm Remoteport(vom Nginx):34880
172.71.172.142 - - [09/Aug/2026:05:58:56 +0200] "GET /s/weso-hsk-glasdichtung/ HTTP/1.1" 200 49561 "-" "WP Rocket/Preload" PHP-Handler:plesk-php84-fpm Remoteport(vom Nginx):34882
172.70.240.113 - - [09/Aug/2026:05:58:57 +0200] "GET /s/weso-hsk-glasdichtung/ HTTP/1.1" 200 37654 "-" "WP Rocket/Preload Mozilla/5.0 (iPhone; CPU iPhone OS 9_1 like Mac OS X) AppleWebKit/601.1.46 (KHTML, like Gecko) Version/9.0 Mobile/13B143 Safari/601.1" PHP-Handler:plesk-php84-fpm Remoteport(vom Nginx):34922
172.68.211.196 - - [09/Aug/2026:05:58:59 +0200] "GET /wp-admin/index.php HTTP/1.1" 302 735 "http://ofenbernd.de/wp-login.php" "Mozilla/5.0 (Macintosh; Intel Mac OS X 11_2_3) AppleWebKit/605.1.15 (KHTML, like Gecko) Version/17.2 Safari/605.1.15" PHP-Handler:plesk-php84-fpm Remoteport(vom Nginx):34980
172.70.243.5 - - [09/Aug/2026:05:59:02 +0200] "POST /wp-cron.php?doing_wp_cron=1786247942.7612099647521972656250 HTTP/1.1" 200 461 "-" "XMDrvTzu1GQg" PHP-Handler:plesk-php84-fpm Remoteport(vom Nginx):39078
172.71.144.144 - - [09/Aug/2026:05:58:59 +0200] "GET /p/olsberg-tuer-holzfach-419x270x154-schwarz-pos-02d/ HTTP/1.1" 200 60128 "-" "WP Rocket/Preload" PHP-Handler:plesk-php84-fpm Remoteport(vom Nginx):34958
172.71.172.142 - - [09/Aug/2026:05:59:04 +0200] "POST /wp-cron.php?doing_wp_cron=1786247944.4723351001739501953125 HTTP/1.1" 200 461 "-" "G0z57sVmXfcM" PHP-Handler:plesk-php84-fpm Remoteport(vom Nginx):39142
172.71.172.142 - - [09/Aug/2026:05:59:00 +0200] "GET /p/olsberg-tuer-holzfach-419x270x154-schwarz-pos-02d/ HTTP/1.1" 200 47207 "-" "WP Rocket/Preload Mozilla/5.0 (iPhone; CPU iPhone OS 9_1 like Mac OS X) AppleWebKit/601.1.46 (KHTML, like Gecko) Version/9.0 Mobile/13B143 Safari/601.1" PHP-Handler:plesk-php84-fpm Remoteport(vom Nginx):35026
172.71.172.142 - - [09/Aug/2026:05:59:05 +0200] "POST /wp-cron.php?doing_wp_cron=1786247945.0937728881835937500000 HTTP/1.1" 200 461 "-" "XPQtRy8ajmmo" PHP-Handler:plesk-php84-fpm Remoteport(vom Nginx):39168
172.71.214.151 - - [09/Aug/2026:05:59:02 +0200] "GET /wp-login.php?redirect_to=https%3A%2F%2Fofenbernd.de%2Fwp-admin%2Findex.php&reauth=1 HTTP/1.1" 200 5802 "http://ofenbernd.de/wp-login.php" "Mozilla/5.0 (Macintosh; Intel Mac OS X 11_2_3) AppleWebKit/605.1.15 (KHTML, like Gecko) Version/17.2 Safari/605.1.15" PHP-Handler:plesk-php84-fpm Remoteport(vom Nginx):39054
172.70.248.78 - - [09/Aug/2026:05:59:05 +0200] "POST /wp-cron.php?doing_wp_cron=1786247945.9000399112701416015625 HTTP/1.1" 200 461 "-" "DfRhfwKeeSVi" PHP-Handler:plesk-php84-fpm Remoteport(vom Nginx):39178
172.71.164.206 - - [09/Aug/2026:05:59:02 +0200] "GET /p/schmid-sh-11-g-glutbett-seitenstein-verlaengerung-pos-15/ HTTP/1.1" 200 60287 "-" "WP Rocket/Preload" PHP-Handler:plesk-php84-fpm Remoteport(vom Nginx):39022
172.70.240.113 - - [09/Aug/2026:05:59:03 +0200] "GET /p/schmid-sh-11-g-glutbett-seitenstein-verlaengerung-pos-15/ HTTP/1.1" 200 46659 "-" "WP Rocket/Preload Mozilla/5.0 (iPhone; CPU iPhone OS 9_1 like Mac OS X) AppleWebKit/601.1.46 (KHTML, like Gecko) Version/9.0 Mobile/13B143 Safari/601.1" PHP-Handler:plesk-php84-fpm Remoteport(vom Nginx):39114
104.23.239.68 - - [09/Aug/2026:05:59:05 +0200] "GET /s/olsberg-fayal/ HTTP/1.1" 200 49609 "-" "WP Rocket/Preload" PHP-Handler:plesk-php84-fpm Remoteport(vom Nginx):39160
172.68.211.196 - - [09/Aug/2026:05:59:06 +0200] "GET /wp-admin/index.php HTTP/1.1" 302 735 "http://ofenbernd.de/wp-login.php" "Mozilla/5.0 (Macintosh; Intel Mac OS X 10_15_7) AppleWebKit/605.1.15 (KHTML, like Gecko) Version/17.1 Safari/605.1.15" PHP-Handler:plesk-php84-fpm Remoteport(vom Nginx):39182
172.71.144.144 - - [09/Aug/2026:05:59:06 +0200] "GET /s/olsberg-fayal/ HTTP/1.1" 200 37710 "-" "WP Rocket/Preload Mozilla/5.0 (iPhone; CPU iPhone OS 9_1 like Mac OS X) AppleWebKit/601.1.46 (KHTML, like Gecko) Version/9.0 Mobile/13B143 Safari/601.1" PHP-Handler:plesk-php84-fpm Remoteport(vom Nginx):39192
172.71.144.144 - - [09/Aug/2026:05:59:11 +0200] "POST /wp-cron.php?doing_wp_cron=1786247951.5990529060363769531250 HTTP/1.1" 200 461 "-" "WRh90PW5Egu8" PHP-Handler:plesk-php84-fpm Remoteport(vom Nginx):39602
172.71.214.151 - - [09/Aug/2026:05:59:09 +0200] "GET /wp-login.php?redirect_to=https%3A%2F%2Fofenbernd.de%2Fwp-admin%2Findex.php&reauth=1 HTTP/1.1" 200 5802 "http://ofenbernd.de/wp-login.php" "Mozilla/5.0 (Macintosh; Intel Mac OS X 10_15_7) AppleWebKit/605.1.15 (KHTML, like Gecko) Version/17.1 Safari/605.1.15" PHP-Handler:plesk-php84-fpm Remoteport(vom Nginx):39278
162.158.217.61 - - [09/Aug/2026:05:59:08 +0200] "GET /p/olsberg-kone-umlenkstein-umlenkplatte-pos-37/ HTTP/1.1" 200 60078 "-" "WP Rocket/Preload" PHP-Handler:plesk-php84-fpm Remoteport(vom Nginx):39224
162.158.217.61 - - [09/Aug/2026:05:59:09 +0200] "GET /p/olsberg-kone-umlenkstein-umlenkplatte-pos-37/ HTTP/1.1" 200 47419 "-" "WP Rocket/Preload Mozilla/5.0 (iPhone; CPU iPhone OS 9_1 like Mac OS X) AppleWebKit/601.1.46 (KHTML, like Gecko) Version/9.0 Mobile/13B143 Safari/601.1" PHP-Handler:plesk-php84-fpm Remoteport(vom Nginx):39294
172.71.172.142 - - [09/Aug/2026:05:59:14 +0200] "POST /wp-cron.php?doing_wp_cron=1786247954.4410130977630615234375 HTTP/1.1" 200 461 "-" "gm2Fv5V3pvBX" PHP-Handler:plesk-php84-fpm Remoteport(vom Nginx):39682
172.71.144.144 - - [09/Aug/2026:05:59:11 +0200] "GET /p/oranier-boras-scheibendichtung-selbstklebend-3m-10-x-2mm-9068099000/ HTTP/1.1" 200 60284 "-" "WP Rocket/Preload" PHP-Handler:plesk-php84-fpm Remoteport(vom Nginx):39324
172.71.172.142 - - [09/Aug/2026:05:59:12 +0200] "GET /p/oranier-boras-scheibendichtung-selbstklebend-3m-10-x-2mm-9068099000/ HTTP/1.1" 200 47439 "-" "WP Rocket/Preload Mozilla/5.0 (iPhone; CPU iPhone OS 9_1 like Mac OS X) AppleWebKit/601.1.46 (KHTML, like Gecko) Version/9.0 Mobile/13B143 Safari/601.1" PHP-Handler:plesk-php84-fpm Remoteport(vom Nginx):39644
172.68.211.196 - - [09/Aug/2026:05:59:13 +0200] "GET /wp-admin/index.php HTTP/1.1" 302 735 "http://ofenbernd.de/wp-login.php" "Mozilla/5.0 (X11; Linux x86_64) AppleWebKit/537.36 (KHTML, like Gecko) Chrome/122.0.0.0 Safari/537.36" PHP-Handler:plesk-php84-fpm Remoteport(vom Nginx):39654
172.71.214.151 - - [09/Aug/2026:05:59:16 +0200] "GET /wp-login.php?redirect_to=https%3A%2F%2Fofenbernd.de%2Fwp-admin%2Findex.php&reauth=1 HTTP/1.1" 200 5802 "http://ofenbernd.de/wp-login.php" "Mozilla/5.0 (X11; Linux x86_64) AppleWebKit/537.36 (KHTML, like Gecko) Chrome/122.0.0.0 Safari/537.36" PHP-Handler:plesk-php84-fpm Remoteport(vom Nginx):39726
162.158.86.125 - - [09/Aug/2026:05:58:53 +0200] "POST /wp-admin/admin-ajax.php?action=as_async_request_queue_runner&nonce=cb05d09946 HTTP/1.1" 200 754 "-" "BpnMX0gx7Pu2" PHP-Handler:plesk-php84-fpm Remoteport(vom Nginx):34756
172.68.211.196 - - [09/Aug/2026:05:59:20 +0200] "GET /wp-admin/index.php HTTP/1.1" 302 735 "http://ofenbernd.de/wp-login.php" "Mozilla/5.0 (X11; Linux x86_64) AppleWebKit/537.36 (KHTML, like Gecko) Chrome/124.0.0.0 Safari/537.36" PHP-Handler:plesk-php84-fpm Remoteport(vom Nginx):39854
172.71.247.92 - - [09/Aug/2026:05:59:21 +0200] "GET /tag/wasser-kaminen/ HTTP/1.1" 200 38144 "-" "WP Rocket/Preload" PHP-Handler:plesk-php84-fpm Remoteport(vom Nginx):19864
172.71.214.151 - - [09/Aug/2026:05:59:22 +0200] "GET /wp-login.php?redirect_to=https%3A%2F%2Fofenbernd.de%2Fwp-admin%2Findex.php&reauth=1 HTTP/1.1" 200 5802 "http://ofenbernd.de/wp-login.php" "Mozilla/5.0 (X11; Linux x86_64) AppleWebKit/537.36 (KHTML, like Gecko) Chrome/124.0.0.0 Safari/537.36" PHP-Handler:plesk-php84-fpm Remoteport(vom Nginx):19876
172.71.172.142 - - [09/Aug/2026:05:59:23 +0200] "GET /tag/wasser-kaminen/ HTTP/1.1" 200 28033 "-" "WP Rocket/Preload Mozilla/5.0 (iPhone; CPU iPhone OS 9_1 like Mac OS X) AppleWebKit/601.1.46 (KHTML, like Gecko) Version/9.0 Mobile/13B143 Safari/601.1" PHP-Handler:plesk-php84-fpm Remoteport(vom Nginx):19894
162.158.217.61 - - [09/Aug/2026:05:59:24 +0200] "GET /s/olsberg-format-9-rostabdeckung/ HTTP/1.1" 200 49472 "-" "WP Rocket/Preload" PHP-Handler:plesk-php84-fpm Remoteport(vom Nginx):19928
172.68.211.196 - - [09/Aug/2026:05:59:26 +0200] "GET /wp-admin/index.php HTTP/1.1" 302 735 "http://ofenbernd.de/wp-login.php" "Mozilla/5.0 (Windows NT 10.0; Win64; x64) AppleWebKit/537.36 (KHTML, like Gecko) Chrome/123.0.0.0 Safari/537.36" PHP-Handler:plesk-php84-fpm Remoteport(vom Nginx):19988
172.71.247.92 - - [09/Aug/2026:05:59:26 +0200] "GET /s/olsberg-format-9-rostabdeckung/ HTTP/1.1" 200 37599 "-" "WP Rocket/Preload Mozilla/5.0 (iPhone; CPU iPhone OS 9_1 like Mac OS X) AppleWebKit/601.1.46 (KHTML, like Gecko) Version/9.0 Mobile/13B143 Safari/601.1" PHP-Handler:plesk-php84-fpm Remoteport(vom Nginx):19974
104.22.105.50 - - [09/Aug/2026:05:59:29 +0200] "GET /p/justus-usedom-5-rost-kaminrost-ofenrost-pos-16-2902778000/ HTTP/1.1" 200 60912 "-" "Mozilla/5.0 AppleWebKit/537.36 (KHTML, like Gecko; compatible; bingbot/2.0; +http://www.bing.com/bingbot.htm) Chrome/116.0.1938.76 Safari/537.36" PHP-Handler:plesk-php84-fpm Remoteport(vom Nginx):20162
172.70.240.113 - - [09/Aug/2026:05:59:27 +0200] "GET /tag/qualitaets-kamin/ HTTP/1.1" 200 38175 "-" "WP Rocket/Preload" PHP-Handler:plesk-php84-fpm Remoteport(vom Nginx):20060
172.71.214.151 - - [09/Aug/2026:05:59:29 +0200] "GET /wp-login.php?redirect_to=https%3A%2F%2Fofenbernd.de%2Fwp-admin%2Findex.php&reauth=1 HTTP/1.1" 200 5802 "http://ofenbernd.de/wp-login.php" "Mozilla/5.0 (Windows NT 10.0; Win64; x64) AppleWebKit/537.36 (KHTML, like Gecko) Chrome/123.0.0.0 Safari/537.36" PHP-Handler:plesk-php84-fpm Remoteport(vom Nginx):20146
172.71.144.144 - - [09/Aug/2026:05:59:29 +0200] "GET /tag/qualitaets-kamin/ HTTP/1.1" 200 28063 "-" "WP Rocket/Preload Mozilla/5.0 (iPhone; CPU iPhone OS 9_1 like Mac OS X) AppleWebKit/601.1.46 (KHTML, like Gecko) Version/9.0 Mobile/13B143 Safari/601.1" PHP-Handler:plesk-php84-fpm Remoteport(vom Nginx):20134
172.71.144.144 - - [09/Aug/2026:05:59:30 +0200] "GET /tag/kamine-individuell-errichtet/ HTTP/1.1" 200 38191 "-" "WP Rocket/Preload" PHP-Handler:plesk-php84-fpm Remoteport(vom Nginx):20200
172.68.211.196 - - [09/Aug/2026:05:59:32 +0200] "GET /wp-admin/index.php HTTP/1.1" 302 735 "http://ofenbernd.de/wp-login.php" "Mozilla/5.0 (X11; Linux x86_64) AppleWebKit/537.36 (KHTML, like Gecko) Chrome/122.0.0.0 Safari/537.36" PHP-Handler:plesk-php84-fpm Remoteport(vom Nginx):28670
172.70.247.163 - - [09/Aug/2026:05:59:32 +0200] "GET /tag/kamine-individuell-errichtet/ HTTP/1.1" 200 28085 "-" "WP Rocket/Preload Mozilla/5.0 (iPhone; CPU iPhone OS 9_1 like Mac OS X) AppleWebKit/601.1.46 (KHTML, like Gecko) Version/9.0 Mobile/13B143 Safari/601.1" PHP-Handler:plesk-php84-fpm Remoteport(vom Nginx):28628
172.71.144.144 - - [09/Aug/2026:05:59:33 +0200] "GET /s/haassohn-hsz-40-hsz-50-rost/ HTTP/1.1" 200 48722 "-" "WP Rocket/Preload" PHP-Handler:plesk-php84-fpm Remoteport(vom Nginx):28680
172.71.214.151 - - [09/Aug/2026:05:59:35 +0200] "GET /wp-login.php?redirect_to=https%3A%2F%2Fofenbernd.de%2Fwp-admin%2Findex.php&reauth=1 HTTP/1.1" 200 5802 "http://ofenbernd.de/wp-login.php" "Mozilla/5.0 (X11; Linux x86_64) AppleWebKit/537.36 (KHTML, like Gecko) Chrome/122.0.0.0 Safari/537.36" PHP-Handler:plesk-php84-fpm Remoteport(vom Nginx):28710
172.70.248.78 - - [09/Aug/2026:05:59:35 +0200] "GET /s/haassohn-hsz-40-hsz-50-rost/ HTTP/1.1" 200 36016 "-" "WP Rocket/Preload Mozilla/5.0 (iPhone; CPU iPhone OS 9_1 like Mac OS X) AppleWebKit/601.1.46 (KHTML, like Gecko) Version/9.0 Mobile/13B143 Safari/601.1" PHP-Handler:plesk-php84-fpm Remoteport(vom Nginx):28708
172.71.144.144 - - [09/Aug/2026:05:59:36 +0200] "GET /s/schmid-sh-9-t-seitensteine/ HTTP/1.1" 200 50268 "-" "WP Rocket/Preload" PHP-Handler:plesk-php84-fpm Remoteport(vom Nginx):28746
172.71.172.142 - - [09/Aug/2026:05:59:38 +0200] "GET /s/schmid-sh-9-t-seitensteine/ HTTP/1.1" 200 37621 "-" "WP Rocket/Preload Mozilla/5.0 (iPhone; CPU iPhone OS 9_1 like Mac OS X) AppleWebKit/601.1.46 (KHTML, like Gecko) Version/9.0 Mobile/13B143 Safari/601.1" PHP-Handler:plesk-php84-fpm Remoteport(vom Nginx):28802
172.68.211.196 - - [09/Aug/2026:05:59:39 +0200] "GET /wp-admin/index.php HTTP/1.1" 302 735 "http://ofenbernd.de/wp-login.php" "Mozilla/5.0 (Windows NT 10.0; Win64; x64) AppleWebKit/537.36 (KHTML, like Gecko) Chrome/125.0.0.0 Safari/537.36" PHP-Handler:plesk-php84-fpm Remoteport(vom Nginx):28838
172.70.248.78 - - [09/Aug/2026:05:59:39 +0200] "GET /tag/neue-kamine/ HTTP/1.1" 200 38133 "-" "WP Rocket/Preload" PHP-Handler:plesk-php84-fpm Remoteport(vom Nginx):28850
162.158.94.225 - - [09/Aug/2026:05:59:41 +0200] "GET /tag/neue-kamine/ HTTP/1.1" 200 28029 "-" "WP Rocket/Preload Mozilla/5.0 (iPhone; CPU iPhone OS 9_1 like Mac OS X) AppleWebKit/601.1.46 (KHTML, like Gecko) Version/9.0 Mobile/13B143 Safari/601.1" PHP-Handler:plesk-php84-fpm Remoteport(vom Nginx):29108
172.71.214.151 - - [09/Aug/2026:05:59:42 +0200] "GET /wp-login.php?redirect_to=https%3A%2F%2Fofenbernd.de%2Fwp-admin%2Findex.php&reauth=1 HTTP/1.1" 200 5802 "http://ofenbernd.de/wp-login.php" "Mozilla/5.0 (Windows NT 10.0; Win64; x64) AppleWebKit/537.36 (KHTML, like Gecko) Chrome/125.0.0.0 Safari/537.36" PHP-Handler:plesk-php84-fpm Remoteport(vom Nginx):20386
172.68.211.196 - - [09/Aug/2026:05:59:46 +0200] "GET /wp-admin/index.php HTTP/1.1" 302 735 "http://ofenbernd.de/wp-login.php" "Mozilla/5.0 (X11; Linux x86_64; rv:122.0) Gecko/20100101 Firefox/122.0" PHP-Handler:plesk-php84-fpm Remoteport(vom Nginx):20510
172.70.243.5 - - [09/Aug/2026:05:59:19 +0200] "POST /wp-admin/admin-ajax.php?action=as_async_request_queue_runner&nonce=cb05d09946 HTTP/1.1" 200 754 "-" "2CALtdUTg2A3" PHP-Handler:plesk-php84-fpm Remoteport(vom Nginx):39820
172.71.214.151 - - [09/Aug/2026:05:59:48 +0200] "GET /wp-login.php?redirect_to=https%3A%2F%2Fofenbernd.de%2Fwp-admin%2Findex.php&reauth=1 HTTP/1.1" 200 5802 "http://ofenbernd.de/wp-login.php" "Mozilla/5.0 (X11; Linux x86_64; rv:122.0) Gecko/20100101 Firefox/122.0" PHP-Handler:plesk-php84-fpm Remoteport(vom Nginx):20542
162.159.106.78 - - [09/Aug/2026:05:59:49 +0200] "GET /s/seitenstein-hinten-unten/ HTTP/1.1" 200 37795 "-" "Mozilla/5.0 (Linux; Android 6.0.1; Nexus 5X Build/MMB29P) AppleWebKit/537.36 (KHTML, like Gecko) Chrome/150.0.7871.186 Mobile Safari/537.36 (compatible; Googlebot/2.1; +http://www.google.com/bot.html)" PHP-Handler:plesk-php84-fpm Remoteport(vom Nginx):20582
172.68.211.196 - - [09/Aug/2026:05:59:52 +0200] "GET /wp-admin/index.php HTTP/1.1" 302 735 "http://ofenbernd.de/wp-login.php" "Mozilla/5.0 (Macintosh; Intel Mac OS X 11_2_3) AppleWebKit/537.36 (KHTML, like Gecko) Chrome/123.0.0.0 Safari/537.36" PHP-Handler:plesk-php84-fpm Remoteport(vom Nginx):8054
172.70.94.193 - - [09/Aug/2026:05:59:56 +0200] "GET /k/ofen-ersatzteile/oranier/polar/polar-6-4654-serie-1/ HTTP/1.1" 200 54006 "-" "Mozilla/5.0 (X11; Linux x86_64) AppleWebKit/537.36 (KHTML, like Gecko) Chrome/145.0.0.0 Safari/537.36 (compatible; meta-webindexer/1.1 (+https://developers.facebook.com/docs/sharing/webmasters/crawler))" PHP-Handler:plesk-php84-fpm Remoteport(vom Nginx):8130
172.71.144.108 - - [09/Aug/2026:05:59:56 +0200] "GET /wp-content/cache/background-css/1/www.ofenbernd.de/wp-content/cache/min/1/wp-content/plugins/woocommerce/assets/css/woocommerce.css?ver=1786225793&wpr_t=1786240438 HTTP/1.1" 200 654 "https://www.ofenbernd.de/k/ofen-ersatzteile/oranier/polar/polar-6-4654-serie-1/" "Mozilla/5.0 (X11; Linux x86_64) AppleWebKit/537.36 (KHTML, like Gecko) Chrome/145.0.0.0 Safari/537.36 (compatible; meta-webindexer/1.1 (+https://developers.facebook.com/docs/sharing/webmasters/crawler))" PHP-Handler: Remoteport(vom Nginx):8144
172.71.144.108 - - [09/Aug/2026:05:59:56 +0200] "GET /wp-content/cache/background-css/1/www.ofenbernd.de/wp-content/cache/min/1/wp-content/plugins/woocommerce/assets/css/woocommerce.css?ver=1786225793&wpr_t=1786240438 HTTP/2.0" 200 10601 "https://www.ofenbernd.de/k/ofen-ersatzteile/oranier/polar/polar-6-4654-serie-1/" "Mozilla/5.0 (X11; Linux x86_64) AppleWebKit/537.36 (KHTML, like Gecko) Chrome/145.0.0.0 Safari/537.36 (compatible; meta-webindexer/1.1 (+https://developers.facebook.com/docs/sharing/webmasters/crawler))"
172.71.164.157 - - [09/Aug/2026:05:59:57 +0200] "GET /wp-content/uploads/2015/03/oranier_polar_6_4654-6_serie_1_ersatzteile_schamott_schamotte_schamottsteine_1-400x400.jpg.webp HTTP/2.0" 200 3170 "https://www.ofenbernd.de/k/ofen-ersatzteile/oranier/polar/polar-6-4654-serie-1/" "Mozilla/5.0 (X11; Linux x86_64) AppleWebKit/537.36 (KHTML, like Gecko) Chrome/145.0.0.0 Safari/537.36 (compatible; meta-webindexer/1.1 (+https://developers.facebook.com/docs/sharing/webmasters/crawler))"
172.71.164.157 - - [09/Aug/2026:05:59:57 +0200] "GET /wp-content/uploads/2015/03/oranier_polar_6_4654-6_serie_1_ersatzteile_schamott_schamotte_schamottsteine_1-400x400.jpg.webp HTTP/1.1" 200 624 "https://www.ofenbernd.de/k/ofen-ersatzteile/oranier/polar/polar-6-4654-serie-1/" "Mozilla/5.0 (X11; Linux x86_64) AppleWebKit/537.36 (KHTML, like Gecko) Chrome/145.0.0.0 Safari/537.36 (compatible; meta-webindexer/1.1 (+https://developers.facebook.com/docs/sharing/webmasters/crawler))" PHP-Handler: Remoteport(vom Nginx):8178
172.71.214.151 - - [09/Aug/2026:05:59:55 +0200] "GET /wp-login.php?redirect_to=https%3A%2F%2Fofenbernd.de%2Fwp-admin%2Findex.php&reauth=1 HTTP/1.1" 200 5802 "http://ofenbernd.de/wp-login.php" "Mozilla/5.0 (Macintosh; Intel Mac OS X 11_2_3) AppleWebKit/537.36 (KHTML, like Gecko) Chrome/123.0.0.0 Safari/537.36" PHP-Handler:plesk-php84-fpm Remoteport(vom Nginx):8104
104.22.1.117 - - [09/Aug/2026:05:59:57 +0200] "POST /?wc-ajax=get_refreshed_fragments HTTP/1.1" 200 954 "https://www.ofenbernd.de/k/ofen-ersatzteile/oranier/polar/polar-6-4654-serie-1/" "Mozilla/5.0 (X11; Linux x86_64) AppleWebKit/537.36 (KHTML, like Gecko) Chrome/145.0.0.0 Safari/537.36 (compatible; meta-webindexer/1.1 (+https://developers.facebook.com/docs/sharing/webmasters/crawler))" PHP-Handler: Remoteport(vom Nginx):8212
104.22.56.116 - - [09/Aug/2026:05:59:58 +0200] "POST /wp-admin/admin-ajax.php HTTP/1.1" 200 826 "https://www.ofenbernd.de/k/ofen-ersatzteile/oranier/polar/polar-6-4654-serie-1/" "Mozilla/5.0 (X11; Linux x86_64) AppleWebKit/537.36 (KHTML, like Gecko) Chrome/145.0.0.0 Safari/537.36 (compatible; meta-webindexer/1.1 (+https://developers.facebook.com/docs/sharing/webmasters/crawler))" PHP-Handler:plesk-php84-fpm Remoteport(vom Nginx):8224
172.68.211.196 - - [09/Aug/2026:05:59:59 +0200] "GET /wp-admin/index.php HTTP/1.1" 302 735 "http://ofenbernd.de/wp-login.php" "Mozilla/5.0 (iPhone; CPU iPhone OS 16_4 like Mac OS X) AppleWebKit/537.36 (KHTML, like Gecko) Chrome/123.0.0.0 Safari/537.36" PHP-Handler:plesk-php84-fpm Remoteport(vom Nginx):8246
172.71.214.151 - - [09/Aug/2026:06:00:02 +0200] "GET /wp-login.php?redirect_to=https%3A%2F%2Fofenbernd.de%2Fwp-admin%2Findex.php&reauth=1 HTTP/1.1" 200 5802 "http://ofenbernd.de/wp-login.php" "Mozilla/5.0 (iPhone; CPU iPhone OS 16_4 like Mac OS X) AppleWebKit/537.36 (KHTML, like Gecko) Chrome/123.0.0.0 Safari/537.36" PHP-Handler:plesk-php84-fpm Remoteport(vom Nginx):35352
172.70.94.193 - - [09/Aug/2026:06:00:09 +0200] "GET /p/olsberg-glasstrick-rundschnur-12mm-sw-dichtschn-3m-pos-60r/ HTTP/1.1" 200 46699 "-" "Mozilla/5.0 (Linux; Android 6.0.1; Nexus 5X Build/MMB29P) AppleWebKit/537.36 (KHTML, like Gecko) Chrome/150.0.7871.186 Mobile Safari/537.36 (compatible; Googlebot/2.1; +http://www.google.com/bot.html)" PHP-Handler:plesk-php84-fpm Remoteport(vom Nginx):35566
172.68.211.196 - - [09/Aug/2026:06:00:07 +0200] "GET /wp-admin/index.php HTTP/1.1" 302 735 "http://ofenbernd.de/wp-login.php" "Mozilla/5.0 (Windows NT 10.0; Win64; x64) AppleWebKit/537.36 (KHTML, like Gecko) Chrome/124.0.0.0 Safari/537.36" PHP-Handler:plesk-php84-fpm Remoteport(vom Nginx):35490
172.71.214.151 - - [09/Aug/2026:06:00:11 +0200] "GET /wp-login.php?redirect_to=https%3A%2F%2Fofenbernd.de%2Fwp-admin%2Findex.php&reauth=1 HTTP/1.1" 200 5802 "http://ofenbernd.de/wp-login.php" "Mozilla/5.0 (Windows NT 10.0; Win64; x64) AppleWebKit/537.36 (KHTML, like Gecko) Chrome/124.0.0.0 Safari/537.36" PHP-Handler:plesk-php84-fpm Remoteport(vom Nginx):35594
198.41.227.32 - - [09/Aug/2026:06:00:14 +0200] "GET /p/oranier-polar-6-eck-dichtung-set-polar-6-eck-serie-1-4656-2904906000/ HTTP/1.1" 200 47644 "-" "Mozilla/5.0 (Linux; Android 6.0.1; Nexus 5X Build/MMB29P) AppleWebKit/537.36 (KHTML, like Gecko) Chrome/150.0.7871.186 Mobile Safari/537.36 (compatible; Googlebot/2.1; +http://www.google.com/bot.html)" PHP-Handler:plesk-php84-fpm Remoteport(vom Nginx):45050
172.71.172.142 - - [09/Aug/2026:06:00:10 +0200] "GET /p/olsberg-gotland-dalen-schamottesatz-steine-set/ HTTP/1.1" 200 47516 "-" "WP Rocket/Preload Mozilla/5.0 (iPhone; CPU iPhone OS 9_1 like Mac OS X) AppleWebKit/601.1.46 (KHTML, like Gecko) Version/9.0 Mobile/13B143 Safari/601.1" PHP-Handler:plesk-php84-fpm Remoteport(vom Nginx):35582
172.71.164.207 - - [09/Aug/2026:06:00:18 +0200] "POST /wp-cron.php?doing_wp_cron=1786248018.1387109756469726562500 HTTP/1.1" 200 461 "-" "hrJuVk3z4xxl" PHP-Handler:plesk-php84-fpm Remoteport(vom Nginx):45166
172.69.150.176 - - [09/Aug/2026:05:59:47 +0200] "POST /wp-admin/admin-ajax.php?action=as_async_request_queue_runner&nonce=cb05d09946 HTTP/1.1" 200 754 "-" "h84IrpTr3UBp" PHP-Handler:plesk-php84-fpm Remoteport(vom Nginx):20536
172.69.150.176 - - [09/Aug/2026:06:00:18 +0200] "POST /wp-cron.php?doing_wp_cron=1786248018.5448410511016845703125 HTTP/1.1" 200 461 "-" "wn6FRi7q5se0" PHP-Handler:plesk-php84-fpm Remoteport(vom Nginx):45186
