162.158.86.125 - - [09/Aug/2026:06:07:49 +0200] "GET /s/olsberg-profi-7-12-plus-rueckwand/ HTTP/1.1" 200 37956 "-" "WP Rocket/Preload Mozilla/5.0 (iPhone; CPU iPhone OS 9_1 like Mac OS X) AppleWebKit/601.1.46 (KHTML, like Gecko) Version/9.0 Mobile/13B143 Safari/601.1" PHP-Handler:plesk-php84-fpm Remoteport(vom Nginx):27330
172.70.247.163 - - [09/Aug/2026:06:07:29 +0200] "POST /wp-admin/admin-ajax.php?action=as_async_request_queue_runner&nonce=cb05d09946 HTTP/1.1" 200 754 "-" "lLWuHRbPcKDD" PHP-Handler:plesk-php84-fpm Remoteport(vom Nginx):2558
172.71.214.151 - - [09/Aug/2026:06:07:53 +0200] "GET /wp-login.php?redirect_to=https%3A%2F%2Fofenbernd.de%2Fwp-admin%2Findex.php&reauth=1 HTTP/1.1" 200 5802 "http://ofenbernd.de/wp-login.php" "Mozilla/5.0 (Macintosh; Intel Mac OS X 11_2_3) AppleWebKit/605.1.15 (KHTML, like Gecko) Version/17.2 Safari/605.1.15" PHP-Handler:plesk-php84-fpm Remoteport(vom Nginx):13418
162.158.94.224 - - [09/Aug/2026:06:07:55 +0200] "GET /tag/kamine-2020/ HTTP/1.1" 200 37466 "-" "WP Rocket/Preload" PHP-Handler:plesk-php84-fpm Remoteport(vom Nginx):13442
172.68.211.196 - - [09/Aug/2026:06:07:57 +0200] "GET /wp-admin/index.php HTTP/1.1" 302 735 "http://ofenbernd.de/wp-login.php" "Mozilla/5.0 (Windows NT 10.0; Win64; x64) AppleWebKit/537.36 (KHTML, like Gecko) Chrome/122.0.0.0 Safari/537.36 Edge/122.0.2365.92" PHP-Handler:plesk-php84-fpm Remoteport(vom Nginx):13474
172.70.240.113 - - [09/Aug/2026:06:07:57 +0200] "GET /tag/kamine-2020/ HTTP/1.1" 200 28030 "-" "WP Rocket/Preload Mozilla/5.0 (iPhone; CPU iPhone OS 9_1 like Mac OS X) AppleWebKit/601.1.46 (KHTML, like Gecko) Version/9.0 Mobile/13B143 Safari/601.1" PHP-Handler:plesk-php84-fpm Remoteport(vom Nginx):13488
172.70.247.163 - - [09/Aug/2026:06:07:58 +0200] "GET /s/oranier-arktis-8-tuerdichtung/ HTTP/1.1" 200 49650 "-" "WP Rocket/Preload" PHP-Handler:plesk-php84-fpm Remoteport(vom Nginx):13528
172.71.214.151 - - [09/Aug/2026:06:08:00 +0200] "GET /wp-login.php?redirect_to=https%3A%2F%2Fofenbernd.de%2Fwp-admin%2Findex.php&reauth=1 HTTP/1.1" 200 5802 "http://ofenbernd.de/wp-login.php" "Mozilla/5.0 (Windows NT 10.0; Win64; x64) AppleWebKit/537.36 (KHTML, like Gecko) Chrome/122.0.0.0 Safari/537.36 Edge/122.0.2365.92" PHP-Handler:plesk-php84-fpm Remoteport(vom Nginx):13554
172.70.240.113 - - [09/Aug/2026:06:08:00 +0200] "GET /s/oranier-arktis-8-tuerdichtung/ HTTP/1.1" 200 37742 "-" "WP Rocket/Preload Mozilla/5.0 (iPhone; CPU iPhone OS 9_1 like Mac OS X) AppleWebKit/601.1.46 (KHTML, like Gecko) Version/9.0 Mobile/13B143 Safari/601.1" PHP-Handler:plesk-php84-fpm Remoteport(vom Nginx):13548
172.71.172.142 - - [09/Aug/2026:06:08:01 +0200] "GET /tag/kohle-ofen/ HTTP/1.1" 200 38141 "-" "WP Rocket/Preload" PHP-Handler:plesk-php84-fpm Remoteport(vom Nginx):56500
172.70.240.113 - - [09/Aug/2026:06:08:03 +0200] "GET /tag/kohle-ofen/ HTTP/1.1" 200 28036 "-" "WP Rocket/Preload Mozilla/5.0 (iPhone; CPU iPhone OS 9_1 like Mac OS X) AppleWebKit/601.1.46 (KHTML, like Gecko) Version/9.0 Mobile/13B143 Safari/601.1" PHP-Handler:plesk-php84-fpm Remoteport(vom Nginx):56562
172.68.211.196 - - [09/Aug/2026:06:08:04 +0200] "GET /wp-admin/index.php HTTP/1.1" 302 735 "http://ofenbernd.de/wp-login.php" "Mozilla/5.0 (Macintosh; Intel Mac OS X 11_2_3) AppleWebKit/537.36 (KHTML, like Gecko) Chrome/125.0.0.0 Safari/537.36" PHP-Handler:plesk-php84-fpm Remoteport(vom Nginx):56610
172.70.248.78 - - [09/Aug/2026:06:08:04 +0200] "GET /tag/scheitholzofen-2020/ HTTP/1.1" 200 38159 "-" "WP Rocket/Preload" PHP-Handler:plesk-php84-fpm Remoteport(vom Nginx):56598
172.71.164.207 - - [09/Aug/2026:06:08:06 +0200] "GET /tag/scheitholzofen-2020/ HTTP/1.1" 200 28055 "-" "WP Rocket/Preload Mozilla/5.0 (iPhone; CPU iPhone OS 9_1 like Mac OS X) AppleWebKit/601.1.46 (KHTML, like Gecko) Version/9.0 Mobile/13B143 Safari/601.1" PHP-Handler:plesk-php84-fpm Remoteport(vom Nginx):56658
172.71.214.151 - - [09/Aug/2026:06:08:07 +0200] "GET /wp-login.php?redirect_to=https%3A%2F%2Fofenbernd.de%2Fwp-admin%2Findex.php&reauth=1 HTTP/1.1" 200 5802 "http://ofenbernd.de/wp-login.php" "Mozilla/5.0 (Macintosh; Intel Mac OS X 11_2_3) AppleWebKit/537.36 (KHTML, like Gecko) Chrome/125.0.0.0 Safari/537.36" PHP-Handler:plesk-php84-fpm Remoteport(vom Nginx):56706
172.71.172.142 - - [09/Aug/2026:06:08:07 +0200] "GET /tag/qualitaets-oefen/ HTTP/1.1" 200 38195 "-" "WP Rocket/Preload" PHP-Handler:plesk-php84-fpm Remoteport(vom Nginx):56718
172.70.243.6 - - [09/Aug/2026:06:08:09 +0200] "GET /tag/qualitaets-oefen/ HTTP/1.1" 200 28082 "-" "WP Rocket/Preload Mozilla/5.0 (iPhone; CPU iPhone OS 9_1 like Mac OS X) AppleWebKit/601.1.46 (KHTML, like Gecko) Version/9.0 Mobile/13B143 Safari/601.1" PHP-Handler:plesk-php84-fpm Remoteport(vom Nginx):56758
172.68.211.196 - - [09/Aug/2026:06:08:11 +0200] "GET /wp-admin/index.php HTTP/1.1" 302 735 "http://ofenbernd.de/wp-login.php" "Mozilla/5.0 (Windows NT 10.0; Win64; x64) AppleWebKit/537.36 (KHTML, like Gecko) Chrome/122.0.0.0 Safari/537.36" PHP-Handler:plesk-php84-fpm Remoteport(vom Nginx):53488
162.158.217.60 - - [09/Aug/2026:06:08:10 +0200] "GET /p/olsberg-format-9-duesenstein-links-guss-ersatzteile/ HTTP/1.1" 200 60230 "-" "WP Rocket/Preload" PHP-Handler:plesk-php84-fpm Remoteport(vom Nginx):56812
172.71.144.144 - - [09/Aug/2026:06:08:12 +0200] "GET /p/olsberg-format-9-duesenstein-links-guss-ersatzteile/ HTTP/1.1" 200 47441 "-" "WP Rocket/Preload Mozilla/5.0 (iPhone; CPU iPhone OS 9_1 like Mac OS X) AppleWebKit/601.1.46 (KHTML, like Gecko) Version/9.0 Mobile/13B143 Safari/601.1" PHP-Handler:plesk-php84-fpm Remoteport(vom Nginx):53492
172.71.172.142 - - [09/Aug/2026:06:08:13 +0200] "GET /tag/aktion-angebot-spartherm-kaminofen/ HTTP/1.1" 200 38190 "-" "WP Rocket/Preload" PHP-Handler:plesk-php84-fpm Remoteport(vom Nginx):53552
172.71.214.151 - - [09/Aug/2026:06:08:15 +0200] "GET /wp-login.php?redirect_to=https%3A%2F%2Fofenbernd.de%2Fwp-admin%2Findex.php&reauth=1 HTTP/1.1" 200 5802 "http://ofenbernd.de/wp-login.php" "Mozilla/5.0 (Windows NT 10.0; Win64; x64) AppleWebKit/537.36 (KHTML, like Gecko) Chrome/122.0.0.0 Safari/537.36" PHP-Handler:plesk-php84-fpm Remoteport(vom Nginx):53566
172.71.172.142 - - [09/Aug/2026:06:08:15 +0200] "GET /tag/aktion-angebot-spartherm-kaminofen/ HTTP/1.1" 200 28092 "-" "WP Rocket/Preload Mozilla/5.0 (iPhone; CPU iPhone OS 9_1 like Mac OS X) AppleWebKit/601.1.46 (KHTML, like Gecko) Version/9.0 Mobile/13B143 Safari/601.1" PHP-Handler:plesk-php84-fpm Remoteport(vom Nginx):53570
172.71.164.207 - - [09/Aug/2026:06:08:21 +0200] "POST /wp-cron.php?doing_wp_cron=1786248501.5051350593566894531250 HTTP/1.1" 200 461 "-" "KjjZSp9Z9F59" PHP-Handler:plesk-php84-fpm Remoteport(vom Nginx):1788
172.68.211.196 - - [09/Aug/2026:06:08:19 +0200] "GET /wp-admin/index.php HTTP/1.1" 302 735 "http://ofenbernd.de/wp-login.php" "Mozilla/5.0 (Windows NT 10.0; Win64; x64) AppleWebKit/537.36 (KHTML, like Gecko) Chrome/124.0.0.0 Safari/537.36" PHP-Handler:plesk-php84-fpm Remoteport(vom Nginx):53632
172.71.214.151 - - [09/Aug/2026:06:08:22 +0200] "GET /wp-login.php?redirect_to=https%3A%2F%2Fofenbernd.de%2Fwp-admin%2Findex.php&reauth=1 HTTP/1.1" 200 5802 "http://ofenbernd.de/wp-login.php" "Mozilla/5.0 (Windows NT 10.0; Win64; x64) AppleWebKit/537.36 (KHTML, like Gecko) Chrome/124.0.0.0 Safari/537.36" PHP-Handler:plesk-php84-fpm Remoteport(vom Nginx):1808
172.71.222.249 - - [09/Aug/2026:06:08:22 +0200] "GET /wp-json/oembed/1.0/embed?url=https://www.ofenbernd.de/p/olsberg-fogo-seitenstein-links-pos-36b-23-4661-1251/ HTTP/1.1" 200 2040 "-" "Mozilla/5.0 AppleWebKit/537.36 (KHTML, like Gecko; compatible; Amazonbot/0.1; +https://developer.amazon.com/support/amazonbot) Chrome/119.0.6045.214 Safari/537.36" PHP-Handler:plesk-php84-fpm Remoteport(vom Nginx):1822
172.68.211.196 - - [09/Aug/2026:06:08:26 +0200] "GET /wp-admin/index.php HTTP/1.1" 302 735 "http://ofenbernd.de/wp-login.php" "Mozilla/5.0 (iPhone; CPU iPhone OS 16_4 like Mac OS X) AppleWebKit/537.36 (KHTML, like Gecko) Chrome/123.0.0.0 Safari/537.36" PHP-Handler:plesk-php84-fpm Remoteport(vom Nginx):1950
162.159.120.164 - - [09/Aug/2026:06:08:28 +0200] "POST /?wc-ajax=get_refreshed_fragments HTTP/1.1" 200 954 "https://www.ofenbernd.de/p/justus-usedom-5-schamotte-auskleidung-komplett-2902779000/" "Mozilla/5.0 AppleWebKit/537.36 (KHTML, like Gecko; compatible; bingbot/2.0; +http://www.bing.com/bingbot.htm) Chrome/136.0.0.0 Safari/537.36" PHP-Handler: Remoteport(vom Nginx):1988
172.70.247.163 - - [09/Aug/2026:06:08:32 +0200] "POST /wp-cron.php?doing_wp_cron=1786248512.3951210975646972656250 HTTP/1.1" 200 461 "-" "sD8v44d03R2P" PHP-Handler:plesk-php84-fpm Remoteport(vom Nginx):4138
172.71.214.151 - - [09/Aug/2026:06:08:29 +0200] "GET /wp-login.php?redirect_to=https%3A%2F%2Fofenbernd.de%2Fwp-admin%2Findex.php&reauth=1 HTTP/1.1" 200 5802 "http://ofenbernd.de/wp-login.php" "Mozilla/5.0 (iPhone; CPU iPhone OS 16_4 like Mac OS X) AppleWebKit/537.36 (KHTML, like Gecko) Chrome/123.0.0.0 Safari/537.36" PHP-Handler:plesk-php84-fpm Remoteport(vom Nginx):2008
172.64.217.77 - - [09/Aug/2026:06:08:30 +0200] "POST /?wc-ajax=get_refreshed_fragments HTTP/1.1" 200 954 "https://www.ofenbernd.de/s/schmid-sh-9-d-schnurdichtung-grau/?orderby=popularity" "Mozilla/5.0 (Windows NT 10.0; Win64; x64) AppleWebKit/537.36 (KHTML, like Gecko) Chrome/99.0.4844.51 Safari/537.36" PHP-Handler: Remoteport(vom Nginx):2028
172.68.211.196 - - [09/Aug/2026:06:08:33 +0200] "GET /wp-admin/index.php HTTP/1.1" 302 735 "http://ofenbernd.de/wp-login.php" "Mozilla/5.0 (Windows NT 10.0; Win64; x64) AppleWebKit/537.36 (KHTML, like Gecko) Chrome/122.0.0.0 Safari/537.36 Edge/122.0.2365.92" PHP-Handler:plesk-php84-fpm Remoteport(vom Nginx):4176
172.71.214.151 - - [09/Aug/2026:06:08:36 +0200] "GET /wp-login.php?redirect_to=https%3A%2F%2Fofenbernd.de%2Fwp-admin%2Findex.php&reauth=1 HTTP/1.1" 200 5802 "http://ofenbernd.de/wp-login.php" "Mozilla/5.0 (Windows NT 10.0; Win64; x64) AppleWebKit/537.36 (KHTML, like Gecko) Chrome/122.0.0.0 Safari/537.36 Edge/122.0.2365.92" PHP-Handler:plesk-php84-fpm Remoteport(vom Nginx):4234
104.23.175.94 - - [09/Aug/2026:06:08:36 +0200] "GET /s/schmid-sd-6-f-rostlager/?orderby=popularity HTTP/1.1" 200 32871 "-" "Mozilla/5.0 (Macintosh; Intel Mac OS X 10_8_0) AppleWebKit/537.36 (KHTML, like Gecko) Chrome/32.0.1664.3 Safari/537.36" PHP-Handler:plesk-php84-fpm Remoteport(vom Nginx):4218
172.71.166.251 - - [09/Aug/2026:06:08:40 +0200] "GET /p/olsberg-profi-12-frontstein-pos-34-21-5741-1262/ HTTP/1.1" 200 46871 "-" "Mozilla/5.0 (Linux; Android 6.0.1; Nexus 5X Build/MMB29P) AppleWebKit/537.36 (KHTML, like Gecko) Chrome/150.0.7871.186 Mobile Safari/537.36 (compatible; Googlebot/2.1; +http://www.google.com/bot.html)" PHP-Handler:plesk-php84-fpm Remoteport(vom Nginx):4366
172.69.201.152 - - [09/Aug/2026:06:08:37 +0200] "GET /s/tuergriff/ HTTP/1.1" 200 49381 "-" "Mozilla/5.0 (Macintosh; Intel Mac OS X 10_15_7) AppleWebKit/537.36 (KHTML, like Gecko) Chrome/98.0.4758.109 Safari/537.36" PHP-Handler:plesk-php84-fpm Remoteport(vom Nginx):4238
172.68.211.196 - - [09/Aug/2026:06:08:40 +0200] "GET /wp-admin/index.php HTTP/1.1" 302 735 "http://ofenbernd.de/wp-login.php" "Mozilla/5.0 (iPhone; CPU iPhone OS 16_4 like Mac OS X) AppleWebKit/537.36 (KHTML, like Gecko) Chrome/124.0.0.0 Safari/537.36" PHP-Handler:plesk-php84-fpm Remoteport(vom Nginx):4384
172.71.214.151 - - [09/Aug/2026:06:08:43 +0200] "GET /wp-login.php?redirect_to=https%3A%2F%2Fofenbernd.de%2Fwp-admin%2Findex.php&reauth=1 HTTP/1.1" 200 5802 "http://ofenbernd.de/wp-login.php" "Mozilla/5.0 (iPhone; CPU iPhone OS 16_4 like Mac OS X) AppleWebKit/537.36 (KHTML, like Gecko) Chrome/124.0.0.0 Safari/537.36" PHP-Handler:plesk-php84-fpm Remoteport(vom Nginx):9936
162.158.217.60 - - [09/Aug/2026:06:08:49 +0200] "POST /wp-cron.php?doing_wp_cron=1786248529.6781389713287353515625 HTTP/1.1" 200 461 "-" "OrUi0Sg4DtKl" PHP-Handler:plesk-php84-fpm Remoteport(vom Nginx):10166
172.68.211.196 - - [09/Aug/2026:06:08:47 +0200] "GET /wp-admin/index.php HTTP/1.1" 302 735 "http://ofenbernd.de/wp-login.php" "Mozilla/5.0 (Windows NT 10.0; Win64; x64) AppleWebKit/537.36 (KHTML, like Gecko) Chrome/125.0.0.0 Safari/537.36" PHP-Handler:plesk-php84-fpm Remoteport(vom Nginx):10078
172.71.214.151 - - [09/Aug/2026:06:08:50 +0200] "GET /wp-login.php?redirect_to=https%3A%2F%2Fofenbernd.de%2Fwp-admin%2Findex.php&reauth=1 HTTP/1.1" 200 5802 "http://ofenbernd.de/wp-login.php" "Mozilla/5.0 (Windows NT 10.0; Win64; x64) AppleWebKit/537.36 (KHTML, like Gecko) Chrome/125.0.0.0 Safari/537.36" PHP-Handler:plesk-php84-fpm Remoteport(vom Nginx):10190
104.22.66.241 - - [09/Aug/2026:06:08:50 +0200] "GET /marken/f8-spartherm/?orderby=date&add-to-cart=22056 HTTP/1.1" 200 37014 "https://www.ofenbernd.de/" "Mozilla/5.0 (Windows NT 10.0; Win64; x64) AppleWebKit/537.36 (KHTML, like Gecko) Chrome/135.0.0.0 Safari/537.36" PHP-Handler:plesk-php84-fpm Remoteport(vom Nginx):10222
172.71.164.207 - - [09/Aug/2026:06:08:52 +0200] "GET /s/links-vorne/ HTTP/1.1" 200 50211 "-" "WP Rocket/Preload" PHP-Handler:plesk-php84-fpm Remoteport(vom Nginx):61966
172.68.211.196 - - [09/Aug/2026:06:08:54 +0200] "GET /wp-admin/index.php HTTP/1.1" 302 735 "http://ofenbernd.de/wp-login.php" "Mozilla/5.0 (Macintosh; Intel Mac OS X 11_2_3; rv:122.0) Gecko/20100101 Firefox/122.0" PHP-Handler:plesk-php84-fpm Remoteport(vom Nginx):62042
172.70.248.78 - - [09/Aug/2026:06:08:56 +0200] "GET /s/links-vorne/ HTTP/1.1" 200 37574 "-" "WP Rocket/Preload Mozilla/5.0 (iPhone; CPU iPhone OS 9_1 like Mac OS X) AppleWebKit/601.1.46 (KHTML, like Gecko) Version/9.0 Mobile/13B143 Safari/601.1" PHP-Handler:plesk-php84-fpm Remoteport(vom Nginx):62156
162.158.86.125 - - [09/Aug/2026:06:09:01 +0200] "POST /wp-cron.php?doing_wp_cron=1786248541.0100529193878173828125 HTTP/1.1" 200 461 "-" "L2ryvVsvMsoG" PHP-Handler:plesk-php84-fpm Remoteport(vom Nginx):62280
172.71.214.151 - - [09/Aug/2026:06:08:58 +0200] "GET /wp-login.php?redirect_to=https%3A%2F%2Fofenbernd.de%2Fwp-admin%2Findex.php&reauth=1 HTTP/1.1" 200 5802 "http://ofenbernd.de/wp-login.php" "Mozilla/5.0 (Macintosh; Intel Mac OS X 11_2_3; rv:122.0) Gecko/20100101 Firefox/122.0" PHP-Handler:plesk-php84-fpm Remoteport(vom Nginx):62228
172.68.211.196 - - [09/Aug/2026:06:09:02 +0200] "GET /wp-admin/index.php HTTP/1.1" 302 735 "http://ofenbernd.de/wp-login.php" "Mozilla/5.0 (Macintosh; Intel Mac OS X 11_2_3; rv:123.0) Gecko/20100101 Firefox/123.0" PHP-Handler:plesk-php84-fpm Remoteport(vom Nginx):26116
172.71.214.151 - - [09/Aug/2026:06:09:05 +0200] "GET /wp-login.php?redirect_to=https%3A%2F%2Fofenbernd.de%2Fwp-admin%2Findex.php&reauth=1 HTTP/1.1" 200 5802 "http://ofenbernd.de/wp-login.php" "Mozilla/5.0 (Macintosh; Intel Mac OS X 11_2_3; rv:123.0) Gecko/20100101 Firefox/123.0" PHP-Handler:plesk-php84-fpm Remoteport(vom Nginx):26224
172.71.144.144 - - [09/Aug/2026:06:09:11 +0200] "POST /wp-cron.php?doing_wp_cron=1786248551.4496700763702392578125 HTTP/1.1" 200 461 "-" "EJtRxLvz14lz" PHP-Handler:plesk-php84-fpm Remoteport(vom Nginx):33562
172.68.211.196 - - [09/Aug/2026:06:09:08 +0200] "GET /wp-admin/index.php HTTP/1.1" 302 735 "http://ofenbernd.de/wp-login.php" "Mozilla/5.0 (iPhone; CPU iPhone OS 16_4 like Mac OS X) AppleWebKit/537.36 (KHTML, like Gecko) Chrome/125.0.0.0 Safari/537.36" PHP-Handler:plesk-php84-fpm Remoteport(vom Nginx):26344
172.71.214.151 - - [09/Aug/2026:06:09:12 +0200] "GET /wp-login.php?redirect_to=https%3A%2F%2Fofenbernd.de%2Fwp-admin%2Findex.php&reauth=1 HTTP/1.1" 200 5802 "http://ofenbernd.de/wp-login.php" "Mozilla/5.0 (iPhone; CPU iPhone OS 16_4 like Mac OS X) AppleWebKit/537.36 (KHTML, like Gecko) Chrome/125.0.0.0 Safari/537.36" PHP-Handler:plesk-php84-fpm Remoteport(vom Nginx):33620
172.69.39.20 - - [09/Aug/2026:06:09:17 +0200] "GET /s/schmid-sh-11-g-griff-tuergriff/ HTTP/1.1" 200 50163 "-" "Mozilla/5.0 (Macintosh; Intel Mac OS X 10_12_6) AppleWebKit/537.36 (KHTML, like Gecko) Chrome/97.0.4692.71 Safari/537.36" PHP-Handler:plesk-php84-fpm Remoteport(vom Nginx):33718
172.68.211.196 - - [09/Aug/2026:06:09:15 +0200] "GET /wp-admin/index.php HTTP/1.1" 302 735 "http://ofenbernd.de/wp-login.php" "Mozilla/5.0 (Windows NT 10.0; Win64; x64; rv:123.0) Gecko/20100101 Firefox/123.0" PHP-Handler:plesk-php84-fpm Remoteport(vom Nginx):33688
172.71.164.207 - - [09/Aug/2026:06:09:22 +0200] "POST /wp-cron.php?doing_wp_cron=1786248561.9550108909606933593750 HTTP/1.1" 200 461 "-" "f7ZFDhG0DTnD" PHP-Handler:plesk-php84-fpm Remoteport(vom Nginx):61980
172.71.214.151 - - [09/Aug/2026:06:09:19 +0200] "GET /wp-login.php?redirect_to=https%3A%2F%2Fofenbernd.de%2Fwp-admin%2Findex.php&reauth=1 HTTP/1.1" 200 5802 "http://ofenbernd.de/wp-login.php" "Mozilla/5.0 (Windows NT 10.0; Win64; x64; rv:123.0) Gecko/20100101 Firefox/123.0" PHP-Handler:plesk-php84-fpm Remoteport(vom Nginx):33796
162.158.88.85 - - [09/Aug/2026:06:09:21 +0200] "GET /feed/ HTTP/1.1" 301 682 "-" "Mozilla/5.0" PHP-Handler:plesk-php84-fpm Remoteport(vom Nginx):33842
162.158.217.60 - - [09/Aug/2026:06:09:20 +0200] "GET /s/wodtke-hk-01-fuss-aus-guss/ HTTP/1.1" 200 48723 "-" "WP Rocket/Preload" PHP-Handler:plesk-php84-fpm Remoteport(vom Nginx):33822
162.158.94.224 - - [09/Aug/2026:06:09:22 +0200] "GET /s/wodtke-hk-01-fuss-aus-guss/ HTTP/1.1" 200 36037 "-" "WP Rocket/Preload Mozilla/5.0 (iPhone; CPU iPhone OS 9_1 like Mac OS X) AppleWebKit/601.1.46 (KHTML, like Gecko) Version/9.0 Mobile/13B143 Safari/601.1" PHP-Handler:plesk-php84-fpm Remoteport(vom Nginx):61998
162.159.104.105 - - [09/Aug/2026:06:09:25 +0200] "GET /p/schmid-sh-11-d-seitenstein-paket-pos-7-67-2010-2257/ HTTP/1.1" 200 46820 "-" "Mozilla/5.0 (Linux; Android 6.0.1; Nexus 5X Build/MMB29P) AppleWebKit/537.36 (KHTML, like Gecko) Chrome/150.0.7871.186 Mobile Safari/537.36 (compatible; GoogleOther)" PHP-Handler:plesk-php84-fpm Remoteport(vom Nginx):62148
172.68.211.196 - - [09/Aug/2026:06:09:23 +0200] "GET /wp-admin/index.php HTTP/1.1" 302 735 "http://ofenbernd.de/wp-login.php" "Mozilla/5.0 (iPhone; CPU iPhone OS 16_4 like Mac OS X) AppleWebKit/537.36 (KHTML, like Gecko) Chrome/122.0.0.0 Safari/537.36" PHP-Handler:plesk-php84-fpm Remoteport(vom Nginx):62034
162.158.108.88 - - [09/Aug/2026:06:09:24 +0200] "GET /feed/ HTTP/1.1" 200 1117 "https://ofenbernd.de/feed/" "Mozilla/5.0" PHP-Handler:plesk-php84-fpm Remoteport(vom Nginx):62090
172.71.144.144 - - [09/Aug/2026:06:09:23 +0200] "GET /s/oranier-malmoe-6-glasscheibe/ HTTP/1.1" 200 50258 "-" "WP Rocket/Preload" PHP-Handler:plesk-php84-fpm Remoteport(vom Nginx):62044
172.71.172.142 - - [09/Aug/2026:06:09:25 +0200] "GET /s/oranier-malmoe-6-glasscheibe/ HTTP/1.1" 200 37603 "-" "WP Rocket/Preload Mozilla/5.0 (iPhone; CPU iPhone OS 9_1 like Mac OS X) AppleWebKit/601.1.46 (KHTML, like Gecko) Version/9.0 Mobile/13B143 Safari/601.1" PHP-Handler:plesk-php84-fpm Remoteport(vom Nginx):62122
172.71.214.151 - - [09/Aug/2026:06:09:26 +0200] "GET /wp-login.php?redirect_to=https%3A%2F%2Fofenbernd.de%2Fwp-admin%2Findex.php&reauth=1 HTTP/1.1" 200 5802 "http://ofenbernd.de/wp-login.php" "Mozilla/5.0 (iPhone; CPU iPhone OS 16_4 like Mac OS X) AppleWebKit/537.36 (KHTML, like Gecko) Chrome/122.0.0.0 Safari/537.36" PHP-Handler:plesk-php84-fpm Remoteport(vom Nginx):62170
172.70.248.78 - - [09/Aug/2026:06:09:26 +0200] "GET /s/wodtke-hk-02-scheibe/ HTTP/1.1" 200 48657 "-" "WP Rocket/Preload" PHP-Handler:plesk-php84-fpm Remoteport(vom Nginx):62174
172.70.206.10 - - [09/Aug/2026:06:09:27 +0200] "GET /s/seitenstein-links-unten/?orderby=price&add-to-cart=16141 HTTP/1.1" 200 34266 "-" "Mozilla/5.0 (Windows NT 10.0; Win64; x64) AppleWebKit/537.36 (KHTML, like Gecko) Chrome/146.0.0.0 Safari/537.36" PHP-Handler:plesk-php84-fpm Remoteport(vom Nginx):62182
172.70.247.163 - - [09/Aug/2026:06:09:28 +0200] "GET /s/wodtke-hk-02-scheibe/ HTTP/1.1" 200 35986 "-" "WP Rocket/Preload Mozilla/5.0 (iPhone; CPU iPhone OS 9_1 like Mac OS X) AppleWebKit/601.1.46 (KHTML, like Gecko) Version/9.0 Mobile/13B143 Safari/601.1" PHP-Handler:plesk-php84-fpm Remoteport(vom Nginx):62204
172.71.172.129 - - [09/Aug/2026:06:09:32 +0200] "GET /wp-content/cache/background-css/1/www.ofenbernd.de/wp-content/cache/min/1/wp-content/plugins/customer-reviews-woocommerce/css/frontend.css?ver=1785888000&wpr_t=1785888000 HTTP/1.1" 200 661 "https://www.ofenbernd.de/p/schmid-sh-11-d-seitenstein-paket-pos-7-67-2010-2257/" "Mozilla/5.0 (Linux; Android 6.0.1; Nexus 5X Build/MMB29P) AppleWebKit/537.36 (KHTML, like Gecko) Chrome/150.0.7871.186 Mobile Safari/537.36 (compatible; GoogleOther)" PHP-Handler: Remoteport(vom Nginx):8970
172.71.172.129 - - [09/Aug/2026:06:09:32 +0200] "GET /wp-content/cache/background-css/1/www.ofenbernd.de/wp-content/cache/min/1/wp-content/plugins/customer-reviews-woocommerce/css/frontend.css?ver=1785888000&wpr_t=1785888000 HTTP/2.0" 200 14305 "https://www.ofenbernd.de/p/schmid-sh-11-d-seitenstein-paket-pos-7-67-2010-2257/" "Mozilla/5.0 (Linux; Android 6.0.1; Nexus 5X Build/MMB29P) AppleWebKit/537.36 (KHTML, like Gecko) Chrome/150.0.7871.186 Mobile Safari/537.36 (compatible; GoogleOther)"
162.158.94.224 - - [09/Aug/2026:06:09:33 +0200] "POST /wp-cron.php?doing_wp_cron=1786248573.0107090473175048828125 HTTP/1.1" 200 461 "-" "pm3x91fmSDwU" PHP-Handler:plesk-php84-fpm Remoteport(vom Nginx):9032
172.68.211.196 - - [09/Aug/2026:06:09:30 +0200] "GET /wp-admin/index.php HTTP/1.1" 302 735 "http://ofenbernd.de/wp-login.php" "Mozilla/5.0 (Macintosh; Intel Mac OS X 11_2_3) AppleWebKit/537.36 (KHTML, like Gecko) Chrome/123.0.0.0 Safari/537.36" PHP-Handler:plesk-php84-fpm Remoteport(vom Nginx):62248
172.70.240.112 - - [09/Aug/2026:06:09:29 +0200] "GET /s/oranier-polar-6-eck-ersatzteile/ HTTP/1.1" 200 52837 "-" "WP Rocket/Preload" PHP-Handler:plesk-php84-fpm Remoteport(vom Nginx):62238
172.70.248.78 - - [09/Aug/2026:06:09:31 +0200] "GET /s/oranier-polar-6-eck-ersatzteile/ HTTP/1.1" 200 39513 "-" "WP Rocket/Preload Mozilla/5.0 (iPhone; CPU iPhone OS 9_1 like Mac OS X) AppleWebKit/601.1.46 (KHTML, like Gecko) Version/9.0 Mobile/13B143 Safari/601.1" PHP-Handler:plesk-php84-fpm Remoteport(vom Nginx):62288
172.71.214.151 - - [09/Aug/2026:06:09:33 +0200] "GET /wp-login.php?redirect_to=https%3A%2F%2Fofenbernd.de%2Fwp-admin%2Findex.php&reauth=1 HTTP/1.1" 200 5802 "http://ofenbernd.de/wp-login.php" "Mozilla/5.0 (Macintosh; Intel Mac OS X 11_2_3) AppleWebKit/537.36 (KHTML, like Gecko) Chrome/123.0.0.0 Safari/537.36" PHP-Handler:plesk-php84-fpm Remoteport(vom Nginx):9074
172.70.240.112 - - [09/Aug/2026:06:09:37 +0200] "POST /wp-cron.php?doing_wp_cron=1786248577.1673619747161865234375 HTTP/1.1" 200 461 "-" "uITE9FH7AoOO" PHP-Handler:plesk-php84-fpm Remoteport(vom Nginx):9216
172.70.243.5 - - [09/Aug/2026:06:09:32 +0200] "GET /s/gussrost/ HTTP/1.1" 200 51262 "-" "WP Rocket/Preload" PHP-Handler:plesk-php84-fpm Remoteport(vom Nginx):9004
172.70.206.10 - - [09/Aug/2026:06:09:35 +0200] "POST /?wc-ajax=get_refreshed_fragments HTTP/1.1" 200 1934 "https://www.ofenbernd.de/s/seitenstein-links-unten/?orderby=price&add-to-cart=16141" "Mozilla/5.0 (Windows NT 10.0; Win64; x64) AppleWebKit/537.36 (KHTML, like Gecko) Chrome/146.0.0.0 Safari/537.36" PHP-Handler: Remoteport(vom Nginx):9146
104.23.239.69 - - [09/Aug/2026:06:09:34 +0200] "GET /s/gussrost/ HTTP/1.1" 200 39233 "-" "WP Rocket/Preload Mozilla/5.0 (iPhone; CPU iPhone OS 9_1 like Mac OS X) AppleWebKit/601.1.46 (KHTML, like Gecko) Version/9.0 Mobile/13B143 Safari/601.1" PHP-Handler:plesk-php84-fpm Remoteport(vom Nginx):9122
172.69.65.231 - - [09/Aug/2026:06:09:34 +0200] "GET /s/passo-xs/?orderby=price-desc HTTP/1.1" 200 32938 "-" "Mozilla/5.0 (Windows NT 10.0; WOW64) AppleWebKit/537.36 (KHTML, like Gecko) Chrome/94.0.4606.81 Safari/537.36" PHP-Handler:plesk-php84-fpm Remoteport(vom Nginx):9126
172.71.144.144 - - [09/Aug/2026:06:09:38 +0200] "GET /s/ambiente-a9/ HTTP/1.1" 200 49996 "-" "WP Rocket/Preload" PHP-Handler:plesk-php84-fpm Remoteport(vom Nginx):9326
172.71.164.207 - - [09/Aug/2026:06:09:35 +0200] "GET /s/haassohn-millenium-200-15-c-scheibe/ HTTP/1.1" 200 48758 "-" "WP Rocket/Preload" PHP-Handler:plesk-php84-fpm Remoteport(vom Nginx):9170
172.68.211.196 - - [09/Aug/2026:06:09:37 +0200] "GET /wp-admin/index.php HTTP/1.1" 302 735 "http://ofenbernd.de/wp-login.php" "Mozilla/5.0 (Windows NT 10.0; Win64; x64) AppleWebKit/537.36 (KHTML, like Gecko) Chrome/125.0.0.0 Safari/537.36" PHP-Handler:plesk-php84-fpm Remoteport(vom Nginx):9242
172.71.144.144 - - [09/Aug/2026:06:09:37 +0200] "GET /s/haassohn-millenium-200-15-c-scheibe/ HTTP/1.1" 200 36051 "-" "WP Rocket/Preload Mozilla/5.0 (iPhone; CPU iPhone OS 9_1 like Mac OS X) AppleWebKit/601.1.46 (KHTML, like Gecko) Version/9.0 Mobile/13B143 Safari/601.1" PHP-Handler:plesk-php84-fpm Remoteport(vom Nginx):9230
104.23.239.69 - - [09/Aug/2026:06:09:39 +0200] "GET /s/ambiente-a9/ HTTP/1.1" 200 37521 "-" "WP Rocket/Preload Mozilla/5.0 (iPhone; CPU iPhone OS 9_1 like Mac OS X) AppleWebKit/601.1.46 (KHTML, like Gecko) Version/9.0 Mobile/13B143 Safari/601.1" PHP-Handler:plesk-php84-fpm Remoteport(vom Nginx):9342
172.71.214.151 - - [09/Aug/2026:06:09:41 +0200] "GET /wp-login.php?redirect_to=https%3A%2F%2Fofenbernd.de%2Fwp-admin%2Findex.php&reauth=1 HTTP/1.1" 200 5802 "http://ofenbernd.de/wp-login.php" "Mozilla/5.0 (Windows NT 10.0; Win64; x64) AppleWebKit/537.36 (KHTML, like Gecko) Chrome/125.0.0.0 Safari/537.36" PHP-Handler:plesk-php84-fpm Remoteport(vom Nginx):9382
172.71.239.65 - - [09/Aug/2026:06:09:43 +0200] "GET /s/alor-powerbloc-compact/?orderby=price-desc HTTP/1.1" 200 33123 "-" "Mozilla/5.0 (Macintosh; Intel Mac OS X 10_14_6) AppleWebKit/537.36 (KHTML, like Gecko) Brave Chrome/80.0.3987.122 Safari/537.36" PHP-Handler:plesk-php84-fpm Remoteport(vom Nginx):21780
172.70.247.163 - - [09/Aug/2026:06:09:17 +0200] "POST /wp-admin/admin-ajax.php?action=as_async_request_queue_runner&nonce=cb05d09946 HTTP/1.1" 200 754 "-" "CqCNlAosPnts" PHP-Handler:plesk-php84-fpm Remoteport(vom Nginx):33762
172.68.211.196 - - [09/Aug/2026:06:09:44 +0200] "GET /wp-admin/index.php HTTP/1.1" 302 735 "http://ofenbernd.de/wp-login.php" "Mozilla/5.0 (X11; Linux x86_64) AppleWebKit/537.36 (KHTML, like Gecko) Chrome/124.0.0.0 Safari/537.36" PHP-Handler:plesk-php84-fpm Remoteport(vom Nginx):21800
172.71.214.151 - - [09/Aug/2026:06:09:47 +0200] "GET /wp-login.php?redirect_to=https%3A%2F%2Fofenbernd.de%2Fwp-admin%2Findex.php&reauth=1 HTTP/1.1" 200 5802 "http://ofenbernd.de/wp-login.php" "Mozilla/5.0 (X11; Linux x86_64) AppleWebKit/537.36 (KHTML, like Gecko) Chrome/124.0.0.0 Safari/537.36" PHP-Handler:plesk-php84-fpm Remoteport(vom Nginx):21952
172.71.164.207 - - [09/Aug/2026:06:09:48 +0200] "GET /s/oranier-puris-7/ HTTP/1.1" 200 50247 "-" "WP Rocket/Preload" PHP-Handler:plesk-php84-fpm Remoteport(vom Nginx):21958
172.70.240.112 - - [09/Aug/2026:06:09:50 +0200] "GET /s/oranier-puris-7/ HTTP/1.1" 200 37568 "-" "WP Rocket/Preload Mozilla/5.0 (iPhone; CPU iPhone OS 9_1 like Mac OS X) AppleWebKit/601.1.46 (KHTML, like Gecko) Version/9.0 Mobile/13B143 Safari/601.1" PHP-Handler:plesk-php84-fpm Remoteport(vom Nginx):21994
172.68.211.196 - - [09/Aug/2026:06:09:52 +0200] "GET /wp-admin/index.php HTTP/1.1" 302 735 "http://ofenbernd.de/wp-login.php" "Mozilla/5.0 (Windows NT 10.0; Win64; x64) AppleWebKit/537.36 (KHTML, like Gecko) Chrome/122.0.0.0 Safari/537.36" PHP-Handler:plesk-php84-fpm Remoteport(vom Nginx):37670
172.70.243.5 - - [09/Aug/2026:06:09:51 +0200] "GET /s/4690/ HTTP/1.1" 200 50556 "-" "WP Rocket/Preload" PHP-Handler:plesk-php84-fpm Remoteport(vom Nginx):37612
104.23.239.69 - - [09/Aug/2026:06:09:53 +0200] "GET /s/4690/ HTTP/1.1" 200 37866 "-" "WP Rocket/Preload Mozilla/5.0 (iPhone; CPU iPhone OS 9_1 like Mac OS X) AppleWebKit/601.1.46 (KHTML, like Gecko) Version/9.0 Mobile/13B143 Safari/601.1" PHP-Handler:plesk-php84-fpm Remoteport(vom Nginx):37680
172.69.150.177 - - [09/Aug/2026:06:09:54 +0200] "GET /s/rueckwandsteine/ HTTP/1.1" 200 49847 "-" "WP Rocket/Preload" PHP-Handler:plesk-php84-fpm Remoteport(vom Nginx):37754
172.71.214.151 - - [09/Aug/2026:06:09:56 +0200] "GET /wp-login.php?redirect_to=https%3A%2F%2Fofenbernd.de%2Fwp-admin%2Findex.php&reauth=1 HTTP/1.1" 200 5802 "http://ofenbernd.de/wp-login.php" "Mozilla/5.0 (Windows NT 10.0; Win64; x64) AppleWebKit/537.36 (KHTML, like Gecko) Chrome/122.0.0.0 Safari/537.36" PHP-Handler:plesk-php84-fpm Remoteport(vom Nginx):37808
104.23.239.69 - - [09/Aug/2026:06:09:56 +0200] "GET /s/rueckwandsteine/ HTTP/1.1" 200 37973 "-" "WP Rocket/Preload Mozilla/5.0 (iPhone; CPU iPhone OS 9_1 like Mac OS X) AppleWebKit/601.1.46 (KHTML, like Gecko) Version/9.0 Mobile/13B143 Safari/601.1" PHP-Handler:plesk-php84-fpm Remoteport(vom Nginx):37792
104.22.100.157 - - [09/Aug/2026:06:10:01 +0200] "GET /p/beckmann-schornstein-wandkonsole-edelstahl-250-400-mm/ HTTP/1.1" 200 60428 "-" "Mozilla/5.0 AppleWebKit/537.36 (KHTML, like Gecko; compatible; bingbot/2.0; +http://www.bing.com/bingbot.htm) Chrome/116.0.1938.76 Safari/537.36" PHP-Handler:plesk-php84-fpm Remoteport(vom Nginx):37962
172.71.164.207 - - [09/Aug/2026:06:09:57 +0200] "GET /s/dovre-100-seitenplatte/ HTTP/1.1" 200 48679 "-" "WP Rocket/Preload" PHP-Handler:plesk-php84-fpm Remoteport(vom Nginx):37836
172.68.211.196 - - [09/Aug/2026:06:09:59 +0200] "GET /wp-admin/index.php HTTP/1.1" 302 735 "http://ofenbernd.de/wp-login.php" "Mozilla/5.0 (X11; Linux x86_64) AppleWebKit/537.36 (KHTML, like Gecko) Chrome/125.0.0.0 Safari/537.36" PHP-Handler:plesk-php84-fpm Remoteport(vom Nginx):37938
172.69.65.231 - - [09/Aug/2026:06:09:58 +0200] "GET /p/kaminofen-koenigshuette-libra-verkleidung-stahl-schwarz-2-wahl/ HTTP/1.1" 200 47285 "-" "Mozilla/5.0 (Linux; Android 6.0.1; Nexus 5X Build/MMB29P) AppleWebKit/537.36 (KHTML, like Gecko) Chrome/150.0.7871.186 Mobile Safari/537.36 (compatible; Googlebot/2.1; +http://www.google.com/bot.html)" PHP-Handler:plesk-php84-fpm Remoteport(vom Nginx):37894
162.159.120.165 - - [09/Aug/2026:06:10:05 +0200] "GET /p/beckmann-schornstein-wandkonsole-edelstahl-250-400-mm/ HTTP/1.1" 200 60428 "-" "Mozilla/5.0 AppleWebKit/537.36 (KHTML, like Gecko; compatible; bingbot/2.0; +http://www.bing.com/bingbot.htm) Chrome/136.0.0.0 Safari/537.36" PHP-Handler:plesk-php84-fpm Remoteport(vom Nginx):23944
172.71.164.207 - - [09/Aug/2026:06:10:02 +0200] "GET /s/dovre-100-seitenplatte/ HTTP/1.1" 200 35988 "-" "WP Rocket/Preload Mozilla/5.0 (iPhone; CPU iPhone OS 9_1 like Mac OS X) AppleWebKit/601.1.46 (KHTML, like Gecko) Version/9.0 Mobile/13B143 Safari/601.1" PHP-Handler:plesk-php84-fpm Remoteport(vom Nginx):23832
172.71.214.151 - - [09/Aug/2026:06:10:03 +0200] "GET /wp-login.php?redirect_to=https%3A%2F%2Fofenbernd.de%2Fwp-admin%2Findex.php&reauth=1 HTTP/1.1" 200 5802 "http://ofenbernd.de/wp-login.php" "Mozilla/5.0 (X11; Linux x86_64) AppleWebKit/537.36 (KHTML, like Gecko) Chrome/125.0.0.0 Safari/537.36" PHP-Handler:plesk-php84-fpm Remoteport(vom Nginx):23884
172.71.144.144 - - [09/Aug/2026:06:10:03 +0200] "GET /s/haassohn-carina-191-15-ersatzteile/ HTTP/1.1" 200 48732 "-" "WP Rocket/Preload" PHP-Handler:plesk-php84-fpm Remoteport(vom Nginx):23870
172.71.144.144 - - [09/Aug/2026:06:10:05 +0200] "GET /s/haassohn-carina-191-15-ersatzteile/ HTTP/1.1" 200 36043 "-" "WP Rocket/Preload Mozilla/5.0 (iPhone; CPU iPhone OS 9_1 like Mac OS X) AppleWebKit/601.1.46 (KHTML, like Gecko) Version/9.0 Mobile/13B143 Safari/601.1" PHP-Handler:plesk-php84-fpm Remoteport(vom Nginx):23936
172.68.211.196 - - [09/Aug/2026:06:10:08 +0200] "GET /wp-admin/index.php HTTP/1.1" 302 735 "http://ofenbernd.de/wp-login.php" "Mozilla/5.0 (Macintosh; Intel Mac OS X 11_2_3) AppleWebKit/537.36 (KHTML, like Gecko) Chrome/123.0.0.0 Safari/537.36" PHP-Handler:plesk-php84-fpm Remoteport(vom Nginx):24076
172.71.172.142 - - [09/Aug/2026:06:09:45 +0200] "POST /wp-admin/admin-ajax.php?action=as_async_request_queue_runner&nonce=cb05d09946 HTTP/1.1" 200 754 "-" "2pR206BVyj7i" PHP-Handler:plesk-php84-fpm Remoteport(vom Nginx):21892
172.71.214.151 - - [09/Aug/2026:06:10:11 +0200] "GET /wp-login.php?redirect_to=https%3A%2F%2Fofenbernd.de%2Fwp-admin%2Findex.php&reauth=1 HTTP/1.1" 200 5802 "http://ofenbernd.de/wp-login.php" "Mozilla/5.0 (Macintosh; Intel Mac OS X 11_2_3) AppleWebKit/537.36 (KHTML, like Gecko) Chrome/123.0.0.0 Safari/537.36" PHP-Handler:plesk-php84-fpm Remoteport(vom Nginx):24148
172.71.247.92 - - [09/Aug/2026:06:10:14 +0200] "GET /p/schmid-sh-9-d-sd-hb-9f-bodenstein-hinten-pos-14-67-2010-1256/ HTTP/1.1" 200 60308 "-" "WP Rocket/Preload" PHP-Handler:plesk-php84-fpm Remoteport(vom Nginx):24694
172.68.211.196 - - [09/Aug/2026:06:10:16 +0200] "GET /wp-admin/index.php HTTP/1.1" 302 735 "http://ofenbernd.de/wp-login.php" "Mozilla/5.0 (Macintosh; Intel Mac OS X 11_2_3) AppleWebKit/537.36 (KHTML, like Gecko) Chrome/124.0.0.0 Safari/537.36" PHP-Handler:plesk-php84-fpm Remoteport(vom Nginx):24794
172.70.248.78 - - [09/Aug/2026:06:10:16 +0200] "GET /p/schmid-sh-9-d-sd-hb-9f-bodenstein-hinten-pos-14-67-2010-1256/ HTTP/1.1" 200 47542 "-" "WP Rocket/Preload Mozilla/5.0 (iPhone; CPU iPhone OS 9_1 like Mac OS X) AppleWebKit/601.1.46 (KHTML, like Gecko) Version/9.0 Mobile/13B143 Safari/601.1" PHP-Handler:plesk-php84-fpm Remoteport(vom Nginx):24736
172.71.144.144 - - [09/Aug/2026:06:10:17 +0200] "GET /p/schmid-sh-8-g-gb-bodensteine-komplett-pos-8-11-67-2085-1250/ HTTP/1.1" 200 60291 "-" "WP Rocket/Preload" PHP-Handler:plesk-php84-fpm Remoteport(vom Nginx):24798
172.71.214.151 - - [09/Aug/2026:06:10:20 +0200] "GET /wp-login.php?redirect_to=https%3A%2F%2Fofenbernd.de%2Fwp-admin%2Findex.php&reauth=1 HTTP/1.1" 200 5802 "http://ofenbernd.de/wp-login.php" "Mozilla/5.0 (Macintosh; Intel Mac OS X 11_2_3) AppleWebKit/537.36 (KHTML, like Gecko) Chrome/124.0.0.0 Safari/537.36" PHP-Handler:plesk-php84-fpm Remoteport(vom Nginx):24914
162.158.94.224 - - [09/Aug/2026:06:10:19 +0200] "GET /p/schmid-sh-8-g-gb-bodensteine-komplett-pos-8-11-67-2085-1250/ HTTP/1.1" 200 47358 "-" "WP Rocket/Preload Mozilla/5.0 (iPhone; CPU iPhone OS 9_1 like Mac OS X) AppleWebKit/601.1.46 (KHTML, like Gecko) Version/9.0 Mobile/13B143 Safari/601.1" PHP-Handler:plesk-php84-fpm Remoteport(vom Nginx):24862
172.70.248.78 - - [09/Aug/2026:06:10:20 +0200] "GET /s/oranier-faro-4686/ HTTP/1.1" 200 50362 "-" "WP Rocket/Preload" PHP-Handler:plesk-php84-fpm Remoteport(vom Nginx):24946
172.70.248.78 - - [09/Aug/2026:06:10:22 +0200] "GET /s/oranier-faro-4686/ HTTP/1.1" 200 37704 "-" "WP Rocket/Preload Mozilla/5.0 (iPhone; CPU iPhone OS 9_1 like Mac OS X) AppleWebKit/601.1.46 (KHTML, like Gecko) Version/9.0 Mobile/13B143 Safari/601.1" PHP-Handler:plesk-php84-fpm Remoteport(vom Nginx):36394
172.68.211.196 - - [09/Aug/2026:06:10:24 +0200] "GET /wp-admin/index.php HTTP/1.1" 302 735 "http://ofenbernd.de/wp-login.php" "Mozilla/5.0 (Macintosh; Intel Mac OS X 10_15_7) AppleWebKit/537.36 (KHTML, like Gecko) Chrome/125.0.0.0 Safari/537.36" PHP-Handler:plesk-php84-fpm Remoteport(vom Nginx):36506
172.71.247.92 - - [09/Aug/2026:06:10:23 +0200] "GET /p/schmid-sh-8-g-gb-bodenstein-vorderstein-pos-11-67-2080-1254/ HTTP/1.1" 200 60317 "-" "WP Rocket/Preload" PHP-Handler:plesk-php84-fpm Remoteport(vom Nginx):36440
172.70.247.163 - - [09/Aug/2026:06:10:25 +0200] "GET /p/schmid-sh-8-g-gb-bodenstein-vorderstein-pos-11-67-2080-1254/ HTTP/1.1" 200 47521 "-" "WP Rocket/Preload Mozilla/5.0 (iPhone; CPU iPhone OS 9_1 like Mac OS X) AppleWebKit/601.1.46 (KHTML, like Gecko) Version/9.0 Mobile/13B143 Safari/601.1" PHP-Handler:plesk-php84-fpm Remoteport(vom Nginx):36564
172.71.214.151 - - [09/Aug/2026:06:10:27 +0200] "GET /wp-login.php?redirect_to=https%3A%2F%2Fofenbernd.de%2Fwp-admin%2Findex.php&reauth=1 HTTP/1.1" 200 5802 "http://ofenbernd.de/wp-login.php" "Mozilla/5.0 (Macintosh; Intel Mac OS X 10_15_7) AppleWebKit/537.36 (KHTML, like Gecko) Chrome/125.0.0.0 Safari/537.36" PHP-Handler:plesk-php84-fpm Remoteport(vom Nginx):36696
172.71.172.142 - - [09/Aug/2026:06:10:26 +0200] "GET /s/4730-70/ HTTP/1.1" 200 48617 "-" "WP Rocket/Preload" PHP-Handler:plesk-php84-fpm Remoteport(vom Nginx):36634
162.158.110.211 - - [09/Aug/2026:06:10:30 +0200] "GET /wp-content/cache/background-css/1/www.ofenbernd.de/wp-content/plugins/woocommerce/assets/css/photoswipe/default-skin/default-skin.min.css?ver=11.0.0&wpr_t=1786245120 HTTP/1.1" 200 660 "https://www.ofenbernd.de/p/beckmann-schornstein-wandkonsole-edelstahl-250-400-mm/" "Mozilla/5.0 AppleWebKit/537.36 (KHTML, like Gecko; compatible; bingbot/2.0; +http://www.bing.com/bingbot.htm) Chrome/136.0.0.0 Safari/537.36 AppleWebKit/537.36 (KHTML, like Gecko; compatible; bingbot/2.0; +http://www.bing.com/bingbot.htm) Chrome/116.0.1938.76 Safari/537.36" PHP-Handler: Remoteport(vom Nginx):36852
172.71.172.142 - - [09/Aug/2026:06:10:28 +0200] "GET /s/4730-70/ HTTP/1.1" 200 35929 "-" "WP Rocket/Preload Mozilla/5.0 (iPhone; CPU iPhone OS 9_1 like Mac OS X) AppleWebKit/601.1.46 (KHTML, like Gecko) Version/9.0 Mobile/13B143 Safari/601.1" PHP-Handler:plesk-php84-fpm Remoteport(vom Nginx):36746
162.158.110.211 - - [09/Aug/2026:06:10:30 +0200] "GET /wp-content/cache/background-css/1/www.ofenbernd.de/wp-content/plugins/woocommerce/assets/css/photoswipe/default-skin/default-skin.min.css?ver=11.0.0&wpr_t=1786245120 HTTP/2.0" 200 1833 "https://www.ofenbernd.de/p/beckmann-schornstein-wandkonsole-edelstahl-250-400-mm/" "Mozilla/5.0 AppleWebKit/537.36 (KHTML, like Gecko; compatible; bingbot/2.0; +http://www.bing.com/bingbot.htm) Chrome/136.0.0.0 Safari/537.36 AppleWebKit/537.36 (KHTML, like Gecko; compatible; bingbot/2.0; +http://www.bing.com/bingbot.htm) Chrome/116.0.1938.76 Safari/537.36"
172.71.190.13 - - [09/Aug/2026:06:10:32 +0200] "GET /p/oranier-andora-8224-rost-feuerrost-kaminrost-ofenrost-2909905000/ HTTP/1.1" 200 61212 "-" "Mozilla/5.0 AppleWebKit/537.36 (KHTML, like Gecko; compatible; bingbot/2.0; +http://www.bing.com/bingbot.htm) Chrome/116.0.1938.76 Safari/537.36" PHP-Handler:plesk-php84-fpm Remoteport(vom Nginx):62002
172.68.211.196 - - [09/Aug/2026:06:10:31 +0200] "GET /wp-admin/index.php HTTP/1.1" 302 735 "http://ofenbernd.de/wp-login.php" "Mozilla/5.0 (X11; Linux x86_64; rv:122.0) Gecko/20100101 Firefox/122.0" PHP-Handler:plesk-php84-fpm Remoteport(vom Nginx):36880
172.71.164.207 - - [09/Aug/2026:06:10:39 +0200] "POST /wp-cron.php?doing_wp_cron=1786248639.7227900028228759765625 HTTP/1.1" 200 461 "-" "tontZGzQX2bD" PHP-Handler:plesk-php84-fpm Remoteport(vom Nginx):62280
172.71.172.142 - - [09/Aug/2026:06:10:39 +0200] "POST /wp-cron.php?doing_wp_cron=1786248639.9022960662841796875000 HTTP/1.1" 200 461 "-" "6EqrLJXNscFG" PHP-Handler:plesk-php84-fpm Remoteport(vom Nginx):62284
172.71.164.207 - - [09/Aug/2026:06:10:39 +0200] "POST /wp-cron.php?doing_wp_cron=1786248639.9165909290313720703125 HTTP/1.1" 200 461 "-" "y7hSHY0QMTMa" PHP-Handler:plesk-php84-fpm Remoteport(vom Nginx):62290
172.71.164.207 - - [09/Aug/2026:06:10:39 +0200] "POST /wp-cron.php?doing_wp_cron=1786248639.9167320728302001953125 HTTP/1.1" 200 461 "-" "8vmik94WDoEl" PHP-Handler:plesk-php84-fpm Remoteport(vom Nginx):62300
172.71.172.142 - - [09/Aug/2026:06:10:11 +0200] "POST /wp-admin/admin-ajax.php?action=as_async_request_queue_runner&nonce=cb05d09946 HTTP/1.1" 200 754 "-" "Ff9UN3zIWjn6" PHP-Handler:plesk-php84-fpm Remoteport(vom Nginx):24616
172.71.144.144 - - [09/Aug/2026:06:10:31 +0200] "GET /tag/qualitaets-kamine/ HTTP/1.1" 200 28061 "-" "WP Rocket/Preload Mozilla/5.0 (iPhone; CPU iPhone OS 9_1 like Mac OS X) AppleWebKit/601.1.46 (KHTML, like Gecko) Version/9.0 Mobile/13B143 Safari/601.1" PHP-Handler:plesk-php84-fpm Remoteport(vom Nginx):36868
172.71.214.151 - - [09/Aug/2026:06:10:34 +0200] "GET /wp-login.php?redirect_to=https%3A%2F%2Fofenbernd.de%2Fwp-admin%2Findex.php&reauth=1 HTTP/1.1" 200 5802 "http://ofenbernd.de/wp-login.php" "Mozilla/5.0 (X11; Linux x86_64; rv:122.0) Gecko/20100101 Firefox/122.0" PHP-Handler:plesk-php84-fpm Remoteport(vom Nginx):62152
172.71.247.92 - - [09/Aug/2026:06:10:30 +0200] "GET /tag/qualitaets-kamine/ HTTP/1.1" 200 38173 "-" "WP Rocket/Preload" PHP-Handler:plesk-php84-fpm Remoteport(vom Nginx):36790
172.70.248.103 - - [09/Aug/2026:06:10:40 +0200] "GET /wp-content/cache/background-css/1/www.ofenbernd.de/wp-content/cache/min/1/wp-content/plugins/customer-reviews-woocommerce/css/frontend.css?ver=1786225793&wpr_t=1786245120 HTTP/1.1" 200 661 "https://www.ofenbernd.de/p/beckmann-schornstein-wandkonsole-edelstahl-250-400-mm/" "Mozilla/5.0 AppleWebKit/537.36 (KHTML, like Gecko; compatible; bingbot/2.0; +http://www.bing.com/bingbot.htm) Chrome/136.0.0.0 Safari/537.36 AppleWebKit/537.36 (KHTML, like Gecko; compatible; bingbot/2.0; +http://www.bing.com/bingbot.htm) Chrome/116.0.1938.76 Safari/537.36" PHP-Handler: Remoteport(vom Nginx):62328
162.158.86.41 - - [09/Aug/2026:06:10:40 +0200] "GET /wp-content/cache/background-css/1/www.ofenbernd.de/wp-content/plugins/woocommerce/assets/css/photoswipe/photoswipe.min.css?ver=11.0.0&wpr_t=1786245120 HTTP/1.1" 200 645 "https://www.ofenbernd.de/p/beckmann-schornstein-wandkonsole-edelstahl-250-400-mm/" "Mozilla/5.0 AppleWebKit/537.36 (KHTML, like Gecko; compatible; bingbot/2.0; +http://www.bing.com/bingbot.htm) Chrome/136.0.0.0 Safari/537.36 AppleWebKit/537.36 (KHTML, like Gecko; compatible; bingbot/2.0; +http://www.bing.com/bingbot.htm) Chrome/116.0.1938.76 Safari/537.36" PHP-Handler: Remoteport(vom Nginx):62340
172.71.172.142 - - [09/Aug/2026:06:10:40 +0200] "POST /wp-cron.php?doing_wp_cron=1786248640.8744189739227294921875 HTTP/1.1" 200 461 "-" "R6iLiPnvfN0v" PHP-Handler:plesk-php84-fpm Remoteport(vom Nginx):62344
172.71.164.207 - - [09/Aug/2026:06:10:40 +0200] "POST /wp-cron.php?doing_wp_cron=1786248640.9177420139312744140625 HTTP/1.1" 200 461 "-" "F2jf3KX7wxtU" PHP-Handler:plesk-php84-fpm Remoteport(vom Nginx):62360
172.70.248.103 - - [09/Aug/2026:06:10:40 +0200] "GET /wp-content/cache/background-css/1/www.ofenbernd.de/wp-content/cache/min/1/wp-content/plugins/customer-reviews-woocommerce/css/frontend.css?ver=1786225793&wpr_t=1786245120 HTTP/2.0" 200 14305 "https://www.ofenbernd.de/p/beckmann-schornstein-wandkonsole-edelstahl-250-400-mm/" "Mozilla/5.0 AppleWebKit/537.36 (KHTML, like Gecko; compatible; bingbot/2.0; +http://www.bing.com/bingbot.htm) Chrome/136.0.0.0 Safari/537.36 AppleWebKit/537.36 (KHTML, like Gecko; compatible; bingbot/2.0; +http://www.bing.com/bingbot.htm) Chrome/116.0.1938.76 Safari/537.36"
162.158.86.41 - - [09/Aug/2026:06:10:40 +0200] "GET /wp-content/cache/background-css/1/www.ofenbernd.de/wp-content/plugins/woocommerce/assets/css/photoswipe/photoswipe.min.css?ver=11.0.0&wpr_t=1786245120 HTTP/2.0" 200 872 "https://www.ofenbernd.de/p/beckmann-schornstein-wandkonsole-edelstahl-250-400-mm/" "Mozilla/5.0 AppleWebKit/537.36 (KHTML, like Gecko; compatible; bingbot/2.0; +http://www.bing.com/bingbot.htm) Chrome/136.0.0.0 Safari/537.36 AppleWebKit/537.36 (KHTML, like Gecko; compatible; bingbot/2.0; +http://www.bing.com/bingbot.htm) Chrome/116.0.1938.76 Safari/537.36"
172.70.248.139 - - [09/Aug/2026:06:10:41 +0200] "GET /wp-content/cache/background-css/1/www.ofenbernd.de/wp-content/cache/min/1/wp-content/plugins/woocommerce/assets/css/woocommerce.css?ver=1786225793&wpr_t=1786245120 HTTP/2.0" 200 10601 "https://www.ofenbernd.de/p/beckmann-schornstein-wandkonsole-edelstahl-250-400-mm/" "Mozilla/5.0 AppleWebKit/537.36 (KHTML, like Gecko; compatible; bingbot/2.0; +http://www.bing.com/bingbot.htm) Chrome/136.0.0.0 Safari/537.36 AppleWebKit/537.36 (KHTML, like Gecko; compatible; bingbot/2.0; +http://www.bing.com/bingbot.htm) Chrome/116.0.1938.76 Safari/537.36"
172.71.247.100 - - [09/Aug/2026:06:10:41 +0200] "GET /wp-content/cache/background-css/1/www.ofenbernd.de/wp-content/cache/min/1/wp-content/plugins/customer-reviews-woocommerce/css/badges.css?ver=1786225793&wpr_t=1786245120 HTTP/2.0" 200 2528 "https://www.ofenbernd.de/p/beckmann-schornstein-wandkonsole-edelstahl-250-400-mm/" "Mozilla/5.0 AppleWebKit/537.36 (KHTML, like Gecko; compatible; bingbot/2.0; +http://www.bing.com/bingbot.htm) Chrome/136.0.0.0 Safari/537.36 AppleWebKit/537.36 (KHTML, like Gecko; compatible; bingbot/2.0; +http://www.bing.com/bingbot.htm) Chrome/116.0.1938.76 Safari/537.36"
172.70.248.139 - - [09/Aug/2026:06:10:41 +0200] "GET /wp-content/cache/background-css/1/www.ofenbernd.de/wp-content/cache/min/1/wp-content/plugins/woocommerce/assets/css/woocommerce.css?ver=1786225793&wpr_t=1786245120 HTTP/1.1" 200 654 "https://www.ofenbernd.de/p/beckmann-schornstein-wandkonsole-edelstahl-250-400-mm/" "Mozilla/5.0 AppleWebKit/537.36 (KHTML, like Gecko; compatible; bingbot/2.0; +http://www.bing.com/bingbot.htm) Chrome/136.0.0.0 Safari/537.36 AppleWebKit/537.36 (KHTML, like Gecko; compatible; bingbot/2.0; +http://www.bing.com/bingbot.htm) Chrome/116.0.1938.76 Safari/537.36" PHP-Handler: Remoteport(vom Nginx):62386
172.71.190.13 - - [09/Aug/2026:06:10:32 +0200] "GET /p/austroflamm-picus-helena-510-keramott-kplt-m-blech/ HTTP/1.1" 200 60698 "-" "Mozilla/5.0 AppleWebKit/537.36 (KHTML, like Gecko; compatible; bingbot/2.0; +http://www.bing.com/bingbot.htm) Chrome/116.0.1938.76 Safari/537.36" PHP-Handler:plesk-php84-fpm Remoteport(vom Nginx):61964
172.69.65.231 - - [09/Aug/2026:06:10:32 +0200] "GET /p/koenigshuette-taurus-aqua-8-kw-wasserfuehrender-kaminofen-naturstein-serpentin-28-8583-4/ HTTP/1.1" 200 62291 "-" "Mozilla/5.0 (compatible; Googlebot/2.1; +http://www.google.com/bot.html)" PHP-Handler:plesk-php84-fpm Remoteport(vom Nginx):61986
172.71.247.100 - - [09/Aug/2026:06:10:41 +0200] "GET /wp-content/cache/background-css/1/www.ofenbernd.de/wp-content/cache/min/1/wp-content/plugins/customer-reviews-woocommerce/css/badges.css?ver=1786225793&wpr_t=1786245120 HTTP/1.1" 200 659 "https://www.ofenbernd.de/p/beckmann-schornstein-wandkonsole-edelstahl-250-400-mm/" "Mozilla/5.0 AppleWebKit/537.36 (KHTML, like Gecko; compatible; bingbot/2.0; +http://www.bing.com/bingbot.htm) Chrome/136.0.0.0 Safari/537.36 AppleWebKit/537.36 (KHTML, like Gecko; compatible; bingbot/2.0; +http://www.bing.com/bingbot.htm) Chrome/116.0.1938.76 Safari/537.36" PHP-Handler: Remoteport(vom Nginx):62394
172.68.211.196 - - [09/Aug/2026:06:10:40 +0200] "GET /wp-admin/index.php HTTP/1.1" 302 735 "http://ofenbernd.de/wp-login.php" "Mozilla/5.0 (Windows NT 10.0; Win64; x64) AppleWebKit/537.36 (KHTML, like Gecko) Chrome/124.0.0.0 Safari/537.36" PHP-Handler:plesk-php84-fpm Remoteport(vom Nginx):62332
172.69.150.177 - - [09/Aug/2026:06:10:41 +0200] "GET /s/oranier-pori-aqua-7711-ersatzteile/ HTTP/1.1" 200 49573 "-" "WP Rocket/Preload" PHP-Handler:plesk-php84-fpm Remoteport(vom Nginx):55278
172.70.243.5 - - [09/Aug/2026:06:10:43 +0200] "GET /s/oranier-pori-aqua-7711-ersatzteile/ HTTP/1.1" 200 37661 "-" "WP Rocket/Preload Mozilla/5.0 (iPhone; CPU iPhone OS 9_1 like Mac OS X) AppleWebKit/601.1.46 (KHTML, like Gecko) Version/9.0 Mobile/13B143 Safari/601.1" PHP-Handler:plesk-php84-fpm Remoteport(vom Nginx):55318
172.71.214.151 - - [09/Aug/2026:06:10:43 +0200] "GET /wp-login.php?redirect_to=https%3A%2F%2Fofenbernd.de%2Fwp-admin%2Findex.php&reauth=1 HTTP/1.1" 200 5802 "http://ofenbernd.de/wp-login.php" "Mozilla/5.0 (Windows NT 10.0; Win64; x64) AppleWebKit/537.36 (KHTML, like Gecko) Chrome/124.0.0.0 Safari/537.36" PHP-Handler:plesk-php84-fpm Remoteport(vom Nginx):55358
172.70.247.163 - - [09/Aug/2026:06:10:48 +0200] "POST /wp-cron.php?doing_wp_cron=1786248648.2918889522552490234375 HTTP/1.1" 200 461 "-" "HEvS6idJdhoI" PHP-Handler:plesk-php84-fpm Remoteport(vom Nginx):55496
172.71.144.144 - - [09/Aug/2026:06:10:44 +0200] "GET /s/kaminofen-palena-plus-compact-5/ HTTP/1.1" 200 48704 "-" "WP Rocket/Preload" PHP-Handler:plesk-php84-fpm Remoteport(vom Nginx):55402
172.70.240.112 - - [09/Aug/2026:06:10:46 +0200] "GET /s/kaminofen-palena-plus-compact-5/ HTTP/1.1" 200 36023 "-" "WP Rocket/Preload Mozilla/5.0 (iPhone; CPU iPhone OS 9_1 like Mac OS X) AppleWebKit/601.1.46 (KHTML, like Gecko) Version/9.0 Mobile/13B143 Safari/601.1" PHP-Handler:plesk-php84-fpm Remoteport(vom Nginx):55450
172.70.243.5 - - [09/Aug/2026:06:10:50 +0200] "POST /wp-cron.php?doing_wp_cron=1786248650.6699919700622558593750 HTTP/1.1" 200 461 "-" "0Z1g1LwNvwnX" PHP-Handler:plesk-php84-fpm Remoteport(vom Nginx):55676
172.68.211.196 - - [09/Aug/2026:06:10:47 +0200] "GET /wp-admin/index.php HTTP/1.1" 302 735 "http://ofenbernd.de/wp-login.php" "Mozilla/5.0 (Macintosh; Intel Mac OS X 11_2_3) AppleWebKit/537.36 (KHTML, like Gecko) Chrome/122.0.0.0 Safari/537.36" PHP-Handler:plesk-php84-fpm Remoteport(vom Nginx):55488
172.70.247.163 - - [09/Aug/2026:06:10:47 +0200] "GET /s/olsberg-tofane-ersatzteile/ HTTP/1.1" 200 50229 "-" "WP Rocket/Preload" PHP-Handler:plesk-php84-fpm Remoteport(vom Nginx):55480
104.23.239.69 - - [09/Aug/2026:06:10:49 +0200] "GET /s/olsberg-tofane-ersatzteile/ HTTP/1.1" 200 37572 "-" "WP Rocket/Preload Mozilla/5.0 (iPhone; CPU iPhone OS 9_1 like Mac OS X) AppleWebKit/601.1.46 (KHTML, like Gecko) Version/9.0 Mobile/13B143 Safari/601.1" PHP-Handler:plesk-php84-fpm Remoteport(vom Nginx):55660
172.71.214.151 - - [09/Aug/2026:06:10:51 +0200] "GET /wp-login.php?redirect_to=https%3A%2F%2Fofenbernd.de%2Fwp-admin%2Findex.php&reauth=1 HTTP/1.1" 200 5802 "http://ofenbernd.de/wp-login.php" "Mozilla/5.0 (Macintosh; Intel Mac OS X 11_2_3) AppleWebKit/537.36 (KHTML, like Gecko) Chrome/122.0.0.0 Safari/537.36" PHP-Handler:plesk-php84-fpm Remoteport(vom Nginx):55728
162.158.94.224 - - [09/Aug/2026:06:10:50 +0200] "GET /s/camina-s3/ HTTP/1.1" 200 49898 "-" "WP Rocket/Preload" PHP-Handler:plesk-php84-fpm Remoteport(vom Nginx):55688
104.23.239.69 - - [09/Aug/2026:06:10:52 +0200] "GET /s/camina-s3/ HTTP/1.1" 200 37256 "-" "WP Rocket/Preload Mozilla/5.0 (iPhone; CPU iPhone OS 9_1 like Mac OS X) AppleWebKit/601.1.46 (KHTML, like Gecko) Version/9.0 Mobile/13B143 Safari/601.1" PHP-Handler:plesk-php84-fpm Remoteport(vom Nginx):20956
172.69.150.177 - - [09/Aug/2026:06:10:53 +0200] "GET /s/olsberg-format-9-tuerdichtung/ HTTP/1.1" 200 50230 "-" "WP Rocket/Preload" PHP-Handler:plesk-php84-fpm Remoteport(vom Nginx):21036
