172.71.172.68 - - [09/Aug/2026:05:00:31 +0200] "GET /wp-content/cache/background-css/1/www.ofenbernd.de/wp-content/cache/min/1/wp-content/plugins/customer-reviews-woocommerce/css/badges.css?ver=1786225793&wpr_t=1786242325 HTTP/2.0" 200 2528 "https://www.ofenbernd.de/k/ofen-ersatzteile/schmid/schmid-b-ersatzteile/schmid-b30-ersatzteile/" "Mozilla/5.0 (Windows NT 10.0; Win64; x64) AppleWebKit/537.36 (KHTML, like Gecko) Chrome/145.0.0.0 Safari/537.36 (compatible; meta-webindexer/1.1 (+https://developers.facebook.com/docs/sharing/webmasters/crawler))"
172.70.248.120 - - [09/Aug/2026:05:00:31 +0200] "GET /wp-content/cache/background-css/1/www.ofenbernd.de/wp-content/cache/min/1/wp-content/plugins/customer-reviews-woocommerce/css/frontend.css?ver=1786225793&wpr_t=1786242325 HTTP/2.0" 200 14305 "https://www.ofenbernd.de/k/ofen-ersatzteile/schmid/schmid-b-ersatzteile/schmid-b30-ersatzteile/" "Mozilla/5.0 (Windows NT 10.0; Win64; x64) AppleWebKit/537.36 (KHTML, like Gecko) Chrome/145.0.0.0 Safari/537.36 (compatible; meta-webindexer/1.1 (+https://developers.facebook.com/docs/sharing/webmasters/crawler))"
172.69.151.34 - - [09/Aug/2026:05:00:32 +0200] "GET /wp-content/cache/background-css/1/www.ofenbernd.de/wp-content/cache/min/1/wp-content/plugins/woocommerce/assets/css/woocommerce.css?ver=1786225793&wpr_t=1786242325 HTTP/2.0" 200 10601 "https://www.ofenbernd.de/k/ofen-ersatzteile/schmid/schmid-b-ersatzteile/schmid-b30-ersatzteile/" "Mozilla/5.0 (Windows NT 10.0; Win64; x64) AppleWebKit/537.36 (KHTML, like Gecko) Chrome/145.0.0.0 Safari/537.36 (compatible; meta-webindexer/1.1 (+https://developers.facebook.com/docs/sharing/webmasters/crawler))"
172.69.151.34 - - [09/Aug/2026:05:00:32 +0200] "GET /wp-content/cache/background-css/1/www.ofenbernd.de/wp-content/cache/min/1/wp-content/plugins/woocommerce/assets/css/woocommerce.css?ver=1786225793&wpr_t=1786242325 HTTP/1.1" 200 654 "https://www.ofenbernd.de/k/ofen-ersatzteile/schmid/schmid-b-ersatzteile/schmid-b30-ersatzteile/" "Mozilla/5.0 (Windows NT 10.0; Win64; x64) AppleWebKit/537.36 (KHTML, like Gecko) Chrome/145.0.0.0 Safari/537.36 (compatible; meta-webindexer/1.1 (+https://developers.facebook.com/docs/sharing/webmasters/crawler))" PHP-Handler: Remoteport(vom Nginx):28642
172.71.148.65 - - [09/Aug/2026:05:00:33 +0200] "POST /wp-cron.php?doing_wp_cron=1786244432.9880139827728271484375 HTTP/1.1" 200 461 "-" "Y5tf4SaMjZZL" PHP-Handler:plesk-php84-fpm Remoteport(vom Nginx):28678
162.159.104.105 - - [09/Aug/2026:05:00:30 +0200] "POST /?wc-ajax=get_refreshed_fragments HTTP/1.1" 200 954 "https://www.ofenbernd.de/p/olsberg-profi-12-bodenstein-vorne-pos-32-e-21-5741-1251/" "Mozilla/5.0 (Linux; Android 6.0.1; Nexus 5X Build/MMB29P) AppleWebKit/537.36 (KHTML, like Gecko) Chrome/150.0.7871.186 Mobile Safari/537.36 (compatible; Googlebot/2.1; +http://www.google.com/bot.html)" PHP-Handler: Remoteport(vom Nginx):38136
104.23.245.141 - - [09/Aug/2026:05:00:32 +0200] "POST /?wc-ajax=get_refreshed_fragments HTTP/1.1" 200 954 "https://www.ofenbernd.de/k/ofen-ersatzteile/schmid/schmid-b-ersatzteile/schmid-b30-ersatzteile/" "Mozilla/5.0 (Windows NT 10.0; Win64; x64) AppleWebKit/537.36 (KHTML, like Gecko) Chrome/145.0.0.0 Safari/537.36 (compatible; meta-webindexer/1.1 (+https://developers.facebook.com/docs/sharing/webmasters/crawler))" PHP-Handler: Remoteport(vom Nginx):28660
104.22.1.116 - - [09/Aug/2026:05:00:33 +0200] "POST /wp-admin/admin-ajax.php HTTP/1.1" 200 828 "https://www.ofenbernd.de/k/ofen-ersatzteile/schmid/schmid-b-ersatzteile/schmid-b30-ersatzteile/" "Mozilla/5.0 (Windows NT 10.0; Win64; x64) AppleWebKit/537.36 (KHTML, like Gecko) Chrome/145.0.0.0 Safari/537.36 (compatible; meta-webindexer/1.1 (+https://developers.facebook.com/docs/sharing/webmasters/crawler))" PHP-Handler:plesk-php84-fpm Remoteport(vom Nginx):28680
104.22.66.92 - - [09/Aug/2026:05:00:43 +0200] "GET /2007/11/30/kompetenz-in-sachen-sat-technik-elektronik-und-befestigungstechnik/ HTTP/1.1" 301 663 "-" "Mozilla/5.0 (Linux; Android 5.0) AppleWebKit/537.36 (KHTML, like Gecko) Mobile Safari/537.36 (compatible; Bytespider; https://bytedance.sg.larkoffice.com/docx/K5bxdypulop3IIxrJb0lOjLVgFe)" PHP-Handler:plesk-php84-fpm Remoteport(vom Nginx):11468
172.71.175.7 - - [09/Aug/2026:05:00:46 +0200] "GET /p/oranier-tampere-8-scheibe-glasscheibe-mitte/ HTTP/1.1" 200 46160 "-" "Mozilla/5.0 (Linux; Android 6.0.1; Nexus 5X Build/MMB29P) AppleWebKit/537.36 (KHTML, like Gecko) Chrome/150.0.7871.186 Mobile Safari/537.36 (compatible; Googlebot/2.1; +http://www.google.com/bot.html)" PHP-Handler:plesk-php84-fpm Remoteport(vom Nginx):11542
172.69.176.144 - - [09/Aug/2026:05:00:46 +0200] "GET / HTTP/1.1" 200 49432 "-" "Mozilla/5.0 (Linux; Android 5.0) AppleWebKit/537.36 (KHTML, like Gecko) Mobile Safari/537.36 (compatible; Bytespider; https://bytedance.sg.larkoffice.com/docx/K5bxdypulop3IIxrJb0lOjLVgFe)" PHP-Handler: Remoteport(vom Nginx):11566
104.23.239.68 - - [09/Aug/2026:05:00:47 +0200] "POST /wp-cron.php?doing_wp_cron=1786244447.7876780033111572265625 HTTP/1.1" 200 461 "-" "SIH1Yn3Jo9Ps" PHP-Handler:plesk-php84-fpm Remoteport(vom Nginx):11580
104.22.93.49 - - [09/Aug/2026:05:00:45 +0200] "GET /p/linatv-45-seitenwandstein/ HTTP/1.1" 301 663 "-" "Mozilla/5.0 AppleWebKit/537.36 (KHTML, like Gecko; compatible; bingbot/2.0; +http://www.bing.com/bingbot.htm) Chrome/116.0.1938.76 Safari/537.36" PHP-Handler:plesk-php84-fpm Remoteport(vom Nginx):11520
104.23.239.68 - - [09/Aug/2026:05:00:49 +0200] "GET /tag/kehrnbohrung-staubfrei/ HTTP/1.1" 200 38176 "-" "WP Rocket/Preload" PHP-Handler:plesk-php84-fpm Remoteport(vom Nginx):11662
172.71.148.65 - - [09/Aug/2026:05:00:54 +0200] "GET /tag/kehrnbohrung-staubfrei/ HTTP/1.1" 200 28069 "-" "WP Rocket/Preload Mozilla/5.0 (iPhone; CPU iPhone OS 9_1 like Mac OS X) AppleWebKit/601.1.46 (KHTML, like Gecko) Version/9.0 Mobile/13B143 Safari/601.1" PHP-Handler:plesk-php84-fpm Remoteport(vom Nginx):41458
172.70.94.193 - - [09/Aug/2026:05:00:59 +0200] "GET /k/ofen-ersatzteile/brunner/ HTTP/1.1" 200 49813 "-" "Mozilla/5.0 (Windows NT 10.0; Win64; x64) AppleWebKit/537.36 (KHTML, like Gecko) Chrome/145.0.0.0 Safari/537.36 (compatible; meta-webindexer/1.1 (+https://developers.facebook.com/docs/sharing/webmasters/crawler))" PHP-Handler:plesk-php84-fpm Remoteport(vom Nginx):41650
104.23.239.38 - - [09/Aug/2026:05:01:00 +0200] "GET /wp-content/cache/background-css/1/www.ofenbernd.de/wp-content/cache/min/1/wp-content/plugins/woocommerce/assets/css/woocommerce.css?ver=1786225793&wpr_t=1786242898 HTTP/1.1" 200 654 "https://www.ofenbernd.de/k/ofen-ersatzteile/brunner/" "Mozilla/5.0 (Windows NT 10.0; Win64; x64) AppleWebKit/537.36 (KHTML, like Gecko) Chrome/145.0.0.0 Safari/537.36 (compatible; meta-webindexer/1.1 (+https://developers.facebook.com/docs/sharing/webmasters/crawler))" PHP-Handler: Remoteport(vom Nginx):41682
172.71.172.160 - - [09/Aug/2026:05:01:00 +0200] "GET /wp-content/cache/background-css/1/www.ofenbernd.de/wp-content/cache/min/1/wp-content/plugins/customer-reviews-woocommerce/css/frontend.css?ver=1786225793&wpr_t=1786242898 HTTP/1.1" 200 661 "https://www.ofenbernd.de/k/ofen-ersatzteile/brunner/" "Mozilla/5.0 (Windows NT 10.0; Win64; x64) AppleWebKit/537.36 (KHTML, like Gecko) Chrome/145.0.0.0 Safari/537.36 (compatible; meta-webindexer/1.1 (+https://developers.facebook.com/docs/sharing/webmasters/crawler))" PHP-Handler: Remoteport(vom Nginx):41694
104.23.239.38 - - [09/Aug/2026:05:01:00 +0200] "GET /wp-content/cache/background-css/1/www.ofenbernd.de/wp-content/cache/min/1/wp-content/plugins/woocommerce/assets/css/woocommerce.css?ver=1786225793&wpr_t=1786242898 HTTP/2.0" 200 10601 "https://www.ofenbernd.de/k/ofen-ersatzteile/brunner/" "Mozilla/5.0 (Windows NT 10.0; Win64; x64) AppleWebKit/537.36 (KHTML, like Gecko) Chrome/145.0.0.0 Safari/537.36 (compatible; meta-webindexer/1.1 (+https://developers.facebook.com/docs/sharing/webmasters/crawler))"
172.71.172.160 - - [09/Aug/2026:05:01:00 +0200] "GET /wp-content/cache/background-css/1/www.ofenbernd.de/wp-content/cache/min/1/wp-content/plugins/customer-reviews-woocommerce/css/frontend.css?ver=1786225793&wpr_t=1786242898 HTTP/2.0" 200 14305 "https://www.ofenbernd.de/k/ofen-ersatzteile/brunner/" "Mozilla/5.0 (Windows NT 10.0; Win64; x64) AppleWebKit/537.36 (KHTML, like Gecko) Chrome/145.0.0.0 Safari/537.36 (compatible; meta-webindexer/1.1 (+https://developers.facebook.com/docs/sharing/webmasters/crawler))"
172.71.144.66 - - [09/Aug/2026:05:01:01 +0200] "GET /wp-content/cache/background-css/1/www.ofenbernd.de/wp-content/cache/min/1/wp-content/plugins/customer-reviews-woocommerce/css/badges.css?ver=1786225793&wpr_t=1786242898 HTTP/2.0" 200 2528 "https://www.ofenbernd.de/k/ofen-ersatzteile/brunner/" "Mozilla/5.0 (Windows NT 10.0; Win64; x64) AppleWebKit/537.36 (KHTML, like Gecko) Chrome/145.0.0.0 Safari/537.36 (compatible; meta-webindexer/1.1 (+https://developers.facebook.com/docs/sharing/webmasters/crawler))"
104.23.239.15 - - [09/Aug/2026:05:01:01 +0200] "GET /wp-content/uploads/2016/02/brunner_ersatzteile-400x210.jpg.webp HTTP/2.0" 200 11134 "https://www.ofenbernd.de/k/ofen-ersatzteile/brunner/" "Mozilla/5.0 (Windows NT 10.0; Win64; x64) AppleWebKit/537.36 (KHTML, like Gecko) Chrome/145.0.0.0 Safari/537.36 (compatible; meta-webindexer/1.1 (+https://developers.facebook.com/docs/sharing/webmasters/crawler))"
172.71.144.66 - - [09/Aug/2026:05:01:01 +0200] "GET /wp-content/cache/background-css/1/www.ofenbernd.de/wp-content/cache/min/1/wp-content/plugins/customer-reviews-woocommerce/css/badges.css?ver=1786225793&wpr_t=1786242898 HTTP/1.1" 200 659 "https://www.ofenbernd.de/k/ofen-ersatzteile/brunner/" "Mozilla/5.0 (Windows NT 10.0; Win64; x64) AppleWebKit/537.36 (KHTML, like Gecko) Chrome/145.0.0.0 Safari/537.36 (compatible; meta-webindexer/1.1 (+https://developers.facebook.com/docs/sharing/webmasters/crawler))" PHP-Handler: Remoteport(vom Nginx):41700
104.23.239.15 - - [09/Aug/2026:05:01:01 +0200] "GET /wp-content/uploads/2016/02/brunner_ersatzteile-400x210.jpg.webp HTTP/1.1" 200 565 "https://www.ofenbernd.de/k/ofen-ersatzteile/brunner/" "Mozilla/5.0 (Windows NT 10.0; Win64; x64) AppleWebKit/537.36 (KHTML, like Gecko) Chrome/145.0.0.0 Safari/537.36 (compatible; meta-webindexer/1.1 (+https://developers.facebook.com/docs/sharing/webmasters/crawler))" PHP-Handler: Remoteport(vom Nginx):28176
172.70.246.36 - - [09/Aug/2026:05:01:02 +0200] "GET /wp-content/uploads/2016/02/brunner_kamin_kessel_62_76_serie_4.01_ersatzteile_1-300x134.jpg.webp HTTP/1.1" 200 597 "https://www.ofenbernd.de/k/ofen-ersatzteile/brunner/" "Mozilla/5.0 (Windows NT 10.0; Win64; x64) AppleWebKit/537.36 (KHTML, like Gecko) Chrome/145.0.0.0 Safari/537.36 (compatible; meta-webindexer/1.1 (+https://developers.facebook.com/docs/sharing/webmasters/crawler))" PHP-Handler: Remoteport(vom Nginx):28188
172.70.240.191 - - [09/Aug/2026:05:01:02 +0200] "GET /wp-content/uploads/2016/02/brunner_kamin_kessel_62_76_serie_4.01_bodenstein_rechts-300x134.jpg.webp HTTP/1.1" 200 601 "https://www.ofenbernd.de/k/ofen-ersatzteile/brunner/" "Mozilla/5.0 (Windows NT 10.0; Win64; x64) AppleWebKit/537.36 (KHTML, like Gecko) Chrome/145.0.0.0 Safari/537.36 (compatible; meta-webindexer/1.1 (+https://developers.facebook.com/docs/sharing/webmasters/crawler))" PHP-Handler: Remoteport(vom Nginx):28196
172.70.246.36 - - [09/Aug/2026:05:01:02 +0200] "GET /wp-content/uploads/2016/02/brunner_kamin_kessel_62_76_serie_4.01_ersatzteile_1-300x134.jpg.webp HTTP/2.0" 200 8102 "https://www.ofenbernd.de/k/ofen-ersatzteile/brunner/" "Mozilla/5.0 (Windows NT 10.0; Win64; x64) AppleWebKit/537.36 (KHTML, like Gecko) Chrome/145.0.0.0 Safari/537.36 (compatible; meta-webindexer/1.1 (+https://developers.facebook.com/docs/sharing/webmasters/crawler))"
172.70.240.191 - - [09/Aug/2026:05:01:02 +0200] "GET /wp-content/uploads/2016/02/brunner_kamin_kessel_62_76_serie_4.01_bodenstein_rechts-300x134.jpg.webp HTTP/2.0" 200 8102 "https://www.ofenbernd.de/k/ofen-ersatzteile/brunner/" "Mozilla/5.0 (Windows NT 10.0; Win64; x64) AppleWebKit/537.36 (KHTML, like Gecko) Chrome/145.0.0.0 Safari/537.36 (compatible; meta-webindexer/1.1 (+https://developers.facebook.com/docs/sharing/webmasters/crawler))"
172.70.242.69 - - [09/Aug/2026:05:01:06 +0200] "POST /wp-cron.php?doing_wp_cron=1786244466.1597309112548828125000 HTTP/1.1" 200 461 "-" "WUjYXIM67UMF" PHP-Handler:plesk-php84-fpm Remoteport(vom Nginx):28304
104.23.245.141 - - [09/Aug/2026:05:01:03 +0200] "POST /?wc-ajax=get_refreshed_fragments HTTP/1.1" 200 954 "https://www.ofenbernd.de/k/ofen-ersatzteile/brunner/" "Mozilla/5.0 (Windows NT 10.0; Win64; x64) AppleWebKit/537.36 (KHTML, like Gecko) Chrome/145.0.0.0 Safari/537.36 (compatible; meta-webindexer/1.1 (+https://developers.facebook.com/docs/sharing/webmasters/crawler))" PHP-Handler: Remoteport(vom Nginx):28212
172.68.70.120 - - [09/Aug/2026:05:01:03 +0200] "POST /wp-admin/admin-ajax.php HTTP/1.1" 200 828 "https://www.ofenbernd.de/k/ofen-ersatzteile/brunner/" "Mozilla/5.0 (Windows NT 10.0; Win64; x64) AppleWebKit/537.36 (KHTML, like Gecko) Chrome/145.0.0.0 Safari/537.36 (compatible; meta-webindexer/1.1 (+https://developers.facebook.com/docs/sharing/webmasters/crawler))" PHP-Handler:plesk-php84-fpm Remoteport(vom Nginx):28220
172.71.172.142 - - [09/Aug/2026:05:01:12 +0200] "POST /wp-cron.php?doing_wp_cron=1786244472.4698700904846191406250 HTTP/1.1" 200 461 "-" "Gsb3m9Icdf0z" PHP-Handler:plesk-php84-fpm Remoteport(vom Nginx):4470
104.22.1.116 - - [09/Aug/2026:05:01:08 +0200] "POST /wp-admin/admin-ajax.php HTTP/1.1" 200 1008 "https://www.ofenbernd.de/k/ofen-ersatzteile/brunner/" "Mozilla/5.0 (Windows NT 10.0; Win64; x64) AppleWebKit/537.36 (KHTML, like Gecko) Chrome/145.0.0.0 Safari/537.36 (compatible; meta-webindexer/1.1 (+https://developers.facebook.com/docs/sharing/webmasters/crawler))" PHP-Handler:plesk-php84-fpm Remoteport(vom Nginx):28372
172.70.240.112 - - [09/Aug/2026:05:01:10 +0200] "GET /tag/weso-ofen-ersatzteile/ HTTP/1.1" 200 38160 "-" "WP Rocket/Preload" PHP-Handler:plesk-php84-fpm Remoteport(vom Nginx):28452
162.158.86.124 - - [09/Aug/2026:05:01:16 +0200] "GET /s/335/ HTTP/1.1" 200 49879 "-" "WP Rocket/Preload" PHP-Handler:plesk-php84-fpm Remoteport(vom Nginx):4552
172.70.248.78 - - [09/Aug/2026:05:01:16 +0200] "POST /wp-cron.php?doing_wp_cron=1786244476.7241199016571044921875 HTTP/1.1" 200 461 "-" "Mur56tilzZ1J" PHP-Handler:plesk-php84-fpm Remoteport(vom Nginx):4558
172.71.164.207 - - [09/Aug/2026:05:01:12 +0200] "GET /tag/weso-ofen-ersatzteile/ HTTP/1.1" 200 28061 "-" "WP Rocket/Preload Mozilla/5.0 (iPhone; CPU iPhone OS 9_1 like Mac OS X) AppleWebKit/601.1.46 (KHTML, like Gecko) Version/9.0 Mobile/13B143 Safari/601.1" PHP-Handler:plesk-php84-fpm Remoteport(vom Nginx):4444
172.69.150.177 - - [09/Aug/2026:05:01:13 +0200] "GET /tag/kamin-mit-granit-und-glasschiebetuer/ HTTP/1.1" 200 38236 "-" "WP Rocket/Preload" PHP-Handler:plesk-php84-fpm Remoteport(vom Nginx):4512
172.70.246.108 - - [09/Aug/2026:05:01:15 +0200] "GET /tag/kamin-mit-granit-und-glasschiebetuer/ HTTP/1.1" 200 28129 "-" "WP Rocket/Preload Mozilla/5.0 (iPhone; CPU iPhone OS 9_1 like Mac OS X) AppleWebKit/601.1.46 (KHTML, like Gecko) Version/9.0 Mobile/13B143 Safari/601.1" PHP-Handler:plesk-php84-fpm Remoteport(vom Nginx):4540
104.23.239.68 - - [09/Aug/2026:05:01:17 +0200] "GET /s/335/ HTTP/1.1" 200 37385 "-" "WP Rocket/Preload Mozilla/5.0 (iPhone; CPU iPhone OS 9_1 like Mac OS X) AppleWebKit/601.1.46 (KHTML, like Gecko) Version/9.0 Mobile/13B143 Safari/601.1" PHP-Handler:plesk-php84-fpm Remoteport(vom Nginx):4568
172.70.248.78 - - [09/Aug/2026:05:01:18 +0200] "GET /s/olsberg-spartherm-prismo-rundo-550x675-ersatzteile/ HTTP/1.1" 200 48757 "-" "WP Rocket/Preload" PHP-Handler:plesk-php84-fpm Remoteport(vom Nginx):4616
172.71.144.144 - - [09/Aug/2026:05:01:20 +0200] "GET /s/olsberg-spartherm-prismo-rundo-550x675-ersatzteile/ HTTP/1.1" 200 36090 "-" "WP Rocket/Preload Mozilla/5.0 (iPhone; CPU iPhone OS 9_1 like Mac OS X) AppleWebKit/601.1.46 (KHTML, like Gecko) Version/9.0 Mobile/13B143 Safari/601.1" PHP-Handler:plesk-php84-fpm Remoteport(vom Nginx):4642
172.70.248.78 - - [09/Aug/2026:05:01:21 +0200] "GET /tag/scheitholu-ofen/ HTTP/1.1" 200 38151 "-" "WP Rocket/Preload" PHP-Handler:plesk-php84-fpm Remoteport(vom Nginx):39998
162.158.86.124 - - [09/Aug/2026:05:01:23 +0200] "GET /tag/scheitholu-ofen/ HTTP/1.1" 200 28048 "-" "WP Rocket/Preload Mozilla/5.0 (iPhone; CPU iPhone OS 9_1 like Mac OS X) AppleWebKit/601.1.46 (KHTML, like Gecko) Version/9.0 Mobile/13B143 Safari/601.1" PHP-Handler:plesk-php84-fpm Remoteport(vom Nginx):40018
172.69.150.177 - - [09/Aug/2026:05:01:27 +0200] "GET /tag/kaminofen-tipas/ HTTP/1.1" 200 37989 "-" "WP Rocket/Preload" PHP-Handler:plesk-php84-fpm Remoteport(vom Nginx):40110
172.71.148.65 - - [09/Aug/2026:05:01:24 +0200] "GET /tag/oefen-hamm/ HTTP/1.1" 200 38141 "-" "WP Rocket/Preload" PHP-Handler:plesk-php84-fpm Remoteport(vom Nginx):40038
172.64.222.235 - - [09/Aug/2026:05:01:25 +0200] "GET /shop/page/1/?orderby=date HTTP/1.1" 301 636 "-" "Mozilla/5.0 (Macintosh; Intel Mac OS X 11_1_0) AppleWebKit/537.36 (KHTML, like Gecko) Chrome/87.0.4280.88 Safari/537.36 FS" PHP-Handler:plesk-php84-fpm Remoteport(vom Nginx):40046
104.23.239.68 - - [09/Aug/2026:05:01:26 +0200] "GET /tag/oefen-hamm/ HTTP/1.1" 200 28040 "-" "WP Rocket/Preload Mozilla/5.0 (iPhone; CPU iPhone OS 9_1 like Mac OS X) AppleWebKit/601.1.46 (KHTML, like Gecko) Version/9.0 Mobile/13B143 Safari/601.1" PHP-Handler:plesk-php84-fpm Remoteport(vom Nginx):40086
162.158.86.124 - - [09/Aug/2026:05:01:28 +0200] "GET /tag/kaminofen-tipas/ HTTP/1.1" 200 28045 "-" "WP Rocket/Preload Mozilla/5.0 (iPhone; CPU iPhone OS 9_1 like Mac OS X) AppleWebKit/601.1.46 (KHTML, like Gecko) Version/9.0 Mobile/13B143 Safari/601.1" PHP-Handler:plesk-php84-fpm Remoteport(vom Nginx):40148
172.70.240.112 - - [09/Aug/2026:05:01:07 +0200] "POST /wp-admin/admin-ajax.php?action=as_async_request_queue_runner&nonce=cb05d09946 HTTP/1.1" 200 754 "-" "GYM7AxHldId0" PHP-Handler:plesk-php84-fpm Remoteport(vom Nginx):28334
172.64.222.235 - - [09/Aug/2026:05:01:30 +0200] "GET /shop/?orderby=date HTTP/1.1" 200 37205 "-" "Mozilla/5.0 (Macintosh; Intel Mac OS X 11_1_0) AppleWebKit/537.36 (KHTML, like Gecko) Chrome/87.0.4280.88 Safari/537.36 FS" PHP-Handler:plesk-php84-fpm Remoteport(vom Nginx):40348
172.70.94.193 - - [09/Aug/2026:05:01:36 +0200] "GET /p/olsberg-profi-w-7-bodenstein-mitte-33e2-21-5741-1242/ HTTP/1.1" 200 60852 "-" "Mozilla/5.0 (compatible; Googlebot/2.1; +http://www.google.com/bot.html)" PHP-Handler:plesk-php84-fpm Remoteport(vom Nginx):27066
172.71.148.65 - - [09/Aug/2026:05:01:39 +0200] "GET /p/schmid-sh-11-t-deckenstein-schamotte-pos-5-67-2010-2260 HTTP/1.1" 301 676 "-" "Mozilla/5.0 (compatible; Qwantbot/1.0_5000151; +https://help.qwant.com/bot/)" PHP-Handler:plesk-php84-fpm Remoteport(vom Nginx):27118
172.71.148.65 - - [09/Aug/2026:05:01:42 +0200] "GET /p/schmid-sh-11-t-deckenstein-schamotte-pos-5-67-2010-2260/ HTTP/1.1" 200 60723 "https://www.ofenbernd.de/p/schmid-sh-11-t-deckenstein-schamotte-pos-5-67-2010-2260" "Mozilla/5.0 (compatible; Qwantbot/1.0_5000151; +https://help.qwant.com/bot/)" PHP-Handler:plesk-php84-fpm Remoteport(vom Nginx):37208
172.71.148.65 - - [09/Aug/2026:05:01:38 +0200] "GET /s/schwedenofen/ HTTP/1.1" 200 52244 "-" "WP Rocket/Preload" PHP-Handler:plesk-php84-fpm Remoteport(vom Nginx):27098
172.70.248.78 - - [09/Aug/2026:05:01:40 +0200] "GET /s/schwedenofen/ HTTP/1.1" 200 40081 "-" "WP Rocket/Preload Mozilla/5.0 (iPhone; CPU iPhone OS 9_1 like Mac OS X) AppleWebKit/601.1.46 (KHTML, like Gecko) Version/9.0 Mobile/13B143 Safari/601.1" PHP-Handler:plesk-php84-fpm Remoteport(vom Nginx):27136
172.71.164.207 - - [09/Aug/2026:05:01:41 +0200] "GET /p/oranier-reno-d-4690-auskleidung-komplett-ersatzteile/ HTTP/1.1" 200 60290 "-" "WP Rocket/Preload" PHP-Handler:plesk-php84-fpm Remoteport(vom Nginx):37168
172.70.248.78 - - [09/Aug/2026:05:01:43 +0200] "GET /p/oranier-reno-d-4690-auskleidung-komplett-ersatzteile/ HTTP/1.1" 200 47512 "-" "WP Rocket/Preload Mozilla/5.0 (iPhone; CPU iPhone OS 9_1 like Mac OS X) AppleWebKit/601.1.46 (KHTML, like Gecko) Version/9.0 Mobile/13B143 Safari/601.1" PHP-Handler:plesk-php84-fpm Remoteport(vom Nginx):37212
172.70.248.78 - - [09/Aug/2026:05:01:44 +0200] "GET /s/olsberg-caldera-glasscheibe/ HTTP/1.1" 200 50322 "-" "WP Rocket/Preload" PHP-Handler:plesk-php84-fpm Remoteport(vom Nginx):37270
172.71.172.142 - - [09/Aug/2026:05:01:46 +0200] "GET /s/olsberg-caldera-glasscheibe/ HTTP/1.1" 200 37663 "-" "WP Rocket/Preload Mozilla/5.0 (iPhone; CPU iPhone OS 9_1 like Mac OS X) AppleWebKit/601.1.46 (KHTML, like Gecko) Version/9.0 Mobile/13B143 Safari/601.1" PHP-Handler:plesk-php84-fpm Remoteport(vom Nginx):37304
104.22.24.105 - - [09/Aug/2026:05:01:51 +0200] "GET /k/kamine/sonderangebote-kamine-module-oranier-olsberg-spartherm-auslaufgerate/ HTTP/1.1" 200 50440 "-" "Mozilla/5.0 (Macintosh; Intel Mac OS X 10_15_7) AppleWebKit/537.36 (KHTML, like Gecko) Chrome/145.0.0.0 Safari/537.36 (compatible; meta-webindexer/1.1 (+https://developers.facebook.com/docs/sharing/webmasters/crawler))" PHP-Handler:plesk-php84-fpm Remoteport(vom Nginx):37522
172.69.150.177 - - [09/Aug/2026:05:01:47 +0200] "GET /s/as-fd/ HTTP/1.1" 200 50150 "-" "WP Rocket/Preload" PHP-Handler:plesk-php84-fpm Remoteport(vom Nginx):37390
172.70.240.81 - - [09/Aug/2026:05:01:51 +0200] "GET /wp-content/cache/background-css/1/www.ofenbernd.de/wp-content/cache/min/1/wp-content/plugins/customer-reviews-woocommerce/css/frontend.css?ver=1786225793&wpr_t=1786238963 HTTP/1.1" 200 661 "https://www.ofenbernd.de/k/kamine/sonderangebote-kamine-module-oranier-olsberg-spartherm-auslaufgerate/" "Mozilla/5.0 (Macintosh; Intel Mac OS X 10_15_7) AppleWebKit/537.36 (KHTML, like Gecko) Chrome/145.0.0.0 Safari/537.36 (compatible; meta-webindexer/1.1 (+https://developers.facebook.com/docs/sharing/webmasters/crawler))" PHP-Handler: Remoteport(vom Nginx):15486
172.69.183.135 - - [09/Aug/2026:05:01:47 +0200] "GET /s/ohne-speicherstein/?orderby=price HTTP/1.1" 200 33726 "-" "Mozilla/5.0 (Macintosh; Intel Mac OS X 10_14_5) AppleWebKit/537.36 (KHTML, like Gecko) Chrome/75.0.3770.142 Safari/537.36" PHP-Handler:plesk-php84-fpm Remoteport(vom Nginx):37394
172.70.240.81 - - [09/Aug/2026:05:01:51 +0200] "GET /wp-content/cache/background-css/1/www.ofenbernd.de/wp-content/cache/min/1/wp-content/plugins/customer-reviews-woocommerce/css/frontend.css?ver=1786225793&wpr_t=1786238963 HTTP/2.0" 200 14305 "https://www.ofenbernd.de/k/kamine/sonderangebote-kamine-module-oranier-olsberg-spartherm-auslaufgerate/" "Mozilla/5.0 (Macintosh; Intel Mac OS X 10_15_7) AppleWebKit/537.36 (KHTML, like Gecko) Chrome/145.0.0.0 Safari/537.36 (compatible; meta-webindexer/1.1 (+https://developers.facebook.com/docs/sharing/webmasters/crawler))"
172.71.172.98 - - [09/Aug/2026:05:01:52 +0200] "GET /wp-content/cache/background-css/1/www.ofenbernd.de/wp-content/cache/min/1/wp-content/plugins/woocommerce/assets/css/woocommerce.css?ver=1786225793&wpr_t=1786238963 HTTP/2.0" 200 10601 "https://www.ofenbernd.de/k/kamine/sonderangebote-kamine-module-oranier-olsberg-spartherm-auslaufgerate/" "Mozilla/5.0 (Macintosh; Intel Mac OS X 10_15_7) AppleWebKit/537.36 (KHTML, like Gecko) Chrome/145.0.0.0 Safari/537.36 (compatible; meta-webindexer/1.1 (+https://developers.facebook.com/docs/sharing/webmasters/crawler))"
172.70.248.9 - - [09/Aug/2026:05:01:52 +0200] "GET /wp-content/cache/background-css/1/www.ofenbernd.de/wp-content/cache/min/1/wp-content/plugins/customer-reviews-woocommerce/css/badges.css?ver=1786225793&wpr_t=1786238963 HTTP/2.0" 200 2528 "https://www.ofenbernd.de/k/kamine/sonderangebote-kamine-module-oranier-olsberg-spartherm-auslaufgerate/" "Mozilla/5.0 (Macintosh; Intel Mac OS X 10_15_7) AppleWebKit/537.36 (KHTML, like Gecko) Chrome/145.0.0.0 Safari/537.36 (compatible; meta-webindexer/1.1 (+https://developers.facebook.com/docs/sharing/webmasters/crawler))"
172.71.172.98 - - [09/Aug/2026:05:01:52 +0200] "GET /wp-content/cache/background-css/1/www.ofenbernd.de/wp-content/cache/min/1/wp-content/plugins/woocommerce/assets/css/woocommerce.css?ver=1786225793&wpr_t=1786238963 HTTP/1.1" 200 654 "https://www.ofenbernd.de/k/kamine/sonderangebote-kamine-module-oranier-olsberg-spartherm-auslaufgerate/" "Mozilla/5.0 (Macintosh; Intel Mac OS X 10_15_7) AppleWebKit/537.36 (KHTML, like Gecko) Chrome/145.0.0.0 Safari/537.36 (compatible; meta-webindexer/1.1 (+https://developers.facebook.com/docs/sharing/webmasters/crawler))" PHP-Handler: Remoteport(vom Nginx):15518
172.70.248.9 - - [09/Aug/2026:05:01:52 +0200] "GET /wp-content/cache/background-css/1/www.ofenbernd.de/wp-content/cache/min/1/wp-content/plugins/customer-reviews-woocommerce/css/badges.css?ver=1786225793&wpr_t=1786238963 HTTP/1.1" 200 659 "https://www.ofenbernd.de/k/kamine/sonderangebote-kamine-module-oranier-olsberg-spartherm-auslaufgerate/" "Mozilla/5.0 (Macintosh; Intel Mac OS X 10_15_7) AppleWebKit/537.36 (KHTML, like Gecko) Chrome/145.0.0.0 Safari/537.36 (compatible; meta-webindexer/1.1 (+https://developers.facebook.com/docs/sharing/webmasters/crawler))" PHP-Handler: Remoteport(vom Nginx):15530
172.71.144.144 - - [09/Aug/2026:05:01:49 +0200] "GET /s/as-fd/ HTTP/1.1" 200 37508 "-" "WP Rocket/Preload Mozilla/5.0 (iPhone; CPU iPhone OS 9_1 like Mac OS X) AppleWebKit/601.1.46 (KHTML, like Gecko) Version/9.0 Mobile/13B143 Safari/601.1" PHP-Handler:plesk-php84-fpm Remoteport(vom Nginx):37468
172.70.246.108 - - [09/Aug/2026:05:01:50 +0200] "GET /s/kaminbausatz-rhone-ii/ HTTP/1.1" 200 48680 "-" "WP Rocket/Preload" PHP-Handler:plesk-php84-fpm Remoteport(vom Nginx):37496
172.69.150.177 - - [09/Aug/2026:05:01:52 +0200] "GET /s/kaminbausatz-rhone-ii/ HTTP/1.1" 200 35986 "-" "WP Rocket/Preload Mozilla/5.0 (iPhone; CPU iPhone OS 9_1 like Mac OS X) AppleWebKit/601.1.46 (KHTML, like Gecko) Version/9.0 Mobile/13B143 Safari/601.1" PHP-Handler:plesk-php84-fpm Remoteport(vom Nginx):15516
104.22.56.117 - - [09/Aug/2026:05:01:53 +0200] "POST /?wc-ajax=get_refreshed_fragments HTTP/1.1" 200 954 "https://www.ofenbernd.de/k/kamine/sonderangebote-kamine-module-oranier-olsberg-spartherm-auslaufgerate/" "Mozilla/5.0 (Macintosh; Intel Mac OS X 10_15_7) AppleWebKit/537.36 (KHTML, like Gecko) Chrome/145.0.0.0 Safari/537.36 (compatible; meta-webindexer/1.1 (+https://developers.facebook.com/docs/sharing/webmasters/crawler))" PHP-Handler: Remoteport(vom Nginx):15546
172.71.22.215 - - [09/Aug/2026:05:01:53 +0200] "POST /wp-admin/admin-ajax.php HTTP/1.1" 200 828 "https://www.ofenbernd.de/k/kamine/sonderangebote-kamine-module-oranier-olsberg-spartherm-auslaufgerate/" "Mozilla/5.0 (Macintosh; Intel Mac OS X 10_15_7) AppleWebKit/537.36 (KHTML, like Gecko) Chrome/145.0.0.0 Safari/537.36 (compatible; meta-webindexer/1.1 (+https://developers.facebook.com/docs/sharing/webmasters/crawler))" PHP-Handler:plesk-php84-fpm Remoteport(vom Nginx):15576
172.71.172.142 - - [09/Aug/2026:05:01:53 +0200] "GET /s/ruettelrost/ HTTP/1.1" 200 53156 "-" "WP Rocket/Preload" PHP-Handler:plesk-php84-fpm Remoteport(vom Nginx):15558
172.71.144.144 - - [09/Aug/2026:05:01:55 +0200] "GET /s/ruettelrost/ HTTP/1.1" 200 39795 "-" "WP Rocket/Preload Mozilla/5.0 (iPhone; CPU iPhone OS 9_1 like Mac OS X) AppleWebKit/601.1.46 (KHTML, like Gecko) Version/9.0 Mobile/13B143 Safari/601.1" PHP-Handler:plesk-php84-fpm Remoteport(vom Nginx):15598
104.22.10.230 - - [09/Aug/2026:05:02:01 +0200] "GET /p/olsberg-fuelltuerverschluss-halterung-276x74x80-pos-72g/ HTTP/1.1" 200 60694 "-" "Mozilla/5.0 (Macintosh; Intel Mac OS X 10_13_3) AppleWebKit/537.36 (KHTML, like Gecko) Chrome/67.0.3396.2 Safari/537.36" PHP-Handler:plesk-php84-fpm Remoteport(vom Nginx):15780
172.70.242.69 - - [09/Aug/2026:05:01:35 +0200] "POST /wp-admin/admin-ajax.php?action=as_async_request_queue_runner&nonce=cb05d09946 HTTP/1.1" 200 754 "-" "joecqbFZUBeG" PHP-Handler:plesk-php84-fpm Remoteport(vom Nginx):27002
172.68.231.182 - - [09/Aug/2026:05:02:00 +0200] "GET /s/olsberg-format-11-rostlager/?orderby=popularity HTTP/1.1" 200 32900 "-" "Mozilla/5.0 (Macintosh; Intel Mac OS X 10_15_3) AppleWebKit/537.36 (KHTML, like Gecko) Chrome/97.0.4692.71 Safari/537.36" PHP-Handler:plesk-php84-fpm Remoteport(vom Nginx):15744
172.71.148.65 - - [09/Aug/2026:05:02:05 +0200] "GET /tag/olsberg-ofen-ersatzteile/ HTTP/1.1" 200 38165 "-" "WP Rocket/Preload" PHP-Handler:plesk-php84-fpm Remoteport(vom Nginx):53470
172.70.240.112 - - [09/Aug/2026:05:02:10 +0200] "GET /tag/olsberg-ofen-ersatzteile/ HTTP/1.1" 200 28067 "-" "WP Rocket/Preload Mozilla/5.0 (iPhone; CPU iPhone OS 9_1 like Mac OS X) AppleWebKit/601.1.46 (KHTML, like Gecko) Version/9.0 Mobile/13B143 Safari/601.1" PHP-Handler:plesk-php84-fpm Remoteport(vom Nginx):53656
172.71.247.92 - - [09/Aug/2026:05:02:17 +0200] "POST /wp-cron.php?doing_wp_cron=1786244537.8304979801177978515625 HTTP/1.1" 200 461 "-" "RScSwJezCMfr" PHP-Handler:plesk-php84-fpm Remoteport(vom Nginx):34136
172.70.248.78 - - [09/Aug/2026:05:02:01 +0200] "POST /wp-admin/admin-ajax.php?action=as_async_request_queue_runner&nonce=cb05d09946 HTTP/1.1" 200 754 "-" "FEYmfsUpXdHP" PHP-Handler:plesk-php84-fpm Remoteport(vom Nginx):52844
162.158.111.231 - - [09/Aug/2026:05:02:19 +0200] "GET /s/olsberg-rundo-prismo-piccolo-ersatzteile/ HTTP/1.1" 200 49852 "-" "WP Rocket/Preload" PHP-Handler:plesk-php84-fpm Remoteport(vom Nginx):34206
172.70.240.112 - - [09/Aug/2026:05:02:25 +0200] "POST /wp-cron.php?doing_wp_cron=1786244545.1528189182281494140625 HTTP/1.1" 200 461 "-" "5OiXTOpbqiYn" PHP-Handler:plesk-php84-fpm Remoteport(vom Nginx):20602
172.70.242.69 - - [09/Aug/2026:05:02:21 +0200] "GET /s/olsberg-rundo-prismo-piccolo-ersatzteile/ HTTP/1.1" 200 37950 "-" "WP Rocket/Preload Mozilla/5.0 (iPhone; CPU iPhone OS 9_1 like Mac OS X) AppleWebKit/601.1.46 (KHTML, like Gecko) Version/9.0 Mobile/13B143 Safari/601.1" PHP-Handler:plesk-php84-fpm Remoteport(vom Nginx):34242
172.70.246.108 - - [09/Aug/2026:05:02:18 +0200] "POST /wp-admin/admin-ajax.php?action=as_async_request_queue_runner&nonce=cb05d09946 HTTP/1.1" 200 754 "-" "RScSwJezCMfr" PHP-Handler:plesk-php84-fpm Remoteport(vom Nginx):34148
172.70.248.78 - - [09/Aug/2026:05:02:22 +0200] "GET /s/oranier-arktis-8-serie-1-bodenstein/ HTTP/1.1" 200 51092 "-" "WP Rocket/Preload" PHP-Handler:plesk-php84-fpm Remoteport(vom Nginx):20506
172.70.240.112 - - [09/Aug/2026:05:02:28 +0200] "POST /wp-cron.php?doing_wp_cron=1786244548.2273969650268554687500 HTTP/1.1" 200 461 "-" "YcoMwxjUyaEM" PHP-Handler:plesk-php84-fpm Remoteport(vom Nginx):20670
172.71.172.142 - - [09/Aug/2026:05:02:24 +0200] "GET /s/oranier-arktis-8-serie-1-bodenstein/ HTTP/1.1" 200 38354 "-" "WP Rocket/Preload Mozilla/5.0 (iPhone; CPU iPhone OS 9_1 like Mac OS X) AppleWebKit/601.1.46 (KHTML, like Gecko) Version/9.0 Mobile/13B143 Safari/601.1" PHP-Handler:plesk-php84-fpm Remoteport(vom Nginx):20582
172.71.247.92 - - [09/Aug/2026:05:02:25 +0200] "GET /p/olsberg-creation-11-12-rost-ascherost-kaminrost-feuerrost-21-5631-0024/ HTTP/1.1" 200 60333 "-" "WP Rocket/Preload" PHP-Handler:plesk-php84-fpm Remoteport(vom Nginx):20620
172.71.172.142 - - [09/Aug/2026:05:02:27 +0200] "GET /p/olsberg-creation-11-12-rost-ascherost-kaminrost-feuerrost-21-5631-0024/ HTTP/1.1" 200 46902 "-" "WP Rocket/Preload Mozilla/5.0 (iPhone; CPU iPhone OS 9_1 like Mac OS X) AppleWebKit/601.1.46 (KHTML, like Gecko) Version/9.0 Mobile/13B143 Safari/601.1" PHP-Handler:plesk-php84-fpm Remoteport(vom Nginx):20650
172.70.248.78 - - [09/Aug/2026:05:02:28 +0200] "GET /s/heidi-back/ HTTP/1.1" 200 48616 "-" "WP Rocket/Preload" PHP-Handler:plesk-php84-fpm Remoteport(vom Nginx):20682
162.158.94.223 - - [09/Aug/2026:05:02:30 +0200] "GET /s/heidi-back/ HTTP/1.1" 200 35943 "-" "WP Rocket/Preload Mozilla/5.0 (iPhone; CPU iPhone OS 9_1 like Mac OS X) AppleWebKit/601.1.46 (KHTML, like Gecko) Version/9.0 Mobile/13B143 Safari/601.1" PHP-Handler:plesk-php84-fpm Remoteport(vom Nginx):20714
162.158.86.124 - - [09/Aug/2026:05:02:31 +0200] "GET /s/dovre-kamindichtung-koord-10/ HTTP/1.1" 200 48704 "-" "WP Rocket/Preload" PHP-Handler:plesk-php84-fpm Remoteport(vom Nginx):27508
172.71.172.142 - - [09/Aug/2026:05:02:33 +0200] "GET /s/dovre-kamindichtung-koord-10/ HTTP/1.1" 200 36012 "-" "WP Rocket/Preload Mozilla/5.0 (iPhone; CPU iPhone OS 9_1 like Mac OS X) AppleWebKit/601.1.46 (KHTML, like Gecko) Version/9.0 Mobile/13B143 Safari/601.1" PHP-Handler:plesk-php84-fpm Remoteport(vom Nginx):27592
172.71.164.207 - - [09/Aug/2026:05:02:34 +0200] "GET /s/olsberg-tolima-aqua-compact-stahl/ HTTP/1.1" 200 48701 "-" "WP Rocket/Preload" PHP-Handler:plesk-php84-fpm Remoteport(vom Nginx):27654
172.71.148.65 - - [09/Aug/2026:05:02:36 +0200] "GET /s/olsberg-tolima-aqua-compact-stahl/ HTTP/1.1" 200 36048 "-" "WP Rocket/Preload Mozilla/5.0 (iPhone; CPU iPhone OS 9_1 like Mac OS X) AppleWebKit/601.1.46 (KHTML, like Gecko) Version/9.0 Mobile/13B143 Safari/601.1" PHP-Handler:plesk-php84-fpm Remoteport(vom Nginx):27732
172.69.150.177 - - [09/Aug/2026:05:02:16 +0200] "POST /wp-admin/admin-ajax.php?action=as_async_request_queue_runner&nonce=cb05d09946 HTTP/1.1" 200 754 "-" "RScSwJezCMfr" PHP-Handler:plesk-php84-fpm Remoteport(vom Nginx):34124
162.159.104.105 - - [09/Aug/2026:05:02:43 +0200] "GET /s/olsberg-tecapa-ii-compact/ HTTP/1.1" 200 37786 "-" "Mozilla/5.0 (Linux; Android 6.0.1; Nexus 5X Build/MMB29P) AppleWebKit/537.36 (KHTML, like Gecko) Chrome/150.0.7871.186 Mobile Safari/537.36 (compatible; Googlebot/2.1; +http://www.google.com/bot.html)" PHP-Handler:plesk-php84-fpm Remoteport(vom Nginx):4802
162.158.86.124 - - [09/Aug/2026:05:02:48 +0200] "GET /p/schmid-sh-9-t-glasscheibe-67-2008-2012/ HTTP/1.1" 200 47366 "-" "WP Rocket/Preload Mozilla/5.0 (iPhone; CPU iPhone OS 9_1 like Mac OS X) AppleWebKit/601.1.46 (KHTML, like Gecko) Version/9.0 Mobile/13B143 Safari/601.1" PHP-Handler:plesk-php84-fpm Remoteport(vom Nginx):4914
172.68.164.107 - - [09/Aug/2026:05:02:46 +0200] "GET /kaminofen-kaminofen-lager-ofen-ofen-kamin-ofenlager-de/ HTTP/1.1" 301 663 "-" "Mozilla/5.0 (Linux; Android 5.0) AppleWebKit/537.36 (KHTML, like Gecko) Mobile Safari/537.36 (compatible; Bytespider; https://bytedance.sg.larkoffice.com/docx/K5bxdypulop3IIxrJb0lOjLVgFe)" PHP-Handler:plesk-php84-fpm Remoteport(vom Nginx):4882
172.70.143.212 - - [09/Aug/2026:05:02:50 +0200] "GET / HTTP/1.1" 200 49432 "-" "Mozilla/5.0 (Linux; Android 5.0) AppleWebKit/537.36 (KHTML, like Gecko) Mobile Safari/537.36 (compatible; Bytespider; https://bytedance.sg.larkoffice.com/docx/K5bxdypulop3IIxrJb0lOjLVgFe)" PHP-Handler: Remoteport(vom Nginx):4972
172.71.148.65 - - [09/Aug/2026:05:02:46 +0200] "GET /p/schmid-sh-9-t-glasscheibe-67-2008-2012/ HTTP/1.1" 200 60198 "-" "WP Rocket/Preload" PHP-Handler:plesk-php84-fpm Remoteport(vom Nginx):4872
162.158.86.124 - - [09/Aug/2026:05:02:48 +0200] "GET /k/ofen-ersatzteile/schmid/schmid-ronda/ronda-55/ HTTP/1.1" 200 48045 "-" "WP Rocket/Preload" PHP-Handler:plesk-php84-fpm Remoteport(vom Nginx):4916
172.71.164.207 - - [09/Aug/2026:05:02:50 +0200] "GET /k/ofen-ersatzteile/schmid/schmid-ronda/ronda-55/ HTTP/1.1" 200 36044 "-" "WP Rocket/Preload Mozilla/5.0 (iPhone; CPU iPhone OS 9_1 like Mac OS X) AppleWebKit/601.1.46 (KHTML, like Gecko) Version/9.0 Mobile/13B143 Safari/601.1" PHP-Handler:plesk-php84-fpm Remoteport(vom Nginx):4952
172.71.164.207 - - [09/Aug/2026:05:02:51 +0200] "GET /s/module-xs/ HTTP/1.1" 200 48621 "-" "WP Rocket/Preload" PHP-Handler:plesk-php84-fpm Remoteport(vom Nginx):50374
172.70.240.112 - - [09/Aug/2026:05:02:53 +0200] "GET /s/module-xs/ HTTP/1.1" 200 35936 "-" "WP Rocket/Preload Mozilla/5.0 (iPhone; CPU iPhone OS 9_1 like Mac OS X) AppleWebKit/601.1.46 (KHTML, like Gecko) Version/9.0 Mobile/13B143 Safari/601.1" PHP-Handler:plesk-php84-fpm Remoteport(vom Nginx):50442
104.23.239.69 - - [09/Aug/2026:05:02:54 +0200] "GET /s/oranier-pori-5-4671-ersatzteile/ HTTP/1.1" 200 50332 "-" "WP Rocket/Preload" PHP-Handler:plesk-php84-fpm Remoteport(vom Nginx):50502
104.23.239.69 - - [09/Aug/2026:05:02:56 +0200] "GET /s/oranier-pori-5-4671-ersatzteile/ HTTP/1.1" 200 37680 "-" "WP Rocket/Preload Mozilla/5.0 (iPhone; CPU iPhone OS 9_1 like Mac OS X) AppleWebKit/601.1.46 (KHTML, like Gecko) Version/9.0 Mobile/13B143 Safari/601.1" PHP-Handler:plesk-php84-fpm Remoteport(vom Nginx):50554
172.71.148.65 - - [09/Aug/2026:05:02:57 +0200] "GET /s/palena-plus/ HTTP/1.1" 200 48623 "-" "WP Rocket/Preload" PHP-Handler:plesk-php84-fpm Remoteport(vom Nginx):50634
172.71.148.65 - - [09/Aug/2026:05:02:59 +0200] "GET /s/palena-plus/ HTTP/1.1" 200 35938 "-" "WP Rocket/Preload Mozilla/5.0 (iPhone; CPU iPhone OS 9_1 like Mac OS X) AppleWebKit/601.1.46 (KHTML, like Gecko) Version/9.0 Mobile/13B143 Safari/601.1" PHP-Handler:plesk-php84-fpm Remoteport(vom Nginx):50748
104.23.229.80 - - [09/Aug/2026:05:03:00 +0200] "GET /wp-login.php HTTP/1.1" 200 3727 "-" "Mozilla/5.0 (Windows NT 10.0; Win64; x64) AppleWebKit/537.36 (KHTML, like Gecko) Chrome/133.0.0.0 Safari/537.36" PHP-Handler:plesk-php84-fpm Remoteport(vom Nginx):50796
172.70.240.112 - - [09/Aug/2026:05:03:00 +0200] "GET /s/4647-ii/ HTTP/1.1" 200 49590 "-" "WP Rocket/Preload" PHP-Handler:plesk-php84-fpm Remoteport(vom Nginx):50784
172.71.247.92 - - [09/Aug/2026:05:03:02 +0200] "GET /s/4647-ii/ HTTP/1.1" 200 37661 "-" "WP Rocket/Preload Mozilla/5.0 (iPhone; CPU iPhone OS 9_1 like Mac OS X) AppleWebKit/601.1.46 (KHTML, like Gecko) Version/9.0 Mobile/13B143 Safari/601.1" PHP-Handler:plesk-php84-fpm Remoteport(vom Nginx):12580
172.71.164.207 - - [09/Aug/2026:05:03:03 +0200] "GET /s/justus-oranier-faro-plus-4693-ersatzteile/ HTTP/1.1" 200 48721 "-" "WP Rocket/Preload" PHP-Handler:plesk-php84-fpm Remoteport(vom Nginx):12592
172.71.144.145 - - [09/Aug/2026:05:03:05 +0200] "GET /s/justus-oranier-faro-plus-4693-ersatzteile/ HTTP/1.1" 200 36050 "-" "WP Rocket/Preload Mozilla/5.0 (iPhone; CPU iPhone OS 9_1 like Mac OS X) AppleWebKit/601.1.46 (KHTML, like Gecko) Version/9.0 Mobile/13B143 Safari/601.1" PHP-Handler:plesk-php84-fpm Remoteport(vom Nginx):12620
104.23.229.80 - - [09/Aug/2026:05:03:06 +0200] "POST /wp-login.php HTTP/1.1" 200 3879 "https://www.ofenbernd.de/wp-login.php" "Mozilla/5.0 (Windows NT 10.0; Win64; x64) AppleWebKit/537.36 (KHTML, like Gecko) Chrome/133.0.0.0 Safari/537.36" PHP-Handler:plesk-php84-fpm Remoteport(vom Nginx):12650
172.71.247.92 - - [09/Aug/2026:05:02:43 +0200] "POST /wp-admin/admin-ajax.php?action=as_async_request_queue_runner&nonce=cb05d09946 HTTP/1.1" 200 754 "-" "rTaFZAc2P2js" PHP-Handler:plesk-php84-fpm Remoteport(vom Nginx):4774
172.71.247.92 - - [09/Aug/2026:05:03:15 +0200] "GET /s/oranier-kiruna-8-serie-2-feuerrost-kaminrost/ HTTP/1.1" 200 50387 "-" "WP Rocket/Preload" PHP-Handler:plesk-php84-fpm Remoteport(vom Nginx):13510
172.70.242.69 - - [09/Aug/2026:05:03:19 +0200] "GET /s/oranier-kiruna-8-serie-2-feuerrost-kaminrost/ HTTP/1.1" 200 37735 "-" "WP Rocket/Preload Mozilla/5.0 (iPhone; CPU iPhone OS 9_1 like Mac OS X) AppleWebKit/601.1.46 (KHTML, like Gecko) Version/9.0 Mobile/13B143 Safari/601.1" PHP-Handler:plesk-php84-fpm Remoteport(vom Nginx):14018
172.70.47.95 - - [09/Aug/2026:05:03:19 +0200] "GET /k/ofen-ersatzteile/oranier/oranier-arktis-ersatzteile/?orderby=date HTTP/1.1" 200 36433 "-" "Mozilla/5.0 (Windows NT 10.0; WOW64) AppleWebKit/537.36 (KHTML, like Gecko) Chrome/48.0.2564.116 Safari/537.36" PHP-Handler:plesk-php84-fpm Remoteport(vom Nginx):14024
172.69.150.177 - - [09/Aug/2026:05:03:11 +0200] "POST /wp-admin/admin-ajax.php?action=as_async_request_queue_runner&nonce=cb05d09946 HTTP/1.1" 200 754 "-" "L5NLAF1SW9kY" PHP-Handler:plesk-php84-fpm Remoteport(vom Nginx):13396
172.70.240.112 - - [09/Aug/2026:05:03:33 +0200] "POST /wp-cron.php?doing_wp_cron=1786244613.4740779399871826171875 HTTP/1.1" 200 461 "-" "RDJhHdm4XeiS" PHP-Handler:plesk-php84-fpm Remoteport(vom Nginx):10210
172.71.247.92 - - [09/Aug/2026:05:03:29 +0200] "GET /s/polar-4/ HTTP/1.1" 200 48612 "-" "WP Rocket/Preload" PHP-Handler:plesk-php84-fpm Remoteport(vom Nginx):38976
172.70.240.112 - - [09/Aug/2026:05:03:35 +0200] "POST /wp-cron.php?doing_wp_cron=1786244614.9363479614257812500000 HTTP/1.1" 200 461 "-" "cyB5eDbv1TRw" PHP-Handler:plesk-php84-fpm Remoteport(vom Nginx):10250
172.70.240.112 - - [09/Aug/2026:05:03:31 +0200] "GET /s/polar-4/ HTTP/1.1" 200 35928 "-" "WP Rocket/Preload Mozilla/5.0 (iPhone; CPU iPhone OS 9_1 like Mac OS X) AppleWebKit/601.1.46 (KHTML, like Gecko) Version/9.0 Mobile/13B143 Safari/601.1" PHP-Handler:plesk-php84-fpm Remoteport(vom Nginx):39028
172.71.164.207 - - [09/Aug/2026:05:03:35 +0200] "POST /wp-cron.php?doing_wp_cron=1786244615.8420629501342773437500 HTTP/1.1" 200 461 "-" "0u6N6zDAnUhi" PHP-Handler:plesk-php84-fpm Remoteport(vom Nginx):10272
172.70.240.112 - - [09/Aug/2026:05:03:27 +0200] "POST /wp-admin/admin-ajax.php?action=as_async_request_queue_runner&nonce=cb05d09946 HTTP/1.1" 200 754 "-" "05Fk395vACBz" PHP-Handler:plesk-php84-fpm Remoteport(vom Nginx):38938
172.70.240.112 - - [09/Aug/2026:05:03:36 +0200] "POST /wp-cron.php?doing_wp_cron=1786244616.7766940593719482421875 HTTP/1.1" 200 461 "-" "6MptE1j4RFIC" PHP-Handler:plesk-php84-fpm Remoteport(vom Nginx):10296
172.71.144.145 - - [09/Aug/2026:05:03:32 +0200] "GET /s/h%E2%82%82o-xl-xxl/ HTTP/1.1" 200 49565 "-" "WP Rocket/Preload" PHP-Handler:plesk-php84-fpm Remoteport(vom Nginx):10136
172.70.240.112 - - [09/Aug/2026:05:03:34 +0200] "GET /s/h%E2%82%82o-xl-xxl/ HTTP/1.1" 200 37635 "-" "WP Rocket/Preload Mozilla/5.0 (iPhone; CPU iPhone OS 9_1 like Mac OS X) AppleWebKit/601.1.46 (KHTML, like Gecko) Version/9.0 Mobile/13B143 Safari/601.1" PHP-Handler:plesk-php84-fpm Remoteport(vom Nginx):10226
172.71.164.207 - - [09/Aug/2026:05:03:38 +0200] "GET /p/olsberg-fogo-rueckwandstein-mitte-pos-35-23-4661-1253/ HTTP/1.1" 200 61036 "-" "WP Rocket/Preload" PHP-Handler:plesk-php84-fpm Remoteport(vom Nginx):10414
104.23.251.140 - - [09/Aug/2026:05:03:36 +0200] "POST /?wc-ajax=get_refreshed_fragments HTTP/1.1" 200 954 "https://www.ofenbernd.de/k/ofen-ersatzteile/oranier/oranier-arktis-ersatzteile/?orderby=date" "Mozilla/5.0 (Windows NT 10.0; Win64; x64) AppleWebKit/537.36 (KHTML, like Gecko) Chrome/99.0.4844.51 Safari/537.36" PHP-Handler: Remoteport(vom Nginx):10286
172.71.144.145 - - [09/Aug/2026:05:03:35 +0200] "GET /s/oranier-alto-ersatzteile/ HTTP/1.1" 200 50228 "-" "WP Rocket/Preload" PHP-Handler:plesk-php84-fpm Remoteport(vom Nginx):10260
162.158.94.223 - - [09/Aug/2026:05:03:37 +0200] "GET /s/oranier-alto-ersatzteile/ HTTP/1.1" 200 37569 "-" "WP Rocket/Preload Mozilla/5.0 (iPhone; CPU iPhone OS 9_1 like Mac OS X) AppleWebKit/601.1.46 (KHTML, like Gecko) Version/9.0 Mobile/13B143 Safari/601.1" PHP-Handler:plesk-php84-fpm Remoteport(vom Nginx):10320
172.70.248.79 - - [09/Aug/2026:05:03:39 +0200] "GET /p/olsberg-fogo-rueckwandstein-mitte-pos-35-23-4661-1253/ HTTP/1.1" 200 47267 "-" "WP Rocket/Preload Mozilla/5.0 (iPhone; CPU iPhone OS 9_1 like Mac OS X) AppleWebKit/601.1.46 (KHTML, like Gecko) Version/9.0 Mobile/13B143 Safari/601.1" PHP-Handler:plesk-php84-fpm Remoteport(vom Nginx):10438
162.158.111.231 - - [09/Aug/2026:05:03:40 +0200] "GET /k/kaminzubehor/olsberg-kaminzubehor/ HTTP/1.1" 200 50286 "-" "WP Rocket/Preload" PHP-Handler:plesk-php84-fpm Remoteport(vom Nginx):10508
172.71.172.142 - - [09/Aug/2026:05:03:42 +0200] "GET /k/kaminzubehor/olsberg-kaminzubehor/ HTTP/1.1" 200 37717 "-" "WP Rocket/Preload Mozilla/5.0 (iPhone; CPU iPhone OS 9_1 like Mac OS X) AppleWebKit/601.1.46 (KHTML, like Gecko) Version/9.0 Mobile/13B143 Safari/601.1" PHP-Handler:plesk-php84-fpm Remoteport(vom Nginx):41770
172.71.172.142 - - [09/Aug/2026:05:03:47 +0200] "POST /wp-cron.php?doing_wp_cron=1786244627.7378029823303222656250 HTTP/1.1" 200 461 "-" "JrMat1wyFoFg" PHP-Handler:plesk-php84-fpm Remoteport(vom Nginx):41966
162.158.86.124 - - [09/Aug/2026:05:03:43 +0200] "GET /s/s14/ HTTP/1.1" 200 50014 "-" "WP Rocket/Preload" PHP-Handler:plesk-php84-fpm Remoteport(vom Nginx):41824
172.71.164.207 - - [09/Aug/2026:05:03:45 +0200] "GET /s/s14/ HTTP/1.1" 200 37385 "-" "WP Rocket/Preload Mozilla/5.0 (iPhone; CPU iPhone OS 9_1 like Mac OS X) AppleWebKit/601.1.46 (KHTML, like Gecko) Version/9.0 Mobile/13B143 Safari/601.1" PHP-Handler:plesk-php84-fpm Remoteport(vom Nginx):41884
172.71.164.207 - - [09/Aug/2026:05:03:46 +0200] "GET /s/arena-aqua/ HTTP/1.1" 200 50294 "-" "WP Rocket/Preload" PHP-Handler:plesk-php84-fpm Remoteport(vom Nginx):41928
172.70.240.112 - - [09/Aug/2026:05:03:48 +0200] "GET /s/arena-aqua/ HTTP/1.1" 200 37661 "-" "WP Rocket/Preload Mozilla/5.0 (iPhone; CPU iPhone OS 9_1 like Mac OS X) AppleWebKit/601.1.46 (KHTML, like Gecko) Version/9.0 Mobile/13B143 Safari/601.1" PHP-Handler:plesk-php84-fpm Remoteport(vom Nginx):41982
162.159.106.79 - - [09/Aug/2026:05:03:50 +0200] "GET /p/linatv-45-set-riemchensteine-66-1100-9130/ HTTP/1.1" 200 59997 "-" "Mozilla/5.0 (compatible; Googlebot/2.1; +http://www.google.com/bot.html)" PHP-Handler:plesk-php84-fpm Remoteport(vom Nginx):42008
172.70.240.112 - - [09/Aug/2026:05:03:26 +0200] "POST /wp-admin/admin-ajax.php?action=as_async_request_queue_runner&nonce=cb05d09946 HTTP/1.1" 200 754 "-" "05Fk395vACBz" PHP-Handler:plesk-php84-fpm Remoteport(vom Nginx):38840
172.70.242.69 - - [09/Aug/2026:05:03:50 +0200] "GET /s/olsberg-tdc-1-temperatur-differenz-controller/ HTTP/1.1" 200 50260 "-" "WP Rocket/Preload" PHP-Handler:plesk-php84-fpm Remoteport(vom Nginx):42012
172.71.166.250 - - [09/Aug/2026:05:03:55 +0200] "GET /p/olsberg-antuco-seitenstein-links-pos-36a-23-5461-1251/ HTTP/1.1" 200 47288 "-" "Mozilla/5.0 (Linux; Android 6.0.1; Nexus 5X Build/MMB29P) AppleWebKit/537.36 (KHTML, like Gecko) Chrome/150.0.7871.186 Mobile Safari/537.36 (compatible; Googlebot/2.1; +http://www.google.com/bot.html)" PHP-Handler:plesk-php84-fpm Remoteport(vom Nginx):61030
172.71.148.65 - - [09/Aug/2026:05:03:52 +0200] "GET /s/olsberg-tdc-1-temperatur-differenz-controller/ HTTP/1.1" 200 37590 "-" "WP Rocket/Preload Mozilla/5.0 (iPhone; CPU iPhone OS 9_1 like Mac OS X) AppleWebKit/601.1.46 (KHTML, like Gecko) Version/9.0 Mobile/13B143 Safari/601.1" PHP-Handler:plesk-php84-fpm Remoteport(vom Nginx):60908
172.70.240.112 - - [09/Aug/2026:05:03:53 +0200] "GET /p/schmid-sh-9-t-griff-tuergriff-komplett-21-3010-0068/ HTTP/1.1" 200 60075 "-" "WP Rocket/Preload" PHP-Handler:plesk-php84-fpm Remoteport(vom Nginx):60980
172.71.164.207 - - [09/Aug/2026:05:03:55 +0200] "GET /p/schmid-sh-9-t-griff-tuergriff-komplett-21-3010-0068/ HTTP/1.1" 200 47219 "-" "WP Rocket/Preload Mozilla/5.0 (iPhone; CPU iPhone OS 9_1 like Mac OS X) AppleWebKit/601.1.46 (KHTML, like Gecko) Version/9.0 Mobile/13B143 Safari/601.1" PHP-Handler:plesk-php84-fpm Remoteport(vom Nginx):61024
172.70.240.112 - - [09/Aug/2026:05:03:56 +0200] "GET /s/kamineinsatz-spartherm/ HTTP/1.1" 200 48658 "-" "WP Rocket/Preload" PHP-Handler:plesk-php84-fpm Remoteport(vom Nginx):61060
172.71.144.145 - - [09/Aug/2026:05:03:58 +0200] "GET /s/kamineinsatz-spartherm/ HTTP/1.1" 200 35964 "-" "WP Rocket/Preload Mozilla/5.0 (iPhone; CPU iPhone OS 9_1 like Mac OS X) AppleWebKit/601.1.46 (KHTML, like Gecko) Version/9.0 Mobile/13B143 Safari/601.1" PHP-Handler:plesk-php84-fpm Remoteport(vom Nginx):61098
162.158.94.223 - - [09/Aug/2026:05:03:59 +0200] "GET /p/schmid-sh-9-d-abgasstutzen-senkrecht-o-145-67-0045-9220/ HTTP/1.1" 200 59611 "-" "WP Rocket/Preload" PHP-Handler:plesk-php84-fpm Remoteport(vom Nginx):61142
172.71.164.207 - - [09/Aug/2026:05:04:01 +0200] "GET /p/schmid-sh-9-d-abgasstutzen-senkrecht-o-145-67-0045-9220/ HTTP/1.1" 200 46860 "-" "WP Rocket/Preload Mozilla/5.0 (iPhone; CPU iPhone OS 9_1 like Mac OS X) AppleWebKit/601.1.46 (KHTML, like Gecko) Version/9.0 Mobile/13B143 Safari/601.1" PHP-Handler:plesk-php84-fpm Remoteport(vom Nginx):61186
172.71.172.142 - - [09/Aug/2026:05:04:02 +0200] "GET /s/oranier-polar-8/ HTTP/1.1" 200 54004 "-" "WP Rocket/Preload" PHP-Handler:plesk-php84-fpm Remoteport(vom Nginx):48192
172.69.150.177 - - [09/Aug/2026:05:04:04 +0200] "GET /s/oranier-polar-8/ HTTP/1.1" 200 40611 "-" "WP Rocket/Preload Mozilla/5.0 (iPhone; CPU iPhone OS 9_1 like Mac OS X) AppleWebKit/601.1.46 (KHTML, like Gecko) Version/9.0 Mobile/13B143 Safari/601.1" PHP-Handler:plesk-php84-fpm Remoteport(vom Nginx):48284
172.71.164.207 - - [09/Aug/2026:05:04:05 +0200] "GET /s/4654-8/ HTTP/1.1" 200 54008 "-" "WP Rocket/Preload" PHP-Handler:plesk-php84-fpm Remoteport(vom Nginx):48310
162.159.106.79 - - [09/Aug/2026:05:04:07 +0200] "POST /?wc-ajax=get_refreshed_fragments HTTP/1.1" 200 954 "https://www.ofenbernd.de/p/olsberg-antuco-seitenstein-links-pos-36a-23-5461-1251/" "Mozilla/5.0 (Linux; Android 6.0.1; Nexus 5X Build/MMB29P) AppleWebKit/537.36 (KHTML, like Gecko) Chrome/150.0.7871.186 Mobile Safari/537.36 (compatible; Googlebot/2.1; +http://www.google.com/bot.html)" PHP-Handler: Remoteport(vom Nginx):48388
172.71.247.92 - - [09/Aug/2026:05:04:07 +0200] "GET /s/4654-8/ HTTP/1.1" 200 40633 "-" "WP Rocket/Preload Mozilla/5.0 (iPhone; CPU iPhone OS 9_1 like Mac OS X) AppleWebKit/601.1.46 (KHTML, like Gecko) Version/9.0 Mobile/13B143 Safari/601.1" PHP-Handler:plesk-php84-fpm Remoteport(vom Nginx):48366
172.69.150.177 - - [09/Aug/2026:05:04:19 +0200] "POST /wp-cron.php?doing_wp_cron=1786244659.8276970386505126953125 HTTP/1.1" 200 461 "-" "P2KYTEFUSAjy" PHP-Handler:plesk-php84-fpm Remoteport(vom Nginx):57060
172.64.205.156 - - [09/Aug/2026:05:04:15 +0200] "GET /s/schmid-neo-line-5554-ausmauerung-komplett/?orderby=popularity HTTP/1.1" 200 32947 "-" "Mozilla/5.0 (Windows NT 6.3; Win64; x64) AppleWebKit/537.36 (KHTML, like Gecko) Chrome/100.0.4896.127 Safari/537.36" PHP-Handler:plesk-php84-fpm Remoteport(vom Nginx):56962
172.70.248.162 - - [09/Aug/2026:05:04:35 +0200] "GET /wp-content/uploads/2015/03/oranier_kiruna_6_4649-6_eck_ruckwand_ruckwandstein_ruckwandplatte-300x300.jpg.webp HTTP/1.1" 200 611 "-" "Mozilla/5.0 AppleWebKit/537.36 (KHTML, like Gecko; compatible; bingbot/2.0; +http://www.bing.com/bingbot.htm) Chrome/116.0.1938.76 Safari/537.36" PHP-Handler: Remoteport(vom Nginx):53282
