172.70.240.112 - - [09/Aug/2026:05:15:38 +0200] "GET /tag/handwerks-meister-kamin/ HTTP/1.1" 200 28078 "-" "WP Rocket/Preload Mozilla/5.0 (iPhone; CPU iPhone OS 9_1 like Mac OS X) AppleWebKit/601.1.46 (KHTML, like Gecko) Version/9.0 Mobile/13B143 Safari/601.1" PHP-Handler:plesk-php84-fpm Remoteport(vom Nginx):48606
104.23.208.148 - - [09/Aug/2026:05:15:37 +0200] "GET /s/keramik-fresh-apple/?orderby=price HTTP/1.1" 200 33209 "-" "Mozilla/5.0 (Windows NT 5.1) AppleWebKit/537.36 (KHTML, like Gecko) Chrome/35.0.2117.157 Safari/537.36" PHP-Handler:plesk-php84-fpm Remoteport(vom Nginx):48594
172.69.150.177 - - [09/Aug/2026:05:15:42 +0200] "GET /p/justus-sylt-4683-waerme-plus-bodenstein-pos-11-2-2904361000/ HTTP/1.1" 200 61015 "-" "WP Rocket/Preload" PHP-Handler:plesk-php84-fpm Remoteport(vom Nginx):19310
172.69.150.177 - - [09/Aug/2026:05:15:39 +0200] "GET /tag/olsberg-kaminoefen/ HTTP/1.1" 200 38169 "-" "WP Rocket/Preload" PHP-Handler:plesk-php84-fpm Remoteport(vom Nginx):48640
172.69.39.20 - - [09/Aug/2026:05:15:43 +0200] "GET /p/olsberg-profi-7-umlenkstein-pos-37-21-5741-1267/ HTTP/1.1" 200 60386 "-" "Mozilla/5.0 (Macintosh; Intel Mac OS X 10_13_6) AppleWebKit/537.36 (KHTML, like Gecko) Brave Chrome/85.0.4183.83 Safari/537.36" PHP-Handler:plesk-php84-fpm Remoteport(vom Nginx):19354
162.158.111.35 - - [09/Aug/2026:05:15:41 +0200] "GET /tag/olsberg-kaminoefen/ HTTP/1.1" 200 28059 "-" "WP Rocket/Preload Mozilla/5.0 (iPhone; CPU iPhone OS 9_1 like Mac OS X) AppleWebKit/601.1.46 (KHTML, like Gecko) Version/9.0 Mobile/13B143 Safari/601.1" PHP-Handler:plesk-php84-fpm Remoteport(vom Nginx):48662
172.68.12.234 - - [09/Aug/2026:05:15:41 +0200] "GET /s/oranier-arktis-7-ii/?orderby=date HTTP/1.1" 200 32961 "-" "Mozilla/5.0 (Windows NT 6.3) AppleWebKit/537.36 (KHTML, like Gecko) Chrome/107.0.0.0 Safari/537.36" PHP-Handler:plesk-php84-fpm Remoteport(vom Nginx):19232
172.71.172.143 - - [09/Aug/2026:05:15:43 +0200] "GET /p/justus-sylt-4683-waerme-plus-bodenstein-pos-11-2-2904361000/ HTTP/1.1" 200 47535 "-" "WP Rocket/Preload Mozilla/5.0 (iPhone; CPU iPhone OS 9_1 like Mac OS X) AppleWebKit/601.1.46 (KHTML, like Gecko) Version/9.0 Mobile/13B143 Safari/601.1" PHP-Handler:plesk-php84-fpm Remoteport(vom Nginx):19332
172.71.144.144 - - [09/Aug/2026:05:15:44 +0200] "GET /s/olsberg-fogo-rostlager/ HTTP/1.1" 200 50205 "-" "WP Rocket/Preload" PHP-Handler:plesk-php84-fpm Remoteport(vom Nginx):19386
172.71.144.144 - - [09/Aug/2026:05:15:46 +0200] "GET /s/olsberg-fogo-rostlager/ HTTP/1.1" 200 37551 "-" "WP Rocket/Preload Mozilla/5.0 (iPhone; CPU iPhone OS 9_1 like Mac OS X) AppleWebKit/601.1.46 (KHTML, like Gecko) Version/9.0 Mobile/13B143 Safari/601.1" PHP-Handler:plesk-php84-fpm Remoteport(vom Nginx):19432
162.158.94.222 - - [09/Aug/2026:05:15:50 +0200] "GET /s/oranier-corner-7-ersatzteile/ HTTP/1.1" 200 50220 "-" "WP Rocket/Preload" PHP-Handler:plesk-php84-fpm Remoteport(vom Nginx):19560
172.71.164.206 - - [09/Aug/2026:05:15:51 +0200] "POST /wp-cron.php?doing_wp_cron=1786245351.5100710391998291015625 HTTP/1.1" 200 461 "-" "XRKgWB5U8NEK" PHP-Handler:plesk-php84-fpm Remoteport(vom Nginx):60164
172.69.150.177 - - [09/Aug/2026:05:15:47 +0200] "GET /p/oranier-arktis-4-serie-1-kompletter-schamottesatz-2901373000/ HTTP/1.1" 200 60415 "-" "WP Rocket/Preload" PHP-Handler:plesk-php84-fpm Remoteport(vom Nginx):19508
162.158.94.222 - - [09/Aug/2026:05:15:52 +0200] "POST /wp-cron.php?doing_wp_cron=1786245352.8630740642547607421875 HTTP/1.1" 200 461 "-" "NISYLhZbm6YB" PHP-Handler:plesk-php84-fpm Remoteport(vom Nginx):60186
172.71.172.143 - - [09/Aug/2026:05:15:49 +0200] "GET /p/oranier-arktis-4-serie-1-kompletter-schamottesatz-2901373000/ HTTP/1.1" 200 47832 "-" "WP Rocket/Preload Mozilla/5.0 (iPhone; CPU iPhone OS 9_1 like Mac OS X) AppleWebKit/601.1.46 (KHTML, like Gecko) Version/9.0 Mobile/13B143 Safari/601.1" PHP-Handler:plesk-php84-fpm Remoteport(vom Nginx):19546
162.158.94.222 - - [09/Aug/2026:05:15:51 +0200] "GET /s/oranier-corner-7-ersatzteile/ HTTP/1.1" 200 37733 "-" "WP Rocket/Preload Mozilla/5.0 (iPhone; CPU iPhone OS 9_1 like Mac OS X) AppleWebKit/601.1.46 (KHTML, like Gecko) Version/9.0 Mobile/13B143 Safari/601.1" PHP-Handler:plesk-php84-fpm Remoteport(vom Nginx):60174
172.71.144.14 - - [09/Aug/2026:05:15:55 +0200] "GET /wp-content/cache/background-css/1/www.ofenbernd.de/wp-content/cache/min/1/wp-content/plugins/customer-reviews-woocommerce/css/frontend.css?ver=1786225793&wpr_t=1786252524 HTTP/1.1" 200 661 "https://www.ofenbernd.de/k/ofen-ersatzteile/schmid/schmid-sh/page/6/" "Mozilla/5.0 (Windows NT 10.0; Win64; x64) AppleWebKit/537.36 (KHTML, like Gecko) Chrome/99.0.4844.51 Safari/537.36" PHP-Handler: Remoteport(vom Nginx):60278
172.71.172.18 - - [09/Aug/2026:05:15:55 +0200] "GET /wp-content/cache/background-css/1/www.ofenbernd.de/wp-content/cache/min/1/wp-content/plugins/customer-reviews-woocommerce/css/badges.css?ver=1786225793&wpr_t=1786252524 HTTP/1.1" 200 659 "https://www.ofenbernd.de/k/ofen-ersatzteile/schmid/schmid-sh/page/6/" "Mozilla/5.0 (Windows NT 10.0; Win64; x64) AppleWebKit/537.36 (KHTML, like Gecko) Chrome/99.0.4844.51 Safari/537.36" PHP-Handler: Remoteport(vom Nginx):60294
172.71.172.18 - - [09/Aug/2026:05:15:55 +0200] "GET /wp-content/cache/background-css/1/www.ofenbernd.de/wp-content/cache/min/1/wp-content/plugins/customer-reviews-woocommerce/css/badges.css?ver=1786225793&wpr_t=1786252524 HTTP/2.0" 200 2528 "https://www.ofenbernd.de/k/ofen-ersatzteile/schmid/schmid-sh/page/6/" "Mozilla/5.0 (Windows NT 10.0; Win64; x64) AppleWebKit/537.36 (KHTML, like Gecko) Chrome/99.0.4844.51 Safari/537.36"
172.71.144.14 - - [09/Aug/2026:05:15:55 +0200] "GET /wp-content/cache/background-css/1/www.ofenbernd.de/wp-content/cache/min/1/wp-content/plugins/customer-reviews-woocommerce/css/frontend.css?ver=1786225793&wpr_t=1786252524 HTTP/2.0" 200 14305 "https://www.ofenbernd.de/k/ofen-ersatzteile/schmid/schmid-sh/page/6/" "Mozilla/5.0 (Windows NT 10.0; Win64; x64) AppleWebKit/537.36 (KHTML, like Gecko) Chrome/99.0.4844.51 Safari/537.36"
162.158.95.124 - - [09/Aug/2026:05:15:56 +0200] "GET /wp-content/cache/background-css/1/www.ofenbernd.de/wp-content/cache/min/1/wp-content/plugins/woocommerce/assets/css/woocommerce.css?ver=1786225793&wpr_t=1786252524 HTTP/2.0" 200 10601 "https://www.ofenbernd.de/k/ofen-ersatzteile/schmid/schmid-sh/page/6/" "Mozilla/5.0 (Windows NT 10.0; Win64; x64) AppleWebKit/537.36 (KHTML, like Gecko) Chrome/99.0.4844.51 Safari/537.36"
162.158.95.124 - - [09/Aug/2026:05:15:56 +0200] "GET /wp-content/cache/background-css/1/www.ofenbernd.de/wp-content/cache/min/1/wp-content/plugins/woocommerce/assets/css/woocommerce.css?ver=1786225793&wpr_t=1786252524 HTTP/1.1" 200 654 "https://www.ofenbernd.de/k/ofen-ersatzteile/schmid/schmid-sh/page/6/" "Mozilla/5.0 (Windows NT 10.0; Win64; x64) AppleWebKit/537.36 (KHTML, like Gecko) Chrome/99.0.4844.51 Safari/537.36" PHP-Handler: Remoteport(vom Nginx):60310
172.70.242.69 - - [09/Aug/2026:05:15:53 +0200] "GET /tag/ofenbaugeschaeft-huebner-hamm/ HTTP/1.1" 200 38226 "-" "WP Rocket/Preload" PHP-Handler:plesk-php84-fpm Remoteport(vom Nginx):60212
172.71.144.144 - - [09/Aug/2026:05:15:54 +0200] "GET /tag/ofenbaugeschaeft-huebner-hamm/ HTTP/1.1" 200 28111 "-" "WP Rocket/Preload Mozilla/5.0 (iPhone; CPU iPhone OS 9_1 like Mac OS X) AppleWebKit/601.1.46 (KHTML, like Gecko) Version/9.0 Mobile/13B143 Safari/601.1" PHP-Handler:plesk-php84-fpm Remoteport(vom Nginx):60244
172.70.240.12 - - [09/Aug/2026:05:16:02 +0200] "GET /wp-content/uploads/2021/09/Bild_2021-09-13_085906-400x400.png.webp HTTP/1.1" 200 568 "https://www.ofenbernd.de/k/ofen-ersatzteile/schmid/schmid-sh/page/6/" "Mozilla/5.0 (Windows NT 10.0; Win64; x64) AppleWebKit/537.36 (KHTML, like Gecko) Chrome/99.0.4844.51 Safari/537.36" PHP-Handler: Remoteport(vom Nginx):4054
162.158.94.222 - - [09/Aug/2026:05:15:31 +0200] "POST /wp-admin/admin-ajax.php?action=as_async_request_queue_runner&nonce=cb05d09946 HTTP/1.1" 200 754 "-" "dNMCea3MW52S" PHP-Handler:plesk-php84-fpm Remoteport(vom Nginx):24808
172.70.240.12 - - [09/Aug/2026:05:16:02 +0200] "GET /wp-content/uploads/2021/09/Bild_2021-09-13_085906-400x400.png.webp HTTP/2.0" 200 14614 "https://www.ofenbernd.de/k/ofen-ersatzteile/schmid/schmid-sh/page/6/" "Mozilla/5.0 (Windows NT 10.0; Win64; x64) AppleWebKit/537.36 (KHTML, like Gecko) Chrome/99.0.4844.51 Safari/537.36"
172.71.222.164 - - [09/Aug/2026:05:16:05 +0200] "GET /p/oranier-polar-4-serie-1-schamottstein-pos-3-2-l-2905395000/ HTTP/1.1" 200 60883 "-" "Mozilla/5.0 AppleWebKit/537.36 (KHTML, like Gecko; compatible; bingbot/2.0; +http://www.bing.com/bingbot.htm) Chrome/116.0.1938.76 Safari/537.36" PHP-Handler:plesk-php84-fpm Remoteport(vom Nginx):4188
172.69.33.64 - - [09/Aug/2026:05:16:03 +0200] "POST /?wc-ajax=get_refreshed_fragments HTTP/1.1" 200 954 "https://www.ofenbernd.de/k/ofen-ersatzteile/schmid/schmid-sh/page/6/" "Mozilla/5.0 (Windows NT 10.0; Win64; x64) AppleWebKit/537.36 (KHTML, like Gecko) Chrome/99.0.4844.51 Safari/537.36" PHP-Handler: Remoteport(vom Nginx):4104
104.23.251.140 - - [09/Aug/2026:05:16:03 +0200] "POST /wp-admin/admin-ajax.php HTTP/1.1" 200 1623 "https://www.ofenbernd.de/k/ofen-ersatzteile/schmid/schmid-sh/page/6/" "Mozilla/5.0 (Windows NT 10.0; Win64; x64) AppleWebKit/537.36 (KHTML, like Gecko) Chrome/99.0.4844.51 Safari/537.36" PHP-Handler:plesk-php84-fpm Remoteport(vom Nginx):4114
104.22.45.144 - - [09/Aug/2026:05:16:03 +0200] "GET /s/creation-12/ HTTP/1.1" 200 49479 "-" "Mozilla/5.0 (Macintosh; Intel Mac OS X 10_11_6) AppleWebKit/537.36 (KHTML, like Gecko) Chrome/103.0.0.0 Safari/537.36" PHP-Handler:plesk-php84-fpm Remoteport(vom Nginx):4122
104.23.239.68 - - [09/Aug/2026:05:16:04 +0200] "GET /p/oranier-tampere-8-7-4647-tuerdichtung-3m-10mm-9068098000/ HTTP/1.1" 200 60247 "-" "WP Rocket/Preload" PHP-Handler:plesk-php84-fpm Remoteport(vom Nginx):4138
172.71.144.144 - - [09/Aug/2026:05:16:09 +0200] "POST /wp-cron.php?doing_wp_cron=1786245369.1997098922729492187500 HTTP/1.1" 200 461 "-" "fYUZpYInt5vO" PHP-Handler:plesk-php84-fpm Remoteport(vom Nginx):4350
172.70.248.78 - - [09/Aug/2026:05:16:05 +0200] "GET /p/oranier-tampere-8-7-4647-tuerdichtung-3m-10mm-9068098000/ HTTP/1.1" 200 47664 "-" "WP Rocket/Preload Mozilla/5.0 (iPhone; CPU iPhone OS 9_1 like Mac OS X) AppleWebKit/601.1.46 (KHTML, like Gecko) Version/9.0 Mobile/13B143 Safari/601.1" PHP-Handler:plesk-php84-fpm Remoteport(vom Nginx):4194
172.71.164.206 - - [09/Aug/2026:05:16:02 +0200] "POST /wp-admin/admin-ajax.php?action=as_async_request_queue_runner&nonce=cb05d09946 HTTP/1.1" 200 754 "-" "LrPaeXcHFBMt" PHP-Handler:plesk-php84-fpm Remoteport(vom Nginx):4046
172.68.245.205 - - [09/Aug/2026:05:16:10 +0200] "GET /p/oranier-polar-8-rost-serie-1-2-feuerrost-kaminrost-ruettelrost-ascherost-ersatzteile/ HTTP/1.1" 200 61775 "-" "Mozilla/5.0 AppleWebKit/537.36 (KHTML, like Gecko; compatible; bingbot/2.0; +http://www.bing.com/bingbot.htm) Chrome/116.0.1938.76 Safari/537.36" PHP-Handler:plesk-php84-fpm Remoteport(vom Nginx):4390
172.70.248.78 - - [09/Aug/2026:05:16:07 +0200] "GET /s/seitenstein-hinten-oben/ HTTP/1.1" 200 50483 "-" "WP Rocket/Preload" PHP-Handler:plesk-php84-fpm Remoteport(vom Nginx):4230
172.69.150.177 - - [09/Aug/2026:05:16:11 +0200] "POST /wp-cron.php?doing_wp_cron=1786245371.9224660396575927734375 HTTP/1.1" 200 461 "-" "TpmNvZEvSCDV" PHP-Handler:plesk-php84-fpm Remoteport(vom Nginx):19644
104.23.239.68 - - [09/Aug/2026:05:16:08 +0200] "GET /s/seitenstein-hinten-oben/ HTTP/1.1" 200 37760 "-" "WP Rocket/Preload Mozilla/5.0 (iPhone; CPU iPhone OS 9_1 like Mac OS X) AppleWebKit/601.1.46 (KHTML, like Gecko) Version/9.0 Mobile/13B143 Safari/601.1" PHP-Handler:plesk-php84-fpm Remoteport(vom Nginx):4310
172.70.248.78 - - [09/Aug/2026:05:16:10 +0200] "GET /tag/kamin-mit-gas/ HTTP/1.1" 200 38148 "-" "WP Rocket/Preload" PHP-Handler:plesk-php84-fpm Remoteport(vom Nginx):4364
172.71.172.143 - - [09/Aug/2026:05:16:11 +0200] "GET /tag/kamin-mit-gas/ HTTP/1.1" 200 28044 "-" "WP Rocket/Preload Mozilla/5.0 (iPhone; CPU iPhone OS 9_1 like Mac OS X) AppleWebKit/601.1.46 (KHTML, like Gecko) Version/9.0 Mobile/13B143 Safari/601.1" PHP-Handler:plesk-php84-fpm Remoteport(vom Nginx):19636
172.70.248.78 - - [09/Aug/2026:05:16:13 +0200] "GET /tag/ofenbernd-ofen-hamm/ HTTP/1.1" 200 38155 "-" "WP Rocket/Preload" PHP-Handler:plesk-php84-fpm Remoteport(vom Nginx):19656
104.23.239.68 - - [09/Aug/2026:05:16:14 +0200] "GET /tag/ofenbernd-ofen-hamm/ HTTP/1.1" 200 28050 "-" "WP Rocket/Preload Mozilla/5.0 (iPhone; CPU iPhone OS 9_1 like Mac OS X) AppleWebKit/601.1.46 (KHTML, like Gecko) Version/9.0 Mobile/13B143 Safari/601.1" PHP-Handler:plesk-php84-fpm Remoteport(vom Nginx):19676
172.71.247.92 - - [09/Aug/2026:05:16:16 +0200] "GET /s/leda-rubin-seitenstein-k18-04/ HTTP/1.1" 200 48713 "-" "WP Rocket/Preload" PHP-Handler:plesk-php84-fpm Remoteport(vom Nginx):19748
104.22.100.173 - - [09/Aug/2026:05:16:16 +0200] "GET /s/hamburg-kaminofen/ HTTP/1.1" 200 49419 "-" "Mozilla/5.0 AppleWebKit/537.36 (KHTML, like Gecko; compatible; bingbot/2.0; +http://www.bing.com/bingbot.htm) Chrome/116.0.1938.76 Safari/537.36" PHP-Handler:plesk-php84-fpm Remoteport(vom Nginx):19778
172.70.240.112 - - [09/Aug/2026:05:16:17 +0200] "GET /s/leda-rubin-seitenstein-k18-04/ HTTP/1.1" 200 36025 "-" "WP Rocket/Preload Mozilla/5.0 (iPhone; CPU iPhone OS 9_1 like Mac OS X) AppleWebKit/601.1.46 (KHTML, like Gecko) Version/9.0 Mobile/13B143 Safari/601.1" PHP-Handler:plesk-php84-fpm Remoteport(vom Nginx):19798
172.71.247.92 - - [09/Aug/2026:05:16:19 +0200] "GET /tag/gaskamine-2020/ HTTP/1.1" 200 38141 "-" "WP Rocket/Preload" PHP-Handler:plesk-php84-fpm Remoteport(vom Nginx):19830
172.71.144.144 - - [09/Aug/2026:05:16:20 +0200] "GET /tag/gaskamine-2020/ HTTP/1.1" 200 28034 "-" "WP Rocket/Preload Mozilla/5.0 (iPhone; CPU iPhone OS 9_1 like Mac OS X) AppleWebKit/601.1.46 (KHTML, like Gecko) Version/9.0 Mobile/13B143 Safari/601.1" PHP-Handler:plesk-php84-fpm Remoteport(vom Nginx):19896
172.71.144.144 - - [09/Aug/2026:05:16:01 +0200] "POST /wp-admin/admin-ajax.php?action=as_async_request_queue_runner&nonce=cb05d09946 HTTP/1.1" 200 754 "-" "LrPaeXcHFBMt" PHP-Handler:plesk-php84-fpm Remoteport(vom Nginx):60464
172.69.65.231 - - [09/Aug/2026:05:16:31 +0200] "GET /k/ofen-ersatzteile/schmid/neo-line/neo-line-4049/ HTTP/1.1" 200 50265 "-" "Mozilla/5.0 (X11; Linux x86_64; rv:147.0) Gecko/20100101 Firefox/147.0 (compatible; meta-webindexer/1.1 (+https://developers.facebook.com/docs/sharing/webmasters/crawler))" PHP-Handler:plesk-php84-fpm Remoteport(vom Nginx):8208
172.71.148.45 - - [09/Aug/2026:05:16:32 +0200] "GET /wp-content/cache/background-css/1/www.ofenbernd.de/wp-content/cache/min/1/wp-content/plugins/woocommerce/assets/css/woocommerce.css?ver=1786225793&wpr_t=1786242086 HTTP/1.1" 200 654 "https://www.ofenbernd.de/k/ofen-ersatzteile/schmid/neo-line/neo-line-4049/" "Mozilla/5.0 (X11; Linux x86_64; rv:147.0) Gecko/20100101 Firefox/147.0 (compatible; meta-webindexer/1.1 (+https://developers.facebook.com/docs/sharing/webmasters/crawler))" PHP-Handler: Remoteport(vom Nginx):8236
172.70.243.132 - - [09/Aug/2026:05:16:32 +0200] "GET /wp-content/uploads/2022/03/Bild_2022-03-30_121647-400x400.png.webp HTTP/1.1" 200 568 "https://www.ofenbernd.de/k/ofen-ersatzteile/schmid/neo-line/neo-line-4049/" "Mozilla/5.0 (X11; Linux x86_64; rv:147.0) Gecko/20100101 Firefox/147.0 (compatible; meta-webindexer/1.1 (+https://developers.facebook.com/docs/sharing/webmasters/crawler))" PHP-Handler: Remoteport(vom Nginx):8266
172.71.148.45 - - [09/Aug/2026:05:16:32 +0200] "GET /wp-content/cache/background-css/1/www.ofenbernd.de/wp-content/cache/min/1/wp-content/plugins/woocommerce/assets/css/woocommerce.css?ver=1786225793&wpr_t=1786242086 HTTP/2.0" 200 10601 "https://www.ofenbernd.de/k/ofen-ersatzteile/schmid/neo-line/neo-line-4049/" "Mozilla/5.0 (X11; Linux x86_64; rv:147.0) Gecko/20100101 Firefox/147.0 (compatible; meta-webindexer/1.1 (+https://developers.facebook.com/docs/sharing/webmasters/crawler))"
172.70.243.132 - - [09/Aug/2026:05:16:32 +0200] "GET /wp-content/uploads/2022/03/Bild_2022-03-30_121647-400x400.png.webp HTTP/2.0" 200 6102 "https://www.ofenbernd.de/k/ofen-ersatzteile/schmid/neo-line/neo-line-4049/" "Mozilla/5.0 (X11; Linux x86_64; rv:147.0) Gecko/20100101 Firefox/147.0 (compatible; meta-webindexer/1.1 (+https://developers.facebook.com/docs/sharing/webmasters/crawler))"
172.71.144.8 - - [09/Aug/2026:05:16:33 +0200] "GET /wp-content/cache/background-css/1/www.ofenbernd.de/wp-content/cache/min/1/wp-content/plugins/customer-reviews-woocommerce/css/frontend.css?ver=1786225793&wpr_t=1786242086 HTTP/2.0" 200 14305 "https://www.ofenbernd.de/k/ofen-ersatzteile/schmid/neo-line/neo-line-4049/" "Mozilla/5.0 (X11; Linux x86_64; rv:147.0) Gecko/20100101 Firefox/147.0 (compatible; meta-webindexer/1.1 (+https://developers.facebook.com/docs/sharing/webmasters/crawler))"
172.71.172.96 - - [09/Aug/2026:05:16:33 +0200] "GET /wp-content/cache/background-css/1/www.ofenbernd.de/wp-content/cache/min/1/wp-content/plugins/customer-reviews-woocommerce/css/badges.css?ver=1786225793&wpr_t=1786242086 HTTP/2.0" 200 2528 "https://www.ofenbernd.de/k/ofen-ersatzteile/schmid/neo-line/neo-line-4049/" "Mozilla/5.0 (X11; Linux x86_64; rv:147.0) Gecko/20100101 Firefox/147.0 (compatible; meta-webindexer/1.1 (+https://developers.facebook.com/docs/sharing/webmasters/crawler))"
172.71.144.8 - - [09/Aug/2026:05:16:33 +0200] "GET /wp-content/cache/background-css/1/www.ofenbernd.de/wp-content/cache/min/1/wp-content/plugins/customer-reviews-woocommerce/css/frontend.css?ver=1786225793&wpr_t=1786242086 HTTP/1.1" 200 661 "https://www.ofenbernd.de/k/ofen-ersatzteile/schmid/neo-line/neo-line-4049/" "Mozilla/5.0 (X11; Linux x86_64; rv:147.0) Gecko/20100101 Firefox/147.0 (compatible; meta-webindexer/1.1 (+https://developers.facebook.com/docs/sharing/webmasters/crawler))" PHP-Handler: Remoteport(vom Nginx):8276
172.71.148.65 - - [09/Aug/2026:05:16:29 +0200] "GET /s/olsberg-creation-11-rostlagerrahmen/ HTTP/1.1" 200 50257 "-" "WP Rocket/Preload" PHP-Handler:plesk-php84-fpm Remoteport(vom Nginx):25704
172.71.172.96 - - [09/Aug/2026:05:16:33 +0200] "GET /wp-content/cache/background-css/1/www.ofenbernd.de/wp-content/cache/min/1/wp-content/plugins/customer-reviews-woocommerce/css/badges.css?ver=1786225793&wpr_t=1786242086 HTTP/1.1" 200 659 "https://www.ofenbernd.de/k/ofen-ersatzteile/schmid/neo-line/neo-line-4049/" "Mozilla/5.0 (X11; Linux x86_64; rv:147.0) Gecko/20100101 Firefox/147.0 (compatible; meta-webindexer/1.1 (+https://developers.facebook.com/docs/sharing/webmasters/crawler))" PHP-Handler: Remoteport(vom Nginx):8290
172.70.242.69 - - [09/Aug/2026:05:16:34 +0200] "GET /s/olsberg-creation-11-rostlagerrahmen/ HTTP/1.1" 200 37596 "-" "WP Rocket/Preload Mozilla/5.0 (iPhone; CPU iPhone OS 9_1 like Mac OS X) AppleWebKit/601.1.46 (KHTML, like Gecko) Version/9.0 Mobile/13B143 Safari/601.1" PHP-Handler:plesk-php84-fpm Remoteport(vom Nginx):8308
104.22.56.116 - - [09/Aug/2026:05:16:36 +0200] "POST /?wc-ajax=get_refreshed_fragments HTTP/1.1" 200 954 "https://www.ofenbernd.de/k/ofen-ersatzteile/schmid/neo-line/neo-line-4049/" "Mozilla/5.0 (X11; Linux x86_64; rv:147.0) Gecko/20100101 Firefox/147.0 (compatible; meta-webindexer/1.1 (+https://developers.facebook.com/docs/sharing/webmasters/crawler))" PHP-Handler: Remoteport(vom Nginx):8388
162.158.135.148 - - [09/Aug/2026:05:16:36 +0200] "GET /s/schwarzer-griff/?orderby=rating HTTP/1.1" 200 33125 "-" "Mozilla/5.0 (Windows NT 6.1) AppleWebKit/537.36 (KHTML, like Gecko) Chrome/98.0.4758.81 Safari/537.36" PHP-Handler:plesk-php84-fpm Remoteport(vom Nginx):8386
104.22.24.104 - - [09/Aug/2026:05:16:37 +0200] "POST /wp-admin/admin-ajax.php HTTP/1.1" 200 828 "https://www.ofenbernd.de/k/ofen-ersatzteile/schmid/neo-line/neo-line-4049/" "Mozilla/5.0 (X11; Linux x86_64; rv:147.0) Gecko/20100101 Firefox/147.0 (compatible; meta-webindexer/1.1 (+https://developers.facebook.com/docs/sharing/webmasters/crawler))" PHP-Handler:plesk-php84-fpm Remoteport(vom Nginx):8448
104.22.10.230 - - [09/Aug/2026:05:16:36 +0200] "GET /k/ofen-ersatzteile/olsberg/page/5/?orderby=date HTTP/1.1" 200 35395 "-" "Mozilla/5.0 (Macintosh; Intel Mac OS X 10_15_5) AppleWebKit/537.36 (KHTML, like Gecko) Chrome/88.0.4324.150 Safari/537.36" PHP-Handler:plesk-php84-fpm Remoteport(vom Nginx):8432
172.71.164.206 - - [09/Aug/2026:05:16:27 +0200] "POST /wp-admin/admin-ajax.php?action=as_async_request_queue_runner&nonce=cb05d09946 HTTP/1.1" 200 754 "-" "qd8OnY65JScj" PHP-Handler:plesk-php84-fpm Remoteport(vom Nginx):25646
104.22.24.104 - - [09/Aug/2026:05:16:40 +0200] "POST /wp-admin/admin-ajax.php HTTP/1.1" 200 1023 "https://www.ofenbernd.de/k/ofen-ersatzteile/schmid/neo-line/neo-line-4049/" "Mozilla/5.0 (X11; Linux x86_64; rv:147.0) Gecko/20100101 Firefox/147.0 (compatible; meta-webindexer/1.1 (+https://developers.facebook.com/docs/sharing/webmasters/crawler))" PHP-Handler:plesk-php84-fpm Remoteport(vom Nginx):8492
141.101.69.137 - - [09/Aug/2026:05:16:40 +0200] "GET /k/kaminbausatze/oranier-kaminbausaetze/page/27/ HTTP/1.1" 200 53893 "-" "Mozilla/5.0 (Macintosh; Intel Mac OS X 10_11_6) AppleWebKit/537.36 (KHTML, like Gecko) Brave Chrome/86.0.4240.198 Safari/537.36" PHP-Handler:plesk-php84-fpm Remoteport(vom Nginx):8506
172.71.223.142 - - [09/Aug/2026:05:16:43 +0200] "GET /feed/ HTTP/1.1" 301 682 "-" "Mozilla/5.0 (Windows NT 6.3; WOW64; rv:33.0) Gecko/20100101 Firefox/33.0" PHP-Handler:plesk-php84-fpm Remoteport(vom Nginx):2780
172.70.246.108 - - [09/Aug/2026:05:16:43 +0200] "GET /s/ju13/ HTTP/1.1" 200 50642 "-" "WP Rocket/Preload" PHP-Handler:plesk-php84-fpm Remoteport(vom Nginx):2784
172.71.247.92 - - [09/Aug/2026:05:16:45 +0200] "GET /s/ju13/ HTTP/1.1" 200 37972 "-" "WP Rocket/Preload Mozilla/5.0 (iPhone; CPU iPhone OS 9_1 like Mac OS X) AppleWebKit/601.1.46 (KHTML, like Gecko) Version/9.0 Mobile/13B143 Safari/601.1" PHP-Handler:plesk-php84-fpm Remoteport(vom Nginx):2796
104.22.93.49 - - [09/Aug/2026:05:16:46 +0200] "GET /feed/ HTTP/1.1" 200 1117 "-" "Mozilla/5.0 (Windows NT 6.3; WOW64; rv:33.0) Gecko/20100101 Firefox/33.0" PHP-Handler:plesk-php84-fpm Remoteport(vom Nginx):2844
172.70.240.112 - - [09/Aug/2026:05:16:46 +0200] "GET /s/dovre-brut-200/ HTTP/1.1" 200 48645 "-" "WP Rocket/Preload" PHP-Handler:plesk-php84-fpm Remoteport(vom Nginx):2846
104.23.239.68 - - [09/Aug/2026:05:16:48 +0200] "GET /s/dovre-brut-200/ HTTP/1.1" 200 35946 "-" "WP Rocket/Preload Mozilla/5.0 (iPhone; CPU iPhone OS 9_1 like Mac OS X) AppleWebKit/601.1.46 (KHTML, like Gecko) Version/9.0 Mobile/13B143 Safari/601.1" PHP-Handler:plesk-php84-fpm Remoteport(vom Nginx):2892
172.70.240.112 - - [09/Aug/2026:05:16:49 +0200] "GET /tag/ersatzteile-dichtungen/ HTTP/1.1" 200 38145 "-" "WP Rocket/Preload" PHP-Handler:plesk-php84-fpm Remoteport(vom Nginx):2912
104.23.239.68 - - [09/Aug/2026:05:16:51 +0200] "GET /tag/ersatzteile-dichtungen/ HTTP/1.1" 200 28057 "-" "WP Rocket/Preload Mozilla/5.0 (iPhone; CPU iPhone OS 9_1 like Mac OS X) AppleWebKit/601.1.46 (KHTML, like Gecko) Version/9.0 Mobile/13B143 Safari/601.1" PHP-Handler:plesk-php84-fpm Remoteport(vom Nginx):2958
172.71.164.206 - - [09/Aug/2026:05:16:52 +0200] "GET /s/sunday-new-jersey-crystal-gartenkamin/ HTTP/1.1" 200 48735 "-" "WP Rocket/Preload" PHP-Handler:plesk-php84-fpm Remoteport(vom Nginx):55576
172.71.164.206 - - [09/Aug/2026:05:16:54 +0200] "GET /s/sunday-new-jersey-crystal-gartenkamin/ HTTP/1.1" 200 36042 "-" "WP Rocket/Preload Mozilla/5.0 (iPhone; CPU iPhone OS 9_1 like Mac OS X) AppleWebKit/601.1.46 (KHTML, like Gecko) Version/9.0 Mobile/13B143 Safari/601.1" PHP-Handler:plesk-php84-fpm Remoteport(vom Nginx):55642
172.71.148.65 - - [09/Aug/2026:05:16:55 +0200] "GET /tag/sonderrabatt-kamin/ HTTP/1.1" 200 38158 "-" "WP Rocket/Preload" PHP-Handler:plesk-php84-fpm Remoteport(vom Nginx):55678
172.69.150.177 - - [09/Aug/2026:05:16:57 +0200] "GET /tag/sonderrabatt-kamin/ HTTP/1.1" 200 28048 "-" "WP Rocket/Preload Mozilla/5.0 (iPhone; CPU iPhone OS 9_1 like Mac OS X) AppleWebKit/601.1.46 (KHTML, like Gecko) Version/9.0 Mobile/13B143 Safari/601.1" PHP-Handler:plesk-php84-fpm Remoteport(vom Nginx):55748
172.71.144.144 - - [09/Aug/2026:05:16:58 +0200] "GET /s/schmid-sh-9-m-glutbett-rueckwand-bodenstein/ HTTP/1.1" 200 50315 "-" "WP Rocket/Preload" PHP-Handler:plesk-php84-fpm Remoteport(vom Nginx):55756
172.71.172.143 - - [09/Aug/2026:05:17:00 +0200] "GET /s/schmid-sh-9-m-glutbett-rueckwand-bodenstein/ HTTP/1.1" 200 37650 "-" "WP Rocket/Preload Mozilla/5.0 (iPhone; CPU iPhone OS 9_1 like Mac OS X) AppleWebKit/601.1.46 (KHTML, like Gecko) Version/9.0 Mobile/13B143 Safari/601.1" PHP-Handler:plesk-php84-fpm Remoteport(vom Nginx):55828
172.70.248.78 - - [09/Aug/2026:05:17:01 +0200] "GET /s/oranier-polar-4-serie-3-kaminscheibe/ HTTP/1.1" 200 49594 "-" "WP Rocket/Preload" PHP-Handler:plesk-php84-fpm Remoteport(vom Nginx):57618
172.70.248.78 - - [09/Aug/2026:05:17:03 +0200] "GET /s/oranier-polar-4-serie-3-kaminscheibe/ HTTP/1.1" 200 37650 "-" "WP Rocket/Preload Mozilla/5.0 (iPhone; CPU iPhone OS 9_1 like Mac OS X) AppleWebKit/601.1.46 (KHTML, like Gecko) Version/9.0 Mobile/13B143 Safari/601.1" PHP-Handler:plesk-php84-fpm Remoteport(vom Nginx):57666
162.158.94.222 - - [09/Aug/2026:05:16:41 +0200] "POST /wp-admin/admin-ajax.php?action=as_async_request_queue_runner&nonce=cb05d09946 HTTP/1.1" 200 754 "-" "M4YNflfPz3YF" PHP-Handler:plesk-php84-fpm Remoteport(vom Nginx):8552
172.71.144.144 - - [09/Aug/2026:05:17:15 +0200] "POST /wp-cron.php?doing_wp_cron=1786245435.3813469409942626953125 HTTP/1.1" 200 461 "-" "aIQFPlMSFCqx" PHP-Handler:plesk-php84-fpm Remoteport(vom Nginx):50766
162.158.86.124 - - [09/Aug/2026:05:17:12 +0200] "GET /s/elfenbein/ HTTP/1.1" 200 48628 "-" "WP Rocket/Preload" PHP-Handler:plesk-php84-fpm Remoteport(vom Nginx):50698
172.71.144.144 - - [09/Aug/2026:05:17:17 +0200] "POST /wp-cron.php?doing_wp_cron=1786245436.9504640102386474609375 HTTP/1.1" 200 461 "-" "wuYqOv0rBm8Y" PHP-Handler:plesk-php84-fpm Remoteport(vom Nginx):50836
104.23.239.68 - - [09/Aug/2026:05:17:13 +0200] "GET /s/elfenbein/ HTTP/1.1" 200 35924 "-" "WP Rocket/Preload Mozilla/5.0 (iPhone; CPU iPhone OS 9_1 like Mac OS X) AppleWebKit/601.1.46 (KHTML, like Gecko) Version/9.0 Mobile/13B143 Safari/601.1" PHP-Handler:plesk-php84-fpm Remoteport(vom Nginx):50714
162.158.94.222 - - [09/Aug/2026:05:17:18 +0200] "POST /wp-cron.php?doing_wp_cron=1786245438.1948370933532714843750 HTTP/1.1" 200 461 "-" "n9p49tKp5sSr" PHP-Handler:plesk-php84-fpm Remoteport(vom Nginx):50890
172.71.148.65 - - [09/Aug/2026:05:17:10 +0200] "POST /wp-admin/admin-ajax.php?action=as_async_request_queue_runner&nonce=cb05d09946 HTTP/1.1" 200 754 "-" "BLrLxxfHyoVB" PHP-Handler:plesk-php84-fpm Remoteport(vom Nginx):58034
172.71.144.144 - - [09/Aug/2026:05:17:18 +0200] "POST /wp-cron.php?doing_wp_cron=1786245438.8305010795593261718750 HTTP/1.1" 200 461 "-" "7oi0ZiXxZfKu" PHP-Handler:plesk-php84-fpm Remoteport(vom Nginx):50926
172.70.240.112 - - [09/Aug/2026:05:17:15 +0200] "GET /tag/oefen-rlu/ HTTP/1.1" 200 38141 "-" "WP Rocket/Preload" PHP-Handler:plesk-php84-fpm Remoteport(vom Nginx):50746
172.71.172.143 - - [09/Aug/2026:05:17:16 +0200] "GET /tag/oefen-rlu/ HTTP/1.1" 200 28038 "-" "WP Rocket/Preload Mozilla/5.0 (iPhone; CPU iPhone OS 9_1 like Mac OS X) AppleWebKit/601.1.46 (KHTML, like Gecko) Version/9.0 Mobile/13B143 Safari/601.1" PHP-Handler:plesk-php84-fpm Remoteport(vom Nginx):50806
172.70.242.69 - - [09/Aug/2026:05:17:18 +0200] "GET /tag/qualitaet-zu-guenstigen-preisen/ HTTP/1.1" 200 38250 "-" "WP Rocket/Preload" PHP-Handler:plesk-php84-fpm Remoteport(vom Nginx):50896
172.71.164.206 - - [09/Aug/2026:05:17:19 +0200] "GET /tag/qualitaet-zu-guenstigen-preisen/ HTTP/1.1" 200 28133 "-" "WP Rocket/Preload Mozilla/5.0 (iPhone; CPU iPhone OS 9_1 like Mac OS X) AppleWebKit/601.1.46 (KHTML, like Gecko) Version/9.0 Mobile/13B143 Safari/601.1" PHP-Handler:plesk-php84-fpm Remoteport(vom Nginx):50948
172.71.148.65 - - [09/Aug/2026:05:17:21 +0200] "GET /p/oranier-faro-4686-rost-kaminrost-ofenrost-ascherost-gussrost-feuerrost/ HTTP/1.1" 200 60349 "-" "WP Rocket/Preload" PHP-Handler:plesk-php84-fpm Remoteport(vom Nginx):50952
172.71.148.65 - - [09/Aug/2026:05:17:22 +0200] "GET /p/oranier-faro-4686-rost-kaminrost-ofenrost-ascherost-gussrost-feuerrost/ HTTP/1.1" 200 46524 "-" "WP Rocket/Preload Mozilla/5.0 (iPhone; CPU iPhone OS 9_1 like Mac OS X) AppleWebKit/601.1.46 (KHTML, like Gecko) Version/9.0 Mobile/13B143 Safari/601.1" PHP-Handler:plesk-php84-fpm Remoteport(vom Nginx):31550
172.70.246.108 - - [09/Aug/2026:05:17:24 +0200] "GET /p/oranier-bavaria-4634-7-rueckwand-rechts-2918445000/ HTTP/1.1" 200 60378 "-" "WP Rocket/Preload" PHP-Handler:plesk-php84-fpm Remoteport(vom Nginx):31640
172.68.26.120 - - [09/Aug/2026:05:17:27 +0200] "POST /?wc-ajax=get_refreshed_fragments HTTP/1.1" 200 954 "https://www.ofenbernd.de/p/23-7461-caldera-ii-compact-6kw-rueckwandstein-240x35x450/" "Mozilla/5.0 (Linux; Android 6.0.1; Nexus 5X Build/MMB29P) AppleWebKit/537.36 (KHTML, like Gecko) Chrome/150.0.7871.186 Mobile Safari/537.36 (compatible; Googlebot/2.1; +http://www.google.com/bot.html)" PHP-Handler: Remoteport(vom Nginx):31784
104.23.239.68 - - [09/Aug/2026:05:17:25 +0200] "GET /p/oranier-bavaria-4634-7-rueckwand-rechts-2918445000/ HTTP/1.1" 200 47724 "-" "WP Rocket/Preload Mozilla/5.0 (iPhone; CPU iPhone OS 9_1 like Mac OS X) AppleWebKit/601.1.46 (KHTML, like Gecko) Version/9.0 Mobile/13B143 Safari/601.1" PHP-Handler:plesk-php84-fpm Remoteport(vom Nginx):31722
172.70.246.108 - - [09/Aug/2026:05:17:27 +0200] "GET /s/weso-oranier-ke-1100-stehplatte-hinten/ HTTP/1.1" 200 48741 "-" "WP Rocket/Preload" PHP-Handler:plesk-php84-fpm Remoteport(vom Nginx):31798
172.71.164.206 - - [09/Aug/2026:05:17:32 +0200] "POST /wp-cron.php?doing_wp_cron=1786245452.3776481151580810546875 HTTP/1.1" 200 461 "-" "ATc64aMEtZ21" PHP-Handler:plesk-php84-fpm Remoteport(vom Nginx):24732
172.70.240.112 - - [09/Aug/2026:05:17:28 +0200] "GET /s/weso-oranier-ke-1100-stehplatte-hinten/ HTTP/1.1" 200 36070 "-" "WP Rocket/Preload Mozilla/5.0 (iPhone; CPU iPhone OS 9_1 like Mac OS X) AppleWebKit/601.1.46 (KHTML, like Gecko) Version/9.0 Mobile/13B143 Safari/601.1" PHP-Handler:plesk-php84-fpm Remoteport(vom Nginx):31874
172.71.144.144 - - [09/Aug/2026:05:17:30 +0200] "GET /tag/sonderpreise-grills/ HTTP/1.1" 200 38162 "-" "WP Rocket/Preload" PHP-Handler:plesk-php84-fpm Remoteport(vom Nginx):31968
172.70.248.78 - - [09/Aug/2026:05:17:35 +0200] "POST /wp-cron.php?doing_wp_cron=1786245455.0270199775695800781250 HTTP/1.1" 200 461 "-" "1sfuNVRfn8Mc" PHP-Handler:plesk-php84-fpm Remoteport(vom Nginx):24814
172.70.251.13 - - [09/Aug/2026:05:17:31 +0200] "GET /tag/sonderpreise-grills/ HTTP/1.1" 200 28058 "-" "WP Rocket/Preload Mozilla/5.0 (iPhone; CPU iPhone OS 9_1 like Mac OS X) AppleWebKit/601.1.46 (KHTML, like Gecko) Version/9.0 Mobile/13B143 Safari/601.1" PHP-Handler:plesk-php84-fpm Remoteport(vom Nginx):24708
172.71.144.144 - - [09/Aug/2026:05:17:09 +0200] "POST /wp-admin/admin-ajax.php?action=as_async_request_queue_runner&nonce=cb05d09946 HTTP/1.1" 200 754 "-" "BLrLxxfHyoVB" PHP-Handler:plesk-php84-fpm Remoteport(vom Nginx):57980
172.71.144.144 - - [09/Aug/2026:05:17:40 +0200] "GET /s/aschetopf/ HTTP/1.1" 200 50054 "-" "WP Rocket/Preload" PHP-Handler:plesk-php84-fpm Remoteport(vom Nginx):24958
172.70.248.78 - - [09/Aug/2026:05:17:45 +0200] "GET /s/aschetopf/ HTTP/1.1" 200 37393 "-" "WP Rocket/Preload Mozilla/5.0 (iPhone; CPU iPhone OS 9_1 like Mac OS X) AppleWebKit/601.1.46 (KHTML, like Gecko) Version/9.0 Mobile/13B143 Safari/601.1" PHP-Handler:plesk-php84-fpm Remoteport(vom Nginx):1800
162.158.94.222 - - [09/Aug/2026:05:17:38 +0200] "POST /wp-admin/admin-ajax.php?action=as_async_request_queue_runner&nonce=cb05d09946 HTTP/1.1" 200 754 "-" "GRSPQwiguk6x" PHP-Handler:plesk-php84-fpm Remoteport(vom Nginx):24892
104.23.229.80 - - [09/Aug/2026:05:17:51 +0200] "GET /s/sekundaerbelueftung-klein/?orderby=price HTTP/1.1" 200 33335 "-" "Mozilla/5.0 (Windows NT 10.0; Win64; x64) AppleWebKit/537.36 (KHTML, like Gecko) Chrome/89.0.4389.128 Safari/537.36" PHP-Handler:plesk-php84-fpm Remoteport(vom Nginx):2008
172.71.164.206 - - [09/Aug/2026:05:17:57 +0200] "GET /s/nachruestsatz/ HTTP/1.1" 200 50057 "-" "WP Rocket/Preload" PHP-Handler:plesk-php84-fpm Remoteport(vom Nginx):27082
172.71.164.206 - - [09/Aug/2026:05:17:54 +0200] "GET /s/sunday-tunisi/ HTTP/1.1" 200 48636 "-" "WP Rocket/Preload" PHP-Handler:plesk-php84-fpm Remoteport(vom Nginx):26980
172.70.240.112 - - [09/Aug/2026:05:17:56 +0200] "GET /s/sunday-tunisi/ HTTP/1.1" 200 35953 "-" "WP Rocket/Preload Mozilla/5.0 (iPhone; CPU iPhone OS 9_1 like Mac OS X) AppleWebKit/601.1.46 (KHTML, like Gecko) Version/9.0 Mobile/13B143 Safari/601.1" PHP-Handler:plesk-php84-fpm Remoteport(vom Nginx):27024
172.70.240.112 - - [09/Aug/2026:05:17:58 +0200] "GET /s/nachruestsatz/ HTTP/1.1" 200 38375 "-" "WP Rocket/Preload Mozilla/5.0 (iPhone; CPU iPhone OS 9_1 like Mac OS X) AppleWebKit/601.1.46 (KHTML, like Gecko) Version/9.0 Mobile/13B143 Safari/601.1" PHP-Handler:plesk-php84-fpm Remoteport(vom Nginx):27096
172.71.172.143 - - [09/Aug/2026:05:17:59 +0200] "GET /tag/kamineinsatz-mit-feuerraumplatten/ HTTP/1.1" 200 38203 "-" "WP Rocket/Preload" PHP-Handler:plesk-php84-fpm Remoteport(vom Nginx):27102
172.70.248.78 - - [09/Aug/2026:05:18:01 +0200] "GET /tag/kamineinsatz-mit-feuerraumplatten/ HTTP/1.1" 200 28086 "-" "WP Rocket/Preload Mozilla/5.0 (iPhone; CPU iPhone OS 9_1 like Mac OS X) AppleWebKit/601.1.46 (KHTML, like Gecko) Version/9.0 Mobile/13B143 Safari/601.1" PHP-Handler:plesk-php84-fpm Remoteport(vom Nginx):27124
172.71.247.92 - - [09/Aug/2026:05:18:02 +0200] "GET /s/60-57/ HTTP/1.1" 200 49378 "-" "WP Rocket/Preload" PHP-Handler:plesk-php84-fpm Remoteport(vom Nginx):19304
172.71.172.143 - - [09/Aug/2026:05:18:04 +0200] "GET /s/60-57/ HTTP/1.1" 200 37538 "-" "WP Rocket/Preload Mozilla/5.0 (iPhone; CPU iPhone OS 9_1 like Mac OS X) AppleWebKit/601.1.46 (KHTML, like Gecko) Version/9.0 Mobile/13B143 Safari/601.1" PHP-Handler:plesk-php84-fpm Remoteport(vom Nginx):19346
172.70.251.13 - - [09/Aug/2026:05:18:05 +0200] "GET /wishlist/ HTTP/1.1" 200 49299 "-" "WP Rocket/Preload" PHP-Handler:plesk-php84-fpm Remoteport(vom Nginx):19378
172.70.242.69 - - [09/Aug/2026:05:18:07 +0200] "GET /wishlist/ HTTP/1.1" 200 37895 "-" "WP Rocket/Preload Mozilla/5.0 (iPhone; CPU iPhone OS 9_1 like Mac OS X) AppleWebKit/601.1.46 (KHTML, like Gecko) Version/9.0 Mobile/13B143 Safari/601.1" PHP-Handler:plesk-php84-fpm Remoteport(vom Nginx):19426
172.71.164.206 - - [09/Aug/2026:05:18:08 +0200] "GET /s/kat-quadro/ HTTP/1.1" 200 48645 "-" "WP Rocket/Preload" PHP-Handler:plesk-php84-fpm Remoteport(vom Nginx):19448
172.71.164.206 - - [09/Aug/2026:05:18:10 +0200] "GET /s/kat-quadro/ HTTP/1.1" 200 35941 "-" "WP Rocket/Preload Mozilla/5.0 (iPhone; CPU iPhone OS 9_1 like Mac OS X) AppleWebKit/601.1.46 (KHTML, like Gecko) Version/9.0 Mobile/13B143 Safari/601.1" PHP-Handler:plesk-php84-fpm Remoteport(vom Nginx):19492
172.69.150.176 - - [09/Aug/2026:05:18:11 +0200] "GET /tag/gartenkamin/ HTTP/1.1" 200 38114 "-" "WP Rocket/Preload" PHP-Handler:plesk-php84-fpm Remoteport(vom Nginx):25728
172.71.164.206 - - [09/Aug/2026:05:18:13 +0200] "GET /tag/gartenkamin/ HTTP/1.1" 200 28011 "-" "WP Rocket/Preload Mozilla/5.0 (iPhone; CPU iPhone OS 9_1 like Mac OS X) AppleWebKit/601.1.46 (KHTML, like Gecko) Version/9.0 Mobile/13B143 Safari/601.1" PHP-Handler:plesk-php84-fpm Remoteport(vom Nginx):25766
172.71.172.143 - - [09/Aug/2026:05:17:52 +0200] "POST /wp-admin/admin-ajax.php?action=as_async_request_queue_runner&nonce=cb05d09946 HTTP/1.1" 200 754 "-" "7xIk6FFCZrXP" PHP-Handler:plesk-php84-fpm Remoteport(vom Nginx):26882
172.71.164.206 - - [09/Aug/2026:05:18:22 +0200] "GET /s/speicherkamin-rund/ HTTP/1.1" 200 48650 "-" "WP Rocket/Preload" PHP-Handler:plesk-php84-fpm Remoteport(vom Nginx):6842
172.70.246.108 - - [09/Aug/2026:05:18:23 +0200] "GET /s/speicherkamin-rund/ HTTP/1.1" 200 35961 "-" "WP Rocket/Preload Mozilla/5.0 (iPhone; CPU iPhone OS 9_1 like Mac OS X) AppleWebKit/601.1.46 (KHTML, like Gecko) Version/9.0 Mobile/13B143 Safari/601.1" PHP-Handler:plesk-php84-fpm Remoteport(vom Nginx):6860
172.71.144.144 - - [09/Aug/2026:05:18:25 +0200] "GET /s/dovre-t-2000-s-kamin-rost/ HTTP/1.1" 200 48698 "-" "WP Rocket/Preload" PHP-Handler:plesk-php84-fpm Remoteport(vom Nginx):6916
172.70.246.108 - - [09/Aug/2026:05:18:20 +0200] "POST /wp-admin/admin-ajax.php?action=as_async_request_queue_runner&nonce=cb05d09946 HTTP/1.1" 200 754 "-" "Dd5m39JsfwhM" PHP-Handler:plesk-php84-fpm Remoteport(vom Nginx):26000
172.71.144.144 - - [09/Aug/2026:05:18:26 +0200] "GET /s/dovre-t-2000-s-kamin-rost/ HTTP/1.1" 200 36009 "-" "WP Rocket/Preload Mozilla/5.0 (iPhone; CPU iPhone OS 9_1 like Mac OS X) AppleWebKit/601.1.46 (KHTML, like Gecko) Version/9.0 Mobile/13B143 Safari/601.1" PHP-Handler:plesk-php84-fpm Remoteport(vom Nginx):6930
172.64.222.234 - - [09/Aug/2026:05:18:27 +0200] "GET /s/oranier-pori-7-ersatzteile/?orderby=price-desc HTTP/1.1" 200 32929 "-" "Mozilla/5.0 (Windows NT 6.3; WOW64) AppleWebKit/537.36 (KHTML, like Gecko) Chrome/41.0.2226.0 Safari/537.36" PHP-Handler:plesk-php84-fpm Remoteport(vom Nginx):6954
172.71.144.144 - - [09/Aug/2026:05:18:28 +0200] "GET /s/dovre-300-seitenplatte/ HTTP/1.1" 200 48676 "-" "WP Rocket/Preload" PHP-Handler:plesk-php84-fpm Remoteport(vom Nginx):6968
162.158.111.36 - - [09/Aug/2026:05:18:29 +0200] "GET /s/dovre-300-seitenplatte/ HTTP/1.1" 200 35984 "-" "WP Rocket/Preload Mozilla/5.0 (iPhone; CPU iPhone OS 9_1 like Mac OS X) AppleWebKit/601.1.46 (KHTML, like Gecko) Version/9.0 Mobile/13B143 Safari/601.1" PHP-Handler:plesk-php84-fpm Remoteport(vom Nginx):7082
162.158.86.124 - - [09/Aug/2026:05:18:31 +0200] "GET /s/oranier-polar-6-eck-schamott/ HTTP/1.1" 200 49594 "-" "WP Rocket/Preload" PHP-Handler:plesk-php84-fpm Remoteport(vom Nginx):7144
172.71.247.92 - - [09/Aug/2026:05:18:36 +0200] "POST /wp-cron.php?doing_wp_cron=1786245516.0265979766845703125000 HTTP/1.1" 200 461 "-" "gVgcCd0MPkwL" PHP-Handler:plesk-php84-fpm Remoteport(vom Nginx):53918
162.158.94.222 - - [09/Aug/2026:05:18:32 +0200] "GET /s/oranier-polar-6-eck-schamott/ HTTP/1.1" 200 37660 "-" "WP Rocket/Preload Mozilla/5.0 (iPhone; CPU iPhone OS 9_1 like Mac OS X) AppleWebKit/601.1.46 (KHTML, like Gecko) Version/9.0 Mobile/13B143 Safari/601.1" PHP-Handler:plesk-php84-fpm Remoteport(vom Nginx):53802
172.71.164.206 - - [09/Aug/2026:05:18:37 +0200] "POST /wp-cron.php?doing_wp_cron=1786245517.3748550415039062500000 HTTP/1.1" 200 461 "-" "gt30qybCKqVN" PHP-Handler:plesk-php84-fpm Remoteport(vom Nginx):53960
104.23.239.68 - - [09/Aug/2026:05:18:34 +0200] "GET /s/links-vorne-oben/ HTTP/1.1" 200 50286 "-" "WP Rocket/Preload" PHP-Handler:plesk-php84-fpm Remoteport(vom Nginx):53840
172.71.144.144 - - [09/Aug/2026:05:18:39 +0200] "POST /wp-cron.php?doing_wp_cron=1786245518.9580190181732177734375 HTTP/1.1" 200 461 "-" "AKCGIvh2dW5f" PHP-Handler:plesk-php84-fpm Remoteport(vom Nginx):54016
162.158.94.222 - - [09/Aug/2026:05:18:35 +0200] "GET /s/links-vorne-oben/ HTTP/1.1" 200 37651 "-" "WP Rocket/Preload Mozilla/5.0 (iPhone; CPU iPhone OS 9_1 like Mac OS X) AppleWebKit/601.1.46 (KHTML, like Gecko) Version/9.0 Mobile/13B143 Safari/601.1" PHP-Handler:plesk-php84-fpm Remoteport(vom Nginx):53906
172.71.144.144 - - [09/Aug/2026:05:18:37 +0200] "GET /s/arte/ HTTP/1.1" 200 49474 "-" "WP Rocket/Preload" PHP-Handler:plesk-php84-fpm Remoteport(vom Nginx):53952
172.70.246.108 - - [09/Aug/2026:05:18:38 +0200] "GET /s/arte/ HTTP/1.1" 200 37628 "-" "WP Rocket/Preload Mozilla/5.0 (iPhone; CPU iPhone OS 9_1 like Mac OS X) AppleWebKit/601.1.46 (KHTML, like Gecko) Version/9.0 Mobile/13B143 Safari/601.1" PHP-Handler:plesk-php84-fpm Remoteport(vom Nginx):54002
162.158.195.163 - - [09/Aug/2026:05:18:38 +0200] "GET /k/ofen-ersatzteile/oranier/polar/page/3/?orderby=date HTTP/1.1" 200 36544 "-" "Mozilla/5.0 (Macintosh; Intel Mac OS X 10_12_6) AppleWebKit/537.36 (KHTML, like Gecko) Chrome/88.0.4324.182 Safari/537.36" PHP-Handler:plesk-php84-fpm Remoteport(vom Nginx):53980
172.70.242.69 - - [09/Aug/2026:05:18:40 +0200] "GET /s/olsberg-tolima-aqua-ii/ HTTP/1.1" 200 49650 "-" "WP Rocket/Preload" PHP-Handler:plesk-php84-fpm Remoteport(vom Nginx):54074
172.70.240.112 - - [09/Aug/2026:05:18:41 +0200] "GET /s/olsberg-tolima-aqua-ii/ HTTP/1.1" 200 37759 "-" "WP Rocket/Preload Mozilla/5.0 (iPhone; CPU iPhone OS 9_1 like Mac OS X) AppleWebKit/601.1.46 (KHTML, like Gecko) Version/9.0 Mobile/13B143 Safari/601.1" PHP-Handler:plesk-php84-fpm Remoteport(vom Nginx):55892
172.71.172.143 - - [09/Aug/2026:05:18:49 +0200] "POST /wp-cron.php?doing_wp_cron=1786245529.2887480258941650390625 HTTP/1.1" 200 461 "-" "QUmCbDFsBWHm" PHP-Handler:plesk-php84-fpm Remoteport(vom Nginx):56112
172.71.164.206 - - [09/Aug/2026:05:18:19 +0200] "POST /wp-admin/admin-ajax.php?action=as_async_request_queue_runner&nonce=cb05d09946 HTTP/1.1" 200 754 "-" "Dd5m39JsfwhM" PHP-Handler:plesk-php84-fpm Remoteport(vom Nginx):25954
172.71.164.206 - - [09/Aug/2026:05:18:50 +0200] "GET /s/oranier-kuechenherd-1807-rueckwand/ HTTP/1.1" 200 50344 "-" "WP Rocket/Preload" PHP-Handler:plesk-php84-fpm Remoteport(vom Nginx):56164
172.71.247.92 - - [09/Aug/2026:05:18:58 +0200] "POST /wp-cron.php?doing_wp_cron=1786245538.6114909648895263671875 HTTP/1.1" 200 461 "-" "rufo9mdRIzei" PHP-Handler:plesk-php84-fpm Remoteport(vom Nginx):19684
172.71.164.206 - - [09/Aug/2026:05:18:55 +0200] "GET /s/oranier-kuechenherd-1807-rueckwand/ HTTP/1.1" 200 37692 "-" "WP Rocket/Preload Mozilla/5.0 (iPhone; CPU iPhone OS 9_1 like Mac OS X) AppleWebKit/601.1.46 (KHTML, like Gecko) Version/9.0 Mobile/13B143 Safari/601.1" PHP-Handler:plesk-php84-fpm Remoteport(vom Nginx):19560
172.71.232.102 - - [09/Aug/2026:05:19:00 +0200] "GET / HTTP/1.1" 301 618 "-" "Mozilla/5.0 (Macintosh; Intel Mac OS X 10_15_7) AppleWebKit/537.36 (KHTML, like Gecko) Chrome/114.0.0.0 Safari/537.36" PHP-Handler: Remoteport(vom Nginx):19782
172.71.144.144 - - [09/Aug/2026:05:18:48 +0200] "POST /wp-admin/admin-ajax.php?action=as_async_request_queue_runner&nonce=cb05d09946 HTTP/1.1" 200 754 "-" "QUmCbDFsBWHm" PHP-Handler:plesk-php84-fpm Remoteport(vom Nginx):56070
172.71.232.165 - - [09/Aug/2026:05:19:03 +0200] "GET / HTTP/1.1" 200 61837 "https://ofenbernd.de" "Mozilla/5.0 (Macintosh; Intel Mac OS X 10_15_7) AppleWebKit/537.36 (KHTML, like Gecko) Chrome/114.0.0.0 Safari/537.36" PHP-Handler: Remoteport(vom Nginx):33128
104.23.239.68 - - [09/Aug/2026:05:19:04 +0200] "GET /s/abverkaufsofen/ HTTP/1.1" 200 48643 "-" "WP Rocket/Preload" PHP-Handler:plesk-php84-fpm Remoteport(vom Nginx):33144
172.71.164.206 - - [09/Aug/2026:05:19:09 +0200] "POST /wp-cron.php?doing_wp_cron=1786245549.5090939998626708984375 HTTP/1.1" 200 461 "-" "bn8Z2TXvPYxv" PHP-Handler:plesk-php84-fpm Remoteport(vom Nginx):33274
162.158.94.222 - - [09/Aug/2026:05:19:06 +0200] "GET /s/abverkaufsofen/ HTTP/1.1" 200 35940 "-" "WP Rocket/Preload Mozilla/5.0 (iPhone; CPU iPhone OS 9_1 like Mac OS X) AppleWebKit/601.1.46 (KHTML, like Gecko) Version/9.0 Mobile/13B143 Safari/601.1" PHP-Handler:plesk-php84-fpm Remoteport(vom Nginx):33202
172.71.148.65 - - [09/Aug/2026:05:19:07 +0200] "GET /s/dichtleiste/ HTTP/1.1" 200 49492 "-" "WP Rocket/Preload" PHP-Handler:plesk-php84-fpm Remoteport(vom Nginx):33232
172.71.247.92 - - [09/Aug/2026:05:19:12 +0200] "POST /wp-cron.php?doing_wp_cron=1786245552.3462860584259033203125 HTTP/1.1" 200 461 "-" "DhnhqrxJ08kp" PHP-Handler:plesk-php84-fpm Remoteport(vom Nginx):48208
172.70.240.112 - - [09/Aug/2026:05:19:09 +0200] "GET /s/dichtleiste/ HTTP/1.1" 200 37669 "-" "WP Rocket/Preload Mozilla/5.0 (iPhone; CPU iPhone OS 9_1 like Mac OS X) AppleWebKit/601.1.46 (KHTML, like Gecko) Version/9.0 Mobile/13B143 Safari/601.1" PHP-Handler:plesk-php84-fpm Remoteport(vom Nginx):33256
172.71.172.143 - - [09/Aug/2026:05:19:10 +0200] "GET /s/oranier-scheibendichtung-set-kiruna-6/ HTTP/1.1" 200 50589 "-" "WP Rocket/Preload" PHP-Handler:plesk-php84-fpm Remoteport(vom Nginx):33310
172.71.172.143 - - [09/Aug/2026:05:19:12 +0200] "GET /s/oranier-scheibendichtung-set-kiruna-6/ HTTP/1.1" 200 37941 "-" "WP Rocket/Preload Mozilla/5.0 (iPhone; CPU iPhone OS 9_1 like Mac OS X) AppleWebKit/601.1.46 (KHTML, like Gecko) Version/9.0 Mobile/13B143 Safari/601.1" PHP-Handler:plesk-php84-fpm Remoteport(vom Nginx):48202
172.71.172.143 - - [09/Aug/2026:05:19:13 +0200] "GET /s/olsberg-hk8-vario-24-rost/ HTTP/1.1" 200 50335 "-" "WP Rocket/Preload" PHP-Handler:plesk-php84-fpm Remoteport(vom Nginx):48244
172.70.248.78 - - [09/Aug/2026:05:19:15 +0200] "GET /s/olsberg-hk8-vario-24-rost/ HTTP/1.1" 200 37700 "-" "WP Rocket/Preload Mozilla/5.0 (iPhone; CPU iPhone OS 9_1 like Mac OS X) AppleWebKit/601.1.46 (KHTML, like Gecko) Version/9.0 Mobile/13B143 Safari/601.1" PHP-Handler:plesk-php84-fpm Remoteport(vom Nginx):48294
172.71.148.65 - - [09/Aug/2026:05:19:19 +0200] "GET /p/schmid-sh-11-g-seitenstein-hinten-verlaengerung/ HTTP/1.1" 200 61024 "-" "WP Rocket/Preload" PHP-Handler:plesk-php84-fpm Remoteport(vom Nginx):48344
172.70.248.78 - - [09/Aug/2026:05:19:16 +0200] "GET /s/oranier-scheibendichtung-set-kiruna-4/ HTTP/1.1" 200 50589 "-" "WP Rocket/Preload" PHP-Handler:plesk-php84-fpm Remoteport(vom Nginx):48316
172.70.248.78 - - [09/Aug/2026:05:19:18 +0200] "GET /s/oranier-scheibendichtung-set-kiruna-4/ HTTP/1.1" 200 37924 "-" "WP Rocket/Preload Mozilla/5.0 (iPhone; CPU iPhone OS 9_1 like Mac OS X) AppleWebKit/601.1.46 (KHTML, like Gecko) Version/9.0 Mobile/13B143 Safari/601.1" PHP-Handler:plesk-php84-fpm Remoteport(vom Nginx):48326
172.70.248.78 - - [09/Aug/2026:05:19:20 +0200] "GET /p/schmid-sh-11-g-seitenstein-hinten-verlaengerung/ HTTP/1.1" 200 47393 "-" "WP Rocket/Preload Mozilla/5.0 (iPhone; CPU iPhone OS 9_1 like Mac OS X) AppleWebKit/601.1.46 (KHTML, like Gecko) Version/9.0 Mobile/13B143 Safari/601.1" PHP-Handler:plesk-php84-fpm Remoteport(vom Nginx):48350
172.71.144.144 - - [09/Aug/2026:05:19:21 +0200] "GET /p/schmid-sd-6-f-change-rost-kaminrost-feuerrost-180-x-193-mm-67-2063-1207/ HTTP/1.1" 200 60243 "-" "WP Rocket/Preload" PHP-Handler:plesk-php84-fpm Remoteport(vom Nginx):56762
172.68.229.144 - - [09/Aug/2026:05:19:26 +0200] "GET / HTTP/1.1" 200 61837 "-" "Mozilla/5.0 (Windows NT 10.0; Win64; x64) AppleWebKit/537.36 (KHTML, like Gecko) Chrome/120.0.0.0 Safari/537.36" PHP-Handler: Remoteport(vom Nginx):56906
172.71.148.65 - - [09/Aug/2026:05:19:23 +0200] "GET /p/schmid-sd-6-f-change-rost-kaminrost-feuerrost-180-x-193-mm-67-2063-1207/ HTTP/1.1" 200 47711 "-" "WP Rocket/Preload Mozilla/5.0 (iPhone; CPU iPhone OS 9_1 like Mac OS X) AppleWebKit/601.1.46 (KHTML, like Gecko) Version/9.0 Mobile/13B143 Safari/601.1" PHP-Handler:plesk-php84-fpm Remoteport(vom Nginx):56808
172.71.172.143 - - [09/Aug/2026:05:19:01 +0200] "POST /wp-admin/admin-ajax.php?action=as_async_request_queue_runner&nonce=cb05d09946 HTTP/1.1" 200 754 "-" "KSLIaAuiPobu" PHP-Handler:plesk-php84-fpm Remoteport(vom Nginx):33074
172.69.150.176 - - [09/Aug/2026:05:19:32 +0200] "GET /p/oranier-hera-r-serie-2-rost-feuerrost-ofenrost-pos-13-2902778000/ HTTP/1.1" 200 60317 "-" "WP Rocket/Preload" PHP-Handler:plesk-php84-fpm Remoteport(vom Nginx):64794
172.69.150.176 - - [09/Aug/2026:05:19:34 +0200] "GET /p/oranier-hera-r-serie-2-rost-feuerrost-ofenrost-pos-13-2902778000/ HTTP/1.1" 200 47571 "-" "WP Rocket/Preload Mozilla/5.0 (iPhone; CPU iPhone OS 9_1 like Mac OS X) AppleWebKit/601.1.46 (KHTML, like Gecko) Version/9.0 Mobile/13B143 Safari/601.1" PHP-Handler:plesk-php84-fpm Remoteport(vom Nginx):64828
172.70.240.112 - - [09/Aug/2026:05:19:30 +0200] "POST /wp-admin/admin-ajax.php?action=as_async_request_queue_runner&nonce=cb05d09946 HTTP/1.1" 200 754 "-" "sOxUwNU8Wcgt" PHP-Handler:plesk-php84-fpm Remoteport(vom Nginx):56958
172.71.172.143 - - [09/Aug/2026:05:19:35 +0200] "GET /p/schmid-sh-9-g-seitenstein-paket-mit-4-x-seitenstein/ HTTP/1.1" 200 59572 "-" "WP Rocket/Preload" PHP-Handler:plesk-php84-fpm Remoteport(vom Nginx):64850
172.71.247.92 - - [09/Aug/2026:05:19:37 +0200] "GET /p/schmid-sh-9-g-seitenstein-paket-mit-4-x-seitenstein/ HTTP/1.1" 200 47098 "-" "WP Rocket/Preload Mozilla/5.0 (iPhone; CPU iPhone OS 9_1 like Mac OS X) AppleWebKit/601.1.46 (KHTML, like Gecko) Version/9.0 Mobile/13B143 Safari/601.1" PHP-Handler:plesk-php84-fpm Remoteport(vom Nginx):64858
162.158.94.222 - - [09/Aug/2026:05:19:38 +0200] "GET /p/schmid-sh-9-d-passkerbstift-5-x-36-71-8520-5360/ HTTP/1.1" 200 60270 "-" "WP Rocket/Preload" PHP-Handler:plesk-php84-fpm Remoteport(vom Nginx):64880
104.23.170.119 - - [09/Aug/2026:05:19:38 +0200] "GET /k/steine/page/9/?orderby=price-desc HTTP/1.1" 200 35822 "-" "Mozilla/5.0 (Macintosh; Intel Mac OS X 10_12_6) AppleWebKit/537.36 (KHTML, like Gecko) Chrome/89.0.4389.114 Safari/537.36" PHP-Handler:plesk-php84-fpm Remoteport(vom Nginx):64866
172.71.144.144 - - [09/Aug/2026:05:19:40 +0200] "GET /p/schmid-sh-9-d-passkerbstift-5-x-36-71-8520-5360/ HTTP/1.1" 200 47552 "-" "WP Rocket/Preload Mozilla/5.0 (iPhone; CPU iPhone OS 9_1 like Mac OS X) AppleWebKit/601.1.46 (KHTML, like Gecko) Version/9.0 Mobile/13B143 Safari/601.1" PHP-Handler:plesk-php84-fpm Remoteport(vom Nginx):64884
172.71.144.144 - - [09/Aug/2026:05:19:41 +0200] "GET /s/olsberg-pelletofen-libera-steuerpanel-bedienfeld-bedienteil/ HTTP/1.1" 200 48794 "-" "WP Rocket/Preload" PHP-Handler:plesk-php84-fpm Remoteport(vom Nginx):45566
172.69.150.176 - - [09/Aug/2026:05:19:43 +0200] "GET /s/olsberg-pelletofen-libera-steuerpanel-bedienfeld-bedienteil/ HTTP/1.1" 200 36105 "-" "WP Rocket/Preload Mozilla/5.0 (iPhone; CPU iPhone OS 9_1 like Mac OS X) AppleWebKit/601.1.46 (KHTML, like Gecko) Version/9.0 Mobile/13B143 Safari/601.1" PHP-Handler:plesk-php84-fpm Remoteport(vom Nginx):45578
172.71.148.65 - - [09/Aug/2026:05:19:44 +0200] "GET /s/oranier-polar-8-bodenstein/ HTTP/1.1" 200 50609 "-" "WP Rocket/Preload" PHP-Handler:plesk-php84-fpm Remoteport(vom Nginx):45606
