162.158.233.136 - - [09/Aug/2026:05:44:20 +0200] "GET /s/komplett-set-pano-67/ HTTP/1.1" 200 50171 "-" "Mozilla/5.0 (Macintosh; Intel Mac OS X 10_15_7) AppleWebKit/537.36 (KHTML, like Gecko) Chrome/92.0.4515.131 Safari/537.36" PHP-Handler:plesk-php84-fpm Remoteport(vom Nginx):23374
172.69.150.42 - - [09/Aug/2026:05:44:27 +0200] "GET /wp-content/uploads/2015/03/oranier_polar_4_arktis_5_serie_2_turdichtung_3m_5x12mm_2904661000-400x400.jpg HTTP/1.1" 200 614 "https://www.ofenbernd.de/s/oranier-polar-4-tuerdichtung/?orderby=popularity" "Mozilla/5.0 (Windows NT 10.0; Win64; x64) AppleWebKit/537.36 (KHTML, like Gecko) Chrome/99.0.4844.51 Safari/537.36" PHP-Handler: Remoteport(vom Nginx):35114
172.69.150.42 - - [09/Aug/2026:05:44:27 +0200] "GET /wp-content/uploads/2015/03/oranier_polar_4_arktis_5_serie_2_turdichtung_3m_5x12mm_2904661000-400x400.jpg HTTP/2.0" 200 26187 "https://www.ofenbernd.de/s/oranier-polar-4-tuerdichtung/?orderby=popularity" "Mozilla/5.0 (Windows NT 10.0; Win64; x64) AppleWebKit/537.36 (KHTML, like Gecko) Chrome/99.0.4844.51 Safari/537.36"
172.70.94.192 - - [09/Aug/2026:05:44:29 +0200] "GET /p/olsberg-golaya-rueckwandstein-rueckwand-pos-35/ HTTP/1.1" 200 60706 "-" "Mozilla/5.0 (compatible; Googlebot/2.1; +http://www.google.com/bot.html)" PHP-Handler:plesk-php84-fpm Remoteport(vom Nginx):35136
172.71.148.13 - - [09/Aug/2026:05:44:35 +0200] "GET /wp-content/uploads/2015/03/olsberg_format_6_turdichtung-530x530.jpg.webp HTTP/1.1" 200 574 "-" "Mozilla/5.0 AppleWebKit/537.36 (KHTML, like Gecko; compatible; bingbot/2.0; +http://www.bing.com/bingbot.htm) Chrome/116.0.1938.76 Safari/537.36" PHP-Handler: Remoteport(vom Nginx):37936
172.71.148.13 - - [09/Aug/2026:05:44:35 +0200] "GET /wp-content/uploads/2015/03/olsberg_format_6_turdichtung-530x530.jpg.webp HTTP/2.0" 200 12796 "-" "Mozilla/5.0 AppleWebKit/537.36 (KHTML, like Gecko; compatible; bingbot/2.0; +http://www.bing.com/bingbot.htm) Chrome/116.0.1938.76 Safari/537.36"
172.69.150.177 - - [09/Aug/2026:05:44:36 +0200] "POST /wp-cron.php?doing_wp_cron=1786247076.3809900283813476562500 HTTP/1.1" 200 461 "-" "ZU7zUILWKwnI" PHP-Handler:plesk-php84-fpm Remoteport(vom Nginx):37946
172.64.217.77 - - [09/Aug/2026:05:44:34 +0200] "POST /?wc-ajax=get_refreshed_fragments HTTP/1.1" 200 954 "https://www.ofenbernd.de/s/oranier-polar-4-tuerdichtung/?orderby=popularity" "Mozilla/5.0 (Windows NT 10.0; Win64; x64) AppleWebKit/537.36 (KHTML, like Gecko) Chrome/99.0.4844.51 Safari/537.36" PHP-Handler: Remoteport(vom Nginx):37904
172.70.208.146 - - [09/Aug/2026:05:44:34 +0200] "GET /kamin-grill-kamin-garten-kamin-ofen-u-hubner-kaminbau-hamm/ HTTP/1.1" 301 663 "-" "Mozilla/5.0 (Linux; Android 5.0) AppleWebKit/537.36 (KHTML, like Gecko) Mobile Safari/537.36 (compatible; Bytespider; https://bytedance.sg.larkoffice.com/docx/K5bxdypulop3IIxrJb0lOjLVgFe)" PHP-Handler:plesk-php84-fpm Remoteport(vom Nginx):37888
172.70.208.88 - - [09/Aug/2026:05:44:37 +0200] "GET / HTTP/1.1" 200 49432 "-" "Mozilla/5.0 (Linux; Android 5.0) AppleWebKit/537.36 (KHTML, like Gecko) Mobile Safari/537.36 (compatible; Bytespider; https://bytedance.sg.larkoffice.com/docx/K5bxdypulop3IIxrJb0lOjLVgFe)" PHP-Handler: Remoteport(vom Nginx):37950
172.71.144.144 - - [09/Aug/2026:05:44:53 +0200] "POST /wp-cron.php?doing_wp_cron=1786247093.6048500537872314453125 HTTP/1.1" 200 461 "-" "WMnBV4j3vgjH" PHP-Handler:plesk-php84-fpm Remoteport(vom Nginx):7804
104.22.105.49 - - [09/Aug/2026:05:44:49 +0200] "GET /s/artemis/ HTTP/1.1" 200 52356 "-" "Mozilla/5.0 AppleWebKit/537.36 (KHTML, like Gecko; compatible; bingbot/2.0; +http://www.bing.com/bingbot.htm) Chrome/116.0.1938.76 Safari/537.36" PHP-Handler:plesk-php84-fpm Remoteport(vom Nginx):44560
172.70.94.192 - - [09/Aug/2026:05:44:54 +0200] "GET /p/linatv-45-komplette-auskleidung-66-1161-9990-hoehe-51weiss/ HTTP/1.1" 200 59822 "-" "Mozilla/5.0 (compatible; Googlebot/2.1; +http://www.google.com/bot.html)" PHP-Handler:plesk-php84-fpm Remoteport(vom Nginx):7862
172.70.240.112 - - [09/Aug/2026:05:44:55 +0200] "GET /s/7-umlenkplatte/ HTTP/1.1" 200 50293 "-" "WP Rocket/Preload" PHP-Handler:plesk-php84-fpm Remoteport(vom Nginx):7894
162.158.94.225 - - [09/Aug/2026:05:45:00 +0200] "GET /s/7-umlenkplatte/ HTTP/1.1" 200 37649 "-" "WP Rocket/Preload Mozilla/5.0 (iPhone; CPU iPhone OS 9_1 like Mac OS X) AppleWebKit/601.1.46 (KHTML, like Gecko) Version/9.0 Mobile/13B143 Safari/601.1" PHP-Handler:plesk-php84-fpm Remoteport(vom Nginx):7948
172.71.164.206 - - [09/Aug/2026:05:45:34 +0200] "POST /wp-cron.php?doing_wp_cron=1786247134.7873458862304687500000 HTTP/1.1" 200 461 "-" "M5mYLUOMeS44" PHP-Handler:plesk-php84-fpm Remoteport(vom Nginx):10618
104.23.254.145 - - [09/Aug/2026:05:45:31 +0200] "GET /s/olsberg-format-12-ersatzteile/?orderby=date HTTP/1.1" 200 34156 "-" "Mozilla/5.0 (Macintosh; Intel Mac OS X 10_15_5) AppleWebKit/537.36 (KHTML, like Gecko) Brave Chrome/84.0.4147.105 Safari/537.36" PHP-Handler:plesk-php84-fpm Remoteport(vom Nginx):10510
172.64.217.77 - - [09/Aug/2026:05:45:38 +0200] "GET /k/kamine/kachelofen-speicherofen/ HTTP/1.1" 200 49316 "-" "Mozilla/5.0 (Windows NT 10.0; WOW64) AppleWebKit/537.36 (KHTML, like Gecko) Chrome/48.0.2564.116 Safari/537.36" PHP-Handler:plesk-php84-fpm Remoteport(vom Nginx):10704
172.71.144.22 - - [09/Aug/2026:05:45:43 +0200] "GET /wp-content/cache/background-css/1/www.ofenbernd.de/wp-content/cache/min/1/wp-content/plugins/customer-reviews-woocommerce/css/frontend.css?ver=1786225793&wpr_t=1786235577 HTTP/1.1" 200 661 "https://www.ofenbernd.de/k/kamine/kachelofen-speicherofen/" "Mozilla/5.0 (Windows NT 10.0; Win64; x64) AppleWebKit/537.36 (KHTML, like Gecko) Chrome/99.0.4844.51 Safari/537.36" PHP-Handler: Remoteport(vom Nginx):36864
172.70.240.123 - - [09/Aug/2026:05:45:43 +0200] "GET /wp-content/cache/background-css/1/www.ofenbernd.de/wp-content/cache/min/1/wp-content/plugins/customer-reviews-woocommerce/css/badges.css?ver=1786225793&wpr_t=1786235577 HTTP/1.1" 200 659 "https://www.ofenbernd.de/k/kamine/kachelofen-speicherofen/" "Mozilla/5.0 (Windows NT 10.0; Win64; x64) AppleWebKit/537.36 (KHTML, like Gecko) Chrome/99.0.4844.51 Safari/537.36" PHP-Handler: Remoteport(vom Nginx):36876
172.70.243.33 - - [09/Aug/2026:05:45:43 +0200] "GET /wp-content/cache/background-css/1/www.ofenbernd.de/wp-content/cache/min/1/wp-content/plugins/woocommerce/assets/css/woocommerce.css?ver=1786225793&wpr_t=1786235577 HTTP/1.1" 200 654 "https://www.ofenbernd.de/k/kamine/kachelofen-speicherofen/" "Mozilla/5.0 (Windows NT 10.0; Win64; x64) AppleWebKit/537.36 (KHTML, like Gecko) Chrome/99.0.4844.51 Safari/537.36" PHP-Handler: Remoteport(vom Nginx):36888
104.23.241.84 - - [09/Aug/2026:05:45:40 +0200] "GET /k/ofen-ersatzteile/oranier/oranier-kiruna-ersatzteile/page/3/?orderby=date HTTP/1.1" 200 36133 "-" "Mozilla/5.0 (Macintosh; Intel Mac OS X 10_15_7) AppleWebKit/537.36 (KHTML, like Gecko) Chrome/108.0.0.0 Safari/537.36" PHP-Handler:plesk-php84-fpm Remoteport(vom Nginx):10796
172.71.144.22 - - [09/Aug/2026:05:45:43 +0200] "GET /wp-content/cache/background-css/1/www.ofenbernd.de/wp-content/cache/min/1/wp-content/plugins/customer-reviews-woocommerce/css/frontend.css?ver=1786225793&wpr_t=1786235577 HTTP/2.0" 200 14305 "https://www.ofenbernd.de/k/kamine/kachelofen-speicherofen/" "Mozilla/5.0 (Windows NT 10.0; Win64; x64) AppleWebKit/537.36 (KHTML, like Gecko) Chrome/99.0.4844.51 Safari/537.36"
172.70.240.123 - - [09/Aug/2026:05:45:43 +0200] "GET /wp-content/cache/background-css/1/www.ofenbernd.de/wp-content/cache/min/1/wp-content/plugins/customer-reviews-woocommerce/css/badges.css?ver=1786225793&wpr_t=1786235577 HTTP/2.0" 200 2528 "https://www.ofenbernd.de/k/kamine/kachelofen-speicherofen/" "Mozilla/5.0 (Windows NT 10.0; Win64; x64) AppleWebKit/537.36 (KHTML, like Gecko) Chrome/99.0.4844.51 Safari/537.36"
172.70.243.33 - - [09/Aug/2026:05:45:43 +0200] "GET /wp-content/cache/background-css/1/www.ofenbernd.de/wp-content/cache/min/1/wp-content/plugins/woocommerce/assets/css/woocommerce.css?ver=1786225793&wpr_t=1786235577 HTTP/2.0" 200 10601 "https://www.ofenbernd.de/k/kamine/kachelofen-speicherofen/" "Mozilla/5.0 (Windows NT 10.0; Win64; x64) AppleWebKit/537.36 (KHTML, like Gecko) Chrome/99.0.4844.51 Safari/537.36"
172.64.222.234 - - [09/Aug/2026:05:45:45 +0200] "GET /s/blendenlastrahmen/ HTTP/1.1" 200 51102 "-" "Mozilla/5.0 (Macintosh; Intel Mac OS X 10_15_3) AppleWebKit/537.36 (KHTML, like Gecko) Brave Chrome/80.0.3987.149 Safari/537.36" PHP-Handler:plesk-php84-fpm Remoteport(vom Nginx):36926
172.71.172.142 - - [09/Aug/2026:05:45:48 +0200] "POST /wp-cron.php?doing_wp_cron=1786247148.5773220062255859375000 HTTP/1.1" 200 461 "-" "2nBQzCPLCRjq" PHP-Handler:plesk-php84-fpm Remoteport(vom Nginx):36970
104.23.254.145 - - [09/Aug/2026:05:45:45 +0200] "GET /s/boden-komplett/?orderby=rating HTTP/1.1" 200 32890 "-" "Mozilla/5.0 (Windows NT 6.3; WOW64) AppleWebKit/537.36 (KHTML, like Gecko) Chrome/88.0.4324.150 Safari/537.36" PHP-Handler:plesk-php84-fpm Remoteport(vom Nginx):36932
172.70.206.10 - - [09/Aug/2026:05:45:49 +0200] "POST /?wc-ajax=get_refreshed_fragments HTTP/1.1" 200 954 "https://www.ofenbernd.de/k/kamine/kachelofen-speicherofen/" "Mozilla/5.0 (Windows NT 10.0; Win64; x64) AppleWebKit/537.36 (KHTML, like Gecko) Chrome/99.0.4844.51 Safari/537.36" PHP-Handler: Remoteport(vom Nginx):36986
172.70.206.10 - - [09/Aug/2026:05:45:49 +0200] "POST /wp-admin/admin-ajax.php HTTP/1.1" 200 921 "https://www.ofenbernd.de/k/kamine/kachelofen-speicherofen/" "Mozilla/5.0 (Windows NT 10.0; Win64; x64) AppleWebKit/537.36 (KHTML, like Gecko) Chrome/99.0.4844.51 Safari/537.36" PHP-Handler:plesk-php84-fpm Remoteport(vom Nginx):37002
172.70.240.112 - - [09/Aug/2026:05:45:51 +0200] "GET /tag/ofen-aus-schweden/ HTTP/1.1" 200 37493 "-" "WP Rocket/Preload" PHP-Handler:plesk-php84-fpm Remoteport(vom Nginx):37004
172.70.243.6 - - [09/Aug/2026:05:45:52 +0200] "GET /tag/ofen-aus-schweden/ HTTP/1.1" 200 28051 "-" "WP Rocket/Preload Mozilla/5.0 (iPhone; CPU iPhone OS 9_1 like Mac OS X) AppleWebKit/601.1.46 (KHTML, like Gecko) Version/9.0 Mobile/13B143 Safari/601.1" PHP-Handler:plesk-php84-fpm Remoteport(vom Nginx):39554
162.158.86.125 - - [09/Aug/2026:05:45:54 +0200] "GET /s/individuell-errichtet/ HTTP/1.1" 200 47869 "-" "WP Rocket/Preload" PHP-Handler:plesk-php84-fpm Remoteport(vom Nginx):39570
172.71.164.206 - - [09/Aug/2026:05:45:54 +0200] "GET /blog/ HTTP/1.1" 200 46288 "https://www.google.com" "Mozilla/5.0 (Windows NT 6.1; Win64; x64) AppleWebKit/537.36 (KHTML, like Gecko) Chrome/76.0.3809.100 Safari/537.36" PHP-Handler:plesk-php84-fpm Remoteport(vom Nginx):39578
172.71.247.92 - - [09/Aug/2026:05:45:55 +0200] "GET /s/individuell-errichtet/ HTTP/1.1" 200 35980 "-" "WP Rocket/Preload Mozilla/5.0 (iPhone; CPU iPhone OS 9_1 like Mac OS X) AppleWebKit/601.1.46 (KHTML, like Gecko) Version/9.0 Mobile/13B143 Safari/601.1" PHP-Handler:plesk-php84-fpm Remoteport(vom Nginx):39592
104.23.239.69 - - [09/Aug/2026:05:45:57 +0200] "GET /s/kaminofen-olsberg-merapi/ HTTP/1.1" 200 48679 "-" "WP Rocket/Preload" PHP-Handler:plesk-php84-fpm Remoteport(vom Nginx):39628
162.158.94.225 - - [09/Aug/2026:05:45:58 +0200] "GET /s/kaminofen-olsberg-merapi/ HTTP/1.1" 200 35992 "-" "WP Rocket/Preload Mozilla/5.0 (iPhone; CPU iPhone OS 9_1 like Mac OS X) AppleWebKit/601.1.46 (KHTML, like Gecko) Version/9.0 Mobile/13B143 Safari/601.1" PHP-Handler:plesk-php84-fpm Remoteport(vom Nginx):39672
172.71.144.144 - - [09/Aug/2026:05:46:00 +0200] "GET /tag/oranier-kaminoefen/ HTTP/1.1" 200 38162 "-" "WP Rocket/Preload" PHP-Handler:plesk-php84-fpm Remoteport(vom Nginx):39704
172.71.164.206 - - [09/Aug/2026:05:46:01 +0200] "GET /tag/oranier-kaminoefen/ HTTP/1.1" 200 28053 "-" "WP Rocket/Preload Mozilla/5.0 (iPhone; CPU iPhone OS 9_1 like Mac OS X) AppleWebKit/601.1.46 (KHTML, like Gecko) Version/9.0 Mobile/13B143 Safari/601.1" PHP-Handler:plesk-php84-fpm Remoteport(vom Nginx):42350
172.70.240.112 - - [09/Aug/2026:05:46:03 +0200] "GET /s/4686/ HTTP/1.1" 200 50221 "-" "WP Rocket/Preload" PHP-Handler:plesk-php84-fpm Remoteport(vom Nginx):42372
172.68.238.148 - - [09/Aug/2026:05:46:05 +0200] "GET /k/ofen-ersatzteile/oranier/oranier-kiruna-ersatzteile/kiruna-8-4649-serie-1/page/1/?orderby=rating HTTP/1.1" 301 709 "-" "Mozilla/5.0 (Macintosh; Intel Mac OS X 10_9_0) AppleWebKit/537.36 (KHTML, like Gecko) Chrome/32.0.1664.3 Safari/537.36" PHP-Handler:plesk-php84-fpm Remoteport(vom Nginx):42434
172.70.240.112 - - [09/Aug/2026:05:46:07 +0200] "GET /s/4686/ HTTP/1.1" 200 37566 "-" "WP Rocket/Preload Mozilla/5.0 (iPhone; CPU iPhone OS 9_1 like Mac OS X) AppleWebKit/601.1.46 (KHTML, like Gecko) Version/9.0 Mobile/13B143 Safari/601.1" PHP-Handler:plesk-php84-fpm Remoteport(vom Nginx):42476
172.68.238.148 - - [09/Aug/2026:05:46:08 +0200] "GET /k/ofen-ersatzteile/oranier/oranier-kiruna-ersatzteile/kiruna-8-4649-serie-1/?orderby=rating HTTP/1.1" 200 36331 "-" "Mozilla/5.0 (Macintosh; Intel Mac OS X 10_9_0) AppleWebKit/537.36 (KHTML, like Gecko) Chrome/32.0.1664.3 Safari/537.36" PHP-Handler:plesk-php84-fpm Remoteport(vom Nginx):42494
172.71.144.144 - - [09/Aug/2026:05:46:41 +0200] "POST /wp-cron.php?doing_wp_cron=1786247201.4786779880523681640625 HTTP/1.1" 200 461 "-" "CH1F6mN56kh1" PHP-Handler:plesk-php84-fpm Remoteport(vom Nginx):48156
172.69.6.9 - - [09/Aug/2026:05:46:38 +0200] "GET /wp-login.php HTTP/1.1" 200 3727 "-" "Mozilla/5.0 (Windows NT 10.0; Win64; x64) AppleWebKit/537.36 (KHTML, like Gecko) Chrome/133.0.0.0 Safari/537.36" PHP-Handler:plesk-php84-fpm Remoteport(vom Nginx):58872
172.71.2.164 - - [09/Aug/2026:05:46:40 +0200] "GET /s/ju9/?orderby=rating HTTP/1.1" 200 34409 "-" "Mozilla/5.0 (Windows NT 10.0; WOW64) AppleWebKit/537.36 (KHTML, like Gecko) Chrome/87.0.4280.66 Safari/537.36" PHP-Handler:plesk-php84-fpm Remoteport(vom Nginx):58972
172.69.6.191 - - [09/Aug/2026:05:46:42 +0200] "POST /wp-login.php HTTP/1.1" 200 3879 "https://www.ofenbernd.de/wp-login.php" "Mozilla/5.0 (Windows NT 10.0; Win64; x64) AppleWebKit/537.36 (KHTML, like Gecko) Chrome/133.0.0.0 Safari/537.36" PHP-Handler:plesk-php84-fpm Remoteport(vom Nginx):48276
172.71.148.64 - - [09/Aug/2026:05:46:55 +0200] "POST /wp-cron.php?doing_wp_cron=1786247215.3842260837554931640625 HTTP/1.1" 200 461 "-" "JvfhhkLT6zdz" PHP-Handler:plesk-php84-fpm Remoteport(vom Nginx):35648
162.158.195.163 - - [09/Aug/2026:05:46:52 +0200] "GET /s/olsberg-format-6-7-rostlager/ HTTP/1.1" 200 50212 "-" "Mozilla/5.0 (Windows NT 6.3; Win64; x64) AppleWebKit/537.36 (KHTML, like Gecko) Chrome/89.0.4389.114 Safari/537.36" PHP-Handler:plesk-php84-fpm Remoteport(vom Nginx):35518
172.70.247.164 - - [09/Aug/2026:05:46:57 +0200] "GET /k/ofen-ersatzteile/olsberg/olsberg-pago-compact/ HTTP/1.1" 200 53201 "-" "WP Rocket/Preload" PHP-Handler:plesk-php84-fpm Remoteport(vom Nginx):35720
172.71.172.143 - - [09/Aug/2026:05:46:59 +0200] "GET /k/ofen-ersatzteile/olsberg/olsberg-pago-compact/ HTTP/1.1" 200 39900 "-" "WP Rocket/Preload Mozilla/5.0 (iPhone; CPU iPhone OS 9_1 like Mac OS X) AppleWebKit/601.1.46 (KHTML, like Gecko) Version/9.0 Mobile/13B143 Safari/601.1" PHP-Handler:plesk-php84-fpm Remoteport(vom Nginx):35818
172.70.243.6 - - [09/Aug/2026:05:47:00 +0200] "GET /s/olsberg-format-11-12-rostlagerhalter/ HTTP/1.1" 200 50243 "-" "WP Rocket/Preload" PHP-Handler:plesk-php84-fpm Remoteport(vom Nginx):35888
172.69.150.177 - - [09/Aug/2026:05:47:02 +0200] "GET /s/olsberg-format-11-12-rostlagerhalter/ HTTP/1.1" 200 37609 "-" "WP Rocket/Preload Mozilla/5.0 (iPhone; CPU iPhone OS 9_1 like Mac OS X) AppleWebKit/601.1.46 (KHTML, like Gecko) Version/9.0 Mobile/13B143 Safari/601.1" PHP-Handler:plesk-php84-fpm Remoteport(vom Nginx):32386
172.70.240.112 - - [09/Aug/2026:05:47:03 +0200] "GET /s/schmid-sh-9-m-umruestrahmen/ HTTP/1.1" 200 50239 "-" "WP Rocket/Preload" PHP-Handler:plesk-php84-fpm Remoteport(vom Nginx):32472
172.71.247.92 - - [09/Aug/2026:05:47:05 +0200] "GET /s/schmid-sh-9-m-umruestrahmen/ HTTP/1.1" 200 37576 "-" "WP Rocket/Preload Mozilla/5.0 (iPhone; CPU iPhone OS 9_1 like Mac OS X) AppleWebKit/601.1.46 (KHTML, like Gecko) Version/9.0 Mobile/13B143 Safari/601.1" PHP-Handler:plesk-php84-fpm Remoteport(vom Nginx):32522
172.71.144.144 - - [09/Aug/2026:05:47:06 +0200] "GET /s/olsberg-nuevo/ HTTP/1.1" 200 47817 "-" "WP Rocket/Preload" PHP-Handler:plesk-php84-fpm Remoteport(vom Nginx):32558
172.71.172.143 - - [09/Aug/2026:05:47:06 +0200] "GET /k/ofen-ersatzteile/oranier/pori/pori-5-4671-serie-2/?orderby=price-desc HTTP/1.1" 200 35805 "-" "Mozilla/5.0 (Macintosh; Intel Mac OS X 10_15_7) AppleWebKit/537.36 (KHTML, like Gecko) Chrome/100.0.4896.75 Safari/537.36" PHP-Handler:plesk-php84-fpm Remoteport(vom Nginx):32578
172.71.172.143 - - [09/Aug/2026:05:47:08 +0200] "GET /s/olsberg-nuevo/ HTTP/1.1" 200 35956 "-" "WP Rocket/Preload Mozilla/5.0 (iPhone; CPU iPhone OS 9_1 like Mac OS X) AppleWebKit/601.1.46 (KHTML, like Gecko) Version/9.0 Mobile/13B143 Safari/601.1" PHP-Handler:plesk-php84-fpm Remoteport(vom Nginx):32638
172.71.164.206 - - [09/Aug/2026:05:47:09 +0200] "GET /tag/spartherm/ HTTP/1.1" 200 38115 "-" "WP Rocket/Preload" PHP-Handler:plesk-php84-fpm Remoteport(vom Nginx):32678
172.71.247.92 - - [09/Aug/2026:05:47:13 +0200] "GET /tag/spartherm/ HTTP/1.1" 200 28013 "-" "WP Rocket/Preload Mozilla/5.0 (iPhone; CPU iPhone OS 9_1 like Mac OS X) AppleWebKit/601.1.46 (KHTML, like Gecko) Version/9.0 Mobile/13B143 Safari/601.1" PHP-Handler:plesk-php84-fpm Remoteport(vom Nginx):60616
172.70.243.6 - - [09/Aug/2026:05:47:26 +0200] "POST /wp-cron.php?doing_wp_cron=1786247246.6300809383392333984375 HTTP/1.1" 200 461 "-" "vCky0LYXvdo8" PHP-Handler:plesk-php84-fpm Remoteport(vom Nginx):63494
162.158.22.192 - - [09/Aug/2026:05:47:23 +0200] "GET /k/ofen-ersatzteile/oranier/pori/pori-5-4671-serie-2/?orderby=price-desc HTTP/1.1" 200 35805 "-" "Mozilla/5.0 (Windows NT 10.0; Win64; x64) AppleWebKit/537.36 (KHTML, like Gecko) Chrome/77.0.3835.0 Safari/537.36" PHP-Handler:plesk-php84-fpm Remoteport(vom Nginx):63376
172.69.65.231 - - [09/Aug/2026:05:47:32 +0200] "GET /k/kamine/ HTTP/1.1" 200 53854 "-" "Mozilla/5.0 (Windows NT 10.0; Win64; x64) AppleWebKit/537.36 (KHTML, like Gecko) Chrome/145.0.0.0 Safari/537.36 (compatible; meta-webindexer/1.1 (+https://developers.facebook.com/docs/sharing/webmasters/crawler))" PHP-Handler:plesk-php84-fpm Remoteport(vom Nginx):30406
172.70.240.148 - - [09/Aug/2026:05:47:33 +0200] "GET /wp-content/cache/background-css/1/www.ofenbernd.de/wp-content/cache/min/1/wp-content/plugins/customer-reviews-woocommerce/css/frontend.css?ver=1786225793&wpr_t=1786235582 HTTP/1.1" 200 661 "https://www.ofenbernd.de/k/kamine/" "Mozilla/5.0 (Windows NT 10.0; Win64; x64) AppleWebKit/537.36 (KHTML, like Gecko) Chrome/145.0.0.0 Safari/537.36 (compatible; meta-webindexer/1.1 (+https://developers.facebook.com/docs/sharing/webmasters/crawler))" PHP-Handler: Remoteport(vom Nginx):30424
172.71.247.245 - - [09/Aug/2026:05:47:33 +0200] "GET /wp-content/cache/background-css/1/www.ofenbernd.de/wp-content/cache/min/1/wp-content/plugins/customer-reviews-woocommerce/css/badges.css?ver=1786225793&wpr_t=1786235582 HTTP/1.1" 200 659 "https://www.ofenbernd.de/k/kamine/" "Mozilla/5.0 (Windows NT 10.0; Win64; x64) AppleWebKit/537.36 (KHTML, like Gecko) Chrome/145.0.0.0 Safari/537.36 (compatible; meta-webindexer/1.1 (+https://developers.facebook.com/docs/sharing/webmasters/crawler))" PHP-Handler: Remoteport(vom Nginx):30428
172.70.240.148 - - [09/Aug/2026:05:47:33 +0200] "GET /wp-content/cache/background-css/1/www.ofenbernd.de/wp-content/cache/min/1/wp-content/plugins/customer-reviews-woocommerce/css/frontend.css?ver=1786225793&wpr_t=1786235582 HTTP/2.0" 200 14305 "https://www.ofenbernd.de/k/kamine/" "Mozilla/5.0 (Windows NT 10.0; Win64; x64) AppleWebKit/537.36 (KHTML, like Gecko) Chrome/145.0.0.0 Safari/537.36 (compatible; meta-webindexer/1.1 (+https://developers.facebook.com/docs/sharing/webmasters/crawler))"
172.71.247.245 - - [09/Aug/2026:05:47:33 +0200] "GET /wp-content/cache/background-css/1/www.ofenbernd.de/wp-content/cache/min/1/wp-content/plugins/customer-reviews-woocommerce/css/badges.css?ver=1786225793&wpr_t=1786235582 HTTP/2.0" 200 2528 "https://www.ofenbernd.de/k/kamine/" "Mozilla/5.0 (Windows NT 10.0; Win64; x64) AppleWebKit/537.36 (KHTML, like Gecko) Chrome/145.0.0.0 Safari/537.36 (compatible; meta-webindexer/1.1 (+https://developers.facebook.com/docs/sharing/webmasters/crawler))"
172.71.148.93 - - [09/Aug/2026:05:47:34 +0200] "GET /wp-content/cache/background-css/1/www.ofenbernd.de/wp-content/cache/min/1/wp-content/plugins/woocommerce/assets/css/woocommerce.css?ver=1786225793&wpr_t=1786235582 HTTP/2.0" 200 10601 "https://www.ofenbernd.de/k/kamine/" "Mozilla/5.0 (Windows NT 10.0; Win64; x64) AppleWebKit/537.36 (KHTML, like Gecko) Chrome/145.0.0.0 Safari/537.36 (compatible; meta-webindexer/1.1 (+https://developers.facebook.com/docs/sharing/webmasters/crawler))"
172.70.248.112 - - [09/Aug/2026:05:47:34 +0200] "GET /wp-content/uploads/Kaminofen-Oranier-Polar-Neo-W-Speckstein-Korpus-Stahl-Gussgrau_900x900-400x400.jpg.webp HTTP/2.0" 200 5344 "https://www.ofenbernd.de/k/kamine/" "Mozilla/5.0 (Windows NT 10.0; Win64; x64) AppleWebKit/537.36 (KHTML, like Gecko) Chrome/145.0.0.0 Safari/537.36 (compatible; meta-webindexer/1.1 (+https://developers.facebook.com/docs/sharing/webmasters/crawler))"
172.71.148.93 - - [09/Aug/2026:05:47:34 +0200] "GET /wp-content/cache/background-css/1/www.ofenbernd.de/wp-content/cache/min/1/wp-content/plugins/woocommerce/assets/css/woocommerce.css?ver=1786225793&wpr_t=1786235582 HTTP/1.1" 200 654 "https://www.ofenbernd.de/k/kamine/" "Mozilla/5.0 (Windows NT 10.0; Win64; x64) AppleWebKit/537.36 (KHTML, like Gecko) Chrome/145.0.0.0 Safari/537.36 (compatible; meta-webindexer/1.1 (+https://developers.facebook.com/docs/sharing/webmasters/crawler))" PHP-Handler: Remoteport(vom Nginx):30436
172.70.248.112 - - [09/Aug/2026:05:47:34 +0200] "GET /wp-content/uploads/Kaminofen-Oranier-Polar-Neo-W-Speckstein-Korpus-Stahl-Gussgrau_900x900-400x400.jpg.webp HTTP/1.1" 200 608 "https://www.ofenbernd.de/k/kamine/" "Mozilla/5.0 (Windows NT 10.0; Win64; x64) AppleWebKit/537.36 (KHTML, like Gecko) Chrome/145.0.0.0 Safari/537.36 (compatible; meta-webindexer/1.1 (+https://developers.facebook.com/docs/sharing/webmasters/crawler))" PHP-Handler: Remoteport(vom Nginx):30440
172.71.148.64 - - [09/Aug/2026:05:47:37 +0200] "POST /wp-cron.php?doing_wp_cron=1786247257.0221810340881347656250 HTTP/1.1" 200 461 "-" "CekA01RChi9j" PHP-Handler:plesk-php84-fpm Remoteport(vom Nginx):30534
104.22.24.105 - - [09/Aug/2026:05:47:35 +0200] "POST /?wc-ajax=get_refreshed_fragments HTTP/1.1" 200 954 "https://www.ofenbernd.de/k/kamine/" "Mozilla/5.0 (Windows NT 10.0; Win64; x64) AppleWebKit/537.36 (KHTML, like Gecko) Chrome/145.0.0.0 Safari/537.36 (compatible; meta-webindexer/1.1 (+https://developers.facebook.com/docs/sharing/webmasters/crawler))" PHP-Handler: Remoteport(vom Nginx):30498
104.23.239.68 - - [09/Aug/2026:05:47:39 +0200] "POST /wp-cron.php?doing_wp_cron=1786247259.0570459365844726562500 HTTP/1.1" 200 461 "-" "CgqkFqyWUZus" PHP-Handler:plesk-php84-fpm Remoteport(vom Nginx):30574
104.22.24.105 - - [09/Aug/2026:05:47:35 +0200] "POST /wp-admin/admin-ajax.php HTTP/1.1" 200 828 "https://www.ofenbernd.de/k/kamine/" "Mozilla/5.0 (Windows NT 10.0; Win64; x64) AppleWebKit/537.36 (KHTML, like Gecko) Chrome/145.0.0.0 Safari/537.36 (compatible; meta-webindexer/1.1 (+https://developers.facebook.com/docs/sharing/webmasters/crawler))" PHP-Handler:plesk-php84-fpm Remoteport(vom Nginx):30510
172.71.166.251 - - [09/Aug/2026:05:47:41 +0200] "GET /p/schmid-sh-9-m-glutbett-rueckwand-bodenstein-70-x-160-x-305/ HTTP/1.1" 200 47269 "-" "Mozilla/5.0 (Linux; Android 6.0.1; Nexus 5X Build/MMB29P) AppleWebKit/537.36 (KHTML, like Gecko) Chrome/150.0.7871.186 Mobile Safari/537.36 (compatible; GoogleOther)" PHP-Handler:plesk-php84-fpm Remoteport(vom Nginx):57590
172.71.30.222 - - [09/Aug/2026:05:47:39 +0200] "POST /wp-admin/admin-ajax.php HTTP/1.1" 200 997 "https://www.ofenbernd.de/k/kamine/" "Mozilla/5.0 (Windows NT 10.0; Win64; x64) AppleWebKit/537.36 (KHTML, like Gecko) Chrome/145.0.0.0 Safari/537.36 (compatible; meta-webindexer/1.1 (+https://developers.facebook.com/docs/sharing/webmasters/crawler))" PHP-Handler:plesk-php84-fpm Remoteport(vom Nginx):30588
172.69.150.177 - - [09/Aug/2026:05:47:40 +0200] "GET /tag/kernlochbohrung-kernbohrung-mit-staubabsaugung/ HTTP/1.1" 200 38240 "-" "WP Rocket/Preload" PHP-Handler:plesk-php84-fpm Remoteport(vom Nginx):30596
172.69.150.177 - - [09/Aug/2026:05:47:42 +0200] "GET /tag/kernlochbohrung-kernbohrung-mit-staubabsaugung/ HTTP/1.1" 200 28123 "-" "WP Rocket/Preload Mozilla/5.0 (iPhone; CPU iPhone OS 9_1 like Mac OS X) AppleWebKit/601.1.46 (KHTML, like Gecko) Version/9.0 Mobile/13B143 Safari/601.1" PHP-Handler:plesk-php84-fpm Remoteport(vom Nginx):57594
172.71.144.31 - - [09/Aug/2026:05:47:45 +0200] "GET /wp-content/cache/background-css/1/www.ofenbernd.de/wp-content/cache/min/1/wp-content/plugins/customer-reviews-woocommerce/css/badges.css?ver=1785888000&wpr_t=1785888000 HTTP/1.1" 200 659 "https://www.ofenbernd.de/p/schmid-sh-9-m-glutbett-rueckwand-bodenstein-70-x-160-x-305/" "Mozilla/5.0 (Linux; Android 6.0.1; Nexus 5X Build/MMB29P) AppleWebKit/537.36 (KHTML, like Gecko) Chrome/150.0.7871.186 Mobile Safari/537.36 (compatible; GoogleOther)" PHP-Handler: Remoteport(vom Nginx):57736
172.70.240.112 - - [09/Aug/2026:05:47:43 +0200] "GET /k/ofen-ersatzteile/spartherm/prismo-770x572-19-269/ HTTP/1.1" 200 50500 "-" "WP Rocket/Preload" PHP-Handler:plesk-php84-fpm Remoteport(vom Nginx):57628
162.158.86.125 - - [09/Aug/2026:05:47:45 +0200] "GET /k/ofen-ersatzteile/spartherm/prismo-770x572-19-269/ HTTP/1.1" 200 38071 "-" "WP Rocket/Preload Mozilla/5.0 (iPhone; CPU iPhone OS 9_1 like Mac OS X) AppleWebKit/601.1.46 (KHTML, like Gecko) Version/9.0 Mobile/13B143 Safari/601.1" PHP-Handler:plesk-php84-fpm Remoteport(vom Nginx):57724
172.71.144.31 - - [09/Aug/2026:05:47:45 +0200] "GET /wp-content/cache/background-css/1/www.ofenbernd.de/wp-content/cache/min/1/wp-content/plugins/customer-reviews-woocommerce/css/badges.css?ver=1785888000&wpr_t=1785888000 HTTP/2.0" 200 2528 "https://www.ofenbernd.de/p/schmid-sh-9-m-glutbett-rueckwand-bodenstein-70-x-160-x-305/" "Mozilla/5.0 (Linux; Android 6.0.1; Nexus 5X Build/MMB29P) AppleWebKit/537.36 (KHTML, like Gecko) Chrome/150.0.7871.186 Mobile Safari/537.36 (compatible; GoogleOther)"
172.71.148.64 - - [09/Aug/2026:05:47:46 +0200] "GET /s/olsberg-tolima-aqua-ersatzteile/ HTTP/1.1" 200 49965 "-" "WP Rocket/Preload" PHP-Handler:plesk-php84-fpm Remoteport(vom Nginx):57750
172.70.242.177 - - [09/Aug/2026:05:47:50 +0200] "GET /wp-content/cache/min/1/wp-content/themes/martfury/css/ionicons.min.css?ver=1785888000 HTTP/1.1" 200 593 "https://www.ofenbernd.de/p/schmid-sh-9-m-glutbett-rueckwand-bodenstein-70-x-160-x-305/" "Mozilla/5.0 (Linux; Android 6.0.1; Nexus 5X Build/MMB29P) AppleWebKit/537.36 (KHTML, like Gecko) Chrome/150.0.7871.186 Mobile Safari/537.36 (compatible; GoogleOther)" PHP-Handler: Remoteport(vom Nginx):57828
162.158.86.125 - - [09/Aug/2026:05:47:48 +0200] "GET /s/olsberg-tolima-aqua-ersatzteile/ HTTP/1.1" 200 38050 "-" "WP Rocket/Preload Mozilla/5.0 (iPhone; CPU iPhone OS 9_1 like Mac OS X) AppleWebKit/601.1.46 (KHTML, like Gecko) Version/9.0 Mobile/13B143 Safari/601.1" PHP-Handler:plesk-php84-fpm Remoteport(vom Nginx):57786
172.71.172.143 - - [09/Aug/2026:05:47:49 +0200] "GET /s/28-8261/ HTTP/1.1" 200 50220 "-" "WP Rocket/Preload" PHP-Handler:plesk-php84-fpm Remoteport(vom Nginx):57804
172.70.242.177 - - [09/Aug/2026:05:47:50 +0200] "GET /wp-content/cache/min/1/wp-content/themes/martfury/css/ionicons.min.css?ver=1785888000 HTTP/2.0" 200 7489 "https://www.ofenbernd.de/p/schmid-sh-9-m-glutbett-rueckwand-bodenstein-70-x-160-x-305/" "Mozilla/5.0 (Linux; Android 6.0.1; Nexus 5X Build/MMB29P) AppleWebKit/537.36 (KHTML, like Gecko) Chrome/150.0.7871.186 Mobile Safari/537.36 (compatible; GoogleOther)"
172.71.144.144 - - [09/Aug/2026:05:47:51 +0200] "GET /s/28-8261/ HTTP/1.1" 200 37564 "-" "WP Rocket/Preload Mozilla/5.0 (iPhone; CPU iPhone OS 9_1 like Mac OS X) AppleWebKit/601.1.46 (KHTML, like Gecko) Version/9.0 Mobile/13B143 Safari/601.1" PHP-Handler:plesk-php84-fpm Remoteport(vom Nginx):57852
172.70.248.79 - - [09/Aug/2026:05:47:52 +0200] "GET /tag/grillgarnitour/ HTTP/1.1" 200 38148 "-" "WP Rocket/Preload" PHP-Handler:plesk-php84-fpm Remoteport(vom Nginx):12122
162.159.106.78 - - [09/Aug/2026:05:47:54 +0200] "POST /?wc-ajax=get_refreshed_fragments HTTP/1.1" 200 954 "https://www.ofenbernd.de/p/schmid-sh-9-m-glutbett-rueckwand-bodenstein-70-x-160-x-305/" "Mozilla/5.0 (Linux; Android 6.0.1; Nexus 5X Build/MMB29P) AppleWebKit/537.36 (KHTML, like Gecko) Chrome/150.0.7871.186 Mobile Safari/537.36 (compatible; GoogleOther)" PHP-Handler: Remoteport(vom Nginx):12162
172.71.164.206 - - [09/Aug/2026:05:47:54 +0200] "GET /tag/grillgarnitour/ HTTP/1.1" 200 28042 "-" "WP Rocket/Preload Mozilla/5.0 (iPhone; CPU iPhone OS 9_1 like Mac OS X) AppleWebKit/601.1.46 (KHTML, like Gecko) Version/9.0 Mobile/13B143 Safari/601.1" PHP-Handler:plesk-php84-fpm Remoteport(vom Nginx):12138
172.71.172.143 - - [09/Aug/2026:05:47:55 +0200] "GET /s/haas-sohn-stolberg-ersatzteile/ HTTP/1.1" 200 48698 "-" "WP Rocket/Preload" PHP-Handler:plesk-php84-fpm Remoteport(vom Nginx):12190
172.70.247.164 - - [09/Aug/2026:05:47:57 +0200] "GET /s/haas-sohn-stolberg-ersatzteile/ HTTP/1.1" 200 36018 "-" "WP Rocket/Preload Mozilla/5.0 (iPhone; CPU iPhone OS 9_1 like Mac OS X) AppleWebKit/601.1.46 (KHTML, like Gecko) Version/9.0 Mobile/13B143 Safari/601.1" PHP-Handler:plesk-php84-fpm Remoteport(vom Nginx):12262
172.71.164.206 - - [09/Aug/2026:05:47:58 +0200] "GET /s/oranier-frisco/ HTTP/1.1" 200 48632 "-" "WP Rocket/Preload" PHP-Handler:plesk-php84-fpm Remoteport(vom Nginx):12304
172.70.240.112 - - [09/Aug/2026:05:48:00 +0200] "GET /s/oranier-frisco/ HTTP/1.1" 200 35945 "-" "WP Rocket/Preload Mozilla/5.0 (iPhone; CPU iPhone OS 9_1 like Mac OS X) AppleWebKit/601.1.46 (KHTML, like Gecko) Version/9.0 Mobile/13B143 Safari/601.1" PHP-Handler:plesk-php84-fpm Remoteport(vom Nginx):12356
172.70.240.112 - - [09/Aug/2026:05:47:38 +0200] "POST /wp-admin/admin-ajax.php?action=as_async_request_queue_runner&nonce=cb05d09946 HTTP/1.1" 200 754 "-" "CgqkFqyWUZus" PHP-Handler:plesk-php84-fpm Remoteport(vom Nginx):30548
172.71.158.221 - - [09/Aug/2026:05:48:07 +0200] "GET /page/15/?orderby=relevance&s=oranier&post_type=product HTTP/1.1" 200 36662 "-" "Mozilla/5.0 (Windows NT 10.0; Win64; x64) AppleWebKit/537.36 (KHTML, like Gecko) Chrome/146.0.0.0 Safari/537.36" PHP-Handler:plesk-php84-fpm Remoteport(vom Nginx):5732
172.70.248.79 - - [09/Aug/2026:05:48:09 +0200] "GET /tag/hass-u-sohn-kamine/ HTTP/1.1" 200 38176 "-" "WP Rocket/Preload" PHP-Handler:plesk-php84-fpm Remoteport(vom Nginx):5782
172.71.164.206 - - [09/Aug/2026:05:48:10 +0200] "GET /tag/hass-u-sohn-kamine/ HTTP/1.1" 200 28053 "-" "WP Rocket/Preload Mozilla/5.0 (iPhone; CPU iPhone OS 9_1 like Mac OS X) AppleWebKit/601.1.46 (KHTML, like Gecko) Version/9.0 Mobile/13B143 Safari/601.1" PHP-Handler:plesk-php84-fpm Remoteport(vom Nginx):5800
172.71.158.221 - - [09/Aug/2026:05:48:13 +0200] "POST /?wc-ajax=get_refreshed_fragments HTTP/1.1" 200 954 "https://www.ofenbernd.de/page/15/?orderby=relevance&s=oranier&post_type=product" "Mozilla/5.0 (Windows NT 10.0; Win64; x64) AppleWebKit/537.36 (KHTML, like Gecko) Chrome/146.0.0.0 Safari/537.36" PHP-Handler: Remoteport(vom Nginx):10640
172.71.148.64 - - [09/Aug/2026:05:48:12 +0200] "GET /s/braun-metallic/ HTTP/1.1" 200 47830 "-" "WP Rocket/Preload" PHP-Handler:plesk-php84-fpm Remoteport(vom Nginx):10608
172.69.150.177 - - [09/Aug/2026:05:48:13 +0200] "GET /s/braun-metallic/ HTTP/1.1" 200 35954 "-" "WP Rocket/Preload Mozilla/5.0 (iPhone; CPU iPhone OS 9_1 like Mac OS X) AppleWebKit/601.1.46 (KHTML, like Gecko) Version/9.0 Mobile/13B143 Safari/601.1" PHP-Handler:plesk-php84-fpm Remoteport(vom Nginx):10658
172.70.240.112 - - [09/Aug/2026:05:48:15 +0200] "GET /tag/spartherm-passo-s/ HTTP/1.1" 200 38145 "-" "WP Rocket/Preload" PHP-Handler:plesk-php84-fpm Remoteport(vom Nginx):10702
172.71.166.251 - - [09/Aug/2026:05:48:16 +0200] "GET /p/kamineinsatz-quadro-bodenstein-set-kpl-quadro-incl-klapprost-pos-31c-19-2481-1200/ HTTP/1.1" 200 45958 "-" "Mozilla/5.0 (Linux; Android 6.0.1; Nexus 5X Build/MMB29P) AppleWebKit/537.36 (KHTML, like Gecko) Chrome/150.0.7871.186 Mobile Safari/537.36 (compatible; Googlebot/2.1; +http://www.google.com/bot.html)" PHP-Handler:plesk-php84-fpm Remoteport(vom Nginx):10808
172.71.144.144 - - [09/Aug/2026:05:48:19 +0200] "GET /tag/spartherm-passo-s/ HTTP/1.1" 200 28043 "-" "WP Rocket/Preload Mozilla/5.0 (iPhone; CPU iPhone OS 9_1 like Mac OS X) AppleWebKit/601.1.46 (KHTML, like Gecko) Version/9.0 Mobile/13B143 Safari/601.1" PHP-Handler:plesk-php84-fpm Remoteport(vom Nginx):10884
172.71.144.144 - - [09/Aug/2026:05:48:21 +0200] "GET /s/seitenwand/ HTTP/1.1" 200 50227 "-" "WP Rocket/Preload" PHP-Handler:plesk-php84-fpm Remoteport(vom Nginx):13684
172.69.65.231 - - [09/Aug/2026:05:48:23 +0200] "POST /?wc-ajax=get_refreshed_fragments HTTP/1.1" 200 954 "https://www.ofenbernd.de/p/kamineinsatz-quadro-bodenstein-set-kpl-quadro-incl-klapprost-pos-31c-19-2481-1200/" "Mozilla/5.0 (Linux; Android 6.0.1; Nexus 5X Build/MMB29P) AppleWebKit/537.36 (KHTML, like Gecko) Chrome/150.0.7871.186 Mobile Safari/537.36 (compatible; Googlebot/2.1; +http://www.google.com/bot.html)" PHP-Handler: Remoteport(vom Nginx):13740
162.158.86.125 - - [09/Aug/2026:05:48:23 +0200] "GET /s/seitenwand/ HTTP/1.1" 200 37574 "-" "WP Rocket/Preload Mozilla/5.0 (iPhone; CPU iPhone OS 9_1 like Mac OS X) AppleWebKit/601.1.46 (KHTML, like Gecko) Version/9.0 Mobile/13B143 Safari/601.1" PHP-Handler:plesk-php84-fpm Remoteport(vom Nginx):13708
104.22.20.118 - - [09/Aug/2026:05:48:22 +0200] "GET /?dir=desc&order=position HTTP/1.1" 200 31235 "-" "Mozilla/5.0 (Windows NT 10.0; Win64; x64) AppleWebKit/537.36 (KHTML, like Gecko) Chrome/150.0.0.0 Safari/537.36" PHP-Handler: Remoteport(vom Nginx):13694
172.70.240.112 - - [09/Aug/2026:05:48:06 +0200] "POST /wp-admin/admin-ajax.php?action=as_async_request_queue_runner&nonce=cb05d09946 HTTP/1.1" 200 754 "-" "JaFb9EtSgVV0" PHP-Handler:plesk-php84-fpm Remoteport(vom Nginx):5676
104.22.20.118 - - [09/Aug/2026:05:48:31 +0200] "POST /?wc-ajax=get_refreshed_fragments HTTP/1.1" 200 954 "https://www.ofenbernd.de/?dir=desc&order=position" "Mozilla/5.0 (Windows NT 10.0; Win64; x64) AppleWebKit/537.36 (KHTML, like Gecko) Chrome/150.0.0.0 Safari/537.36" PHP-Handler: Remoteport(vom Nginx):13970
172.71.144.144 - - [09/Aug/2026:05:48:31 +0200] "GET /s/haassohn-lyon-2-kaminbausatz-kamineinsatz-prestige-2/ HTTP/1.1" 200 48801 "-" "WP Rocket/Preload" PHP-Handler:plesk-php84-fpm Remoteport(vom Nginx):61960
172.69.150.177 - - [09/Aug/2026:05:48:33 +0200] "GET /s/haassohn-lyon-2-kaminbausatz-kamineinsatz-prestige-2/ HTTP/1.1" 200 36100 "-" "WP Rocket/Preload Mozilla/5.0 (iPhone; CPU iPhone OS 9_1 like Mac OS X) AppleWebKit/601.1.46 (KHTML, like Gecko) Version/9.0 Mobile/13B143 Safari/601.1" PHP-Handler:plesk-php84-fpm Remoteport(vom Nginx):61968
172.71.172.143 - - [09/Aug/2026:05:48:34 +0200] "GET /tag/rabatt-ofen/ HTTP/1.1" 200 38146 "-" "WP Rocket/Preload" PHP-Handler:plesk-php84-fpm Remoteport(vom Nginx):62072
172.71.164.206 - - [09/Aug/2026:05:48:39 +0200] "POST /wp-cron.php?doing_wp_cron=1786247319.3772420883178710937500 HTTP/1.1" 200 461 "-" "7VnGqT5rBdk8" PHP-Handler:plesk-php84-fpm Remoteport(vom Nginx):62196
172.70.243.5 - - [09/Aug/2026:05:48:36 +0200] "GET /tag/rabatt-ofen/ HTTP/1.1" 200 28034 "-" "WP Rocket/Preload Mozilla/5.0 (iPhone; CPU iPhone OS 9_1 like Mac OS X) AppleWebKit/601.1.46 (KHTML, like Gecko) Version/9.0 Mobile/13B143 Safari/601.1" PHP-Handler:plesk-php84-fpm Remoteport(vom Nginx):62096
172.69.65.231 - - [09/Aug/2026:05:48:40 +0200] "GET /p/schmid-sd-6-f-rostlager-410-x-288/ HTTP/1.1" 200 60701 "-" "Mozilla/5.0 (compatible; Googlebot/2.1; +http://www.google.com/bot.html)" PHP-Handler:plesk-php84-fpm Remoteport(vom Nginx):62230
162.158.86.125 - - [09/Aug/2026:05:48:41 +0200] "POST /wp-cron.php?doing_wp_cron=1786247321.0553240776062011718750 HTTP/1.1" 200 461 "-" "X0gFj6o8fJR6" PHP-Handler:plesk-php84-fpm Remoteport(vom Nginx):62252
104.23.239.68 - - [09/Aug/2026:05:48:37 +0200] "GET /s/olsberg-goeteborg-1-2-malmoe-gotik-odal-rost/ HTTP/1.1" 200 50448 "-" "WP Rocket/Preload" PHP-Handler:plesk-php84-fpm Remoteport(vom Nginx):62150
172.71.172.143 - - [09/Aug/2026:05:48:39 +0200] "GET /s/olsberg-goeteborg-1-2-malmoe-gotik-odal-rost/ HTTP/1.1" 200 37814 "-" "WP Rocket/Preload Mozilla/5.0 (iPhone; CPU iPhone OS 9_1 like Mac OS X) AppleWebKit/601.1.46 (KHTML, like Gecko) Version/9.0 Mobile/13B143 Safari/601.1" PHP-Handler:plesk-php84-fpm Remoteport(vom Nginx):62186
172.71.144.144 - - [09/Aug/2026:05:48:40 +0200] "GET /s/grande/ HTTP/1.1" 200 47797 "-" "WP Rocket/Preload" PHP-Handler:plesk-php84-fpm Remoteport(vom Nginx):62244
162.158.94.225 - - [09/Aug/2026:05:48:42 +0200] "GET /s/grande/ HTTP/1.1" 200 35928 "-" "WP Rocket/Preload Mozilla/5.0 (iPhone; CPU iPhone OS 9_1 like Mac OS X) AppleWebKit/601.1.46 (KHTML, like Gecko) Version/9.0 Mobile/13B143 Safari/601.1" PHP-Handler:plesk-php84-fpm Remoteport(vom Nginx):60636
162.158.94.225 - - [09/Aug/2026:05:48:47 +0200] "POST /wp-cron.php?doing_wp_cron=1786247327.2201368808746337890625 HTTP/1.1" 200 461 "-" "zWxiU8qoqHPL" PHP-Handler:plesk-php84-fpm Remoteport(vom Nginx):60764
172.69.150.177 - - [09/Aug/2026:05:48:43 +0200] "GET /s/olsberg-fogo-umlenkstein/ HTTP/1.1" 200 50215 "-" "WP Rocket/Preload" PHP-Handler:plesk-php84-fpm Remoteport(vom Nginx):60704
172.70.247.164 - - [09/Aug/2026:05:48:45 +0200] "GET /s/olsberg-fogo-umlenkstein/ HTTP/1.1" 200 37569 "-" "WP Rocket/Preload Mozilla/5.0 (iPhone; CPU iPhone OS 9_1 like Mac OS X) AppleWebKit/601.1.46 (KHTML, like Gecko) Version/9.0 Mobile/13B143 Safari/601.1" PHP-Handler:plesk-php84-fpm Remoteport(vom Nginx):60736
172.70.240.112 - - [09/Aug/2026:05:48:50 +0200] "POST /wp-cron.php?doing_wp_cron=1786247330.5286669731140136718750 HTTP/1.1" 200 461 "-" "aJxEzILABPyC" PHP-Handler:plesk-php84-fpm Remoteport(vom Nginx):60890
172.71.172.143 - - [09/Aug/2026:05:48:46 +0200] "GET /s/schamotte/ HTTP/1.1" 200 54210 "-" "WP Rocket/Preload" PHP-Handler:plesk-php84-fpm Remoteport(vom Nginx):60748
172.71.144.144 - - [09/Aug/2026:05:48:48 +0200] "GET /s/schamotte/ HTTP/1.1" 200 40997 "-" "WP Rocket/Preload Mozilla/5.0 (iPhone; CPU iPhone OS 9_1 like Mac OS X) AppleWebKit/601.1.46 (KHTML, like Gecko) Version/9.0 Mobile/13B143 Safari/601.1" PHP-Handler:plesk-php84-fpm Remoteport(vom Nginx):60802
172.70.240.112 - - [09/Aug/2026:05:48:49 +0200] "GET /s/spartherm-piko-s-kamin-ofen-holzfach-links/ HTTP/1.1" 200 48745 "-" "WP Rocket/Preload" PHP-Handler:plesk-php84-fpm Remoteport(vom Nginx):60884
172.70.240.112 - - [09/Aug/2026:05:48:51 +0200] "GET /s/spartherm-piko-s-kamin-ofen-holzfach-links/ HTTP/1.1" 200 36060 "-" "WP Rocket/Preload Mozilla/5.0 (iPhone; CPU iPhone OS 9_1 like Mac OS X) AppleWebKit/601.1.46 (KHTML, like Gecko) Version/9.0 Mobile/13B143 Safari/601.1" PHP-Handler:plesk-php84-fpm Remoteport(vom Nginx):60908
172.70.240.150 - - [09/Aug/2026:05:48:58 +0200] "GET /wp-content/uploads/2015/03/schmid-sh-9-g-hb-10-ersatzteile-100x100.jpg.webp HTTP/1.1" 200 577 "https://www.ofenbernd.de/p/schmid-sh-9-g-hb-10-rueckwand-guss-pos-10-67-2010-1203/" "Mozilla/5.0 (Macintosh; Intel Mac OS X 10_15_7) AppleWebKit/537.36 (KHTML, like Gecko) Chrome/131.0.0.0 Safari/537.36" PHP-Handler: Remoteport(vom Nginx):43944
172.71.164.206 - - [09/Aug/2026:05:48:29 +0200] "POST /wp-admin/admin-ajax.php?action=as_async_request_queue_runner&nonce=cb05d09946 HTTP/1.1" 200 754 "-" "3YzfHRWGWyK6" PHP-Handler:plesk-php84-fpm Remoteport(vom Nginx):13896
172.71.164.179 - - [09/Aug/2026:05:48:58 +0200] "GET /p/schmid-sh-9-g-hb-10-rueckwand-guss-pos-10-67-2010-1203/400w,/www.ofenbernd.de/wp-content/uploads/2015/03/oranier_polar_4_4654-4_serie_1_ersatzteile_schamott_schamotte_schamottsteine_1-100x100.jpg.webp HTTP/1.1" 301 663 "https://www.ofenbernd.de/p/schmid-sh-9-g-hb-10-rueckwand-guss-pos-10-67-2010-1203/" "Mozilla/5.0 (Macintosh; Intel Mac OS X 10_15_7) AppleWebKit/537.36 (KHTML, like Gecko) Chrome/131.0.0.0 Safari/537.36" PHP-Handler:plesk-php84-fpm Remoteport(vom Nginx):43960
172.70.240.150 - - [09/Aug/2026:05:48:58 +0200] "GET /wp-content/uploads/2015/03/schmid-sh-9-g-hb-10-ersatzteile-100x100.jpg.webp HTTP/2.0" 200 4966 "https://www.ofenbernd.de/p/schmid-sh-9-g-hb-10-rueckwand-guss-pos-10-67-2010-1203/" "Mozilla/5.0 (Macintosh; Intel Mac OS X 10_15_7) AppleWebKit/537.36 (KHTML, like Gecko) Chrome/131.0.0.0 Safari/537.36"
172.70.94.193 - - [09/Aug/2026:05:49:01 +0200] "GET / HTTP/1.1" 200 61837 "https://www.ofenbernd.de/p/schmid-sh-9-g-hb-10-rueckwand-guss-pos-10-67-2010-1203/" "Mozilla/5.0 (Macintosh; Intel Mac OS X 10_15_7) AppleWebKit/537.36 (KHTML, like Gecko) Chrome/131.0.0.0 Safari/537.36" PHP-Handler: Remoteport(vom Nginx):24768
104.22.86.51 - - [09/Aug/2026:05:49:00 +0200] "GET /s/oranier-pori-5-serie-2-bodenstein-vorne/?orderby=popularity HTTP/1.1" 200 32979 "-" "Mozilla/5.0 (Windows NT 10.0; Win64; x64) AppleWebKit/537.36 (KHTML, like Gecko) Chrome/80.0.3987.132 Safari/537.36" PHP-Handler:plesk-php84-fpm Remoteport(vom Nginx):44030
172.70.248.79 - - [09/Aug/2026:05:49:00 +0200] "GET /s/spartherm-cubo-s/ HTTP/1.1" 200 48639 "-" "WP Rocket/Preload" PHP-Handler:plesk-php84-fpm Remoteport(vom Nginx):44068
172.70.247.164 - - [09/Aug/2026:05:49:01 +0200] "GET /s/spartherm-cubo-s/ HTTP/1.1" 200 35947 "-" "WP Rocket/Preload Mozilla/5.0 (iPhone; CPU iPhone OS 9_1 like Mac OS X) AppleWebKit/601.1.46 (KHTML, like Gecko) Version/9.0 Mobile/13B143 Safari/601.1" PHP-Handler:plesk-php84-fpm Remoteport(vom Nginx):24784
172.71.144.144 - - [09/Aug/2026:05:49:03 +0200] "GET /s/unten/ HTTP/1.1" 200 51991 "-" "WP Rocket/Preload" PHP-Handler:plesk-php84-fpm Remoteport(vom Nginx):24834
172.71.148.64 - - [09/Aug/2026:05:48:59 +0200] "POST /wp-admin/admin-ajax.php?action=as_async_request_queue_runner&nonce=cb05d09946 HTTP/1.1" 200 754 "-" "HYbWWoEG9TBC" PHP-Handler:plesk-php84-fpm Remoteport(vom Nginx):43988
172.70.243.5 - - [09/Aug/2026:05:49:04 +0200] "GET /s/unten/ HTTP/1.1" 200 39198 "-" "WP Rocket/Preload Mozilla/5.0 (iPhone; CPU iPhone OS 9_1 like Mac OS X) AppleWebKit/601.1.46 (KHTML, like Gecko) Version/9.0 Mobile/13B143 Safari/601.1" PHP-Handler:plesk-php84-fpm Remoteport(vom Nginx):24896
162.158.86.125 - - [09/Aug/2026:05:49:06 +0200] "GET /s/oranier-pori-7-4671-umlenkstein/ HTTP/1.1" 200 50321 "-" "WP Rocket/Preload" PHP-Handler:plesk-php84-fpm Remoteport(vom Nginx):24948
162.158.94.225 - - [09/Aug/2026:05:49:07 +0200] "GET /s/oranier-pori-7-4671-umlenkstein/ HTTP/1.1" 200 37662 "-" "WP Rocket/Preload Mozilla/5.0 (iPhone; CPU iPhone OS 9_1 like Mac OS X) AppleWebKit/601.1.46 (KHTML, like Gecko) Version/9.0 Mobile/13B143 Safari/601.1" PHP-Handler:plesk-php84-fpm Remoteport(vom Nginx):25002
172.69.150.177 - - [09/Aug/2026:05:49:09 +0200] "GET /tag/hass-u-sohn-kaminoefen/ HTTP/1.1" 200 38196 "-" "WP Rocket/Preload" PHP-Handler:plesk-php84-fpm Remoteport(vom Nginx):25042
172.70.243.5 - - [09/Aug/2026:05:49:10 +0200] "GET /tag/hass-u-sohn-kaminoefen/ HTTP/1.1" 200 28087 "-" "WP Rocket/Preload Mozilla/5.0 (iPhone; CPU iPhone OS 9_1 like Mac OS X) AppleWebKit/601.1.46 (KHTML, like Gecko) Version/9.0 Mobile/13B143 Safari/601.1" PHP-Handler:plesk-php84-fpm Remoteport(vom Nginx):25056
172.70.240.112 - - [09/Aug/2026:05:49:12 +0200] "GET /tag/oefen-2020/ HTTP/1.1" 200 38140 "-" "WP Rocket/Preload" PHP-Handler:plesk-php84-fpm Remoteport(vom Nginx):18712
172.71.164.206 - - [09/Aug/2026:05:49:14 +0200] "GET /tag/oefen-2020/ HTTP/1.1" 200 28035 "-" "WP Rocket/Preload Mozilla/5.0 (iPhone; CPU iPhone OS 9_1 like Mac OS X) AppleWebKit/601.1.46 (KHTML, like Gecko) Version/9.0 Mobile/13B143 Safari/601.1" PHP-Handler:plesk-php84-fpm Remoteport(vom Nginx):18742
172.70.243.5 - - [09/Aug/2026:05:49:15 +0200] "GET /s/schmid-neo-line-4049-seitenstein-links/ HTTP/1.1" 200 50250 "-" "WP Rocket/Preload" PHP-Handler:plesk-php84-fpm Remoteport(vom Nginx):18756
172.71.172.143 - - [09/Aug/2026:05:49:17 +0200] "GET /s/schmid-neo-line-4049-seitenstein-links/ HTTP/1.1" 200 37598 "-" "WP Rocket/Preload Mozilla/5.0 (iPhone; CPU iPhone OS 9_1 like Mac OS X) AppleWebKit/601.1.46 (KHTML, like Gecko) Version/9.0 Mobile/13B143 Safari/601.1" PHP-Handler:plesk-php84-fpm Remoteport(vom Nginx):18826
172.70.248.79 - - [09/Aug/2026:05:49:18 +0200] "GET /s/kleining-trennelement/ HTTP/1.1" 200 48660 "-" "WP Rocket/Preload" PHP-Handler:plesk-php84-fpm Remoteport(vom Nginx):18848
172.71.172.143 - - [09/Aug/2026:05:49:20 +0200] "GET /s/kleining-trennelement/ HTTP/1.1" 200 35964 "-" "WP Rocket/Preload Mozilla/5.0 (iPhone; CPU iPhone OS 9_1 like Mac OS X) AppleWebKit/601.1.46 (KHTML, like Gecko) Version/9.0 Mobile/13B143 Safari/601.1" PHP-Handler:plesk-php84-fpm Remoteport(vom Nginx):18866
172.71.164.206 - - [09/Aug/2026:05:48:57 +0200] "POST /wp-admin/admin-ajax.php?action=as_async_request_queue_runner&nonce=cb05d09946 HTTP/1.1" 200 754 "-" "HYbWWoEG9TBC" PHP-Handler:plesk-php84-fpm Remoteport(vom Nginx):43934
172.71.172.143 - - [09/Aug/2026:05:49:29 +0200] "GET /p/olsberg-change-kristall-holzbrand-seitenstein-pos-5-67-2080-1259/ HTTP/1.1" 200 60816 "-" "WP Rocket/Preload" PHP-Handler:plesk-php84-fpm Remoteport(vom Nginx):1804
172.70.243.5 - - [09/Aug/2026:05:49:33 +0200] "GET /p/olsberg-change-kristall-holzbrand-seitenstein-pos-5-67-2080-1259/ HTTP/1.1" 200 47181 "-" "WP Rocket/Preload Mozilla/5.0 (iPhone; CPU iPhone OS 9_1 like Mac OS X) AppleWebKit/601.1.46 (KHTML, like Gecko) Version/9.0 Mobile/13B143 Safari/601.1" PHP-Handler:plesk-php84-fpm Remoteport(vom Nginx):61508
172.71.172.143 - - [09/Aug/2026:05:49:26 +0200] "POST /wp-admin/admin-ajax.php?action=as_async_request_queue_runner&nonce=cb05d09946 HTTP/1.1" 200 754 "-" "qU485QoVoRfD" PHP-Handler:plesk-php84-fpm Remoteport(vom Nginx):1778
172.71.172.143 - - [09/Aug/2026:05:49:42 +0200] "GET /s/serie-4/ HTTP/1.1" 200 50200 "-" "WP Rocket/Preload" PHP-Handler:plesk-php84-fpm Remoteport(vom Nginx):35062
172.71.172.143 - - [09/Aug/2026:05:49:44 +0200] "GET /s/serie-4/ HTTP/1.1" 200 37564 "-" "WP Rocket/Preload Mozilla/5.0 (iPhone; CPU iPhone OS 9_1 like Mac OS X) AppleWebKit/601.1.46 (KHTML, like Gecko) Version/9.0 Mobile/13B143 Safari/601.1" PHP-Handler:plesk-php84-fpm Remoteport(vom Nginx):35072
172.70.248.79 - - [09/Aug/2026:05:49:45 +0200] "GET /tag/ofen-feuer/ HTTP/1.1" 200 38136 "-" "WP Rocket/Preload" PHP-Handler:plesk-php84-fpm Remoteport(vom Nginx):35092
172.71.144.144 - - [09/Aug/2026:05:49:47 +0200] "GET /tag/ofen-feuer/ HTTP/1.1" 200 28037 "-" "WP Rocket/Preload Mozilla/5.0 (iPhone; CPU iPhone OS 9_1 like Mac OS X) AppleWebKit/601.1.46 (KHTML, like Gecko) Version/9.0 Mobile/13B143 Safari/601.1" PHP-Handler:plesk-php84-fpm Remoteport(vom Nginx):35110
172.70.243.5 - - [09/Aug/2026:05:49:51 +0200] "POST /wp-cron.php?doing_wp_cron=1786247391.6909890174865722656250 HTTP/1.1" 200 461 "-" "oxk8L0Y3jP66" PHP-Handler:plesk-php84-fpm Remoteport(vom Nginx):16920
172.71.148.64 - - [09/Aug/2026:05:49:48 +0200] "GET /s/schmid-sh-9-t-glasscheibe/ HTTP/1.1" 200 50256 "-" "WP Rocket/Preload" PHP-Handler:plesk-php84-fpm Remoteport(vom Nginx):35144
172.71.247.92 - - [09/Aug/2026:05:49:53 +0200] "POST /wp-cron.php?doing_wp_cron=1786247392.9624080657958984375000 HTTP/1.1" 200 461 "-" "yLLMOBtDeupT" PHP-Handler:plesk-php84-fpm Remoteport(vom Nginx):16952
172.70.247.164 - - [09/Aug/2026:05:49:50 +0200] "GET /s/schmid-sh-9-t-glasscheibe/ HTTP/1.1" 200 37600 "-" "WP Rocket/Preload Mozilla/5.0 (iPhone; CPU iPhone OS 9_1 like Mac OS X) AppleWebKit/601.1.46 (KHTML, like Gecko) Version/9.0 Mobile/13B143 Safari/601.1" PHP-Handler:plesk-php84-fpm Remoteport(vom Nginx):35204
172.70.251.13 - - [09/Aug/2026:05:49:54 +0200] "POST /wp-cron.php?doing_wp_cron=1786247394.4512069225311279296875 HTTP/1.1" 200 461 "-" "YSBPoUnBASXt" PHP-Handler:plesk-php84-fpm Remoteport(vom Nginx):17010
172.71.164.206 - - [09/Aug/2026:05:49:54 +0200] "POST /wp-cron.php?doing_wp_cron=1786247394.5918209552764892578125 HTTP/1.1" 200 461 "-" "B95wa82v7OXn" PHP-Handler:plesk-php84-fpm Remoteport(vom Nginx):17028
104.23.251.140 - - [09/Aug/2026:05:49:51 +0200] "GET /s/olsberg-muna-plus/ HTTP/1.1" 200 50704 "-" "Mozilla/5.0 (Windows NT 10.0; WOW64) AppleWebKit/537.36 (KHTML, like Gecko) Chrome/48.0.2564.116 Safari/537.36" PHP-Handler:plesk-php84-fpm Remoteport(vom Nginx):35236
172.71.172.143 - - [09/Aug/2026:05:49:51 +0200] "GET /tag/kamin-angebot/ HTTP/1.1" 200 38137 "-" "WP Rocket/Preload" PHP-Handler:plesk-php84-fpm Remoteport(vom Nginx):16906
172.71.144.144 - - [09/Aug/2026:05:49:53 +0200] "GET /tag/kamin-angebot/ HTTP/1.1" 200 28033 "-" "WP Rocket/Preload Mozilla/5.0 (iPhone; CPU iPhone OS 9_1 like Mac OS X) AppleWebKit/601.1.46 (KHTML, like Gecko) Version/9.0 Mobile/13B143 Safari/601.1" PHP-Handler:plesk-php84-fpm Remoteport(vom Nginx):16956
162.158.94.225 - - [09/Aug/2026:05:49:54 +0200] "GET /s/oranier-malmoe-6-rueckwand-gelocht/ HTTP/1.1" 200 50342 "-" "WP Rocket/Preload" PHP-Handler:plesk-php84-fpm Remoteport(vom Nginx):17018
172.71.144.144 - - [09/Aug/2026:05:49:56 +0200] "GET /s/oranier-malmoe-6-rueckwand-gelocht/ HTTP/1.1" 200 37681 "-" "WP Rocket/Preload Mozilla/5.0 (iPhone; CPU iPhone OS 9_1 like Mac OS X) AppleWebKit/601.1.46 (KHTML, like Gecko) Version/9.0 Mobile/13B143 Safari/601.1" PHP-Handler:plesk-php84-fpm Remoteport(vom Nginx):17072
172.71.148.64 - - [09/Aug/2026:05:49:57 +0200] "GET /p/oranier-foehr-rost-kaminrost-4687-ofenrost-feuerrost-2902778000/ HTTP/1.1" 200 60308 "-" "WP Rocket/Preload" PHP-Handler:plesk-php84-fpm Remoteport(vom Nginx):17122
172.71.172.143 - - [09/Aug/2026:05:50:03 +0200] "POST /wp-cron.php?doing_wp_cron=1786247403.1412260532379150390625 HTTP/1.1" 200 461 "-" "lj9IQTs0vlKW" PHP-Handler:plesk-php84-fpm Remoteport(vom Nginx):32578
